Jul 14 13:51:17.552118 dv-cinder-800696-2-iscsi devstack@n-api.service[113722]: DEBUG nova.compute.api [None req-73c6dbc7-7096-4085-9217-ad75d14edb79 tempest-AttachVolumeShelveTestJSON-2012091149 tempest-AttachVolumeShelveTestJSON-2012091149-project] [instance: 971a46d5-4bdc-4521-8445-0f89d690f59f] Fetching instance by UUID {{(pid=113722) get /opt/stack/nova/nova/compute/api.py:2793}}
Jul 14 13:51:17.845171 dv-cinder-800696-2-iscsi devstack@n-api.service[113722]: DEBUG nova.policy [None req-73c6dbc7-7096-4085-9217-ad75d14edb79 tempest-AttachVolumeShelveTestJSON-2012091149 tempest-AttachVolumeShelveTestJSON-2012091149-project] Policy check for os_compute_api:os-extended-server-attributes failed with credentials {'is_admin': False, 'user_id': 'bf77a13dcf1a4247a985bf421069f670', 'user_domain_id': 'default', 'system_scope': None, 'domain_id': None, 'project_id': '52bfc7977d4942ae971cf11446f5753e', 'project_domain_id': 'default', 'roles': ['member', 'reader'], 'is_admin_project': True, 'service_user_id': None, 'service_user_domain_id': None, 'service_project_id': None, 'service_project_domain_id': None, 'service_roles': []} {{(pid=113722) authorize /opt/stack/nova/nova/policy.py:199}}
Jul 14 13:51:17.848532 dv-cinder-800696-2-iscsi devstack@n-api.service[113722]: /opt/stack/nova/nova/db/sqlalchemy/api.py:3000: SAWarning: TypeDecorator SoftDeleteInteger() will not produce a cache key because the ``cache_ok`` flag is not set to True. Set this flag to True if this type object's state is safe to use in a cache key, or False to disable this warning.
Jul 14 13:51:17.848532 dv-cinder-800696-2-iscsi devstack@n-api.service[113722]: return _block_device_mapping_get_query(context).filter(
Jul 14 13:51:17.853566 dv-cinder-800696-2-iscsi devstack@n-api.service[113723]: DEBUG nova.policy [None req-54a70301-95fd-4525-9273-2ae84d3562d6 tempest-AttachVolumeNegativeTest-1699723890 tempest-AttachVolumeNegativeTest-1699723890-project] Policy check for os_compute_api:os-extended-server-attributes failed with credentials {'is_admin': False, 'user_id': '68b03888a99b43e497a043f5ccf666b3', 'user_domain_id': 'default', 'system_scope': None, 'domain_id': None, 'project_id': 'ef1561ad679b4276800c81c931e147ef', 'project_domain_id': 'default', 'roles': ['member', 'reader'], 'is_admin_project': True, 'service_user_id': None, 'service_user_domain_id': None, 'service_project_id': None, 'service_project_domain_id': None, 'service_roles': []} {{(pid=113723) authorize /opt/stack/nova/nova/policy.py:199}}
Jul 14 13:51:17.857245 dv-cinder-800696-2-iscsi devstack@n-api.service[113723]: /opt/stack/nova/nova/db/sqlalchemy/api.py:3000: SAWarning: TypeDecorator SoftDeleteInteger() will not produce a cache key because the ``cache_ok`` flag is not set to True. Set this flag to True if this type object's state is safe to use in a cache key, or False to disable this warning.
Jul 14 13:51:17.857245 dv-cinder-800696-2-iscsi devstack@n-api.service[113723]: return _block_device_mapping_get_query(context).filter(
Jul 14 13:51:17.867130 dv-cinder-800696-2-iscsi devstack@n-api.service[113722]: DEBUG nova.policy [None req-73c6dbc7-7096-4085-9217-ad75d14edb79 tempest-AttachVolumeShelveTestJSON-2012091149 tempest-AttachVolumeShelveTestJSON-2012091149-project] Policy check for os_compute_api:servers:show:host_status failed with credentials {'is_admin': False, 'user_id': 'bf77a13dcf1a4247a985bf421069f670', 'user_domain_id': 'default', 'system_scope': None, 'domain_id': None, 'project_id': '52bfc7977d4942ae971cf11446f5753e', 'project_domain_id': 'default', 'roles': ['member', 'reader'], 'is_admin_project': True, 'service_user_id': None, 'service_user_domain_id': None, 'service_project_id': None, 'service_project_domain_id': None, 'service_roles': []} {{(pid=113722) authorize /opt/stack/nova/nova/policy.py:199}}
Jul 14 13:51:17.872496 dv-cinder-800696-2-iscsi devstack@n-api.service[113722]: DEBUG nova.policy [None req-73c6dbc7-7096-4085-9217-ad75d14edb79 tempest-AttachVolumeShelveTestJSON-2012091149 tempest-AttachVolumeShelveTestJSON-2012091149-project] Policy check for os_compute_api:servers:show:host_status:unknown-only failed with credentials {'is_admin': False, 'user_id': 'bf77a13dcf1a4247a985bf421069f670', 'user_domain_id': 'default', 'system_scope': None, 'domain_id': None, 'project_id': '52bfc7977d4942ae971cf11446f5753e', 'project_domain_id': 'default', 'roles': ['member', 'reader'], 'is_admin_project': True, 'service_user_id': None, 'service_user_domain_id': None, 'service_project_id': None, 'service_project_domain_id': None, 'service_roles': []} {{(pid=113722) authorize /opt/stack/nova/nova/policy.py:199}}
Jul 14 13:51:17.883138 dv-cinder-800696-2-iscsi devstack@n-api.service[113723]: INFO nova.api.openstack.requestlog [None req-54a70301-95fd-4525-9273-2ae84d3562d6 tempest-AttachVolumeNegativeTest-1699723890 tempest-AttachVolumeNegativeTest-1699723890-project] 10.222.0.44 "GET /compute/v2.1/servers/e5a76ac8-b828-43c1-94b9-65ed6321593b" status: 200 len: 1318 microversion: 2.1 time: 1.170288
Jul 14 13:51:17.890612 dv-cinder-800696-2-iscsi devstack@n-api.service[113722]: INFO nova.api.openstack.requestlog [None req-73c6dbc7-7096-4085-9217-ad75d14edb79 tempest-AttachVolumeShelveTestJSON-2012091149 tempest-AttachVolumeShelveTestJSON-2012091149-project] 10.222.0.44 "GET /compute/v2.1/servers/971a46d5-4bdc-4521-8445-0f89d690f59f" status: 200 len: 1281 microversion: 2.20 time: 0.354451
Jul 14 13:51:17.895174 dv-cinder-800696-2-iscsi devstack@n-api.service[113723]: [pid: 113723|app: 0|req: 10/25] 10.222.0.44 () {58 vars in 1236 bytes} [Wed Jul 14 13:51:16 2021] GET /compute/v2.1/servers/e5a76ac8-b828-43c1-94b9-65ed6321593b => generated 1318 bytes in 1186 msecs (HTTP/1.1 200) 9 headers in 358 bytes (1 switches on core 0)
Jul 14 13:51:17.895482 dv-cinder-800696-2-iscsi devstack@n-api.service[113722]: [pid: 113722|app: 0|req: 15/25] 10.222.0.44 () {60 vars in 1277 bytes} [Wed Jul 14 13:51:17 2021] GET /compute/v2.1/servers/971a46d5-4bdc-4521-8445-0f89d690f59f => generated 1281 bytes in 374 msecs (HTTP/1.1 200) 9 headers in 360 bytes (1 switches on core 0)
Jul 14 13:51:18.543200 dv-cinder-800696-2-iscsi devstack@n-api.service[113722]: DEBUG nova.api.openstack.wsgi [None req-9a9f417b-5e92-4d31-8f71-89720e5b750d tempest-DeleteServersTestJSON-1226558522 tempest-DeleteServersTestJSON-1226558522-project] Calling method '>' {{(pid=113722) _process_stack /opt/stack/nova/nova/api/openstack/wsgi.py:513}}
Jul 14 13:51:18.545067 dv-cinder-800696-2-iscsi devstack@n-api.service[113722]: DEBUG nova.compute.api [None req-9a9f417b-5e92-4d31-8f71-89720e5b750d tempest-DeleteServersTestJSON-1226558522 tempest-DeleteServersTestJSON-1226558522-project] [instance: caff5ba2-d059-488e-a369-a449b6ad55e8] Fetching instance by UUID {{(pid=113722) get /opt/stack/nova/nova/compute/api.py:2793}}
Jul 14 13:51:18.562242 dv-cinder-800696-2-iscsi devstack@n-api.service[113722]: DEBUG oslo_concurrency.lockutils [None req-9a9f417b-5e92-4d31-8f71-89720e5b750d tempest-DeleteServersTestJSON-1226558522 tempest-DeleteServersTestJSON-1226558522-project] Lock "8db19c34-b417-4b06-87e0-af9eaed523a5" acquired by "nova.context.set_target_cell..get_or_set_cached_cell_and_set_connections" :: waited 0.000s {{(pid=113722) inner /usr/local/lib/python3.8/dist-packages/oslo_concurrency/lockutils.py:355}}
Jul 14 13:51:18.563535 dv-cinder-800696-2-iscsi devstack@n-api.service[113722]: DEBUG oslo_concurrency.lockutils [None req-9a9f417b-5e92-4d31-8f71-89720e5b750d tempest-DeleteServersTestJSON-1226558522 tempest-DeleteServersTestJSON-1226558522-project] Lock "8db19c34-b417-4b06-87e0-af9eaed523a5" released by "nova.context.set_target_cell..get_or_set_cached_cell_and_set_connections" :: held 0.002s {{(pid=113722) inner /usr/local/lib/python3.8/dist-packages/oslo_concurrency/lockutils.py:367}}
Jul 14 13:51:18.571497 dv-cinder-800696-2-iscsi devstack@n-api.service[113722]: DEBUG oslo_concurrency.lockutils [None req-9a9f417b-5e92-4d31-8f71-89720e5b750d tempest-DeleteServersTestJSON-1226558522 tempest-DeleteServersTestJSON-1226558522-project] Lock "8db19c34-b417-4b06-87e0-af9eaed523a5" acquired by "nova.context.set_target_cell..get_or_set_cached_cell_and_set_connections" :: waited 0.000s {{(pid=113722) inner /usr/local/lib/python3.8/dist-packages/oslo_concurrency/lockutils.py:355}}
Jul 14 13:51:18.576759 dv-cinder-800696-2-iscsi devstack@n-api.service[113722]: DEBUG oslo_concurrency.lockutils [None req-9a9f417b-5e92-4d31-8f71-89720e5b750d tempest-DeleteServersTestJSON-1226558522 tempest-DeleteServersTestJSON-1226558522-project] Lock "8db19c34-b417-4b06-87e0-af9eaed523a5" released by "nova.context.set_target_cell..get_or_set_cached_cell_and_set_connections" :: held 0.007s {{(pid=113722) inner /usr/local/lib/python3.8/dist-packages/oslo_concurrency/lockutils.py:367}}
Jul 14 13:51:18.593668 dv-cinder-800696-2-iscsi devstack@n-api.service[113722]: /opt/stack/nova/nova/db/sqlalchemy/api.py:1385: SAWarning: TypeDecorator SoftDeleteInteger() will not produce a cache key because the ``cache_ok`` flag is not set to True. Set this flag to True if this type object's state is safe to use in a cache key, or False to disable this warning.
Jul 14 13:51:18.593668 dv-cinder-800696-2-iscsi devstack@n-api.service[113722]: result = _build_instance_get(context, columns_to_join=columns_to_join).\
Jul 14 13:51:19.117338 dv-cinder-800696-2-iscsi devstack@n-api.service[113723]: DEBUG nova.api.openstack.wsgi [None req-581cff69-0b81-449a-814f-ae4711d05385 tempest-ServerRescueNegativeTestJSON-1408139571 tempest-ServerRescueNegativeTestJSON-1408139571-project] Action: 'create', calling method: >, body: {"server": {"name": "tempest-ServerRescueNegativeTestJSON-server-992291419", "imageRef": "3dcc47e8-3ece-4b01-bb20-144bc9bd548a", "flavorRef": "452", "adminPass": "***", "networks": [{"uuid": "9c40e60d-14a3-4227-b692-df5c1d7ab3f5"}]}} {{(pid=113723) _process_stack /opt/stack/nova/nova/api/openstack/wsgi.py:511}}
Jul 14 13:51:19.289548 dv-cinder-800696-2-iscsi devstack@n-api.service[113723]: DEBUG nova.network.neutron [None req-581cff69-0b81-449a-814f-ae4711d05385 tempest-ServerRescueNegativeTestJSON-1408139571 tempest-ServerRescueNegativeTestJSON-1408139571-project] validate_networks() for [('9c40e60d-14a3-4227-b692-df5c1d7ab3f5', None, None, None)] {{(pid=113723) validate_networks /opt/stack/nova/nova/network/neutron.py:2374}}
Jul 14 13:51:20.149005 dv-cinder-800696-2-iscsi devstack@n-api.service[113722]: DEBUG nova.policy [None req-9a9f417b-5e92-4d31-8f71-89720e5b750d tempest-DeleteServersTestJSON-1226558522 tempest-DeleteServersTestJSON-1226558522-project] Policy check for os_compute_api:os-extended-server-attributes failed with credentials {'is_admin': False, 'user_id': '750d331c2b5e4eb7aff9a6c38271bb5e', 'user_domain_id': 'default', 'system_scope': None, 'domain_id': None, 'project_id': 'd4a7dcd546d2443c9d0aca064de0848f', 'project_domain_id': 'default', 'roles': ['member', 'reader'], 'is_admin_project': True, 'service_user_id': None, 'service_user_domain_id': None, 'service_project_id': None, 'service_project_domain_id': None, 'service_roles': []} {{(pid=113722) authorize /opt/stack/nova/nova/policy.py:199}}
Jul 14 13:51:20.156114 dv-cinder-800696-2-iscsi devstack@n-api.service[113722]: /opt/stack/nova/nova/db/sqlalchemy/api.py:3000: SAWarning: TypeDecorator SoftDeleteInteger() will not produce a cache key because the ``cache_ok`` flag is not set to True. Set this flag to True if this type object's state is safe to use in a cache key, or False to disable this warning.
Jul 14 13:51:20.156114 dv-cinder-800696-2-iscsi devstack@n-api.service[113722]: return _block_device_mapping_get_query(context).filter(
Jul 14 13:51:20.173109 dv-cinder-800696-2-iscsi devstack@n-api.service[113722]: INFO nova.api.openstack.requestlog [None req-9a9f417b-5e92-4d31-8f71-89720e5b750d tempest-DeleteServersTestJSON-1226558522 tempest-DeleteServersTestJSON-1226558522-project] 10.222.0.44 "GET /compute/v2.1/servers/caff5ba2-d059-488e-a369-a449b6ad55e8" status: 200 len: 1314 microversion: 2.1 time: 1.637227
Jul 14 13:51:20.185997 dv-cinder-800696-2-iscsi devstack@n-api.service[113722]: [pid: 113722|app: 0|req: 16/26] 10.222.0.44 () {58 vars in 1236 bytes} [Wed Jul 14 13:51:18 2021] GET /compute/v2.1/servers/caff5ba2-d059-488e-a369-a449b6ad55e8 => generated 1314 bytes in 1651 msecs (HTTP/1.1 200) 9 headers in 358 bytes (1 switches on core 0)
Jul 14 13:51:20.191749 dv-cinder-800696-2-iscsi devstack@n-api.service[113722]: DEBUG nova.api.openstack.wsgi [None req-a2f6d9b0-aa1c-4d4f-ad1b-c6dadbd11ad6 tempest-AttachVolumeNegativeTest-1699723890 tempest-AttachVolumeNegativeTest-1699723890-project] Calling method '>' {{(pid=113722) _process_stack /opt/stack/nova/nova/api/openstack/wsgi.py:513}}
Jul 14 13:51:20.192486 dv-cinder-800696-2-iscsi devstack@n-api.service[113722]: DEBUG nova.compute.api [None req-a2f6d9b0-aa1c-4d4f-ad1b-c6dadbd11ad6 tempest-AttachVolumeNegativeTest-1699723890 tempest-AttachVolumeNegativeTest-1699723890-project] [instance: e5a76ac8-b828-43c1-94b9-65ed6321593b] Fetching instance by UUID {{(pid=113722) get /opt/stack/nova/nova/compute/api.py:2793}}
Jul 14 13:51:20.260477 dv-cinder-800696-2-iscsi devstack@n-api.service[113722]: DEBUG oslo_concurrency.lockutils [None req-a2f6d9b0-aa1c-4d4f-ad1b-c6dadbd11ad6 tempest-AttachVolumeNegativeTest-1699723890 tempest-AttachVolumeNegativeTest-1699723890-project] Lock "8db19c34-b417-4b06-87e0-af9eaed523a5" acquired by "nova.context.set_target_cell..get_or_set_cached_cell_and_set_connections" :: waited 0.000s {{(pid=113722) inner /usr/local/lib/python3.8/dist-packages/oslo_concurrency/lockutils.py:355}}
Jul 14 13:51:20.261287 dv-cinder-800696-2-iscsi devstack@n-api.service[113722]: DEBUG oslo_concurrency.lockutils [None req-a2f6d9b0-aa1c-4d4f-ad1b-c6dadbd11ad6 tempest-AttachVolumeNegativeTest-1699723890 tempest-AttachVolumeNegativeTest-1699723890-project] Lock "8db19c34-b417-4b06-87e0-af9eaed523a5" released by "nova.context.set_target_cell..get_or_set_cached_cell_and_set_connections" :: held 0.001s {{(pid=113722) inner /usr/local/lib/python3.8/dist-packages/oslo_concurrency/lockutils.py:367}}
Jul 14 13:51:20.262499 dv-cinder-800696-2-iscsi devstack@n-api.service[113722]: DEBUG oslo_concurrency.lockutils [None req-a2f6d9b0-aa1c-4d4f-ad1b-c6dadbd11ad6 tempest-AttachVolumeNegativeTest-1699723890 tempest-AttachVolumeNegativeTest-1699723890-project] Lock "8db19c34-b417-4b06-87e0-af9eaed523a5" acquired by "nova.context.set_target_cell..get_or_set_cached_cell_and_set_connections" :: waited 0.000s {{(pid=113722) inner /usr/local/lib/python3.8/dist-packages/oslo_concurrency/lockutils.py:355}}
Jul 14 13:51:20.264944 dv-cinder-800696-2-iscsi devstack@n-api.service[113722]: DEBUG oslo_concurrency.lockutils [None req-a2f6d9b0-aa1c-4d4f-ad1b-c6dadbd11ad6 tempest-AttachVolumeNegativeTest-1699723890 tempest-AttachVolumeNegativeTest-1699723890-project] Lock "8db19c34-b417-4b06-87e0-af9eaed523a5" released by "nova.context.set_target_cell..get_or_set_cached_cell_and_set_connections" :: held 0.002s {{(pid=113722) inner /usr/local/lib/python3.8/dist-packages/oslo_concurrency/lockutils.py:367}}
Jul 14 13:51:20.286938 dv-cinder-800696-2-iscsi devstack@n-api.service[113722]: /opt/stack/nova/nova/db/sqlalchemy/api.py:1385: SAWarning: TypeDecorator SoftDeleteInteger() will not produce a cache key because the ``cache_ok`` flag is not set to True. Set this flag to True if this type object's state is safe to use in a cache key, or False to disable this warning.
Jul 14 13:51:20.286938 dv-cinder-800696-2-iscsi devstack@n-api.service[113722]: result = _build_instance_get(context, columns_to_join=columns_to_join).\
Jul 14 13:51:21.304212 dv-cinder-800696-2-iscsi devstack@n-api.service[113722]: DEBUG nova.policy [None req-a2f6d9b0-aa1c-4d4f-ad1b-c6dadbd11ad6 tempest-AttachVolumeNegativeTest-1699723890 tempest-AttachVolumeNegativeTest-1699723890-project] Policy check for os_compute_api:os-extended-server-attributes failed with credentials {'is_admin': False, 'user_id': '68b03888a99b43e497a043f5ccf666b3', 'user_domain_id': 'default', 'system_scope': None, 'domain_id': None, 'project_id': 'ef1561ad679b4276800c81c931e147ef', 'project_domain_id': 'default', 'roles': ['member', 'reader'], 'is_admin_project': True, 'service_user_id': None, 'service_user_domain_id': None, 'service_project_id': None, 'service_project_domain_id': None, 'service_roles': []} {{(pid=113722) authorize /opt/stack/nova/nova/policy.py:199}}
Jul 14 13:51:21.308646 dv-cinder-800696-2-iscsi devstack@n-api.service[113722]: /opt/stack/nova/nova/db/sqlalchemy/api.py:3000: SAWarning: TypeDecorator SoftDeleteInteger() will not produce a cache key because the ``cache_ok`` flag is not set to True. Set this flag to True if this type object's state is safe to use in a cache key, or False to disable this warning.
Jul 14 13:51:21.308646 dv-cinder-800696-2-iscsi devstack@n-api.service[113722]: return _block_device_mapping_get_query(context).filter(
Jul 14 13:51:21.328461 dv-cinder-800696-2-iscsi devstack@n-api.service[113722]: INFO nova.api.openstack.requestlog [None req-a2f6d9b0-aa1c-4d4f-ad1b-c6dadbd11ad6 tempest-AttachVolumeNegativeTest-1699723890 tempest-AttachVolumeNegativeTest-1699723890-project] 10.222.0.44 "GET /compute/v2.1/servers/e5a76ac8-b828-43c1-94b9-65ed6321593b" status: 200 len: 1318 microversion: 2.1 time: 1.140825
Jul 14 13:51:21.329967 dv-cinder-800696-2-iscsi devstack@n-api.service[113722]: [pid: 113722|app: 0|req: 17/27] 10.222.0.44 () {58 vars in 1236 bytes} [Wed Jul 14 13:51:20 2021] GET /compute/v2.1/servers/e5a76ac8-b828-43c1-94b9-65ed6321593b => generated 1318 bytes in 1143 msecs (HTTP/1.1 200) 9 headers in 358 bytes (1 switches on core 0)
Jul 14 13:51:21.350044 dv-cinder-800696-2-iscsi devstack@n-api.service[113722]: DEBUG nova.api.openstack.wsgi [None req-549c0ed9-aab5-4c0d-9eb5-4dc2c4071bb5 tempest-AttachVolumeShelveTestJSON-2012091149 tempest-AttachVolumeShelveTestJSON-2012091149-project] Calling method '>' {{(pid=113722) _process_stack /opt/stack/nova/nova/api/openstack/wsgi.py:513}}
Jul 14 13:51:21.354996 dv-cinder-800696-2-iscsi devstack@n-api.service[113722]: DEBUG nova.compute.api [None req-549c0ed9-aab5-4c0d-9eb5-4dc2c4071bb5 tempest-AttachVolumeShelveTestJSON-2012091149 tempest-AttachVolumeShelveTestJSON-2012091149-project] [instance: 971a46d5-4bdc-4521-8445-0f89d690f59f] Fetching instance by UUID {{(pid=113722) get /opt/stack/nova/nova/compute/api.py:2793}}
Jul 14 13:51:21.380599 dv-cinder-800696-2-iscsi devstack@n-api.service[113722]: DEBUG oslo_concurrency.lockutils [None req-549c0ed9-aab5-4c0d-9eb5-4dc2c4071bb5 tempest-AttachVolumeShelveTestJSON-2012091149 tempest-AttachVolumeShelveTestJSON-2012091149-project] Lock "8db19c34-b417-4b06-87e0-af9eaed523a5" acquired by "nova.context.set_target_cell..get_or_set_cached_cell_and_set_connections" :: waited 0.000s {{(pid=113722) inner /usr/local/lib/python3.8/dist-packages/oslo_concurrency/lockutils.py:355}}
Jul 14 13:51:21.380599 dv-cinder-800696-2-iscsi devstack@n-api.service[113722]: DEBUG oslo_concurrency.lockutils [None req-549c0ed9-aab5-4c0d-9eb5-4dc2c4071bb5 tempest-AttachVolumeShelveTestJSON-2012091149 tempest-AttachVolumeShelveTestJSON-2012091149-project] Lock "8db19c34-b417-4b06-87e0-af9eaed523a5" released by "nova.context.set_target_cell..get_or_set_cached_cell_and_set_connections" :: held 0.001s {{(pid=113722) inner /usr/local/lib/python3.8/dist-packages/oslo_concurrency/lockutils.py:367}}
Jul 14 13:51:21.384650 dv-cinder-800696-2-iscsi devstack@n-api.service[113722]: DEBUG oslo_concurrency.lockutils [None req-549c0ed9-aab5-4c0d-9eb5-4dc2c4071bb5 tempest-AttachVolumeShelveTestJSON-2012091149 tempest-AttachVolumeShelveTestJSON-2012091149-project] Lock "8db19c34-b417-4b06-87e0-af9eaed523a5" acquired by "nova.context.set_target_cell..get_or_set_cached_cell_and_set_connections" :: waited 0.000s {{(pid=113722) inner /usr/local/lib/python3.8/dist-packages/oslo_concurrency/lockutils.py:355}}
Jul 14 13:51:21.386183 dv-cinder-800696-2-iscsi devstack@n-api.service[113722]: DEBUG oslo_concurrency.lockutils [None req-549c0ed9-aab5-4c0d-9eb5-4dc2c4071bb5 tempest-AttachVolumeShelveTestJSON-2012091149 tempest-AttachVolumeShelveTestJSON-2012091149-project] Lock "8db19c34-b417-4b06-87e0-af9eaed523a5" released by "nova.context.set_target_cell..get_or_set_cached_cell_and_set_connections" :: held 0.003s {{(pid=113722) inner /usr/local/lib/python3.8/dist-packages/oslo_concurrency/lockutils.py:367}}
Jul 14 13:51:21.393421 dv-cinder-800696-2-iscsi devstack@n-api.service[113722]: /opt/stack/nova/nova/db/sqlalchemy/api.py:1385: SAWarning: TypeDecorator SoftDeleteInteger() will not produce a cache key because the ``cache_ok`` flag is not set to True. Set this flag to True if this type object's state is safe to use in a cache key, or False to disable this warning.
Jul 14 13:51:21.393421 dv-cinder-800696-2-iscsi devstack@n-api.service[113722]: result = _build_instance_get(context, columns_to_join=columns_to_join).\
Jul 14 13:51:21.779026 dv-cinder-800696-2-iscsi devstack@n-api.service[113722]: DEBUG nova.policy [None req-549c0ed9-aab5-4c0d-9eb5-4dc2c4071bb5 tempest-AttachVolumeShelveTestJSON-2012091149 tempest-AttachVolumeShelveTestJSON-2012091149-project] Policy check for os_compute_api:os-extended-server-attributes failed with credentials {'is_admin': False, 'user_id': 'bf77a13dcf1a4247a985bf421069f670', 'user_domain_id': 'default', 'system_scope': None, 'domain_id': None, 'project_id': '52bfc7977d4942ae971cf11446f5753e', 'project_domain_id': 'default', 'roles': ['member', 'reader'], 'is_admin_project': True, 'service_user_id': None, 'service_user_domain_id': None, 'service_project_id': None, 'service_project_domain_id': None, 'service_roles': []} {{(pid=113722) authorize /opt/stack/nova/nova/policy.py:199}}
Jul 14 13:51:21.782436 dv-cinder-800696-2-iscsi devstack@n-api.service[113722]: /opt/stack/nova/nova/db/sqlalchemy/api.py:3000: SAWarning: TypeDecorator SoftDeleteInteger() will not produce a cache key because the ``cache_ok`` flag is not set to True. Set this flag to True if this type object's state is safe to use in a cache key, or False to disable this warning.
Jul 14 13:51:21.782436 dv-cinder-800696-2-iscsi devstack@n-api.service[113722]: return _block_device_mapping_get_query(context).filter(
Jul 14 13:51:21.794867 dv-cinder-800696-2-iscsi devstack@n-api.service[113722]: DEBUG nova.policy [None req-549c0ed9-aab5-4c0d-9eb5-4dc2c4071bb5 tempest-AttachVolumeShelveTestJSON-2012091149 tempest-AttachVolumeShelveTestJSON-2012091149-project] Policy check for os_compute_api:servers:show:host_status failed with credentials {'is_admin': False, 'user_id': 'bf77a13dcf1a4247a985bf421069f670', 'user_domain_id': 'default', 'system_scope': None, 'domain_id': None, 'project_id': '52bfc7977d4942ae971cf11446f5753e', 'project_domain_id': 'default', 'roles': ['member', 'reader'], 'is_admin_project': True, 'service_user_id': None, 'service_user_domain_id': None, 'service_project_id': None, 'service_project_domain_id': None, 'service_roles': []} {{(pid=113722) authorize /opt/stack/nova/nova/policy.py:199}}
Jul 14 13:51:21.804787 dv-cinder-800696-2-iscsi devstack@n-api.service[113722]: DEBUG nova.policy [None req-549c0ed9-aab5-4c0d-9eb5-4dc2c4071bb5 tempest-AttachVolumeShelveTestJSON-2012091149 tempest-AttachVolumeShelveTestJSON-2012091149-project] Policy check for os_compute_api:servers:show:host_status:unknown-only failed with credentials {'is_admin': False, 'user_id': 'bf77a13dcf1a4247a985bf421069f670', 'user_domain_id': 'default', 'system_scope': None, 'domain_id': None, 'project_id': '52bfc7977d4942ae971cf11446f5753e', 'project_domain_id': 'default', 'roles': ['member', 'reader'], 'is_admin_project': True, 'service_user_id': None, 'service_user_domain_id': None, 'service_project_id': None, 'service_project_domain_id': None, 'service_roles': []} {{(pid=113722) authorize /opt/stack/nova/nova/policy.py:199}}
Jul 14 13:51:21.815848 dv-cinder-800696-2-iscsi devstack@n-api.service[113722]: INFO nova.api.openstack.requestlog [None req-549c0ed9-aab5-4c0d-9eb5-4dc2c4071bb5 tempest-AttachVolumeShelveTestJSON-2012091149 tempest-AttachVolumeShelveTestJSON-2012091149-project] 10.222.0.44 "GET /compute/v2.1/servers/971a46d5-4bdc-4521-8445-0f89d690f59f" status: 200 len: 1339 microversion: 2.20 time: 0.484390
Jul 14 13:51:21.817129 dv-cinder-800696-2-iscsi devstack@n-api.service[113722]: [pid: 113722|app: 0|req: 18/28] 10.222.0.44 () {60 vars in 1277 bytes} [Wed Jul 14 13:51:21 2021] GET /compute/v2.1/servers/971a46d5-4bdc-4521-8445-0f89d690f59f => generated 1339 bytes in 486 msecs (HTTP/1.1 200) 9 headers in 360 bytes (1 switches on core 0)
Jul 14 13:51:21.826340 dv-cinder-800696-2-iscsi devstack@n-api.service[113722]: DEBUG nova.api.openstack.wsgi [None req-c2a0ae1a-73e2-4e3a-a910-93442b751b19 tempest-DeleteServersTestJSON-1226558522 tempest-DeleteServersTestJSON-1226558522-project] Calling method '>' {{(pid=113722) _process_stack /opt/stack/nova/nova/api/openstack/wsgi.py:513}}
Jul 14 13:51:21.827189 dv-cinder-800696-2-iscsi devstack@n-api.service[113722]: DEBUG nova.compute.api [None req-c2a0ae1a-73e2-4e3a-a910-93442b751b19 tempest-DeleteServersTestJSON-1226558522 tempest-DeleteServersTestJSON-1226558522-project] [instance: caff5ba2-d059-488e-a369-a449b6ad55e8] Fetching instance by UUID {{(pid=113722) get /opt/stack/nova/nova/compute/api.py:2793}}
Jul 14 13:51:21.841306 dv-cinder-800696-2-iscsi devstack@n-api.service[113722]: DEBUG oslo_concurrency.lockutils [None req-c2a0ae1a-73e2-4e3a-a910-93442b751b19 tempest-DeleteServersTestJSON-1226558522 tempest-DeleteServersTestJSON-1226558522-project] Lock "8db19c34-b417-4b06-87e0-af9eaed523a5" acquired by "nova.context.set_target_cell..get_or_set_cached_cell_and_set_connections" :: waited 0.000s {{(pid=113722) inner /usr/local/lib/python3.8/dist-packages/oslo_concurrency/lockutils.py:355}}
Jul 14 13:51:21.842225 dv-cinder-800696-2-iscsi devstack@n-api.service[113722]: DEBUG oslo_concurrency.lockutils [None req-c2a0ae1a-73e2-4e3a-a910-93442b751b19 tempest-DeleteServersTestJSON-1226558522 tempest-DeleteServersTestJSON-1226558522-project] Lock "8db19c34-b417-4b06-87e0-af9eaed523a5" released by "nova.context.set_target_cell..get_or_set_cached_cell_and_set_connections" :: held 0.002s {{(pid=113722) inner /usr/local/lib/python3.8/dist-packages/oslo_concurrency/lockutils.py:367}}
Jul 14 13:51:21.843463 dv-cinder-800696-2-iscsi devstack@n-api.service[113722]: DEBUG oslo_concurrency.lockutils [None req-c2a0ae1a-73e2-4e3a-a910-93442b751b19 tempest-DeleteServersTestJSON-1226558522 tempest-DeleteServersTestJSON-1226558522-project] Lock "8db19c34-b417-4b06-87e0-af9eaed523a5" acquired by "nova.context.set_target_cell..get_or_set_cached_cell_and_set_connections" :: waited 0.000s {{(pid=113722) inner /usr/local/lib/python3.8/dist-packages/oslo_concurrency/lockutils.py:355}}
Jul 14 13:51:21.844958 dv-cinder-800696-2-iscsi devstack@n-api.service[113722]: DEBUG oslo_concurrency.lockutils [None req-c2a0ae1a-73e2-4e3a-a910-93442b751b19 tempest-DeleteServersTestJSON-1226558522 tempest-DeleteServersTestJSON-1226558522-project] Lock "8db19c34-b417-4b06-87e0-af9eaed523a5" released by "nova.context.set_target_cell..get_or_set_cached_cell_and_set_connections" :: held 0.001s {{(pid=113722) inner /usr/local/lib/python3.8/dist-packages/oslo_concurrency/lockutils.py:367}}
Jul 14 13:51:21.850540 dv-cinder-800696-2-iscsi devstack@n-api.service[113722]: /opt/stack/nova/nova/db/sqlalchemy/api.py:1385: SAWarning: TypeDecorator SoftDeleteInteger() will not produce a cache key because the ``cache_ok`` flag is not set to True. Set this flag to True if this type object's state is safe to use in a cache key, or False to disable this warning.
Jul 14 13:51:21.850540 dv-cinder-800696-2-iscsi devstack@n-api.service[113722]: result = _build_instance_get(context, columns_to_join=columns_to_join).\
Jul 14 13:51:22.096911 dv-cinder-800696-2-iscsi devstack@n-api.service[113723]: DEBUG nova.virt.hardware [None req-581cff69-0b81-449a-814f-ae4711d05385 tempest-ServerRescueNegativeTestJSON-1408139571 tempest-ServerRescueNegativeTestJSON-1408139571-project] Flavor limits 0:0:0 {{(pid=113723) get_cpu_topology_constraints /opt/stack/nova/nova/virt/hardware.py:343}}
Jul 14 13:51:22.101450 dv-cinder-800696-2-iscsi devstack@n-api.service[113723]: DEBUG nova.virt.hardware [None req-581cff69-0b81-449a-814f-ae4711d05385 tempest-ServerRescueNegativeTestJSON-1408139571 tempest-ServerRescueNegativeTestJSON-1408139571-project] Image limits 0:0:0 {{(pid=113723) get_cpu_topology_constraints /opt/stack/nova/nova/virt/hardware.py:347}}
Jul 14 13:51:22.103998 dv-cinder-800696-2-iscsi devstack@n-api.service[113723]: DEBUG nova.virt.hardware [None req-581cff69-0b81-449a-814f-ae4711d05385 tempest-ServerRescueNegativeTestJSON-1408139571 tempest-ServerRescueNegativeTestJSON-1408139571-project] Flavor pref 0:0:0 {{(pid=113723) get_cpu_topology_constraints /opt/stack/nova/nova/virt/hardware.py:383}}
Jul 14 13:51:22.104643 dv-cinder-800696-2-iscsi devstack@n-api.service[113723]: DEBUG nova.virt.hardware [None req-581cff69-0b81-449a-814f-ae4711d05385 tempest-ServerRescueNegativeTestJSON-1408139571 tempest-ServerRescueNegativeTestJSON-1408139571-project] Image pref 0:0:0 {{(pid=113723) get_cpu_topology_constraints /opt/stack/nova/nova/virt/hardware.py:387}}
Jul 14 13:51:22.106199 dv-cinder-800696-2-iscsi devstack@n-api.service[113723]: DEBUG nova.virt.hardware [None req-581cff69-0b81-449a-814f-ae4711d05385 tempest-ServerRescueNegativeTestJSON-1408139571 tempest-ServerRescueNegativeTestJSON-1408139571-project] Chose sockets=0, cores=0, threads=0; limits were sockets=65536, cores=65536, threads=65536 {{(pid=113723) get_cpu_topology_constraints /opt/stack/nova/nova/virt/hardware.py:425}}
Jul 14 13:51:22.118463 dv-cinder-800696-2-iscsi devstack@n-api.service[113723]: /opt/stack/nova/nova/db/sqlalchemy/api.py:2690: SAWarning: TypeDecorator SoftDeleteInteger() will not produce a cache key because the ``cache_ok`` flag is not set to True. Set this flag to True if this type object's state is safe to use in a cache key, or False to disable this warning.
Jul 14 13:51:22.118463 dv-cinder-800696-2-iscsi devstack@n-api.service[113723]: user_quotas = model_query(context, models.ProjectUserQuota,
Jul 14 13:51:22.123578 dv-cinder-800696-2-iscsi devstack@n-api.service[113723]: DEBUG oslo_concurrency.lockutils [None req-581cff69-0b81-449a-814f-ae4711d05385 tempest-ServerRescueNegativeTestJSON-1408139571 tempest-ServerRescueNegativeTestJSON-1408139571-project] Lock "00000000-0000-0000-0000-000000000000" acquired by "nova.context.set_target_cell..get_or_set_cached_cell_and_set_connections" :: waited 0.000s {{(pid=113723) inner /usr/local/lib/python3.8/dist-packages/oslo_concurrency/lockutils.py:355}}
Jul 14 13:51:22.127283 dv-cinder-800696-2-iscsi devstack@n-api.service[113723]: DEBUG oslo_concurrency.lockutils [None req-581cff69-0b81-449a-814f-ae4711d05385 tempest-ServerRescueNegativeTestJSON-1408139571 tempest-ServerRescueNegativeTestJSON-1408139571-project] Lock "00000000-0000-0000-0000-000000000000" released by "nova.context.set_target_cell..get_or_set_cached_cell_and_set_connections" :: held 0.004s {{(pid=113723) inner /usr/local/lib/python3.8/dist-packages/oslo_concurrency/lockutils.py:367}}
Jul 14 13:51:22.128708 dv-cinder-800696-2-iscsi devstack@n-api.service[113723]: DEBUG oslo_concurrency.lockutils [None req-581cff69-0b81-449a-814f-ae4711d05385 tempest-ServerRescueNegativeTestJSON-1408139571 tempest-ServerRescueNegativeTestJSON-1408139571-project] Lock "8db19c34-b417-4b06-87e0-af9eaed523a5" acquired by "nova.context.set_target_cell..get_or_set_cached_cell_and_set_connections" :: waited 0.000s {{(pid=113723) inner /usr/local/lib/python3.8/dist-packages/oslo_concurrency/lockutils.py:355}}
Jul 14 13:51:22.129982 dv-cinder-800696-2-iscsi devstack@n-api.service[113723]: DEBUG oslo_concurrency.lockutils [None req-581cff69-0b81-449a-814f-ae4711d05385 tempest-ServerRescueNegativeTestJSON-1408139571 tempest-ServerRescueNegativeTestJSON-1408139571-project] Lock "8db19c34-b417-4b06-87e0-af9eaed523a5" released by "nova.context.set_target_cell..get_or_set_cached_cell_and_set_connections" :: held 0.001s {{(pid=113723) inner /usr/local/lib/python3.8/dist-packages/oslo_concurrency/lockutils.py:367}}
Jul 14 13:51:22.159255 dv-cinder-800696-2-iscsi devstack@n-api.service[113723]: /opt/stack/nova/nova/objects/instance.py:1537: SAWarning: TypeDecorator SoftDeleteInteger() will not produce a cache key because the ``cache_ok`` flag is not set to True. Set this flag to True if this type object's state is safe to use in a cache key, or False to disable this warning.
Jul 14 13:51:22.159255 dv-cinder-800696-2-iscsi devstack@n-api.service[113723]: project_result = project_query.first()
Jul 14 13:51:22.205818 dv-cinder-800696-2-iscsi devstack@n-api.service[113723]: /opt/stack/nova/nova/db/sqlalchemy/api.py:2708: SAWarning: TypeDecorator SoftDeleteInteger() will not produce a cache key because the ``cache_ok`` flag is not set to True. Set this flag to True if this type object's state is safe to use in a cache key, or False to disable this warning.
Jul 14 13:51:22.205818 dv-cinder-800696-2-iscsi devstack@n-api.service[113723]: rows = model_query(context, models.Quota, read_deleted="no").\
Jul 14 13:51:22.211901 dv-cinder-800696-2-iscsi devstack@n-api.service[113723]: DEBUG nova.quota [None req-581cff69-0b81-449a-814f-ae4711d05385 tempest-ServerRescueNegativeTestJSON-1408139571 tempest-ServerRescueNegativeTestJSON-1408139571-project] Getting quotas for project 69362cae63a243569c8afe3e4adcea10. Resources: {'instances', 'ram', 'cores'} {{(pid=113723) _get_quotas /opt/stack/nova/nova/quota.py:387}}
Jul 14 13:51:22.226288 dv-cinder-800696-2-iscsi devstack@n-api.service[113723]: DEBUG nova.quota [None req-581cff69-0b81-449a-814f-ae4711d05385 tempest-ServerRescueNegativeTestJSON-1408139571 tempest-ServerRescueNegativeTestJSON-1408139571-project] Getting quotas for user d497e782e38e407f8433d5c7b4a7e12a and project 69362cae63a243569c8afe3e4adcea10. Resources: {'instances', 'ram', 'cores'} {{(pid=113723) _get_quotas /opt/stack/nova/nova/quota.py:377}}
Jul 14 13:51:22.256802 dv-cinder-800696-2-iscsi devstack@n-api.service[113723]: DEBUG nova.compute.api [None req-581cff69-0b81-449a-814f-ae4711d05385 tempest-ServerRescueNegativeTestJSON-1408139571 tempest-ServerRescueNegativeTestJSON-1408139571-project] Going to run 1 instances... {{(pid=113723) _provision_instances /opt/stack/nova/nova/compute/api.py:1280}}
Jul 14 13:51:22.262619 dv-cinder-800696-2-iscsi devstack@n-api.service[113723]: DEBUG nova.compute.api [None req-581cff69-0b81-449a-814f-ae4711d05385 tempest-ServerRescueNegativeTestJSON-1408139571 tempest-ServerRescueNegativeTestJSON-1408139571-project] [instance: 5ff4dfcd-560e-4055-a3b3-da0a846231b6] block_device_mapping [BlockDeviceMapping(attachment_id=,boot_index=0,connection_info=None,created_at=,delete_on_termination=True,deleted=,deleted_at=,destination_type='local',device_name=None,device_type='disk',disk_bus=None,guest_format=None,id=,image_id='3dcc47e8-3ece-4b01-bb20-144bc9bd548a',instance=,instance_uuid=,no_device=False,snapshot_id=None,source_type='image',tag=None,updated_at=,uuid=,volume_id=None,volume_size=None,volume_type=None)] {{(pid=113723) _bdm_validate_set_size_and_instance /opt/stack/nova/nova/compute/api.py:1685}}
Jul 14 13:51:22.274514 dv-cinder-800696-2-iscsi devstack@n-api.service[113722]: DEBUG nova.policy [None req-c2a0ae1a-73e2-4e3a-a910-93442b751b19 tempest-DeleteServersTestJSON-1226558522 tempest-DeleteServersTestJSON-1226558522-project] Policy check for os_compute_api:os-extended-server-attributes failed with credentials {'is_admin': False, 'user_id': '750d331c2b5e4eb7aff9a6c38271bb5e', 'user_domain_id': 'default', 'system_scope': None, 'domain_id': None, 'project_id': 'd4a7dcd546d2443c9d0aca064de0848f', 'project_domain_id': 'default', 'roles': ['member', 'reader'], 'is_admin_project': True, 'service_user_id': None, 'service_user_domain_id': None, 'service_project_id': None, 'service_project_domain_id': None, 'service_roles': []} {{(pid=113722) authorize /opt/stack/nova/nova/policy.py:199}}
Jul 14 13:51:22.279729 dv-cinder-800696-2-iscsi devstack@n-api.service[113722]: /opt/stack/nova/nova/db/sqlalchemy/api.py:3000: SAWarning: TypeDecorator SoftDeleteInteger() will not produce a cache key because the ``cache_ok`` flag is not set to True. Set this flag to True if this type object's state is safe to use in a cache key, or False to disable this warning.
Jul 14 13:51:22.279729 dv-cinder-800696-2-iscsi devstack@n-api.service[113722]: return _block_device_mapping_get_query(context).filter(
Jul 14 13:51:22.293976 dv-cinder-800696-2-iscsi devstack@n-api.service[113722]: INFO nova.api.openstack.requestlog [None req-c2a0ae1a-73e2-4e3a-a910-93442b751b19 tempest-DeleteServersTestJSON-1226558522 tempest-DeleteServersTestJSON-1226558522-project] 10.222.0.44 "GET /compute/v2.1/servers/caff5ba2-d059-488e-a369-a449b6ad55e8" status: 200 len: 1314 microversion: 2.1 time: 0.475427
Jul 14 13:51:22.297482 dv-cinder-800696-2-iscsi devstack@n-api.service[113722]: [pid: 113722|app: 0|req: 19/29] 10.222.0.44 () {58 vars in 1236 bytes} [Wed Jul 14 13:51:21 2021] GET /compute/v2.1/servers/caff5ba2-d059-488e-a369-a449b6ad55e8 => generated 1314 bytes in 480 msecs (HTTP/1.1 200) 9 headers in 358 bytes (1 switches on core 0)
Jul 14 13:51:22.327405 dv-cinder-800696-2-iscsi devstack@n-api.service[113723]: INFO nova.api.openstack.requestlog [None req-581cff69-0b81-449a-814f-ae4711d05385 tempest-ServerRescueNegativeTestJSON-1408139571 tempest-ServerRescueNegativeTestJSON-1408139571-project] 10.222.0.44 "POST /compute/v2.1/servers" status: 202 len: 383 microversion: 2.1 time: 4.429396
Jul 14 13:51:22.328326 dv-cinder-800696-2-iscsi devstack@n-api.service[113723]: [pid: 113723|app: 0|req: 11/30] 10.222.0.44 () {60 vars in 1147 bytes} [Wed Jul 14 13:51:17 2021] POST /compute/v2.1/servers => generated 383 bytes in 4432 msecs (HTTP/1.1 202) 10 headers in 451 bytes (1 switches on core 0)
Jul 14 13:51:22.519669 dv-cinder-800696-2-iscsi devstack@n-api.service[113722]: DEBUG nova.api.openstack.wsgi [req-2db01dab-3859-4bda-85b6-42d98d90c243 req-e6dd3aa9-9df6-40b5-b5df-fa121b10f6c9 service nova] Action: 'create', calling method: >, body: {"events": [{"name": "network-changed", "server_uuid": "caff5ba2-d059-488e-a369-a449b6ad55e8", "tag": "04088766-8c7e-4fbb-bdfd-6d85539a5fe0"}]} {{(pid=113722) _process_stack /opt/stack/nova/nova/api/openstack/wsgi.py:511}}
Jul 14 13:51:22.530726 dv-cinder-800696-2-iscsi devstack@n-api.service[113722]: /usr/local/lib/python3.8/dist-packages/oslo_policy/policy.py:1064: UserWarning: Policy os_compute_api:os-server-external-events:create failed scope check. The token used to make the request was project scoped but the policy requires ['system'] scope. This behavior may change in the future where using the intended scope is required
Jul 14 13:51:22.530726 dv-cinder-800696-2-iscsi devstack@n-api.service[113722]: warnings.warn(msg)
Jul 14 13:51:22.560324 dv-cinder-800696-2-iscsi devstack@n-api.service[113722]: DEBUG oslo_concurrency.lockutils [req-2db01dab-3859-4bda-85b6-42d98d90c243 req-e6dd3aa9-9df6-40b5-b5df-fa121b10f6c9 service nova] Lock "8db19c34-b417-4b06-87e0-af9eaed523a5" acquired by "nova.context.set_target_cell..get_or_set_cached_cell_and_set_connections" :: waited 0.000s {{(pid=113722) inner /usr/local/lib/python3.8/dist-packages/oslo_concurrency/lockutils.py:355}}
Jul 14 13:51:22.561308 dv-cinder-800696-2-iscsi devstack@n-api.service[113722]: DEBUG oslo_concurrency.lockutils [req-2db01dab-3859-4bda-85b6-42d98d90c243 req-e6dd3aa9-9df6-40b5-b5df-fa121b10f6c9 service nova] Lock "8db19c34-b417-4b06-87e0-af9eaed523a5" released by "nova.context.set_target_cell..get_or_set_cached_cell_and_set_connections" :: held 0.003s {{(pid=113722) inner /usr/local/lib/python3.8/dist-packages/oslo_concurrency/lockutils.py:367}}
Jul 14 13:51:22.602900 dv-cinder-800696-2-iscsi devstack@n-api.service[113723]: DEBUG nova.api.openstack.wsgi [req-b5f90d64-e039-4548-aa26-59f51a0f17c1 req-e4f6444d-bfb7-4049-8113-fe938cebde5a service nova] Action: 'create', calling method: >, body: {"events": [{"name": "network-changed", "server_uuid": "e5a76ac8-b828-43c1-94b9-65ed6321593b", "tag": "0b1c36f5-ae84-42cb-bf00-29d0235fc8ac"}]} {{(pid=113723) _process_stack /opt/stack/nova/nova/api/openstack/wsgi.py:511}}
Jul 14 13:51:22.605681 dv-cinder-800696-2-iscsi devstack@n-api.service[113723]: /usr/local/lib/python3.8/dist-packages/oslo_policy/policy.py:1064: UserWarning: Policy os_compute_api:os-server-external-events:create failed scope check. The token used to make the request was project scoped but the policy requires ['system'] scope. This behavior may change in the future where using the intended scope is required
Jul 14 13:51:22.605681 dv-cinder-800696-2-iscsi devstack@n-api.service[113723]: warnings.warn(msg)
Jul 14 13:51:22.617126 dv-cinder-800696-2-iscsi devstack@n-api.service[113722]: INFO nova.api.openstack.compute.server_external_events [req-2db01dab-3859-4bda-85b6-42d98d90c243 req-e6dd3aa9-9df6-40b5-b5df-fa121b10f6c9 service nova] Creating event network-changed:04088766-8c7e-4fbb-bdfd-6d85539a5fe0 for instance caff5ba2-d059-488e-a369-a449b6ad55e8 on hv-cinder-80069
Jul 14 13:51:22.624557 dv-cinder-800696-2-iscsi devstack@n-api.service[113723]: DEBUG oslo_concurrency.lockutils [req-b5f90d64-e039-4548-aa26-59f51a0f17c1 req-e4f6444d-bfb7-4049-8113-fe938cebde5a service nova] Lock "8db19c34-b417-4b06-87e0-af9eaed523a5" acquired by "nova.context.set_target_cell..get_or_set_cached_cell_and_set_connections" :: waited 0.000s {{(pid=113723) inner /usr/local/lib/python3.8/dist-packages/oslo_concurrency/lockutils.py:355}}
Jul 14 13:51:22.625281 dv-cinder-800696-2-iscsi devstack@n-api.service[113723]: DEBUG oslo_concurrency.lockutils [req-b5f90d64-e039-4548-aa26-59f51a0f17c1 req-e4f6444d-bfb7-4049-8113-fe938cebde5a service nova] Lock "8db19c34-b417-4b06-87e0-af9eaed523a5" released by "nova.context.set_target_cell..get_or_set_cached_cell_and_set_connections" :: held 0.001s {{(pid=113723) inner /usr/local/lib/python3.8/dist-packages/oslo_concurrency/lockutils.py:367}}
Jul 14 13:51:22.635900 dv-cinder-800696-2-iscsi devstack@n-api.service[113722]: DEBUG oslo_concurrency.lockutils [req-2db01dab-3859-4bda-85b6-42d98d90c243 req-e6dd3aa9-9df6-40b5-b5df-fa121b10f6c9 service nova] Acquired lock "compute-rpcapi-router" {{(pid=113722) lock /usr/local/lib/python3.8/dist-packages/oslo_concurrency/lockutils.py:266}}
Jul 14 13:51:22.637960 dv-cinder-800696-2-iscsi devstack@n-api.service[113722]: DEBUG oslo_concurrency.lockutils [None req-959bcd2b-9bd0-4cc3-b300-1bacb14d3bb0 None None] Lock "00000000-0000-0000-0000-000000000000" acquired by "nova.context.set_target_cell..get_or_set_cached_cell_and_set_connections" :: waited 0.000s {{(pid=113722) inner /usr/local/lib/python3.8/dist-packages/oslo_concurrency/lockutils.py:355}}
Jul 14 13:51:22.638399 dv-cinder-800696-2-iscsi devstack@n-api.service[113722]: DEBUG oslo_concurrency.lockutils [None req-959bcd2b-9bd0-4cc3-b300-1bacb14d3bb0 None None] Lock "00000000-0000-0000-0000-000000000000" released by "nova.context.set_target_cell..get_or_set_cached_cell_and_set_connections" :: held 0.000s {{(pid=113722) inner /usr/local/lib/python3.8/dist-packages/oslo_concurrency/lockutils.py:367}}
Jul 14 13:51:22.648494 dv-cinder-800696-2-iscsi devstack@n-api.service[113722]: DEBUG oslo_concurrency.lockutils [None req-959bcd2b-9bd0-4cc3-b300-1bacb14d3bb0 None None] Lock "8db19c34-b417-4b06-87e0-af9eaed523a5" acquired by "nova.context.set_target_cell..get_or_set_cached_cell_and_set_connections" :: waited 0.009s {{(pid=113722) inner /usr/local/lib/python3.8/dist-packages/oslo_concurrency/lockutils.py:355}}
Jul 14 13:51:22.648964 dv-cinder-800696-2-iscsi devstack@n-api.service[113722]: DEBUG oslo_concurrency.lockutils [None req-959bcd2b-9bd0-4cc3-b300-1bacb14d3bb0 None None] Lock "8db19c34-b417-4b06-87e0-af9eaed523a5" released by "nova.context.set_target_cell..get_or_set_cached_cell_and_set_connections" :: held 0.001s {{(pid=113722) inner /usr/local/lib/python3.8/dist-packages/oslo_concurrency/lockutils.py:367}}
Jul 14 13:51:22.660608 dv-cinder-800696-2-iscsi devstack@n-api.service[113723]: INFO nova.api.openstack.compute.server_external_events [req-b5f90d64-e039-4548-aa26-59f51a0f17c1 req-e4f6444d-bfb7-4049-8113-fe938cebde5a service nova] Creating event network-changed:0b1c36f5-ae84-42cb-bf00-29d0235fc8ac for instance e5a76ac8-b828-43c1-94b9-65ed6321593b on hv-cinder-80069
Jul 14 13:51:22.662008 dv-cinder-800696-2-iscsi devstack@n-api.service[113723]: DEBUG oslo_concurrency.lockutils [req-b5f90d64-e039-4548-aa26-59f51a0f17c1 req-e4f6444d-bfb7-4049-8113-fe938cebde5a service nova] Acquired lock "compute-rpcapi-router" {{(pid=113723) lock /usr/local/lib/python3.8/dist-packages/oslo_concurrency/lockutils.py:266}}
Jul 14 13:51:22.664969 dv-cinder-800696-2-iscsi devstack@n-api.service[113723]: DEBUG oslo_concurrency.lockutils [None req-53b6bd2b-96e8-4537-b11b-b54cd19f4b32 None None] Lock "00000000-0000-0000-0000-000000000000" acquired by "nova.context.set_target_cell..get_or_set_cached_cell_and_set_connections" :: waited 0.000s {{(pid=113723) inner /usr/local/lib/python3.8/dist-packages/oslo_concurrency/lockutils.py:355}}
Jul 14 13:51:22.667764 dv-cinder-800696-2-iscsi devstack@n-api.service[113723]: DEBUG oslo_concurrency.lockutils [None req-53b6bd2b-96e8-4537-b11b-b54cd19f4b32 None None] Lock "00000000-0000-0000-0000-000000000000" released by "nova.context.set_target_cell..get_or_set_cached_cell_and_set_connections" :: held 0.001s {{(pid=113723) inner /usr/local/lib/python3.8/dist-packages/oslo_concurrency/lockutils.py:367}}
Jul 14 13:51:22.668646 dv-cinder-800696-2-iscsi devstack@n-api.service[113722]: /opt/stack/nova/nova/db/sqlalchemy/api.py:439: SAWarning: TypeDecorator SoftDeleteInteger() will not produce a cache key because the ``cache_ok`` flag is not set to True. Set this flag to True if this type object's state is safe to use in a cache key, or False to disable this warning.
Jul 14 13:51:22.668646 dv-cinder-800696-2-iscsi devstack@n-api.service[113722]: return dict(min_versions)
Jul 14 13:51:22.669869 dv-cinder-800696-2-iscsi devstack@n-api.service[113723]: DEBUG oslo_concurrency.lockutils [None req-53b6bd2b-96e8-4537-b11b-b54cd19f4b32 None None] Lock "8db19c34-b417-4b06-87e0-af9eaed523a5" acquired by "nova.context.set_target_cell..get_or_set_cached_cell_and_set_connections" :: waited 0.000s {{(pid=113723) inner /usr/local/lib/python3.8/dist-packages/oslo_concurrency/lockutils.py:355}}
Jul 14 13:51:22.672447 dv-cinder-800696-2-iscsi devstack@n-api.service[113723]: DEBUG oslo_concurrency.lockutils [None req-53b6bd2b-96e8-4537-b11b-b54cd19f4b32 None None] Lock "8db19c34-b417-4b06-87e0-af9eaed523a5" released by "nova.context.set_target_cell..get_or_set_cached_cell_and_set_connections" :: held 0.001s {{(pid=113723) inner /usr/local/lib/python3.8/dist-packages/oslo_concurrency/lockutils.py:367}}
Jul 14 13:51:22.684349 dv-cinder-800696-2-iscsi devstack@n-api.service[113722]: INFO nova.compute.rpcapi [None req-959bcd2b-9bd0-4cc3-b300-1bacb14d3bb0 None None] Automatically selected compute RPC version 6.0 from minimum service version 56
Jul 14 13:51:22.688764 dv-cinder-800696-2-iscsi devstack@n-api.service[113722]: DEBUG oslo_concurrency.lockutils [None req-959bcd2b-9bd0-4cc3-b300-1bacb14d3bb0 None None] Releasing lock "compute-rpcapi-router" {{(pid=113722) lock /usr/local/lib/python3.8/dist-packages/oslo_concurrency/lockutils.py:282}}
Jul 14 13:51:22.698297 dv-cinder-800696-2-iscsi devstack@n-api.service[113723]: /opt/stack/nova/nova/db/sqlalchemy/api.py:439: SAWarning: TypeDecorator SoftDeleteInteger() will not produce a cache key because the ``cache_ok`` flag is not set to True. Set this flag to True if this type object's state is safe to use in a cache key, or False to disable this warning.
Jul 14 13:51:22.698297 dv-cinder-800696-2-iscsi devstack@n-api.service[113723]: return dict(min_versions)
Jul 14 13:51:22.708900 dv-cinder-800696-2-iscsi devstack@n-api.service[113723]: INFO nova.compute.rpcapi [None req-53b6bd2b-96e8-4537-b11b-b54cd19f4b32 None None] Automatically selected compute RPC version 6.0 from minimum service version 56
Jul 14 13:51:22.714357 dv-cinder-800696-2-iscsi devstack@n-api.service[113723]: DEBUG oslo_concurrency.lockutils [None req-53b6bd2b-96e8-4537-b11b-b54cd19f4b32 None None] Releasing lock "compute-rpcapi-router" {{(pid=113723) lock /usr/local/lib/python3.8/dist-packages/oslo_concurrency/lockutils.py:282}}
Jul 14 13:51:22.815185 dv-cinder-800696-2-iscsi devstack@n-api.service[113722]: INFO nova.api.openstack.requestlog [None req-959bcd2b-9bd0-4cc3-b300-1bacb14d3bb0 None None] 10.222.0.44 "POST /compute/v2.1/os-server-external-events" status: 200 len: 179 microversion: 2.1 time: 0.505774
Jul 14 13:51:22.815806 dv-cinder-800696-2-iscsi devstack@n-api.service[113722]: [pid: 113722|app: 0|req: 20/31] 10.222.0.44 () {64 vars in 1318 bytes} [Wed Jul 14 13:51:22 2021] POST /compute/v2.1/os-server-external-events => generated 179 bytes in 518 msecs (HTTP/1.1 200) 9 headers in 357 bytes (1 switches on core 0)
Jul 14 13:51:22.821167 dv-cinder-800696-2-iscsi devstack@n-api.service[113722]: DEBUG nova.api.openstack.wsgi [None req-356e78a7-19fd-4925-ba32-718759b6fc8a tempest-ServerRescueNegativeTestJSON-1408139571 tempest-ServerRescueNegativeTestJSON-1408139571-project] Calling method '>' {{(pid=113722) _process_stack /opt/stack/nova/nova/api/openstack/wsgi.py:513}}
Jul 14 13:51:22.821835 dv-cinder-800696-2-iscsi devstack@n-api.service[113722]: DEBUG nova.compute.api [None req-356e78a7-19fd-4925-ba32-718759b6fc8a tempest-ServerRescueNegativeTestJSON-1408139571 tempest-ServerRescueNegativeTestJSON-1408139571-project] [instance: 5ff4dfcd-560e-4055-a3b3-da0a846231b6] Fetching instance by UUID {{(pid=113722) get /opt/stack/nova/nova/compute/api.py:2793}}
