Jul 13 20:09:27.143595 dv-cinder-800696-1-smb neutron-server[93119]: INFO neutron.wsgi [req-7c84af9f-8823-47a9-ae05-fb93da198cc0 req-f3deb7f2-d9ca-4806-aa2d-d85f43c9cad5 service neutron] 10.222.0.13 "GET /v2.0/networks?id=66c25c2d-7959-4317-8de7-f0b31b4ec743 HTTP/1.1" status: 200 len: 918 time: 0.1560361
Jul 13 20:09:27.146200 dv-cinder-800696-1-smb neutron-server[93118]: INFO neutron.wsgi [req-588cf7b1-ecca-4c9b-9579-a7be2a63b9b7 req-29305e3e-c8c2-40b9-bdd6-e08ab673898b tempest-DeleteServersTestJSON-565671216 tempest-DeleteServersTestJSON-565671216-project] 10.222.0.23 "GET /v2.0/security-groups?id=b77413f8-202d-4bba-a7f7-e18e16f3dd95&fields=id&fields=name HTTP/1.1" status: 200 len: 286 time: 0.1311331
Jul 13 20:09:27.204644 dv-cinder-800696-1-smb neutron-server[93119]: INFO neutron.wsgi [req-7c84af9f-8823-47a9-ae05-fb93da198cc0 req-5eeb67b4-3380-4024-b8f5-c8877702f68e service neutron] 10.222.0.13 "GET /v2.0/floatingips?fixed_ip_address=172.20.0.8&port_id=16011297-bd50-4bb3-97ca-b0ba68ac8c97 HTTP/1.1" status: 200 len: 217 time: 0.0535705
Jul 13 20:09:27.278946 dv-cinder-800696-1-smb neutron-server[93119]: DEBUG neutron.pecan_wsgi.hooks.policy_enforcement [req-7c84af9f-8823-47a9-ae05-fb93da198cc0 req-64feb791-cf71-41d6-8882-8144081dd434 service neutron] Attributes excluded by policy engine: ['standard_attr_id', 'shared', 'segment_id'] {{(pid=93119) _exclude_attributes_by_policy /opt/stack/neutron/neutron/pecan_wsgi/hooks/policy_enforcement.py:255}}
Jul 13 20:09:27.279616 dv-cinder-800696-1-smb neutron-server[93120]: DEBUG neutron.plugins.ml2.db [None req-4aa73a66-288e-4739-b98a-193d4ec97c7a None None] get_ports_and_sgs() called for port_ids ['e94a91c9-89a5-4abb-88f0-93c3f45d55d6'] {{(pid=93120) get_ports_and_sgs /opt/stack/neutron/neutron/plugins/ml2/db.py:156}}
Jul 13 20:09:27.281897 dv-cinder-800696-1-smb neutron-server[93119]: INFO neutron.wsgi [req-7c84af9f-8823-47a9-ae05-fb93da198cc0 req-64feb791-cf71-41d6-8882-8144081dd434 service neutron] 10.222.0.13 "GET /v2.0/subnets?id=9f048872-a514-4f07-ba5c-e3d92ebea771 HTTP/1.1" status: 200 len: 857 time: 0.0692427
Jul 13 20:09:27.307932 dv-cinder-800696-1-smb neutron-server[93120]: DEBUG neutron.plugins.ml2.db [None req-4aa73a66-288e-4739-b98a-193d4ec97c7a None None] get_ports_and_sgs() called for port_ids ['40533e02-e9e1-43c1-a7e4-e97d6923fb48'] {{(pid=93120) get_ports_and_sgs /opt/stack/neutron/neutron/plugins/ml2/db.py:156}}
Jul 13 20:09:27.322935 dv-cinder-800696-1-smb neutron-server[93118]: DEBUG neutron.pecan_wsgi.hooks.policy_enforcement [req-dac34b64-3709-42b1-8713-8fdb685fb557 req-55700182-bb1d-4da3-82b2-fbf15f9a8820 tempest-AttachVolumeTestJSON-1450961715 tempest-AttachVolumeTestJSON-1450961715-project] Attributes excluded by policy engine: ['standard_attr_id', 'vlan_transparent', 'provider:network_type', 'provider:physical_network', 'provider:segmentation_id'] {{(pid=93118) _exclude_attributes_by_policy /opt/stack/neutron/neutron/pecan_wsgi/hooks/policy_enforcement.py:255}}
Jul 13 20:09:27.330347 dv-cinder-800696-1-smb neutron-server[93118]: INFO neutron.wsgi [req-dac34b64-3709-42b1-8713-8fdb685fb557 req-55700182-bb1d-4da3-82b2-fbf15f9a8820 tempest-AttachVolumeTestJSON-1450961715 tempest-AttachVolumeTestJSON-1450961715-project] 10.222.0.23 "GET /v2.0/networks?id=cf132eba-9355-406d-9ae8-5ad10ff8ccbd HTTP/1.1" status: 200 len: 810 time: 0.2030718
Jul 13 20:09:27.331110 dv-cinder-800696-1-smb neutron-server[93119]: INFO neutron.wsgi [req-7c84af9f-8823-47a9-ae05-fb93da198cc0 req-f57f03b0-c453-435d-9855-b2bd057dd2a6 service neutron] 10.222.0.13 "GET /v2.0/ports?network_id=66c25c2d-7959-4317-8de7-f0b31b4ec743&device_owner=network%3Adhcp HTTP/1.1" status: 200 len: 210 time: 0.0414569
Jul 13 20:09:27.350670 dv-cinder-800696-1-smb neutron-server[93118]: DEBUG neutron_lib.callbacks.manager [req-73c6ad7e-a921-4b63-ab42-8ed7fec94dac req-cf27da71-2c7a-42d1-bf27-0fb52e335dbf tempest-ServerRescueNegativeTestJSON-97125037 tempest-ServerRescueNegativeTestJSON-97125037-project] Notify callbacks [] for port, precommit_create {{(pid=93118) _notify_loop /usr/local/lib/python3.8/dist-packages/neutron_lib/callbacks/manager.py:192}}
Jul 13 20:09:27.359477 dv-cinder-800696-1-smb neutron-server[93118]: INFO neutron.wsgi [req-dac34b64-3709-42b1-8713-8fdb685fb557 req-273f0fb3-fdaf-4f13-aac1-a5395ee44e9f tempest-AttachVolumeTestJSON-1450961715 tempest-AttachVolumeTestJSON-1450961715-project] 10.222.0.23 "GET /v2.0/quotas/c898e92a52634cd98cac270731844fee HTTP/1.1" status: 200 len: 375 time: 0.0282400
Jul 13 20:09:27.454129 dv-cinder-800696-1-smb neutron-server[93118]: DEBUG neutron_lib.callbacks.manager [req-73c6ad7e-a921-4b63-ab42-8ed7fec94dac req-cf27da71-2c7a-42d1-bf27-0fb52e335dbf tempest-ServerRescueNegativeTestJSON-97125037 tempest-ServerRescueNegativeTestJSON-97125037-project] Notify callbacks ['neutron.plugins.ml2.plugin.SecurityGroupServerNotifierRpcMixin._notify_sg_on_port_change-1586472', 'neutron.plugins.ml2.ovo_rpc._ObjectChangeHandler.handle_event-114827', 'neutron.api.rpc.agentnotifiers.dhcp_rpc_agent_api.DhcpAgentNotifyAPI._native_event_send_dhcp_notification-784183', 'neutron.db.l3_dvrscheduler_db._notify_l3_agent_new_port-8743257491860'] for port, after_create {{(pid=93118) _notify_loop /usr/local/lib/python3.8/dist-packages/neutron_lib/callbacks/manager.py:192}}
Jul 13 20:09:27.460247 dv-cinder-800696-1-smb neutron-server[93119]: INFO neutron.wsgi [req-7c84af9f-8823-47a9-ae05-fb93da198cc0 req-484d563c-fc0a-4c64-a4c0-2965bd03a56d service neutron] 10.222.0.13 "GET /v2.0/networks/66c25c2d-7959-4317-8de7-f0b31b4ec743?fields=segments HTTP/1.1" status: 200 len: 212 time: 0.1224291
Jul 13 20:09:27.512481 dv-cinder-800696-1-smb neutron-server[93118]: INFO neutron.wsgi [req-dac34b64-3709-42b1-8713-8fdb685fb557 req-147a44f4-6af6-4934-9b65-adf44df33f47 tempest-AttachVolumeTestJSON-1450961715 tempest-AttachVolumeTestJSON-1450961715-project] 10.222.0.23 "GET /v2.0/ports?tenant_id=c898e92a52634cd98cac270731844fee&fields=id HTTP/1.1" status: 200 len: 348 time: 0.1444154
Jul 13 20:09:27.530867 dv-cinder-800696-1-smb neutron-server[93118]: DEBUG neutron.scheduler.dhcp_agent_scheduler [req-73c6ad7e-a921-4b63-ab42-8ed7fec94dac req-cf27da71-2c7a-42d1-bf27-0fb52e335dbf tempest-ServerRescueNegativeTestJSON-97125037 tempest-ServerRescueNegativeTestJSON-97125037-project] Network 66c25c2d-7959-4317-8de7-f0b31b4ec743 is already hosted by enough agents. {{(pid=93118) _get_dhcp_agents_hosting_network /opt/stack/neutron/neutron/scheduler/dhcp_agent_scheduler.py:275}}
Jul 13 20:09:27.535143 dv-cinder-800696-1-smb neutron-server[93118]: DEBUG neutron.scheduler.base_scheduler [req-73c6ad7e-a921-4b63-ab42-8ed7fec94dac req-cf27da71-2c7a-42d1-bf27-0fb52e335dbf tempest-ServerRescueNegativeTestJSON-97125037 tempest-ServerRescueNegativeTestJSON-97125037-project] Resources bound (agent type, host, resource id): {{(pid=93118) schedule /opt/stack/neutron/neutron/scheduler/base_scheduler.py:57}}
Jul 13 20:09:27.537606 dv-cinder-800696-1-smb neutron-server[93118]: DEBUG neutron.db.l3_dvrscheduler_db [req-73c6ad7e-a921-4b63-ab42-8ed7fec94dac req-cf27da71-2c7a-42d1-bf27-0fb52e335dbf tempest-ServerRescueNegativeTestJSON-97125037 tempest-ServerRescueNegativeTestJSON-97125037-project] Received port after_create {{(pid=93118) _notify_l3_agent_new_port /opt/stack/neutron/neutron/db/l3_dvrscheduler_db.py:535}}
Jul 13 20:09:27.543205 dv-cinder-800696-1-smb neutron-server[93118]: DEBUG neutron.pecan_wsgi.hooks.policy_enforcement [req-73c6ad7e-a921-4b63-ab42-8ed7fec94dac req-cf27da71-2c7a-42d1-bf27-0fb52e335dbf tempest-ServerRescueNegativeTestJSON-97125037 tempest-ServerRescueNegativeTestJSON-97125037-project] Attributes excluded by policy engine: ['standard_attr_id', 'binding:profile', 'binding:host_id', 'binding:vif_type', 'binding:vif_details', 'network'] {{(pid=93118) _exclude_attributes_by_policy /opt/stack/neutron/neutron/pecan_wsgi/hooks/policy_enforcement.py:255}}
Jul 13 20:09:27.543866 dv-cinder-800696-1-smb neutron-server[93118]: DEBUG neutron_lib.callbacks.manager [req-73c6ad7e-a921-4b63-ab42-8ed7fec94dac req-cf27da71-2c7a-42d1-bf27-0fb52e335dbf tempest-ServerRescueNegativeTestJSON-97125037 tempest-ServerRescueNegativeTestJSON-97125037-project] Notify callbacks ['neutron.notifiers.nova.Notifier._send_nova_notification-39657', 'neutron.api.rpc.agentnotifiers.dhcp_rpc_agent_api.DhcpAgentNotifyAPI._send_dhcp_notification-784193'] for port, before_response {{(pid=93118) _notify_loop /usr/local/lib/python3.8/dist-packages/neutron_lib/callbacks/manager.py:192}}
Jul 13 20:09:27.581737 dv-cinder-800696-1-smb neutron-server[93119]: INFO neutron.wsgi [req-7c84af9f-8823-47a9-ae05-fb93da198cc0 req-a05ed818-3f48-4875-988e-053a5c3df4ed service neutron] 10.222.0.13 "GET /v2.0/networks/66c25c2d-7959-4317-8de7-f0b31b4ec743?fields=provider%3Aphysical_network&fields=provider%3Anetwork_type HTTP/1.1" status: 200 len: 281 time: 0.1128945
Jul 13 20:09:27.617712 dv-cinder-800696-1-smb neutron-server[93118]: DEBUG neutron.api.rpc.handlers.resources_rpc [None req-cf27da71-2c7a-42d1-bf27-0fb52e335dbf tempest-ServerRescueNegativeTestJSON-97125037 tempest-ServerRescueNegativeTestJSON-97125037-project] Pushing event updated for resources: {'Port': ['ID=f9a07e8c-9c05-409e-80f3-d69fe384d9b3,revision_number=1']} {{(pid=93118) push /opt/stack/neutron/neutron/api/rpc/handlers/resources_rpc.py:237}}
Jul 13 20:09:27.621804 dv-cinder-800696-1-smb neutron-server[93118]: INFO neutron.wsgi [req-73c6ad7e-a921-4b63-ab42-8ed7fec94dac req-cf27da71-2c7a-42d1-bf27-0fb52e335dbf tempest-ServerRescueNegativeTestJSON-97125037 tempest-ServerRescueNegativeTestJSON-97125037-project] 10.222.0.13 "POST /v2.0/ports HTTP/1.1" status: 201 len: 933 time: 1.8948238
Jul 13 20:09:27.640638 dv-cinder-800696-1-smb neutron-server[93118]: DEBUG neutron.api.v2.base [req-73c6ad7e-a921-4b63-ab42-8ed7fec94dac req-5d67753b-8c08-43ee-b3c4-394dc9ff6325 service neutron] Request body: {'port': {'device_id': '12017cc4-c1c3-4b15-8212-697107c2cf09', 'device_owner': 'compute:nova', 'binding:host_id': 'hv-cinder-80069'}} {{(pid=93118) prepare_request_body /opt/stack/neutron/neutron/api/v2/base.py:729}}
Jul 13 20:09:27.703830 dv-cinder-800696-1-smb neutron-server[93119]: DEBUG neutron.wsgi [-] (93119) accepted ('10.222.0.23', 59946) {{(pid=93119) server /usr/local/lib/python3.8/dist-packages/eventlet/wsgi.py:982}}
Jul 13 20:09:27.724368 dv-cinder-800696-1-smb neutron-server[93119]: DEBUG neutron_lib.callbacks.manager [None req-bf602085-ad00-47f8-a454-61b5207512c4 admin admin] Notify callbacks [] for security_group, before_create {{(pid=93119) _notify_loop /usr/local/lib/python3.8/dist-packages/neutron_lib/callbacks/manager.py:192}}
Jul 13 20:09:27.776697 dv-cinder-800696-1-smb neutron-server[93118]: INFO neutron.wsgi [req-dac34b64-3709-42b1-8713-8fdb685fb557 req-d44507a1-b897-4d7f-bb36-401c64f8d29a service neutron] 10.222.0.23 "GET /v2.0/networks/cf132eba-9355-406d-9ae8-5ad10ff8ccbd?fields=segments HTTP/1.1" status: 200 len: 212 time: 0.2632763
Jul 13 20:09:27.874604 dv-cinder-800696-1-smb neutron-server[93118]: DEBUG neutron_lib.callbacks.manager [req-73c6ad7e-a921-4b63-ab42-8ed7fec94dac req-5d67753b-8c08-43ee-b3c4-394dc9ff6325 service neutron] Notify callbacks ['neutron.plugins.ml2.plugin.SecurityGroupDbMixin._ensure_default_security_group_handler-1586537'] for port, before_update {{(pid=93118) _notify_loop /usr/local/lib/python3.8/dist-packages/neutron_lib/callbacks/manager.py:192}}
Jul 13 20:09:27.962882 dv-cinder-800696-1-smb neutron-server[93119]: DEBUG neutron_lib.callbacks.manager [None req-bf602085-ad00-47f8-a454-61b5207512c4 admin admin] Notify callbacks [] for security_group, precommit_create {{(pid=93119) _notify_loop /usr/local/lib/python3.8/dist-packages/neutron_lib/callbacks/manager.py:192}}
Jul 13 20:09:27.972427 dv-cinder-800696-1-smb neutron-server[93119]: DEBUG neutron_lib.callbacks.manager [None req-bf602085-ad00-47f8-a454-61b5207512c4 admin admin] Notify callbacks ['neutron.plugins.ml2.ovo_rpc._ObjectChangeHandler.handle_event-746776'] for security_group, after_create {{(pid=93119) _notify_loop /usr/local/lib/python3.8/dist-packages/neutron_lib/callbacks/manager.py:192}}
Jul 13 20:09:28.031990 dv-cinder-800696-1-smb neutron-server[93119]: INFO neutron.wsgi [None req-bf602085-ad00-47f8-a454-61b5207512c4 admin admin] 10.222.0.23 "GET /v2.0/security-groups?tenant_id=d6a00949fb2b41e4ae7a825155b802e3&name=default HTTP/1.1" status: 200 len: 2979 time: 0.3219018
Jul 13 20:09:28.031990 dv-cinder-800696-1-smb neutron-server[93119]: DEBUG neutron.api.rpc.handlers.resources_rpc [None req-bf602085-ad00-47f8-a454-61b5207512c4 admin admin] Pushing event updated for resources: {'SecurityGroup': ['ID=d3d6dffe-5ec6-4e4e-8dee-aeba2c9edbbb,revision_number=1']} {{(pid=93119) push /opt/stack/neutron/neutron/api/rpc/handlers/resources_rpc.py:237}}
Jul 13 20:09:28.034289 dv-cinder-800696-1-smb neutron-server[93119]: DEBUG neutron.wsgi [-] (93119) accepted ('10.222.0.23', 59962) {{(pid=93119) server /usr/local/lib/python3.8/dist-packages/eventlet/wsgi.py:982}}
Jul 13 20:09:28.118236 dv-cinder-800696-1-smb neutron-server[93119]: DEBUG neutron_lib.callbacks.manager [None req-ec26128b-fdd8-46e4-a9d7-4500b2de64ed admin admin] Notify callbacks [] for security_group, before_delete {{(pid=93119) _notify_loop /usr/local/lib/python3.8/dist-packages/neutron_lib/callbacks/manager.py:192}}
Jul 13 20:09:28.141818 dv-cinder-800696-1-smb neutron-server[93118]: DEBUG neutron.pecan_wsgi.hooks.policy_enforcement [req-787a7f00-0a0b-404f-a579-ea70b7919658 req-ec509cd5-64f6-4072-bd72-499b51e3f347 tempest-AttachVolumeNegativeTest-253666499 tempest-AttachVolumeNegativeTest-253666499-project] Attributes excluded by policy engine: ['standard_attr_id', 'binding:profile', 'binding:host_id', 'binding:vif_type', 'binding:vif_details'] {{(pid=93118) _exclude_attributes_by_policy /opt/stack/neutron/neutron/pecan_wsgi/hooks/policy_enforcement.py:255}}
Jul 13 20:09:28.143515 dv-cinder-800696-1-smb neutron-server[93118]: INFO neutron.wsgi [req-787a7f00-0a0b-404f-a579-ea70b7919658 req-ec509cd5-64f6-4072-bd72-499b51e3f347 tempest-AttachVolumeNegativeTest-253666499 tempest-AttachVolumeNegativeTest-253666499-project] 10.222.0.23 "GET /v2.0/ports?device_id=22dd5aa7-3e7f-4faf-89c5-48ab27277e2e HTTP/1.1" status: 200 len: 944 time: 0.4422963
Jul 13 20:09:28.151251 dv-cinder-800696-1-smb neutron-server[93119]: DEBUG neutron_lib.callbacks.manager [None req-ec26128b-fdd8-46e4-a9d7-4500b2de64ed admin admin] Notify callbacks [] for security_group, precommit_delete {{(pid=93119) _notify_loop /usr/local/lib/python3.8/dist-packages/neutron_lib/callbacks/manager.py:192}}
Jul 13 20:09:28.197323 dv-cinder-800696-1-smb neutron-server[93118]: INFO neutron.wsgi [req-dac34b64-3709-42b1-8713-8fdb685fb557 req-ed4fb2ec-92d8-4292-9ac4-3553d33486c2 service neutron] 10.222.0.23 "GET /v2.0/networks/cf132eba-9355-406d-9ae8-5ad10ff8ccbd?fields=provider%3Aphysical_network&fields=provider%3Anetwork_type HTTP/1.1" status: 200 len: 281 time: 0.4196973
Jul 13 20:09:28.208714 dv-cinder-800696-1-smb neutron-server[93119]: DEBUG neutron_lib.callbacks.manager [None req-ec26128b-fdd8-46e4-a9d7-4500b2de64ed admin admin] Notify callbacks ['neutron.plugins.ml2.ovo_rpc._ObjectChangeHandler.handle_event-746776'] for security_group, after_delete {{(pid=93119) _notify_loop /usr/local/lib/python3.8/dist-packages/neutron_lib/callbacks/manager.py:192}}
Jul 13 20:09:28.212264 dv-cinder-800696-1-smb neutron-server[93119]: DEBUG neutron_lib.callbacks.manager [None req-ec26128b-fdd8-46e4-a9d7-4500b2de64ed admin admin] Notify callbacks [] for security_group, before_response {{(pid=93119) _notify_loop /usr/local/lib/python3.8/dist-packages/neutron_lib/callbacks/manager.py:192}}
Jul 13 20:09:28.213595 dv-cinder-800696-1-smb neutron-server[93119]: INFO neutron.wsgi [None req-ec26128b-fdd8-46e4-a9d7-4500b2de64ed admin admin] 10.222.0.23 "DELETE /v2.0/security-groups/d3d6dffe-5ec6-4e4e-8dee-aeba2c9edbbb HTTP/1.1" status: 204 len: 168 time: 0.1788464
Jul 13 20:09:28.227710 dv-cinder-800696-1-smb neutron-server[93119]: DEBUG neutron.api.rpc.handlers.resources_rpc [None req-ec26128b-fdd8-46e4-a9d7-4500b2de64ed admin admin] Pushing event deleted for resources: {'SecurityGroup': ['ID=d3d6dffe-5ec6-4e4e-8dee-aeba2c9edbbb,revision_number=None']} {{(pid=93119) push /opt/stack/neutron/neutron/api/rpc/handlers/resources_rpc.py:237}}
Jul 13 20:09:28.266068 dv-cinder-800696-1-smb neutron-server[93118]: INFO neutron.wsgi [req-787a7f00-0a0b-404f-a579-ea70b7919658 req-6f43efc9-2791-4d1e-a781-7c3a0cb266b1 tempest-AttachVolumeNegativeTest-253666499 tempest-AttachVolumeNegativeTest-253666499-project] 10.222.0.23 "GET /v2.0/security-groups?id=f2a22463-e86e-4c46-89ff-8d90f14eadf8&fields=id&fields=name HTTP/1.1" status: 200 len: 286 time: 0.1167862
Jul 13 20:09:28.295010 dv-cinder-800696-1-smb neutron-server[93119]: DEBUG neutron.wsgi [-] (93119) accepted ('10.222.0.23', 59978) {{(pid=93119) server /usr/local/lib/python3.8/dist-packages/eventlet/wsgi.py:982}}
Jul 13 20:09:28.340073 dv-cinder-800696-1-smb neutron-server[93118]: DEBUG neutron.notifiers.nova [req-73c6ad7e-a921-4b63-ab42-8ed7fec94dac req-5d67753b-8c08-43ee-b3c4-394dc9ff6325 service neutron] Ignoring state change previous_port_status: DOWN current_port_status: DOWN port_id f9a07e8c-9c05-409e-80f3-d69fe384d9b3 {{(pid=93118) record_port_status_changed /opt/stack/neutron/neutron/notifiers/nova.py:224}}
Jul 13 20:09:28.352242 dv-cinder-800696-1-smb neutron-server[93118]: DEBUG neutron_lib.callbacks.manager [req-73c6ad7e-a921-4b63-ab42-8ed7fec94dac req-5d67753b-8c08-43ee-b3c4-394dc9ff6325 service neutron] Notify callbacks [] for port, precommit_update {{(pid=93118) _notify_loop /usr/local/lib/python3.8/dist-packages/neutron_lib/callbacks/manager.py:192}}
Jul 13 20:09:28.366970 dv-cinder-800696-1-smb neutron-server[93118]: DEBUG neutron.db.provisioning_blocks [req-73c6ad7e-a921-4b63-ab42-8ed7fec94dac req-5d67753b-8c08-43ee-b3c4-394dc9ff6325 service neutron] Transition to ACTIVE for port object f9a07e8c-9c05-409e-80f3-d69fe384d9b3 will not be triggered until provisioned by entity L2. {{(pid=93118) add_provisioning_component /opt/stack/neutron/neutron/db/provisioning_blocks.py:73}}
Jul 13 20:09:28.371899 dv-cinder-800696-1-smb neutron-server[93118]: DEBUG neutron_lib.callbacks.manager [req-73c6ad7e-a921-4b63-ab42-8ed7fec94dac req-5d67753b-8c08-43ee-b3c4-394dc9ff6325 service neutron] Notify callbacks ['neutron.plugins.ml2.plugin.SecurityGroupServerNotifierRpcMixin._notify_sg_on_port_change-1586472', 'neutron.plugins.ml2.ovo_rpc._ObjectChangeHandler.handle_event-114827', 'neutron.api.rpc.agentnotifiers.dhcp_rpc_agent_api.DhcpAgentNotifyAPI._native_event_send_dhcp_notification-784183', 'neutron.db.l3_db.L3RpcNotifierMixin._notify_gateway_port_ip_changed-8743257868535', 'neutron.db.l3_dvrscheduler_db._notify_l3_agent_port_update-8743257491878', 'neutron.db.l3_hascheduler_db._notify_l3_agent_ha_port_update-8743257491896'] for port, after_update {{(pid=93118) _notify_loop /usr/local/lib/python3.8/dist-packages/neutron_lib/callbacks/manager.py:192}}
Jul 13 20:09:28.610435 dv-cinder-800696-1-smb neutron-server[93118]: DEBUG neutron.api.rpc.handlers.resources_rpc [None req-5d67753b-8c08-43ee-b3c4-394dc9ff6325 service neutron] Pushing event updated for resources: {'Port': ['ID=f9a07e8c-9c05-409e-80f3-d69fe384d9b3,revision_number=2']} {{(pid=93118) push /opt/stack/neutron/neutron/api/rpc/handlers/resources_rpc.py:237}}
Jul 13 20:09:28.635784 dv-cinder-800696-1-smb neutron-server[93118]: DEBUG neutron.plugins.ml2.managers [req-73c6ad7e-a921-4b63-ab42-8ed7fec94dac req-5d67753b-8c08-43ee-b3c4-394dc9ff6325 service neutron] Attempting to bind port f9a07e8c-9c05-409e-80f3-d69fe384d9b3 on host hv-cinder-80069 for vnic_type normal with profile {{(pid=93118) bind_port /opt/stack/neutron/neutron/plugins/ml2/managers.py:790}}
Jul 13 20:09:28.636123 dv-cinder-800696-1-smb neutron-server[93118]: DEBUG neutron.plugins.ml2.managers [req-73c6ad7e-a921-4b63-ab42-8ed7fec94dac req-5d67753b-8c08-43ee-b3c4-394dc9ff6325 service neutron] Attempting to bind port f9a07e8c-9c05-409e-80f3-d69fe384d9b3 by drivers openvswitch,hyperv on host hv-cinder-80069 at level 0 using segments [{'id': '6cf944ca-15fc-45dd-8b87-cd56e19a56f1', 'network_type': 'vlan', 'physical_network': 'physnet1', 'segmentation_id': 135, 'network_id': '66c25c2d-7959-4317-8de7-f0b31b4ec743'}] {{(pid=93118) _bind_port_level /opt/stack/neutron/neutron/plugins/ml2/managers.py:815}}
Jul 13 20:09:28.636441 dv-cinder-800696-1-smb neutron-server[93118]: DEBUG neutron.plugins.ml2.drivers.mech_agent [req-73c6ad7e-a921-4b63-ab42-8ed7fec94dac req-5d67753b-8c08-43ee-b3c4-394dc9ff6325 service neutron] Attempting to bind port f9a07e8c-9c05-409e-80f3-d69fe384d9b3 on network 66c25c2d-7959-4317-8de7-f0b31b4ec743 {{(pid=93118) bind_port /opt/stack/neutron/neutron/plugins/ml2/drivers/mech_agent.py:86}}
Jul 13 20:09:28.644777 dv-cinder-800696-1-smb neutron-server[93118]: DEBUG neutron.plugins.ml2.drivers.mech_agent [req-73c6ad7e-a921-4b63-ab42-8ed7fec94dac req-5d67753b-8c08-43ee-b3c4-394dc9ff6325 service neutron] Port f9a07e8c-9c05-409e-80f3-d69fe384d9b3 on network 66c25c2d-7959-4317-8de7-f0b31b4ec743 not bound, no agent of type Open vSwitch agent registered on host hv-cinder-80069 {{(pid=93118) bind_port /opt/stack/neutron/neutron/plugins/ml2/drivers/mech_agent.py:98}}
Jul 13 20:09:28.645181 dv-cinder-800696-1-smb neutron-server[93118]: DEBUG neutron.plugins.ml2.drivers.mech_agent [req-73c6ad7e-a921-4b63-ab42-8ed7fec94dac req-5d67753b-8c08-43ee-b3c4-394dc9ff6325 service neutron] Attempting to bind port f9a07e8c-9c05-409e-80f3-d69fe384d9b3 on network 66c25c2d-7959-4317-8de7-f0b31b4ec743 {{(pid=93118) bind_port /opt/stack/neutron/neutron/plugins/ml2/drivers/mech_agent.py:86}}
Jul 13 20:09:28.654705 dv-cinder-800696-1-smb neutron-server[93118]: DEBUG neutron.plugins.ml2.drivers.mech_agent [req-73c6ad7e-a921-4b63-ab42-8ed7fec94dac req-5d67753b-8c08-43ee-b3c4-394dc9ff6325 service neutron] Checking agent: {'id': 'f8214da5-4fd9-45f3-b888-daf98b889508', 'agent_type': 'HyperV agent', 'binary': 'neutron-hyperv-agent', 'topic': 'N/A', 'host': 'hv-cinder-80069', 'admin_state_up': True, 'created_at': datetime.datetime(2021, 7, 13, 20, 7, 21), 'started_at': datetime.datetime(2021, 7, 13, 20, 7, 21), 'heartbeat_timestamp': datetime.datetime(2021, 7, 13, 20, 9, 21), 'description': None, 'resources_synced': None, 'availability_zone': None, 'alive': True, 'configurations': {'vswitch_mappings': {'physnet1$': 'br-data'}}, 'resource_versions': {}} {{(pid=93118) bind_port /opt/stack/neutron/neutron/plugins/ml2/drivers/mech_agent.py:105}}
Jul 13 20:09:28.655404 dv-cinder-800696-1-smb neutron-server[93118]: DEBUG neutron.plugins.ml2.drivers.mech_agent [req-73c6ad7e-a921-4b63-ab42-8ed7fec94dac req-5d67753b-8c08-43ee-b3c4-394dc9ff6325 service neutron] Checking segment: {'id': '6cf944ca-15fc-45dd-8b87-cd56e19a56f1', 'network_type': 'vlan', 'physical_network': 'physnet1', 'segmentation_id': 135, 'network_id': '66c25c2d-7959-4317-8de7-f0b31b4ec743'} for mappings: {'physnet1$': 'br-data'} with network types: ['local', 'flat', 'vlan'] {{(pid=93118) check_segment_for_agent /opt/stack/neutron/neutron/plugins/ml2/drivers/mech_agent.py:341}}
Jul 13 20:09:28.655965 dv-cinder-800696-1-smb neutron-server[93118]: DEBUG neutron.plugins.ml2.drivers.mech_agent [req-73c6ad7e-a921-4b63-ab42-8ed7fec94dac req-5d67753b-8c08-43ee-b3c4-394dc9ff6325 service neutron] Bound using segment: {'id': '6cf944ca-15fc-45dd-8b87-cd56e19a56f1', 'network_type': 'vlan', 'physical_network': 'physnet1', 'segmentation_id': 135, 'network_id': '66c25c2d-7959-4317-8de7-f0b31b4ec743'} {{(pid=93118) bind_port /opt/stack/neutron/neutron/plugins/ml2/drivers/mech_agent.py:115}}
Jul 13 20:09:28.657119 dv-cinder-800696-1-smb neutron-server[93118]: DEBUG neutron.plugins.ml2.managers [req-73c6ad7e-a921-4b63-ab42-8ed7fec94dac req-5d67753b-8c08-43ee-b3c4-394dc9ff6325 service neutron] Bound port: f9a07e8c-9c05-409e-80f3-d69fe384d9b3, host: hv-cinder-80069, vif_type: hyperv, vif_details: {"connectivity": "legacy", "port_filter": false}, binding_levels: [{'bound_driver': 'hyperv', 'bound_segment': {'id': '6cf944ca-15fc-45dd-8b87-cd56e19a56f1', 'network_type': 'vlan', 'physical_network': 'physnet1', 'segmentation_id': 135, 'network_id': '66c25c2d-7959-4317-8de7-f0b31b4ec743'}}] {{(pid=93118) _bind_port_level /opt/stack/neutron/neutron/plugins/ml2/managers.py:928}}
Jul 13 20:09:28.657495 dv-cinder-800696-1-smb neutron-server[93118]: DEBUG neutron_lib.callbacks.manager [req-73c6ad7e-a921-4b63-ab42-8ed7fec94dac req-5d67753b-8c08-43ee-b3c4-394dc9ff6325 service neutron] Notify callbacks ['neutron.plugins.ml2.plugin.SecurityGroupDbMixin._ensure_default_security_group_handler-1586537'] for port, before_update {{(pid=93118) _notify_loop /usr/local/lib/python3.8/dist-packages/neutron_lib/callbacks/manager.py:192}}
Jul 13 20:09:28.673275 dv-cinder-800696-1-smb neutron-server[93118]: DEBUG neutron.pecan_wsgi.hooks.policy_enforcement [req-9f49d3a6-0554-4857-9b52-b8121c923d76 req-0fd6969e-96b3-44e9-922a-34ad93a31596 tempest-ServerRescueNegativeTestJSON-97125037 tempest-ServerRescueNegativeTestJSON-97125037-project] Attributes excluded by policy engine: ['standard_attr_id', 'binding:profile', 'binding:host_id', 'binding:vif_type', 'binding:vif_details'] {{(pid=93118) _exclude_attributes_by_policy /opt/stack/neutron/neutron/pecan_wsgi/hooks/policy_enforcement.py:255}}
Jul 13 20:09:28.675033 dv-cinder-800696-1-smb neutron-server[93118]: INFO neutron.wsgi [req-9f49d3a6-0554-4857-9b52-b8121c923d76 req-0fd6969e-96b3-44e9-922a-34ad93a31596 tempest-ServerRescueNegativeTestJSON-97125037 tempest-ServerRescueNegativeTestJSON-97125037-project] 10.222.0.23 "GET /v2.0/ports?device_id=12017cc4-c1c3-4b15-8212-697107c2cf09 HTTP/1.1" status: 200 len: 943 time: 0.2694089
Jul 13 20:09:28.688410 dv-cinder-800696-1-smb neutron-server[93119]: DEBUG neutron_lib.callbacks.manager [None req-3d15a485-243b-49cf-9ed4-e99f30ee658b admin admin] Notify callbacks [] for security_group, before_create {{(pid=93119) _notify_loop /usr/local/lib/python3.8/dist-packages/neutron_lib/callbacks/manager.py:192}}
Jul 13 20:09:28.822956 dv-cinder-800696-1-smb neutron-server[93119]: DEBUG neutron_lib.callbacks.manager [None req-3d15a485-243b-49cf-9ed4-e99f30ee658b admin admin] Notify callbacks [] for security_group, precommit_create {{(pid=93119) _notify_loop /usr/local/lib/python3.8/dist-packages/neutron_lib/callbacks/manager.py:192}}
Jul 13 20:09:28.831067 dv-cinder-800696-1-smb neutron-server[93119]: DEBUG neutron_lib.callbacks.manager [None req-3d15a485-243b-49cf-9ed4-e99f30ee658b admin admin] Notify callbacks ['neutron.plugins.ml2.ovo_rpc._ObjectChangeHandler.handle_event-746776'] for security_group, after_create {{(pid=93119) _notify_loop /usr/local/lib/python3.8/dist-packages/neutron_lib/callbacks/manager.py:192}}
Jul 13 20:09:28.845270 dv-cinder-800696-1-smb neutron-server[93118]: INFO neutron.wsgi [req-9f49d3a6-0554-4857-9b52-b8121c923d76 req-64da616a-6084-490b-bb38-1eaec1b69ca6 tempest-ServerRescueNegativeTestJSON-97125037 tempest-ServerRescueNegativeTestJSON-97125037-project] 10.222.0.23 "GET /v2.0/security-groups?id=8cfc6603-890e-4f54-b90f-0a0c3c0f889a&fields=id&fields=name HTTP/1.1" status: 200 len: 286 time: 0.1358120
Jul 13 20:09:28.880466 dv-cinder-800696-1-smb neutron-server[93119]: INFO neutron.wsgi [None req-3d15a485-243b-49cf-9ed4-e99f30ee658b admin admin] 10.222.0.23 "GET /v2.0/security-groups?tenant_id=23ca15a54f3f4782b37d9b274a0e071a&name=default HTTP/1.1" status: 200 len: 2979 time: 0.5845299
Jul 13 20:09:28.881719 dv-cinder-800696-1-smb neutron-server[93119]: DEBUG neutron.api.rpc.handlers.resources_rpc [None req-3d15a485-243b-49cf-9ed4-e99f30ee658b admin admin] Pushing event updated for resources: {'SecurityGroup': ['ID=932a586a-c785-4893-8f72-1ed29908ee1f,revision_number=1']} {{(pid=93119) push /opt/stack/neutron/neutron/api/rpc/handlers/resources_rpc.py:237}}
Jul 13 20:09:28.884681 dv-cinder-800696-1-smb neutron-server[93119]: DEBUG neutron.wsgi [-] (93119) accepted ('10.222.0.23', 60006) {{(pid=93119) server /usr/local/lib/python3.8/dist-packages/eventlet/wsgi.py:982}}
Jul 13 20:09:28.890528 dv-cinder-800696-1-smb neutron-server[93118]: DEBUG neutron.pecan_wsgi.hooks.policy_enforcement [req-0d65d707-1986-4b9d-a721-8215f015f61d req-c5324957-df54-46e4-8cf7-f6e955ed3207 tempest-DeleteServersTestJSON-565671216 tempest-DeleteServersTestJSON-565671216-project] Attributes excluded by policy engine: ['standard_attr_id', 'binding:profile', 'binding:host_id', 'binding:vif_type', 'binding:vif_details'] {{(pid=93118) _exclude_attributes_by_policy /opt/stack/neutron/neutron/pecan_wsgi/hooks/policy_enforcement.py:255}}
Jul 13 20:09:28.899030 dv-cinder-800696-1-smb neutron-server[93118]: INFO neutron.wsgi [req-0d65d707-1986-4b9d-a721-8215f015f61d req-c5324957-df54-46e4-8cf7-f6e955ed3207 tempest-DeleteServersTestJSON-565671216 tempest-DeleteServersTestJSON-565671216-project] 10.222.0.23 "GET /v2.0/ports?device_id=9420beb3-45b6-47d0-a014-ce0f5a534c9f HTTP/1.1" status: 200 len: 944 time: 0.3453801
Jul 13 20:09:28.957115 dv-cinder-800696-1-smb neutron-server[93119]: DEBUG neutron_lib.callbacks.manager [None req-cc251112-c73e-412f-a11b-d3fb197f6926 admin admin] Notify callbacks [] for security_group, before_delete {{(pid=93119) _notify_loop /usr/local/lib/python3.8/dist-packages/neutron_lib/callbacks/manager.py:192}}
Jul 13 20:09:28.988010 dv-cinder-800696-1-smb neutron-server[93119]: DEBUG neutron_lib.callbacks.manager [None req-cc251112-c73e-412f-a11b-d3fb197f6926 admin admin] Notify callbacks [] for security_group, precommit_delete {{(pid=93119) _notify_loop /usr/local/lib/python3.8/dist-packages/neutron_lib/callbacks/manager.py:192}}
Jul 13 20:09:28.995482 dv-cinder-800696-1-smb neutron-server[93118]: INFO neutron.wsgi [req-fa348f44-29a1-400c-aee5-82f3abbff3da req-4884af36-0e99-4c1e-aaac-316c1abf590c tempest-AttachVolumeTestJSON-1450961715 tempest-AttachVolumeTestJSON-1450961715-project] 10.222.0.23 "GET /v2.0/ports?device_id=bf858747-3be0-43ac-b3ea-12054219a1da HTTP/1.1" status: 200 len: 210 time: 0.0684164
Jul 13 20:09:29.013679 dv-cinder-800696-1-smb neutron-server[93118]: DEBUG neutron.plugins.ml2.db [req-73c6ad7e-a921-4b63-ab42-8ed7fec94dac req-5d67753b-8c08-43ee-b3c4-394dc9ff6325 service neutron] For port f9a07e8c-9c05-409e-80f3-d69fe384d9b3, host hv-cinder-80069, cleared binding levels {{(pid=93118) clear_binding_levels /opt/stack/neutron/neutron/plugins/ml2/db.py:87}}
Jul 13 20:09:29.043766 dv-cinder-800696-1-smb neutron-server[93118]: INFO neutron.wsgi [req-0d65d707-1986-4b9d-a721-8215f015f61d req-73c134b7-a529-46d0-899a-b2b0bc36ab43 tempest-DeleteServersTestJSON-565671216 tempest-DeleteServersTestJSON-565671216-project] 10.222.0.23 "GET /v2.0/security-groups?id=b77413f8-202d-4bba-a7f7-e18e16f3dd95&fields=id&fields=name HTTP/1.1" status: 200 len: 286 time: 0.1422391
Jul 13 20:09:29.046634 dv-cinder-800696-1-smb neutron-server[93118]: DEBUG neutron.plugins.ml2.db [req-73c6ad7e-a921-4b63-ab42-8ed7fec94dac req-5d67753b-8c08-43ee-b3c4-394dc9ff6325 service neutron] For port f9a07e8c-9c05-409e-80f3-d69fe384d9b3, host hv-cinder-80069, set binding levels [PortBindingLevel(driver='hyperv',host='hv-cinder-80069',level=0,port_id=f9a07e8c-9c05-409e-80f3-d69fe384d9b3,segment=NetworkSegment(6cf944ca-15fc-45dd-8b87-cd56e19a56f1),segment_id=6cf944ca-15fc-45dd-8b87-cd56e19a56f1)] {{(pid=93118) set_binding_levels /opt/stack/neutron/neutron/plugins/ml2/db.py:59}}
Jul 13 20:09:29.068909 dv-cinder-800696-1-smb neutron-server[93118]: DEBUG neutron_lib.callbacks.manager [req-73c6ad7e-a921-4b63-ab42-8ed7fec94dac req-5d67753b-8c08-43ee-b3c4-394dc9ff6325 service neutron] Notify callbacks ['neutron.plugins.ml2.plugin.SecurityGroupServerNotifierRpcMixin._notify_sg_on_port_change-1586472', 'neutron.plugins.ml2.ovo_rpc._ObjectChangeHandler.handle_event-114827', 'neutron.api.rpc.agentnotifiers.dhcp_rpc_agent_api.DhcpAgentNotifyAPI._native_event_send_dhcp_notification-784183', 'neutron.db.l3_db.L3RpcNotifierMixin._notify_gateway_port_ip_changed-8743257868535', 'neutron.db.l3_dvrscheduler_db._notify_l3_agent_port_update-8743257491878', 'neutron.db.l3_hascheduler_db._notify_l3_agent_ha_port_update-8743257491896'] for port, after_update {{(pid=93118) _notify_loop /usr/local/lib/python3.8/dist-packages/neutron_lib/callbacks/manager.py:192}}
Jul 13 20:09:29.086903 dv-cinder-800696-1-smb neutron-server[93119]: DEBUG neutron_lib.callbacks.manager [None req-cc251112-c73e-412f-a11b-d3fb197f6926 admin admin] Notify callbacks ['neutron.plugins.ml2.ovo_rpc._ObjectChangeHandler.handle_event-746776'] for security_group, after_delete {{(pid=93119) _notify_loop /usr/local/lib/python3.8/dist-packages/neutron_lib/callbacks/manager.py:192}}
Jul 13 20:09:29.090126 dv-cinder-800696-1-smb neutron-server[93119]: DEBUG neutron_lib.callbacks.manager [None req-cc251112-c73e-412f-a11b-d3fb197f6926 admin admin] Notify callbacks [] for security_group, before_response {{(pid=93119) _notify_loop /usr/local/lib/python3.8/dist-packages/neutron_lib/callbacks/manager.py:192}}
Jul 13 20:09:29.094512 dv-cinder-800696-1-smb neutron-server[93119]: INFO neutron.wsgi [None req-cc251112-c73e-412f-a11b-d3fb197f6926 admin admin] 10.222.0.23 "DELETE /v2.0/security-groups/932a586a-c785-4893-8f72-1ed29908ee1f HTTP/1.1" status: 204 len: 168 time: 0.2057614
Jul 13 20:09:29.115176 dv-cinder-800696-1-smb neutron-server[93119]: DEBUG neutron.api.rpc.handlers.resources_rpc [None req-cc251112-c73e-412f-a11b-d3fb197f6926 admin admin] Pushing event deleted for resources: {'SecurityGroup': ['ID=932a586a-c785-4893-8f72-1ed29908ee1f,revision_number=None']} {{(pid=93119) push /opt/stack/neutron/neutron/api/rpc/handlers/resources_rpc.py:237}}
Jul 13 20:09:29.162036 dv-cinder-800696-1-smb neutron-server[93118]: DEBUG neutron.pecan_wsgi.hooks.policy_enforcement [req-73c6ad7e-a921-4b63-ab42-8ed7fec94dac req-5d67753b-8c08-43ee-b3c4-394dc9ff6325 service neutron] Attributes excluded by policy engine: ['standard_attr_id'] {{(pid=93118) _exclude_attributes_by_policy /opt/stack/neutron/neutron/pecan_wsgi/hooks/policy_enforcement.py:255}}
Jul 13 20:09:29.162738 dv-cinder-800696-1-smb neutron-server[93118]: DEBUG neutron_lib.callbacks.manager [req-73c6ad7e-a921-4b63-ab42-8ed7fec94dac req-5d67753b-8c08-43ee-b3c4-394dc9ff6325 service neutron] Notify callbacks ['neutron.notifiers.nova.Notifier._send_nova_notification-39657', 'neutron.api.rpc.agentnotifiers.dhcp_rpc_agent_api.DhcpAgentNotifyAPI._send_dhcp_notification-784193'] for port, before_response {{(pid=93118) _notify_loop /usr/local/lib/python3.8/dist-packages/neutron_lib/callbacks/manager.py:192}}
Jul 13 20:09:29.164907 dv-cinder-800696-1-smb neutron-server[93118]: INFO neutron.wsgi [req-73c6ad7e-a921-4b63-ab42-8ed7fec94dac req-5d67753b-8c08-43ee-b3c4-394dc9ff6325 service neutron] 10.222.0.13 "PUT /v2.0/ports/f9a07e8c-9c05-409e-80f3-d69fe384d9b3 HTTP/1.1" status: 200 len: 1093 time: 1.5297821
Jul 13 20:09:29.165159 dv-cinder-800696-1-smb neutron-server[93118]: DEBUG neutron.notifiers.nova [-] Sending events: [{'name': 'network-changed', 'server_uuid': '12017cc4-c1c3-4b15-8212-697107c2cf09', 'tag': 'f9a07e8c-9c05-409e-80f3-d69fe384d9b3'}] {{(pid=93118) send_events /opt/stack/neutron/neutron/notifiers/nova.py:262}}
Jul 13 20:09:29.177240 dv-cinder-800696-1-smb neutron-server[93118]: DEBUG novaclient.v2.client [-] REQ: curl -g -i --cacert "/opt/stack/data/ca-bundle.pem" -X POST http://10.222.0.23/compute/v2.1/os-server-external-events -H "Accept: application/json" -H "Content-Type: application/json" -H "User-Agent: python-novaclient" -H "X-Auth-Token: {SHA256}dd2004b3f699fa74a78593295ea027aea908fc6c9ac00f9eac09b5035bd788a0" -H "X-OpenStack-Nova-API-Version: 2.1" -H "X-OpenStack-Request-ID: req-ad06d86a-818d-4e76-bf6d-ee608bd43ec5" -d '{"events": [{"name": "network-changed", "server_uuid": "12017cc4-c1c3-4b15-8212-697107c2cf09", "tag": "f9a07e8c-9c05-409e-80f3-d69fe384d9b3"}]}' {{(pid=93118) _http_log_request /usr/local/lib/python3.8/dist-packages/keystoneauth1/session.py:519}}
Jul 13 20:09:29.231701 dv-cinder-800696-1-smb neutron-server[93118]: DEBUG neutron.api.rpc.handlers.resources_rpc [None req-5d67753b-8c08-43ee-b3c4-394dc9ff6325 service neutron] Pushing event updated for resources: {'Port': ['ID=f9a07e8c-9c05-409e-80f3-d69fe384d9b3,revision_number=3']} {{(pid=93118) push /opt/stack/neutron/neutron/api/rpc/handlers/resources_rpc.py:237}}
Jul 13 20:09:29.256438 dv-cinder-800696-1-smb neutron-server[93118]: DEBUG novaclient.v2.client [-] RESP: [200] Connection: close Content-Length: 179 Content-Type: application/json Date: Tue, 13 Jul 2021 20:09:29 GMT OpenStack-API-Version: compute 2.1 Server: Apache/2.4.41 (Ubuntu) Vary: OpenStack-API-Version,X-OpenStack-Nova-API-Version X-OpenStack-Nova-API-Version: 2.1 x-compute-request-id: req-ccd40f21-3216-4f34-b0d9-03e9d559d1fc x-openstack-request-id: req-ccd40f21-3216-4f34-b0d9-03e9d559d1fc {{(pid=93118) _http_log_response /usr/local/lib/python3.8/dist-packages/keystoneauth1/session.py:550}}
Jul 13 20:09:29.256808 dv-cinder-800696-1-smb neutron-server[93118]: DEBUG novaclient.v2.client [-] RESP BODY: {"events": [{"name": "network-changed", "server_uuid": "12017cc4-c1c3-4b15-8212-697107c2cf09", "tag": "f9a07e8c-9c05-409e-80f3-d69fe384d9b3", "status": "completed", "code": 200}]} {{(pid=93118) _http_log_response /usr/local/lib/python3.8/dist-packages/keystoneauth1/session.py:582}}
Jul 13 20:09:29.257163 dv-cinder-800696-1-smb neutron-server[93118]: DEBUG novaclient.v2.client [-] POST call to compute for http://10.222.0.23/compute/v2.1/os-server-external-events used request id req-ccd40f21-3216-4f34-b0d9-03e9d559d1fc {{(pid=93118) request /usr/local/lib/python3.8/dist-packages/keystoneauth1/session.py:954}}
Jul 13 20:09:29.258150 dv-cinder-800696-1-smb neutron-server[93118]: INFO neutron.notifiers.nova [-] Nova event response: {'name': 'network-changed', 'server_uuid': '12017cc4-c1c3-4b15-8212-697107c2cf09', 'tag': 'f9a07e8c-9c05-409e-80f3-d69fe384d9b3', 'status': 'completed', 'code': 200}
Jul 13 20:09:29.480078 dv-cinder-800696-1-smb neutron-server[93118]: DEBUG neutron.pecan_wsgi.hooks.policy_enforcement [req-73c6ad7e-a921-4b63-ab42-8ed7fec94dac req-7118f631-44e5-4917-8037-7a765f06007d service neutron] Attributes excluded by policy engine: ['standard_attr_id'] {{(pid=93118) _exclude_attributes_by_policy /opt/stack/neutron/neutron/pecan_wsgi/hooks/policy_enforcement.py:255}}
Jul 13 20:09:29.481652 dv-cinder-800696-1-smb neutron-server[93118]: INFO neutron.wsgi [req-73c6ad7e-a921-4b63-ab42-8ed7fec94dac req-7118f631-44e5-4917-8037-7a765f06007d service neutron] 10.222.0.13 "GET /v2.0/ports?tenant_id=d4c9d8598c624c418b73f72cc07e5023&device_id=12017cc4-c1c3-4b15-8212-697107c2cf09 HTTP/1.1" status: 200 len: 1096 time: 0.1535277
Jul 13 20:09:29.541765 dv-cinder-800696-1-smb neutron-server[93118]: INFO neutron.wsgi [req-73c6ad7e-a921-4b63-ab42-8ed7fec94dac req-a4459cd5-95fa-4e2a-bff4-61158c9c5ee5 service neutron] 10.222.0.13 "GET /v2.0/floatingips?fixed_ip_address=172.20.0.3&port_id=f9a07e8c-9c05-409e-80f3-d69fe384d9b3 HTTP/1.1" status: 200 len: 217 time: 0.0502343
Jul 13 20:09:29.564904 dv-cinder-800696-1-smb neutron-server[93118]: DEBUG neutron.pecan_wsgi.hooks.policy_enforcement [req-e25b1110-6388-488b-bd8c-10995005b5cb req-62b18142-c776-466e-a293-0122e665c748 tempest-AttachVolumeNegativeTest-253666499 tempest-AttachVolumeNegativeTest-253666499-project] Attributes excluded by policy engine: ['standard_attr_id', 'binding:profile', 'binding:host_id', 'binding:vif_type', 'binding:vif_details'] {{(pid=93118) _exclude_attributes_by_policy /opt/stack/neutron/neutron/pecan_wsgi/hooks/policy_enforcement.py:255}}
Jul 13 20:09:29.566567 dv-cinder-800696-1-smb neutron-server[93118]: INFO neutron.wsgi [req-e25b1110-6388-488b-bd8c-10995005b5cb req-62b18142-c776-466e-a293-0122e665c748 tempest-AttachVolumeNegativeTest-253666499 tempest-AttachVolumeNegativeTest-253666499-project] 10.222.0.23 "GET /v2.0/ports?device_id=22dd5aa7-3e7f-4faf-89c5-48ab27277e2e HTTP/1.1" status: 200 len: 944 time: 0.1355872
Jul 13 20:09:29.634752 dv-cinder-800696-1-smb neutron-server[93119]: DEBUG neutron.wsgi [-] (93119) accepted ('10.222.0.23', 60038) {{(pid=93119) server /usr/local/lib/python3.8/dist-packages/eventlet/wsgi.py:982}}
Jul 13 20:09:29.641071 dv-cinder-800696-1-smb neutron-server[93118]: INFO neutron.wsgi [req-e25b1110-6388-488b-bd8c-10995005b5cb req-0abdc50f-fd39-48b3-aaf0-7352bdf0c4b9 tempest-AttachVolumeNegativeTest-253666499 tempest-AttachVolumeNegativeTest-253666499-project] 10.222.0.23 "GET /v2.0/security-groups?id=f2a22463-e86e-4c46-89ff-8d90f14eadf8&fields=id&fields=name HTTP/1.1" status: 200 len: 286 time: 0.0667408
Jul 13 20:09:29.648086 dv-cinder-800696-1-smb neutron-server[93118]: DEBUG neutron.pecan_wsgi.hooks.policy_enforcement [req-73c6ad7e-a921-4b63-ab42-8ed7fec94dac req-a5c2fa13-0ee2-4179-bef8-74c4fd9b6b4d service neutron] Attributes excluded by policy engine: ['standard_attr_id', 'shared'] {{(pid=93118) _exclude_attributes_by_policy /opt/stack/neutron/neutron/pecan_wsgi/hooks/policy_enforcement.py:255}}
Jul 13 20:09:29.650583 dv-cinder-800696-1-smb neutron-server[93118]: INFO neutron.wsgi [req-73c6ad7e-a921-4b63-ab42-8ed7fec94dac req-a5c2fa13-0ee2-4179-bef8-74c4fd9b6b4d service neutron] 10.222.0.13 "GET /v2.0/subnets?id=9f048872-a514-4f07-ba5c-e3d92ebea771 HTTP/1.1" status: 200 len: 857 time: 0.0937901
Jul 13 20:09:29.659935 dv-cinder-800696-1-smb neutron-server[93119]: DEBUG neutron_lib.callbacks.manager [None req-3754e03a-5bc3-4b2a-ac03-81747e5e07c6 admin admin] Notify callbacks [] for security_group, before_create {{(pid=93119) _notify_loop /usr/local/lib/python3.8/dist-packages/neutron_lib/callbacks/manager.py:192}}
Jul 13 20:09:29.684237 dv-cinder-800696-1-smb neutron-server[93118]: INFO neutron.wsgi [req-73c6ad7e-a921-4b63-ab42-8ed7fec94dac req-848b76f1-9c84-4532-8ece-d9bbf69ca4f8 service neutron] 10.222.0.13 "GET /v2.0/ports?network_id=66c25c2d-7959-4317-8de7-f0b31b4ec743&device_owner=network%3Adhcp HTTP/1.1" status: 200 len: 210 time: 0.0269167
Jul 13 20:09:29.755491 dv-cinder-800696-1-smb neutron-server[93119]: DEBUG neutron_lib.callbacks.manager [None req-3754e03a-5bc3-4b2a-ac03-81747e5e07c6 admin admin] Notify callbacks [] for security_group, precommit_create {{(pid=93119) _notify_loop /usr/local/lib/python3.8/dist-packages/neutron_lib/callbacks/manager.py:192}}
Jul 13 20:09:29.760006 dv-cinder-800696-1-smb neutron-server[93119]: DEBUG neutron_lib.callbacks.manager [None req-3754e03a-5bc3-4b2a-ac03-81747e5e07c6 admin admin] Notify callbacks ['neutron.plugins.ml2.ovo_rpc._ObjectChangeHandler.handle_event-746776'] for security_group, after_create {{(pid=93119) _notify_loop /usr/local/lib/python3.8/dist-packages/neutron_lib/callbacks/manager.py:192}}
Jul 13 20:09:29.797600 dv-cinder-800696-1-smb neutron-server[93118]: INFO neutron.wsgi [req-73c6ad7e-a921-4b63-ab42-8ed7fec94dac req-d72e8863-3040-4ad4-bdfb-a590f2ff8588 service neutron] 10.222.0.13 "GET /v2.0/networks/66c25c2d-7959-4317-8de7-f0b31b4ec743?fields=segments HTTP/1.1" status: 200 len: 212 time: 0.1056871
Jul 13 20:09:29.798510 dv-cinder-800696-1-smb neutron-server[93119]: INFO neutron.wsgi [None req-3754e03a-5bc3-4b2a-ac03-81747e5e07c6 admin admin] 10.222.0.23 "GET /v2.0/security-groups?tenant_id=23107c6b105649338a356de8c1c7f2a7&name=default HTTP/1.1" status: 200 len: 2979 time: 0.1627009
Jul 13 20:09:29.799223 dv-cinder-800696-1-smb neutron-server[93119]: DEBUG neutron.api.rpc.handlers.resources_rpc [None req-3754e03a-5bc3-4b2a-ac03-81747e5e07c6 admin admin] Pushing event updated for resources: {'SecurityGroup': ['ID=5c04c3b6-3f20-4202-9724-eeb15e657140,revision_number=1']} {{(pid=93119) push /opt/stack/neutron/neutron/api/rpc/handlers/resources_rpc.py:237}}
Jul 13 20:09:29.801887 dv-cinder-800696-1-smb neutron-server[93118]: DEBUG neutron.wsgi [-] (93118) accepted ('10.222.0.23', 60042) {{(pid=93118) server /usr/local/lib/python3.8/dist-packages/eventlet/wsgi.py:982}}
Jul 13 20:09:29.912275 dv-cinder-800696-1-smb neutron-server[93118]: DEBUG neutron_lib.callbacks.manager [None req-c20ff99a-d635-45b3-b610-18adae2942f2 admin admin] Notify callbacks [] for security_group, before_delete {{(pid=93118) _notify_loop /usr/local/lib/python3.8/dist-packages/neutron_lib/callbacks/manager.py:192}}
Jul 13 20:09:29.925433 dv-cinder-800696-1-smb neutron-server[93120]: DEBUG neutron.plugins.ml2.rpc [None req-4aa73a66-288e-4739-b98a-193d4ec97c7a None None] Device 16011297-bd50-4bb3-97ca-b0ba68ac8c97 details requested by agent hyperv_hv-cinder-80069 with host hv-cinder-80069 {{(pid=93120) get_device_details /opt/stack/neutron/neutron/plugins/ml2/rpc.py:102}}
Jul 13 20:09:29.928169 dv-cinder-800696-1-smb neutron-server[93120]: DEBUG neutron.plugins.ml2.rpc [None req-4aa73a66-288e-4739-b98a-193d4ec97c7a None None] Device 40533e02-e9e1-43c1-a7e4-e97d6923fb48 up at agent hyperv_hv-cinder-80069 {{(pid=93120) update_device_up /opt/stack/neutron/neutron/plugins/ml2/rpc.py:296}}
Jul 13 20:09:29.959271 dv-cinder-800696-1-smb neutron-server[93118]: DEBUG neutron_lib.callbacks.manager [None req-c20ff99a-d635-45b3-b610-18adae2942f2 admin admin] Notify callbacks [] for security_group, precommit_delete {{(pid=93118) _notify_loop /usr/local/lib/python3.8/dist-packages/neutron_lib/callbacks/manager.py:192}}
Jul 13 20:09:30.007816 dv-cinder-800696-1-smb neutron-server[93118]: INFO neutron.wsgi [req-73c6ad7e-a921-4b63-ab42-8ed7fec94dac req-82cde33c-a42c-4aee-a307-bac706cc774e service neutron] 10.222.0.13 "GET /v2.0/networks/66c25c2d-7959-4317-8de7-f0b31b4ec743?fields=provider%3Aphysical_network&fields=provider%3Anetwork_type HTTP/1.1" status: 200 len: 281 time: 0.1956663
Jul 13 20:09:30.046896 dv-cinder-800696-1-smb neutron-server[93120]: DEBUG neutron.db.provisioning_blocks [None req-4aa73a66-288e-4739-b98a-193d4ec97c7a None None] Provisioning for port 40533e02-e9e1-43c1-a7e4-e97d6923fb48 completed by entity L2. {{(pid=93120) provisioning_complete /opt/stack/neutron/neutron/db/provisioning_blocks.py:133}}
Jul 13 20:09:30.064137 dv-cinder-800696-1-smb neutron-server[93120]: DEBUG neutron.db.provisioning_blocks [None req-4aa73a66-288e-4739-b98a-193d4ec97c7a None None] Provisioning complete for port 40533e02-e9e1-43c1-a7e4-e97d6923fb48 triggered by entity L2. {{(pid=93120) provisioning_complete /opt/stack/neutron/neutron/db/provisioning_blocks.py:139}}
Jul 13 20:09:30.071488 dv-cinder-800696-1-smb neutron-server[93120]: DEBUG neutron_lib.callbacks.manager [None req-4aa73a66-288e-4739-b98a-193d4ec97c7a None None] Notify callbacks ['neutron.plugins.ml2.plugin.Ml2Plugin._port_provisioned-1383356'] for port, provisioning_complete {{(pid=93120) _notify_loop /usr/local/lib/python3.8/dist-packages/neutron_lib/callbacks/manager.py:192}}
Jul 13 20:09:30.087517 dv-cinder-800696-1-smb neutron-server[93118]: DEBUG neutron.pecan_wsgi.hooks.policy_enforcement [req-ea72b4c8-a83d-4e0c-b2bb-a13adbafa381 req-c486c7c7-ebd0-4ae1-a4a9-24076eacfbd9 tempest-ServerRescueNegativeTestJSON-97125037 tempest-ServerRescueNegativeTestJSON-97125037-project] Attributes excluded by policy engine: ['standard_attr_id', 'binding:profile', 'binding:host_id', 'binding:vif_type', 'binding:vif_details'] {{(pid=93118) _exclude_attributes_by_policy /opt/stack/neutron/neutron/pecan_wsgi/hooks/policy_enforcement.py:255}}
Jul 13 20:09:30.089413 dv-cinder-800696-1-smb neutron-server[93118]: INFO neutron.wsgi [req-ea72b4c8-a83d-4e0c-b2bb-a13adbafa381 req-c486c7c7-ebd0-4ae1-a4a9-24076eacfbd9 tempest-ServerRescueNegativeTestJSON-97125037 tempest-ServerRescueNegativeTestJSON-97125037-project] 10.222.0.23 "GET /v2.0/ports?device_id=12017cc4-c1c3-4b15-8212-697107c2cf09 HTTP/1.1" status: 200 len: 943 time: 0.1323369
Jul 13 20:09:30.091031 dv-cinder-800696-1-smb neutron-server[93118]: DEBUG neutron_lib.callbacks.manager [None req-c20ff99a-d635-45b3-b610-18adae2942f2 admin admin] Notify callbacks ['neutron.plugins.ml2.ovo_rpc._ObjectChangeHandler.handle_event-746776'] for security_group, after_delete {{(pid=93118) _notify_loop /usr/local/lib/python3.8/dist-packages/neutron_lib/callbacks/manager.py:192}}
Jul 13 20:09:30.094805 dv-cinder-800696-1-smb neutron-server[93118]: DEBUG neutron_lib.callbacks.manager [None req-c20ff99a-d635-45b3-b610-18adae2942f2 admin admin] Notify callbacks [] for security_group, before_response {{(pid=93118) _notify_loop /usr/local/lib/python3.8/dist-packages/neutron_lib/callbacks/manager.py:192}}
Jul 13 20:09:30.096057 dv-cinder-800696-1-smb neutron-server[93118]: INFO neutron.wsgi [None req-c20ff99a-d635-45b3-b610-18adae2942f2 admin admin] 10.222.0.23 "DELETE /v2.0/security-groups/5c04c3b6-3f20-4202-9724-eeb15e657140 HTTP/1.1" status: 204 len: 168 time: 0.2932494
Jul 13 20:09:30.218470 dv-cinder-800696-1-smb neutron-server[93118]: DEBUG neutron.api.rpc.handlers.resources_rpc [None req-c20ff99a-d635-45b3-b610-18adae2942f2 admin admin] Pushing event deleted for resources: {'SecurityGroup': ['ID=5c04c3b6-3f20-4202-9724-eeb15e657140,revision_number=None']} {{(pid=93118) push /opt/stack/neutron/neutron/api/rpc/handlers/resources_rpc.py:237}}
Jul 13 20:09:30.251555 dv-cinder-800696-1-smb neutron-server[93119]: DEBUG neutron.pecan_wsgi.hooks.policy_enforcement [req-dac34b64-3709-42b1-8713-8fdb685fb557 req-73480428-325e-4527-8cb3-b94313bada5f tempest-AttachVolumeTestJSON-1450961715 tempest-AttachVolumeTestJSON-1450961715-project] Attributes excluded by policy engine: ['standard_attr_id', 'vlan_transparent', 'provider:network_type', 'provider:physical_network', 'provider:segmentation_id'] {{(pid=93119) _exclude_attributes_by_policy /opt/stack/neutron/neutron/pecan_wsgi/hooks/policy_enforcement.py:255}}
