Jul 13 20:09:14.145437 dv-cinder-800696-1-smb devstack@c-api.service[99907]: INFO cinder.volume.api [None req-8ae7b09c-78f6-43c7-902b-8f63b7c27ef5 tempest-GroupSnapshotsTest-1290040150 tempest-GroupSnapshotsTest-1290040150-project] Get all snapshots completed successfully.
Jul 13 20:09:14.146618 dv-cinder-800696-1-smb devstack@c-api.service[99907]: /usr/local/lib/python3.8/dist-packages/oslo_context/context.py:105: DeprecationWarning: Policy enforcement is depending on the value of is_admin. This key is deprecated. Please update your policy file to use the standard policy values.
Jul 13 20:09:14.146618 dv-cinder-800696-1-smb devstack@c-api.service[99907]: warnings.warn('Policy enforcement is depending on the value of '
Jul 13 20:09:14.150142 dv-cinder-800696-1-smb devstack@c-api.service[99907]: INFO cinder.api.openstack.wsgi [None req-8ae7b09c-78f6-43c7-902b-8f63b7c27ef5 tempest-GroupSnapshotsTest-1290040150 tempest-GroupSnapshotsTest-1290040150-project] http://10.222.0.23/volume/v3/b9e5cf10344f41b4a00739f111532fb1/snapshots/detail returned with HTTP 200
Jul 13 20:09:14.162587 dv-cinder-800696-1-smb devstack@c-api.service[99907]: [pid: 99907|app: 0|req: 26/51] 10.222.0.23 () {58 vars in 1241 bytes} [Tue Jul 13 20:09:14 2021] GET /volume/v3/b9e5cf10344f41b4a00739f111532fb1/snapshots/detail => generated 520 bytes in 106 msecs (HTTP/1.1 200) 7 headers in 285 bytes (2 switches on core 0)
Jul 13 20:09:14.174205 dv-cinder-800696-1-smb devstack@c-api.service[99908]: /usr/local/lib/python3.8/dist-packages/oslo_context/context.py:105: DeprecationWarning: Policy enforcement is depending on the value of is_admin. This key is deprecated. Please update your policy file to use the standard policy values.
Jul 13 20:09:14.174205 dv-cinder-800696-1-smb devstack@c-api.service[99908]: warnings.warn('Policy enforcement is depending on the value of '
Jul 13 20:09:14.180975 dv-cinder-800696-1-smb devstack@c-api.service[99907]: INFO cinder.api.openstack.wsgi [None req-d224af60-9083-4223-9a95-6745f4bf71c4 tempest-GroupSnapshotsTest-1290040150 tempest-GroupSnapshotsTest-1290040150-project] GET http://10.222.0.23/volume/v3/b9e5cf10344f41b4a00739f111532fb1/snapshots/8e296f9c-95ba-43da-aa36-f129e4abb52a
Jul 13 20:09:14.183303 dv-cinder-800696-1-smb devstack@c-api.service[99907]: DEBUG cinder.api.openstack.wsgi [None req-d224af60-9083-4223-9a95-6745f4bf71c4 tempest-GroupSnapshotsTest-1290040150 tempest-GroupSnapshotsTest-1290040150-project] Empty body provided in request {{(pid=99907) get_body /opt/stack/cinder/cinder/api/openstack/wsgi.py:713}}
Jul 13 20:09:14.183832 dv-cinder-800696-1-smb devstack@c-api.service[99907]: /usr/local/lib/python3.8/dist-packages/webob/acceptparse.py:1047: DeprecationWarning: The behavior of AcceptValidHeader.best_match is currently being maintained for backward compatibility, but it will be deprecated in the future, as it does not conform to the RFC.
Jul 13 20:09:14.183832 dv-cinder-800696-1-smb devstack@c-api.service[99907]: warnings.warn(
Jul 13 20:09:14.184796 dv-cinder-800696-1-smb devstack@c-api.service[99907]: DEBUG cinder.api.openstack.wsgi [None req-d224af60-9083-4223-9a95-6745f4bf71c4 tempest-GroupSnapshotsTest-1290040150 tempest-GroupSnapshotsTest-1290040150-project] Calling method 'show' {{(pid=99907) _process_stack /opt/stack/cinder/cinder/api/openstack/wsgi.py:866}}
Jul 13 20:09:14.206719 dv-cinder-800696-1-smb devstack@c-api.service[99908]: INFO cinder.volume.api [None req-0e9456ea-b677-4fc8-a915-13494f6ff3ac tempest-GroupsV314Test-1463412187 tempest-GroupsV314Test-1463412187-project] Volume info retrieved successfully.
Jul 13 20:09:14.230401 dv-cinder-800696-1-smb devstack@c-api.service[99908]: WARNING stevedore.named [None req-0e9456ea-b677-4fc8-a915-13494f6ff3ac tempest-GroupsV314Test-1463412187 tempest-GroupsV314Test-1463412187-project] Could not load cinder.keymgr.conf_key_mgr.ConfKeyManager
Jul 13 20:09:14.231213 dv-cinder-800696-1-smb devstack@c-api.service[99908]: WARNING castellan.key_manager [None req-0e9456ea-b677-4fc8-a915-13494f6ff3ac tempest-GroupsV314Test-1463412187 tempest-GroupsV314Test-1463412187-project] Deprecation Warning : cinder.keymgr.conf_key_mgr.ConfKeyManager is not a stevedore based driver, trying to load it as a class: stevedore.exception.NoMatches: No 'castellan.drivers' driver found, looking for 'cinder.keymgr.conf_key_mgr.ConfKeyManager'
Jul 13 20:09:14.256250 dv-cinder-800696-1-smb devstack@c-api.service[99908]: DEBUG oslo_db.sqlalchemy.engines [None req-0e9456ea-b677-4fc8-a915-13494f6ff3ac tempest-GroupsV314Test-1463412187 tempest-GroupsV314Test-1463412187-project] MySQL server mode set to STRICT_TRANS_TABLES,STRICT_ALL_TABLES,NO_ZERO_IN_DATE,NO_ZERO_DATE,ERROR_FOR_DIVISION_BY_ZERO,TRADITIONAL,NO_ENGINE_SUBSTITUTION {{(pid=99908) _check_effective_sql_mode /usr/local/lib/python3.8/dist-packages/oslo_db/sqlalchemy/engines.py:314}}
Jul 13 20:09:14.265933 dv-cinder-800696-1-smb devstack@c-api.service[99908]: /usr/local/lib/python3.8/dist-packages/oslo_context/context.py:105: DeprecationWarning: Policy enforcement is depending on the value of is_admin. This key is deprecated. Please update your policy file to use the standard policy values.
Jul 13 20:09:14.265933 dv-cinder-800696-1-smb devstack@c-api.service[99908]: warnings.warn('Policy enforcement is depending on the value of '
Jul 13 20:09:14.306570 dv-cinder-800696-1-smb devstack@c-api.service[99908]: INFO cinder.api.openstack.wsgi [None req-0e9456ea-b677-4fc8-a915-13494f6ff3ac tempest-GroupsV314Test-1463412187 tempest-GroupsV314Test-1463412187-project] http://10.222.0.23/volume/v3/b1073b7be931483393b41ba129fc4285/volumes/008ed025-4325-49c4-9f89-9b9e0fc4e78f returned with HTTP 200
Jul 13 20:09:14.316927 dv-cinder-800696-1-smb devstack@c-api.service[99908]: [pid: 99908|app: 0|req: 26/52] 10.222.0.23 () {60 vars in 1366 bytes} [Tue Jul 13 20:09:14 2021] GET /volume/v3/b1073b7be931483393b41ba129fc4285/volumes/008ed025-4325-49c4-9f89-9b9e0fc4e78f => generated 993 bytes in 196 msecs (HTTP/1.1 200) 7 headers in 286 bytes (2 switches on core 0)
Jul 13 20:09:14.334969 dv-cinder-800696-1-smb devstack@c-api.service[99908]: INFO cinder.api.openstack.wsgi [None req-0d4c4c4b-4331-40f4-b693-68357c275d77 tempest-GroupsV314Test-1463412187 tempest-GroupsV314Test-1463412187-project] POST http://10.222.0.23/volume/v3/b1073b7be931483393b41ba129fc4285/groups/action
Jul 13 20:09:14.335739 dv-cinder-800696-1-smb devstack@c-api.service[99908]: /usr/local/lib/python3.8/dist-packages/webob/acceptparse.py:1047: DeprecationWarning: The behavior of AcceptValidHeader.best_match is currently being maintained for backward compatibility, but it will be deprecated in the future, as it does not conform to the RFC.
Jul 13 20:09:14.335739 dv-cinder-800696-1-smb devstack@c-api.service[99908]: warnings.warn(
Jul 13 20:09:14.336619 dv-cinder-800696-1-smb devstack@c-api.service[99908]: DEBUG cinder.api.openstack.wsgi [None req-0d4c4c4b-4331-40f4-b693-68357c275d77 tempest-GroupsV314Test-1463412187 tempest-GroupsV314Test-1463412187-project] Action body: b'{"create-from-src": {"source_group_id": "0b166e3d-8aba-4750-8c1e-b0c46e10eb1d", "name": "tempest-Group_from_grp-447543719"}}' {{(pid=99908) get_method /opt/stack/cinder/cinder/api/openstack/wsgi.py:981}}
Jul 13 20:09:14.337618 dv-cinder-800696-1-smb devstack@c-api.service[99908]: DEBUG cinder.api.openstack.wsgi [None req-0d4c4c4b-4331-40f4-b693-68357c275d77 tempest-GroupsV314Test-1463412187 tempest-GroupsV314Test-1463412187-project] Action: 'action', calling method: version_select, body: {"create-from-src": {"source_group_id": "0b166e3d-8aba-4750-8c1e-b0c46e10eb1d", "name": "tempest-Group_from_grp-447543719"}} {{(pid=99908) _process_stack /opt/stack/cinder/cinder/api/openstack/wsgi.py:864}}
Jul 13 20:09:14.339688 dv-cinder-800696-1-smb devstack@c-api.service[99908]: DEBUG cinder.api.v3.groups [None req-0d4c4c4b-4331-40f4-b693-68357c275d77 tempest-GroupsV314Test-1463412187 tempest-GroupsV314Test-1463412187-project] Creating new group {'create-from-src': {'source_group_id': '0b166e3d-8aba-4750-8c1e-b0c46e10eb1d', 'name': 'tempest-Group_from_grp-447543719'}}. {{(pid=99908) create_from_src /opt/stack/cinder/cinder/api/v3/groups.py:236}}
Jul 13 20:09:14.340185 dv-cinder-800696-1-smb devstack@c-api.service[99908]: INFO cinder.api.v3.groups [None req-0d4c4c4b-4331-40f4-b693-68357c275d77 tempest-GroupsV314Test-1463412187 tempest-GroupsV314Test-1463412187-project] Creating group tempest-Group_from_grp-447543719 from source group 0b166e3d-8aba-4750-8c1e-b0c46e10eb1d.
Jul 13 20:09:14.359390 dv-cinder-800696-1-smb devstack@c-api.service[99908]: /usr/local/lib/python3.8/dist-packages/oslo_context/context.py:105: DeprecationWarning: Policy enforcement is depending on the value of is_admin. This key is deprecated. Please update your policy file to use the standard policy values.
Jul 13 20:09:14.359390 dv-cinder-800696-1-smb devstack@c-api.service[99908]: warnings.warn('Policy enforcement is depending on the value of '
Jul 13 20:09:14.394311 dv-cinder-800696-1-smb devstack@c-api.service[99908]: /usr/local/lib/python3.8/dist-packages/oslo_context/context.py:105: DeprecationWarning: Policy enforcement is depending on the value of is_admin. This key is deprecated. Please update your policy file to use the standard policy values.
Jul 13 20:09:14.394311 dv-cinder-800696-1-smb devstack@c-api.service[99908]: warnings.warn('Policy enforcement is depending on the value of '
Jul 13 20:09:14.575471 dv-cinder-800696-1-smb devstack@c-api.service[99908]: DEBUG cinder.quota [None req-0d4c4c4b-4331-40f4-b693-68357c275d77 tempest-GroupsV314Test-1463412187 tempest-GroupsV314Test-1463412187-project] Created reservations ['38422551-1569-4b35-8f50-8fd4c6aae67f'] {{(pid=99908) reserve /opt/stack/cinder/cinder/quota.py:755}}
Jul 13 20:09:14.734845 dv-cinder-800696-1-smb devstack@c-api.service[99907]: /usr/local/lib/python3.8/dist-packages/oslo_context/context.py:105: DeprecationWarning: Policy enforcement is depending on the value of is_admin. This key is deprecated. Please update your policy file to use the standard policy values.
Jul 13 20:09:14.734845 dv-cinder-800696-1-smb devstack@c-api.service[99907]: warnings.warn('Policy enforcement is depending on the value of '
Jul 13 20:09:14.739756 dv-cinder-800696-1-smb devstack@c-api.service[99907]: INFO cinder.volume.api [None req-d224af60-9083-4223-9a95-6745f4bf71c4 tempest-GroupSnapshotsTest-1290040150 tempest-GroupSnapshotsTest-1290040150-project] Snapshot retrieved successfully.
Jul 13 20:09:14.745224 dv-cinder-800696-1-smb devstack@c-api.service[99907]: INFO cinder.api.openstack.wsgi [None req-d224af60-9083-4223-9a95-6745f4bf71c4 tempest-GroupSnapshotsTest-1290040150 tempest-GroupSnapshotsTest-1290040150-project] http://10.222.0.23/volume/v3/b9e5cf10344f41b4a00739f111532fb1/snapshots/8e296f9c-95ba-43da-aa36-f129e4abb52a returned with HTTP 200
Jul 13 20:09:14.751395 dv-cinder-800696-1-smb devstack@c-api.service[99907]: [pid: 99907|app: 0|req: 27/53] 10.222.0.23 () {58 vars in 1331 bytes} [Tue Jul 13 20:09:14 2021] GET /volume/v3/b9e5cf10344f41b4a00739f111532fb1/snapshots/8e296f9c-95ba-43da-aa36-f129e4abb52a => generated 517 bytes in 588 msecs (HTTP/1.1 200) 7 headers in 285 bytes (1 switches on core 0)
Jul 13 20:09:14.766437 dv-cinder-800696-1-smb devstack@c-api.service[99907]: INFO cinder.api.openstack.wsgi [None req-a29e7e9c-4fa5-4b44-ae95-7a5329b8183c tempest-GroupSnapshotsTest-1290040150 tempest-GroupSnapshotsTest-1290040150-project] POST http://10.222.0.23/volume/v3/b9e5cf10344f41b4a00739f111532fb1/groups/action
Jul 13 20:09:14.768756 dv-cinder-800696-1-smb devstack@c-api.service[99907]: /usr/local/lib/python3.8/dist-packages/webob/acceptparse.py:1047: DeprecationWarning: The behavior of AcceptValidHeader.best_match is currently being maintained for backward compatibility, but it will be deprecated in the future, as it does not conform to the RFC.
Jul 13 20:09:14.768756 dv-cinder-800696-1-smb devstack@c-api.service[99907]: warnings.warn(
Jul 13 20:09:14.770814 dv-cinder-800696-1-smb devstack@c-api.service[99907]: DEBUG cinder.api.openstack.wsgi [None req-a29e7e9c-4fa5-4b44-ae95-7a5329b8183c tempest-GroupSnapshotsTest-1290040150 tempest-GroupSnapshotsTest-1290040150-project] Action body: b'{"create-from-src": {"group_snapshot_id": "74a13231-e3ae-4f51-bbea-8f8987b438e4", "name": "tempest-Group_from_snap-492509908"}}' {{(pid=99907) get_method /opt/stack/cinder/cinder/api/openstack/wsgi.py:981}}
Jul 13 20:09:14.771541 dv-cinder-800696-1-smb devstack@c-api.service[99907]: DEBUG cinder.api.openstack.wsgi [None req-a29e7e9c-4fa5-4b44-ae95-7a5329b8183c tempest-GroupSnapshotsTest-1290040150 tempest-GroupSnapshotsTest-1290040150-project] Action: 'action', calling method: version_select, body: {"create-from-src": {"group_snapshot_id": "74a13231-e3ae-4f51-bbea-8f8987b438e4", "name": "tempest-Group_from_snap-492509908"}} {{(pid=99907) _process_stack /opt/stack/cinder/cinder/api/openstack/wsgi.py:864}}
Jul 13 20:09:14.772875 dv-cinder-800696-1-smb devstack@c-api.service[99907]: DEBUG cinder.api.v3.groups [None req-a29e7e9c-4fa5-4b44-ae95-7a5329b8183c tempest-GroupSnapshotsTest-1290040150 tempest-GroupSnapshotsTest-1290040150-project] Creating new group {'create-from-src': {'group_snapshot_id': '74a13231-e3ae-4f51-bbea-8f8987b438e4', 'name': 'tempest-Group_from_snap-492509908'}}. {{(pid=99907) create_from_src /opt/stack/cinder/cinder/api/v3/groups.py:236}}
Jul 13 20:09:14.775553 dv-cinder-800696-1-smb devstack@c-api.service[99907]: INFO cinder.api.v3.groups [None req-a29e7e9c-4fa5-4b44-ae95-7a5329b8183c tempest-GroupSnapshotsTest-1290040150 tempest-GroupSnapshotsTest-1290040150-project] Creating group tempest-Group_from_snap-492509908 from group_snapshot 74a13231-e3ae-4f51-bbea-8f8987b438e4.
Jul 13 20:09:14.791534 dv-cinder-800696-1-smb devstack@c-api.service[99907]: /usr/local/lib/python3.8/dist-packages/oslo_context/context.py:105: DeprecationWarning: Policy enforcement is depending on the value of is_admin. This key is deprecated. Please update your policy file to use the standard policy values.
Jul 13 20:09:14.791534 dv-cinder-800696-1-smb devstack@c-api.service[99907]: warnings.warn('Policy enforcement is depending on the value of '
Jul 13 20:09:14.800514 dv-cinder-800696-1-smb devstack@c-api.service[99908]: INFO cinder.group.api [None req-0d4c4c4b-4331-40f4-b693-68357c275d77 tempest-GroupsV314Test-1463412187 tempest-GroupsV314Test-1463412187-project] A mapping entry already exists for group 693b1c2e-34be-45ca-9e6f-9cc1bf02f7c0 and volume type bb3d6f26-0a08-4d36-8010-ed5561699b41. Do not need to create again.
Jul 13 20:09:14.801235 dv-cinder-800696-1-smb devstack@c-api.service[99908]: /usr/local/lib/python3.8/dist-packages/oslo_context/context.py:105: DeprecationWarning: Policy enforcement is depending on the value of is_admin. This key is deprecated. Please update your policy file to use the standard policy values.
Jul 13 20:09:14.801235 dv-cinder-800696-1-smb devstack@c-api.service[99908]: warnings.warn('Policy enforcement is depending on the value of '
Jul 13 20:09:14.801820 dv-cinder-800696-1-smb devstack@c-api.service[99908]: INFO cinder.volume.api [None req-0d4c4c4b-4331-40f4-b693-68357c275d77 tempest-GroupsV314Test-1463412187 tempest-GroupsV314Test-1463412187-project] Availability Zones retrieved successfully.
Jul 13 20:09:14.819757 dv-cinder-800696-1-smb devstack@c-api.service[99907]: /usr/local/lib/python3.8/dist-packages/oslo_context/context.py:105: DeprecationWarning: Policy enforcement is depending on the value of is_admin. This key is deprecated. Please update your policy file to use the standard policy values.
Jul 13 20:09:14.819757 dv-cinder-800696-1-smb devstack@c-api.service[99907]: warnings.warn('Policy enforcement is depending on the value of '
Jul 13 20:09:14.827597 dv-cinder-800696-1-smb devstack@c-api.service[99907]: /usr/local/lib/python3.8/dist-packages/oslo_context/context.py:105: DeprecationWarning: Policy enforcement is depending on the value of is_admin. This key is deprecated. Please update your policy file to use the standard policy values.
Jul 13 20:09:14.827597 dv-cinder-800696-1-smb devstack@c-api.service[99907]: warnings.warn('Policy enforcement is depending on the value of '
Jul 13 20:09:14.871475 dv-cinder-800696-1-smb devstack@c-api.service[99908]: DEBUG cinder.volume.api [None req-0d4c4c4b-4331-40f4-b693-68357c275d77 tempest-GroupsV314Test-1463412187 tempest-GroupsV314Test-1463412187-project] Flow 'volume_create_api' (fe0c1ddb-5ee0-44b0-907a-078befac932d) transitioned into state 'RUNNING' from state 'PENDING' {{(pid=99908) _flow_receiver /usr/local/lib/python3.8/dist-packages/taskflow/listeners/logging.py:141}}
Jul 13 20:09:14.876591 dv-cinder-800696-1-smb devstack@c-api.service[99908]: DEBUG cinder.volume.api [None req-0d4c4c4b-4331-40f4-b693-68357c275d77 tempest-GroupsV314Test-1463412187 tempest-GroupsV314Test-1463412187-project] Task 'cinder.volume.flows.api.create_volume.ExtractVolumeRequestTask;volume:create' (f57a1e2d-bbd6-446e-9a04-b0f0c5cf15bd) transitioned into state 'RUNNING' from state 'PENDING' {{(pid=99908) _task_receiver /usr/local/lib/python3.8/dist-packages/taskflow/listeners/logging.py:190}}
Jul 13 20:09:14.878586 dv-cinder-800696-1-smb devstack@c-api.service[99908]: DEBUG cinder.volume.flows.api.create_volume [None req-0d4c4c4b-4331-40f4-b693-68357c275d77 tempest-GroupsV314Test-1463412187 tempest-GroupsV314Test-1463412187-project] Validating volume size '1' using validate_int, validate_source_size {{(pid=99908) _extract_size /opt/stack/cinder/cinder/volume/flows/api/create_volume.py:201}}
Jul 13 20:09:14.948687 dv-cinder-800696-1-smb devstack@c-api.service[99907]: DEBUG cinder.quota [None req-a29e7e9c-4fa5-4b44-ae95-7a5329b8183c tempest-GroupSnapshotsTest-1290040150 tempest-GroupSnapshotsTest-1290040150-project] Created reservations ['28570afc-5307-4592-a824-e028c91a9270'] {{(pid=99907) reserve /opt/stack/cinder/cinder/quota.py:755}}
Jul 13 20:09:14.952946 dv-cinder-800696-1-smb devstack@c-api.service[99908]: DEBUG cinder.volume.api [None req-0d4c4c4b-4331-40f4-b693-68357c275d77 tempest-GroupsV314Test-1463412187 tempest-GroupsV314Test-1463412187-project] Task 'cinder.volume.flows.api.create_volume.ExtractVolumeRequestTask;volume:create' (f57a1e2d-bbd6-446e-9a04-b0f0c5cf15bd) transitioned into state 'SUCCESS' from state 'RUNNING' with result '{'size': 1, 'snapshot_id': None, 'source_volid': '008ed025-4325-49c4-9f89-9b9e0fc4e78f', 'volume_type': VolumeType(created_at=2021-07-13T20:09:10Z,deleted=False,deleted_at=None,description=None,extra_specs={},id=bb3d6f26-0a08-4d36-8010-ed5561699b41,is_public=True,name='tempest-GroupsV314Test-volume-type-1931374206',projects=[],qos_specs=,qos_specs_id=None,updated_at=None), 'volume_type_id': 'bb3d6f26-0a08-4d36-8010-ed5561699b41', 'encryption_key_id': None, 'qos_specs': None, 'consistencygroup_id': None, 'cgsnapshot_id': None, 'group_id': '693b1c2e-34be-45ca-9e6f-9cc1bf02f7c0', 'replication_status': 'disabled', 'refresh_az': False, 'backup_id': None, 'multiattach': False, 'availability_zones': ['nova']}' {{(pid=99908) _task_receiver /usr/local/lib/python3.8/dist-packages/taskflow/listeners/logging.py:178}}
Jul 13 20:09:14.963318 dv-cinder-800696-1-smb devstack@c-api.service[99908]: DEBUG cinder.volume.api [None req-0d4c4c4b-4331-40f4-b693-68357c275d77 tempest-GroupsV314Test-1463412187 tempest-GroupsV314Test-1463412187-project] Task 'cinder.volume.flows.api.create_volume.QuotaReserveTask;volume:create' (5e940eb3-c225-46e9-9235-774aa7139e19) transitioned into state 'RUNNING' from state 'PENDING' {{(pid=99908) _task_receiver /usr/local/lib/python3.8/dist-packages/taskflow/listeners/logging.py:190}}
Jul 13 20:09:15.081148 dv-cinder-800696-1-smb devstack@c-api.service[99908]: WARNING cinder.quota [None req-0d4c4c4b-4331-40f4-b693-68357c275d77 tempest-GroupsV314Test-1463412187 tempest-GroupsV314Test-1463412187-project] Deprecated: Default quota for resource: volumes_tempest-GroupsV314Test-volume-type-1931374206 is set by the default quota flag: quota_volumes_tempest-GroupsV314Test-volume-type-1931374206, it is now deprecated. Please use the default quota class for default quota.
Jul 13 20:09:15.083165 dv-cinder-800696-1-smb devstack@c-api.service[99908]: WARNING cinder.quota [None req-0d4c4c4b-4331-40f4-b693-68357c275d77 tempest-GroupsV314Test-1463412187 tempest-GroupsV314Test-1463412187-project] Deprecated: Default quota for resource: gigabytes_tempest-GroupsV314Test-volume-type-1931374206 is set by the default quota flag: quota_gigabytes_tempest-GroupsV314Test-volume-type-1931374206, it is now deprecated. Please use the default quota class for default quota.
Jul 13 20:09:15.132869 dv-cinder-800696-1-smb devstack@c-api.service[99908]: DEBUG cinder.quota [None req-0d4c4c4b-4331-40f4-b693-68357c275d77 tempest-GroupsV314Test-1463412187 tempest-GroupsV314Test-1463412187-project] Created reservations ['781868a9-498e-4557-b3c8-c1ab94b5edb4', '913babd0-ecf0-4676-8e6f-5e4bfbec1116', '418d2c6b-11ce-4140-8e5c-06e3dda615a0', '6461a2ef-68bd-47a6-9191-b8ce383c1c0c'] {{(pid=99908) reserve /opt/stack/cinder/cinder/quota.py:755}}
Jul 13 20:09:15.135110 dv-cinder-800696-1-smb devstack@c-api.service[99908]: DEBUG cinder.volume.api [None req-0d4c4c4b-4331-40f4-b693-68357c275d77 tempest-GroupsV314Test-1463412187 tempest-GroupsV314Test-1463412187-project] Task 'cinder.volume.flows.api.create_volume.QuotaReserveTask;volume:create' (5e940eb3-c225-46e9-9235-774aa7139e19) transitioned into state 'SUCCESS' from state 'RUNNING' with result '{'reservations': ['781868a9-498e-4557-b3c8-c1ab94b5edb4', '913babd0-ecf0-4676-8e6f-5e4bfbec1116', '418d2c6b-11ce-4140-8e5c-06e3dda615a0', '6461a2ef-68bd-47a6-9191-b8ce383c1c0c']}' {{(pid=99908) _task_receiver /usr/local/lib/python3.8/dist-packages/taskflow/listeners/logging.py:178}}
Jul 13 20:09:15.140397 dv-cinder-800696-1-smb devstack@c-api.service[99908]: DEBUG cinder.volume.api [None req-0d4c4c4b-4331-40f4-b693-68357c275d77 tempest-GroupsV314Test-1463412187 tempest-GroupsV314Test-1463412187-project] Task 'cinder.volume.flows.api.create_volume.EntryCreateTask;volume:create' (5c410ba8-bca6-47bf-b2f2-6d7ddd91a2d7) transitioned into state 'RUNNING' from state 'PENDING' {{(pid=99908) _task_receiver /usr/local/lib/python3.8/dist-packages/taskflow/listeners/logging.py:190}}
Jul 13 20:09:15.160272 dv-cinder-800696-1-smb devstack@c-api.service[99907]: INFO cinder.group.api [None req-a29e7e9c-4fa5-4b44-ae95-7a5329b8183c tempest-GroupSnapshotsTest-1290040150 tempest-GroupSnapshotsTest-1290040150-project] A mapping entry already exists for group 6642f532-213d-4a1c-a763-605c531a90f8 and volume type 816cfedf-495a-4ba1-8bd7-6431a2596d66. Do not need to create again.
Jul 13 20:09:15.161016 dv-cinder-800696-1-smb devstack@c-api.service[99907]: /usr/local/lib/python3.8/dist-packages/oslo_context/context.py:105: DeprecationWarning: Policy enforcement is depending on the value of is_admin. This key is deprecated. Please update your policy file to use the standard policy values.
Jul 13 20:09:15.161016 dv-cinder-800696-1-smb devstack@c-api.service[99907]: warnings.warn('Policy enforcement is depending on the value of '
Jul 13 20:09:15.178608 dv-cinder-800696-1-smb devstack@c-api.service[99907]: DEBUG cinder.volume.api [None req-a29e7e9c-4fa5-4b44-ae95-7a5329b8183c tempest-GroupSnapshotsTest-1290040150 tempest-GroupSnapshotsTest-1290040150-project] Availability zone cache updated, next update will occur around 2021-07-13 21:09:15.178036. {{(pid=99907) list_availability_zones /opt/stack/cinder/cinder/volume/api.py:148}}
Jul 13 20:09:15.178945 dv-cinder-800696-1-smb devstack@c-api.service[99907]: INFO cinder.volume.api [None req-a29e7e9c-4fa5-4b44-ae95-7a5329b8183c tempest-GroupSnapshotsTest-1290040150 tempest-GroupSnapshotsTest-1290040150-project] Availability Zones retrieved successfully.
Jul 13 20:09:15.209473 dv-cinder-800696-1-smb devstack@c-api.service[99907]: DEBUG cinder.volume.api [None req-a29e7e9c-4fa5-4b44-ae95-7a5329b8183c tempest-GroupSnapshotsTest-1290040150 tempest-GroupSnapshotsTest-1290040150-project] Flow 'volume_create_api' (ecb4fa1b-c0c0-4ef2-ae92-b4272b31265a) transitioned into state 'RUNNING' from state 'PENDING' {{(pid=99907) _flow_receiver /usr/local/lib/python3.8/dist-packages/taskflow/listeners/logging.py:141}}
Jul 13 20:09:15.233601 dv-cinder-800696-1-smb devstack@c-api.service[99907]: DEBUG cinder.volume.api [None req-a29e7e9c-4fa5-4b44-ae95-7a5329b8183c tempest-GroupSnapshotsTest-1290040150 tempest-GroupSnapshotsTest-1290040150-project] Task 'cinder.volume.flows.api.create_volume.ExtractVolumeRequestTask;volume:create' (fd21c907-0cc8-44c2-b9e7-3bf39f85b656) transitioned into state 'RUNNING' from state 'PENDING' {{(pid=99907) _task_receiver /usr/local/lib/python3.8/dist-packages/taskflow/listeners/logging.py:190}}
Jul 13 20:09:15.242062 dv-cinder-800696-1-smb devstack@c-api.service[99907]: DEBUG cinder.volume.flows.api.create_volume [None req-a29e7e9c-4fa5-4b44-ae95-7a5329b8183c tempest-GroupSnapshotsTest-1290040150 tempest-GroupSnapshotsTest-1290040150-project] Validating volume size '1' using validate_int, validate_snap_size {{(pid=99907) _extract_size /opt/stack/cinder/cinder/volume/flows/api/create_volume.py:201}}
Jul 13 20:09:15.364046 dv-cinder-800696-1-smb devstack@c-api.service[99907]: DEBUG cinder.volume.api [None req-a29e7e9c-4fa5-4b44-ae95-7a5329b8183c tempest-GroupSnapshotsTest-1290040150 tempest-GroupSnapshotsTest-1290040150-project] Task 'cinder.volume.flows.api.create_volume.ExtractVolumeRequestTask;volume:create' (fd21c907-0cc8-44c2-b9e7-3bf39f85b656) transitioned into state 'SUCCESS' from state 'RUNNING' with result '{'size': 1, 'snapshot_id': '8e296f9c-95ba-43da-aa36-f129e4abb52a', 'source_volid': None, 'volume_type': VolumeType(created_at=2021-07-13T20:09:08Z,deleted=False,deleted_at=None,description=None,extra_specs={},id=816cfedf-495a-4ba1-8bd7-6431a2596d66,is_public=True,name='tempest-GroupSnapshotsTest-volume-type-1054715298',projects=[],qos_specs=,qos_specs_id=None,updated_at=None), 'volume_type_id': '816cfedf-495a-4ba1-8bd7-6431a2596d66', 'encryption_key_id': None, 'qos_specs': None, 'consistencygroup_id': None, 'cgsnapshot_id': None, 'group_id': '6642f532-213d-4a1c-a763-605c531a90f8', 'replication_status': 'disabled', 'refresh_az': False, 'backup_id': None, 'multiattach': False, 'availability_zones': ['nova']}' {{(pid=99907) _task_receiver /usr/local/lib/python3.8/dist-packages/taskflow/listeners/logging.py:178}}
Jul 13 20:09:15.369244 dv-cinder-800696-1-smb devstack@c-api.service[99907]: DEBUG cinder.volume.api [None req-a29e7e9c-4fa5-4b44-ae95-7a5329b8183c tempest-GroupSnapshotsTest-1290040150 tempest-GroupSnapshotsTest-1290040150-project] Task 'cinder.volume.flows.api.create_volume.QuotaReserveTask;volume:create' (675c2023-0806-4f6e-ba4d-9ee2a32f27b2) transitioned into state 'RUNNING' from state 'PENDING' {{(pid=99907) _task_receiver /usr/local/lib/python3.8/dist-packages/taskflow/listeners/logging.py:190}}
Jul 13 20:09:15.531787 dv-cinder-800696-1-smb devstack@c-api.service[99908]: DEBUG cinder.volume.api [None req-0d4c4c4b-4331-40f4-b693-68357c275d77 tempest-GroupsV314Test-1463412187 tempest-GroupsV314Test-1463412187-project] Task 'cinder.volume.flows.api.create_volume.EntryCreateTask;volume:create' (5c410ba8-bca6-47bf-b2f2-6d7ddd91a2d7) transitioned into state 'SUCCESS' from state 'RUNNING' with result '{'volume_id': 'aded7a1d-3336-4810-9955-dc794069da53', 'volume_properties': VolumeProperties(attach_status='detached',availability_zone='nova',cgsnapshot_id=None,consistencygroup_id=None,display_description=None,display_name=None,encryption_key_id=None,group_id=693b1c2e-34be-45ca-9e6f-9cc1bf02f7c0,group_type_id=,metadata={},multiattach=False,project_id='b1073b7be931483393b41ba129fc4285',qos_specs=None,replication_status=,reservations=['781868a9-498e-4557-b3c8-c1ab94b5edb4','913babd0-ecf0-4676-8e6f-5e4bfbec1116','418d2c6b-11ce-4140-8e5c-06e3dda615a0','6461a2ef-68bd-47a6-9191-b8ce383c1c0c'],size=1,snapshot_id=None,source_replicaid=,source_volid=008ed025-4325-49c4-9f89-9b9e0fc4e78f,status='creating',user_id='77d65030d4a3446ea56b07ddd5e0a9f7',volume_type_id=bb3d6f26-0a08-4d36-8010-ed5561699b41), 'volume': Volume(_name_id=None,admin_metadata=,attach_status='detached',availability_zone='nova',bootable=False,cluster=,cluster_name=None,consistencygroup=,consistencygroup_id=None,created_at=2021-07-13T20:09:15Z,deleted=False,deleted_at=None,display_description=None,display_name=None,ec2_id=None,encryption_key_id=None,glance_metadata=,group=,group_id=693b1c2e-34be-45ca-9e6f-9cc1bf02f7c0,host=None,id=aded7a1d-3336-4810-9955-dc794069da53,launched_at=None,metadata={},migration_status=None,multiattach=False,previous_status=None,project_id='b1073b7be931483393b41ba129fc4285',provider_auth=None,provider_geometry=None,provider_id=None,provider_location=None,replication_driver_data=None,replication_extended_status=None,replication_status=None,scheduled_at=None,service_uuid=None,shared_targets=True,size=1,snapshot_id=None,snapshots=,source_volid=008ed025-4325-49c4-9f89-9b9e0fc4e78f,status='creating',terminated_at=None,updated_at=None,user_id='77d65030d4a3446ea56b07ddd5e0a9f7',volume_attachment=,volume_type=VolumeType(bb3d6f26-0a08-4d36-8010-ed5561699b41),volume_type_id=bb3d6f26-0a08-4d36-8010-ed5561699b41)}' {{(pid=99908) _task_receiver /usr/local/lib/python3.8/dist-packages/taskflow/listeners/logging.py:178}}
Jul 13 20:09:15.533266 dv-cinder-800696-1-smb devstack@c-api.service[99907]: DEBUG cinder.quota [None req-a29e7e9c-4fa5-4b44-ae95-7a5329b8183c tempest-GroupSnapshotsTest-1290040150 tempest-GroupSnapshotsTest-1290040150-project] Created reservations ['eafe4b10-557b-4ee8-804c-7c5cc9299852', 'bdc731ff-f6a3-4cfa-a6aa-4a736f6f4fd8'] {{(pid=99907) reserve /opt/stack/cinder/cinder/quota.py:755}}
Jul 13 20:09:15.535308 dv-cinder-800696-1-smb devstack@c-api.service[99908]: DEBUG cinder.volume.api [None req-0d4c4c4b-4331-40f4-b693-68357c275d77 tempest-GroupsV314Test-1463412187 tempest-GroupsV314Test-1463412187-project] Task 'cinder.volume.flows.api.create_volume.QuotaCommitTask;volume:create' (2b0b6dba-04b9-499b-b034-85403af39e83) transitioned into state 'RUNNING' from state 'PENDING' {{(pid=99908) _task_receiver /usr/local/lib/python3.8/dist-packages/taskflow/listeners/logging.py:190}}
Jul 13 20:09:15.535598 dv-cinder-800696-1-smb devstack@c-api.service[99907]: DEBUG cinder.volume.api [None req-a29e7e9c-4fa5-4b44-ae95-7a5329b8183c tempest-GroupSnapshotsTest-1290040150 tempest-GroupSnapshotsTest-1290040150-project] Task 'cinder.volume.flows.api.create_volume.QuotaReserveTask;volume:create' (675c2023-0806-4f6e-ba4d-9ee2a32f27b2) transitioned into state 'SUCCESS' from state 'RUNNING' with result '{'reservations': ['eafe4b10-557b-4ee8-804c-7c5cc9299852', 'bdc731ff-f6a3-4cfa-a6aa-4a736f6f4fd8']}' {{(pid=99907) _task_receiver /usr/local/lib/python3.8/dist-packages/taskflow/listeners/logging.py:178}}
Jul 13 20:09:15.537899 dv-cinder-800696-1-smb devstack@c-api.service[99907]: DEBUG cinder.volume.api [None req-a29e7e9c-4fa5-4b44-ae95-7a5329b8183c tempest-GroupSnapshotsTest-1290040150 tempest-GroupSnapshotsTest-1290040150-project] Task 'cinder.volume.flows.api.create_volume.EntryCreateTask;volume:create' (cc095c12-0f7b-4b41-9618-96a7995f1aa0) transitioned into state 'RUNNING' from state 'PENDING' {{(pid=99907) _task_receiver /usr/local/lib/python3.8/dist-packages/taskflow/listeners/logging.py:190}}
Jul 13 20:09:15.581548 dv-cinder-800696-1-smb devstack@c-api.service[99908]: DEBUG cinder.volume.api [None req-0d4c4c4b-4331-40f4-b693-68357c275d77 tempest-GroupsV314Test-1463412187 tempest-GroupsV314Test-1463412187-project] Task 'cinder.volume.flows.api.create_volume.QuotaCommitTask;volume:create' (2b0b6dba-04b9-499b-b034-85403af39e83) transitioned into state 'SUCCESS' from state 'RUNNING' with result '{'volume_properties': VolumeProperties(attach_status='detached',availability_zone='nova',cgsnapshot_id=None,consistencygroup_id=None,display_description=None,display_name=None,encryption_key_id=None,group_id=693b1c2e-34be-45ca-9e6f-9cc1bf02f7c0,group_type_id=,metadata={},multiattach=False,project_id='b1073b7be931483393b41ba129fc4285',qos_specs=None,replication_status=,reservations=['781868a9-498e-4557-b3c8-c1ab94b5edb4','913babd0-ecf0-4676-8e6f-5e4bfbec1116','418d2c6b-11ce-4140-8e5c-06e3dda615a0','6461a2ef-68bd-47a6-9191-b8ce383c1c0c'],size=1,snapshot_id=None,source_replicaid=,source_volid=008ed025-4325-49c4-9f89-9b9e0fc4e78f,status='creating',user_id='77d65030d4a3446ea56b07ddd5e0a9f7',volume_type_id=bb3d6f26-0a08-4d36-8010-ed5561699b41)}' {{(pid=99908) _task_receiver /usr/local/lib/python3.8/dist-packages/taskflow/listeners/logging.py:178}}
Jul 13 20:09:15.585265 dv-cinder-800696-1-smb devstack@c-api.service[99908]: DEBUG cinder.volume.api [None req-0d4c4c4b-4331-40f4-b693-68357c275d77 tempest-GroupsV314Test-1463412187 tempest-GroupsV314Test-1463412187-project] Flow 'volume_create_api' (fe0c1ddb-5ee0-44b0-907a-078befac932d) transitioned into state 'SUCCESS' from state 'RUNNING' {{(pid=99908) _flow_receiver /usr/local/lib/python3.8/dist-packages/taskflow/listeners/logging.py:141}}
Jul 13 20:09:15.585977 dv-cinder-800696-1-smb devstack@c-api.service[99908]: INFO cinder.volume.api [None req-0d4c4c4b-4331-40f4-b693-68357c275d77 tempest-GroupsV314Test-1463412187 tempest-GroupsV314Test-1463412187-project] Create volume request issued successfully.
Jul 13 20:09:15.633364 dv-cinder-800696-1-smb devstack@c-api.service[99908]: INFO cinder.api.openstack.wsgi [None req-0d4c4c4b-4331-40f4-b693-68357c275d77 tempest-GroupsV314Test-1463412187 tempest-GroupsV314Test-1463412187-project] http://10.222.0.23/volume/v3/b1073b7be931483393b41ba129fc4285/groups/action returned with HTTP 202
Jul 13 20:09:15.639510 dv-cinder-800696-1-smb devstack@c-api.service[99908]: [pid: 99908|app: 0|req: 27/54] 10.222.0.23 () {62 vars in 1295 bytes} [Tue Jul 13 20:09:14 2021] POST /volume/v3/b1073b7be931483393b41ba129fc4285/groups/action => generated 101 bytes in 1304 msecs (HTTP/1.1 202) 7 headers in 292 bytes (2 switches on core 0)
Jul 13 20:09:15.642235 dv-cinder-800696-1-smb devstack@c-api.service[99907]: DEBUG cinder.volume.api [None req-a29e7e9c-4fa5-4b44-ae95-7a5329b8183c tempest-GroupSnapshotsTest-1290040150 tempest-GroupSnapshotsTest-1290040150-project] Task 'cinder.volume.flows.api.create_volume.EntryCreateTask;volume:create' (cc095c12-0f7b-4b41-9618-96a7995f1aa0) transitioned into state 'SUCCESS' from state 'RUNNING' with result '{'volume_id': 'd5ff40d5-165d-4dfb-bffa-7749ef94751a', 'volume_properties': VolumeProperties(attach_status='detached',availability_zone='nova',cgsnapshot_id=None,consistencygroup_id=None,display_description=None,display_name=None,encryption_key_id=None,group_id=6642f532-213d-4a1c-a763-605c531a90f8,group_type_id=,metadata={},multiattach=False,project_id='b9e5cf10344f41b4a00739f111532fb1',qos_specs=None,replication_status=,reservations=['eafe4b10-557b-4ee8-804c-7c5cc9299852','bdc731ff-f6a3-4cfa-a6aa-4a736f6f4fd8'],size=1,snapshot_id=8e296f9c-95ba-43da-aa36-f129e4abb52a,source_replicaid=,source_volid=None,status='creating',user_id='cfc10849de3b4ef4a1204941a1a3e75a',volume_type_id=816cfedf-495a-4ba1-8bd7-6431a2596d66), 'volume': Volume(_name_id=None,admin_metadata=,attach_status='detached',availability_zone='nova',bootable=False,cluster=,cluster_name=None,consistencygroup=,consistencygroup_id=None,created_at=2021-07-13T20:09:15Z,deleted=False,deleted_at=None,display_description=None,display_name=None,ec2_id=None,encryption_key_id=None,glance_metadata=,group=,group_id=6642f532-213d-4a1c-a763-605c531a90f8,host=None,id=d5ff40d5-165d-4dfb-bffa-7749ef94751a,launched_at=None,metadata={},migration_status=None,multiattach=False,previous_status=None,project_id='b9e5cf10344f41b4a00739f111532fb1',provider_auth=None,provider_geometry=None,provider_id=None,provider_location=None,replication_driver_data=None,replication_extended_status=None,replication_status=None,scheduled_at=None,service_uuid=None,shared_targets=True,size=1,snapshot_id=8e296f9c-95ba-43da-aa36-f129e4abb52a,snapshots=,source_volid=None,status='creating',terminated_at=None,updated_at=None,user_id='cfc10849de3b4ef4a1204941a1a3e75a',volume_attachment=,volume_type=VolumeType(816cfedf-495a-4ba1-8bd7-6431a2596d66),volume_type_id=816cfedf-495a-4ba1-8bd7-6431a2596d66)}' {{(pid=99907) _task_receiver /usr/local/lib/python3.8/dist-packages/taskflow/listeners/logging.py:178}}
Jul 13 20:09:15.643604 dv-cinder-800696-1-smb devstack@c-api.service[99908]: INFO cinder.api.openstack.wsgi [None req-affef09b-45e5-4986-b3f4-ee933209d6e8 tempest-GroupsV314Test-1463412187 tempest-GroupsV314Test-1463412187-project] GET http://10.222.0.23/volume/v3/b1073b7be931483393b41ba129fc4285/volumes/detail
Jul 13 20:09:15.644001 dv-cinder-800696-1-smb devstack@c-api.service[99907]: DEBUG cinder.volume.api [None req-a29e7e9c-4fa5-4b44-ae95-7a5329b8183c tempest-GroupSnapshotsTest-1290040150 tempest-GroupSnapshotsTest-1290040150-project] Task 'cinder.volume.flows.api.create_volume.QuotaCommitTask;volume:create' (a5691b85-7a46-43e9-ac5c-c91c8d19f536) transitioned into state 'RUNNING' from state 'PENDING' {{(pid=99907) _task_receiver /usr/local/lib/python3.8/dist-packages/taskflow/listeners/logging.py:190}}
Jul 13 20:09:15.644580 dv-cinder-800696-1-smb devstack@c-api.service[99908]: DEBUG cinder.api.openstack.wsgi [None req-affef09b-45e5-4986-b3f4-ee933209d6e8 tempest-GroupsV314Test-1463412187 tempest-GroupsV314Test-1463412187-project] Empty body provided in request {{(pid=99908) get_body /opt/stack/cinder/cinder/api/openstack/wsgi.py:713}}
Jul 13 20:09:15.644788 dv-cinder-800696-1-smb devstack@c-api.service[99908]: /usr/local/lib/python3.8/dist-packages/webob/acceptparse.py:1047: DeprecationWarning: The behavior of AcceptValidHeader.best_match is currently being maintained for backward compatibility, but it will be deprecated in the future, as it does not conform to the RFC.
Jul 13 20:09:15.644788 dv-cinder-800696-1-smb devstack@c-api.service[99908]: warnings.warn(
Jul 13 20:09:15.645171 dv-cinder-800696-1-smb devstack@c-api.service[99908]: DEBUG cinder.api.openstack.wsgi [None req-affef09b-45e5-4986-b3f4-ee933209d6e8 tempest-GroupsV314Test-1463412187 tempest-GroupsV314Test-1463412187-project] Calling method 'detail' {{(pid=99908) _process_stack /opt/stack/cinder/cinder/api/openstack/wsgi.py:866}}
Jul 13 20:09:15.646218 dv-cinder-800696-1-smb devstack@c-api.service[99908]: DEBUG cinder.api.api_utils [None req-affef09b-45e5-4986-b3f4-ee933209d6e8 tempest-GroupsV314Test-1463412187 tempest-GroupsV314Test-1463412187-project] Removing options '' from query. {{(pid=99908) remove_invalid_filter_options /opt/stack/cinder/cinder/api/api_utils.py:73}}
Jul 13 20:09:15.648088 dv-cinder-800696-1-smb devstack@c-api.service[99908]: /usr/local/lib/python3.8/dist-packages/oslo_context/context.py:105: DeprecationWarning: Policy enforcement is depending on the value of is_admin. This key is deprecated. Please update your policy file to use the standard policy values.
Jul 13 20:09:15.648088 dv-cinder-800696-1-smb devstack@c-api.service[99908]: warnings.warn('Policy enforcement is depending on the value of '
Jul 13 20:09:15.648338 dv-cinder-800696-1-smb devstack@c-api.service[99908]: DEBUG cinder.volume.api [None req-affef09b-45e5-4986-b3f4-ee933209d6e8 tempest-GroupsV314Test-1463412187 tempest-GroupsV314Test-1463412187-project] Searching by: MultiDict([('no_migration_targets', True)]). {{(pid=99908) get_all /opt/stack/cinder/cinder/volume/api.py:617}}
Jul 13 20:09:15.709027 dv-cinder-800696-1-smb devstack@c-api.service[99907]: DEBUG cinder.volume.api [None req-a29e7e9c-4fa5-4b44-ae95-7a5329b8183c tempest-GroupSnapshotsTest-1290040150 tempest-GroupSnapshotsTest-1290040150-project] Task 'cinder.volume.flows.api.create_volume.QuotaCommitTask;volume:create' (a5691b85-7a46-43e9-ac5c-c91c8d19f536) transitioned into state 'SUCCESS' from state 'RUNNING' with result '{'volume_properties': VolumeProperties(attach_status='detached',availability_zone='nova',cgsnapshot_id=None,consistencygroup_id=None,display_description=None,display_name=None,encryption_key_id=None,group_id=6642f532-213d-4a1c-a763-605c531a90f8,group_type_id=,metadata={},multiattach=False,project_id='b9e5cf10344f41b4a00739f111532fb1',qos_specs=None,replication_status=,reservations=['eafe4b10-557b-4ee8-804c-7c5cc9299852','bdc731ff-f6a3-4cfa-a6aa-4a736f6f4fd8'],size=1,snapshot_id=8e296f9c-95ba-43da-aa36-f129e4abb52a,source_replicaid=,source_volid=None,status='creating',user_id='cfc10849de3b4ef4a1204941a1a3e75a',volume_type_id=816cfedf-495a-4ba1-8bd7-6431a2596d66)}' {{(pid=99907) _task_receiver /usr/local/lib/python3.8/dist-packages/taskflow/listeners/logging.py:178}}
Jul 13 20:09:15.731043 dv-cinder-800696-1-smb devstack@c-api.service[99907]: DEBUG cinder.volume.api [None req-a29e7e9c-4fa5-4b44-ae95-7a5329b8183c tempest-GroupSnapshotsTest-1290040150 tempest-GroupSnapshotsTest-1290040150-project] Flow 'volume_create_api' (ecb4fa1b-c0c0-4ef2-ae92-b4272b31265a) transitioned into state 'SUCCESS' from state 'RUNNING' {{(pid=99907) _flow_receiver /usr/local/lib/python3.8/dist-packages/taskflow/listeners/logging.py:141}}
Jul 13 20:09:15.732076 dv-cinder-800696-1-smb devstack@c-api.service[99907]: INFO cinder.volume.api [None req-a29e7e9c-4fa5-4b44-ae95-7a5329b8183c tempest-GroupSnapshotsTest-1290040150 tempest-GroupSnapshotsTest-1290040150-project] Create volume request issued successfully.
Jul 13 20:09:15.771312 dv-cinder-800696-1-smb devstack@c-api.service[99908]: INFO cinder.volume.api [None req-affef09b-45e5-4986-b3f4-ee933209d6e8 tempest-GroupsV314Test-1463412187 tempest-GroupsV314Test-1463412187-project] Get all volumes completed successfully.
Jul 13 20:09:15.773203 dv-cinder-800696-1-smb devstack@c-api.service[99908]: WARNING stevedore.named [None req-affef09b-45e5-4986-b3f4-ee933209d6e8 tempest-GroupsV314Test-1463412187 tempest-GroupsV314Test-1463412187-project] Could not load cinder.keymgr.conf_key_mgr.ConfKeyManager
Jul 13 20:09:15.773645 dv-cinder-800696-1-smb devstack@c-api.service[99908]: WARNING castellan.key_manager [None req-affef09b-45e5-4986-b3f4-ee933209d6e8 tempest-GroupsV314Test-1463412187 tempest-GroupsV314Test-1463412187-project] Deprecation Warning : cinder.keymgr.conf_key_mgr.ConfKeyManager is not a stevedore based driver, trying to load it as a class: stevedore.exception.NoMatches: No 'castellan.drivers' driver found, looking for 'cinder.keymgr.conf_key_mgr.ConfKeyManager'
Jul 13 20:09:15.798137 dv-cinder-800696-1-smb devstack@c-api.service[99908]: DEBUG oslo_db.sqlalchemy.engines [None req-affef09b-45e5-4986-b3f4-ee933209d6e8 tempest-GroupsV314Test-1463412187 tempest-GroupsV314Test-1463412187-project] MySQL server mode set to STRICT_TRANS_TABLES,STRICT_ALL_TABLES,NO_ZERO_IN_DATE,NO_ZERO_DATE,ERROR_FOR_DIVISION_BY_ZERO,TRADITIONAL,NO_ENGINE_SUBSTITUTION {{(pid=99908) _check_effective_sql_mode /usr/local/lib/python3.8/dist-packages/oslo_db/sqlalchemy/engines.py:314}}
Jul 13 20:09:15.813615 dv-cinder-800696-1-smb devstack@c-api.service[99908]: /usr/local/lib/python3.8/dist-packages/oslo_context/context.py:105: DeprecationWarning: Policy enforcement is depending on the value of is_admin. This key is deprecated. Please update your policy file to use the standard policy values.
Jul 13 20:09:15.813615 dv-cinder-800696-1-smb devstack@c-api.service[99908]: warnings.warn('Policy enforcement is depending on the value of '
Jul 13 20:09:15.819445 dv-cinder-800696-1-smb devstack@c-api.service[99907]: INFO cinder.api.openstack.wsgi [None req-a29e7e9c-4fa5-4b44-ae95-7a5329b8183c tempest-GroupSnapshotsTest-1290040150 tempest-GroupSnapshotsTest-1290040150-project] http://10.222.0.23/volume/v3/b9e5cf10344f41b4a00739f111532fb1/groups/action returned with HTTP 202
Jul 13 20:09:15.822426 dv-cinder-800696-1-smb devstack@c-api.service[99907]: [pid: 99907|app: 0|req: 28/55] 10.222.0.23 () {62 vars in 1295 bytes} [Tue Jul 13 20:09:14 2021] POST /volume/v3/b9e5cf10344f41b4a00739f111532fb1/groups/action => generated 102 bytes in 1063 msecs (HTTP/1.1 202) 7 headers in 292 bytes (1 switches on core 0)
Jul 13 20:09:15.838782 dv-cinder-800696-1-smb devstack@c-api.service[99908]: WARNING stevedore.named [None req-affef09b-45e5-4986-b3f4-ee933209d6e8 tempest-GroupsV314Test-1463412187 tempest-GroupsV314Test-1463412187-project] Could not load cinder.keymgr.conf_key_mgr.ConfKeyManager
Jul 13 20:09:15.838782 dv-cinder-800696-1-smb devstack@c-api.service[99908]: WARNING castellan.key_manager [None req-affef09b-45e5-4986-b3f4-ee933209d6e8 tempest-GroupsV314Test-1463412187 tempest-GroupsV314Test-1463412187-project] Deprecation Warning : cinder.keymgr.conf_key_mgr.ConfKeyManager is not a stevedore based driver, trying to load it as a class: stevedore.exception.NoMatches: No 'castellan.drivers' driver found, looking for 'cinder.keymgr.conf_key_mgr.ConfKeyManager'
Jul 13 20:09:15.843323 dv-cinder-800696-1-smb devstack@c-api.service[99907]: INFO cinder.api.openstack.wsgi [None req-b0d5decf-a42c-4843-bf3f-e9169fa30e11 tempest-GroupSnapshotsTest-1290040150 tempest-GroupSnapshotsTest-1290040150-project] GET http://10.222.0.23/volume/v3/b9e5cf10344f41b4a00739f111532fb1/volumes/detail
Jul 13 20:09:15.844810 dv-cinder-800696-1-smb devstack@c-api.service[99907]: DEBUG cinder.api.openstack.wsgi [None req-b0d5decf-a42c-4843-bf3f-e9169fa30e11 tempest-GroupSnapshotsTest-1290040150 tempest-GroupSnapshotsTest-1290040150-project] Empty body provided in request {{(pid=99907) get_body /opt/stack/cinder/cinder/api/openstack/wsgi.py:713}}
Jul 13 20:09:15.845713 dv-cinder-800696-1-smb devstack@c-api.service[99907]: /usr/local/lib/python3.8/dist-packages/webob/acceptparse.py:1047: DeprecationWarning: The behavior of AcceptValidHeader.best_match is currently being maintained for backward compatibility, but it will be deprecated in the future, as it does not conform to the RFC.
Jul 13 20:09:15.845713 dv-cinder-800696-1-smb devstack@c-api.service[99907]: warnings.warn(
Jul 13 20:09:15.846247 dv-cinder-800696-1-smb devstack@c-api.service[99907]: DEBUG cinder.api.openstack.wsgi [None req-b0d5decf-a42c-4843-bf3f-e9169fa30e11 tempest-GroupSnapshotsTest-1290040150 tempest-GroupSnapshotsTest-1290040150-project] Calling method 'detail' {{(pid=99907) _process_stack /opt/stack/cinder/cinder/api/openstack/wsgi.py:866}}
Jul 13 20:09:15.847396 dv-cinder-800696-1-smb devstack@c-api.service[99908]: DEBUG oslo_db.sqlalchemy.engines [None req-affef09b-45e5-4986-b3f4-ee933209d6e8 tempest-GroupsV314Test-1463412187 tempest-GroupsV314Test-1463412187-project] MySQL server mode set to STRICT_TRANS_TABLES,STRICT_ALL_TABLES,NO_ZERO_IN_DATE,NO_ZERO_DATE,ERROR_FOR_DIVISION_BY_ZERO,TRADITIONAL,NO_ENGINE_SUBSTITUTION {{(pid=99908) _check_effective_sql_mode /usr/local/lib/python3.8/dist-packages/oslo_db/sqlalchemy/engines.py:314}}
Jul 13 20:09:15.848781 dv-cinder-800696-1-smb devstack@c-api.service[99907]: DEBUG cinder.api.api_utils [None req-b0d5decf-a42c-4843-bf3f-e9169fa30e11 tempest-GroupSnapshotsTest-1290040150 tempest-GroupSnapshotsTest-1290040150-project] Removing options '' from query. {{(pid=99907) remove_invalid_filter_options /opt/stack/cinder/cinder/api/api_utils.py:73}}
Jul 13 20:09:15.853926 dv-cinder-800696-1-smb devstack@c-api.service[99907]: /usr/local/lib/python3.8/dist-packages/oslo_context/context.py:105: DeprecationWarning: Policy enforcement is depending on the value of is_admin. This key is deprecated. Please update your policy file to use the standard policy values.
Jul 13 20:09:15.853926 dv-cinder-800696-1-smb devstack@c-api.service[99907]: warnings.warn('Policy enforcement is depending on the value of '
Jul 13 20:09:15.855511 dv-cinder-800696-1-smb devstack@c-api.service[99907]: DEBUG cinder.volume.api [None req-b0d5decf-a42c-4843-bf3f-e9169fa30e11 tempest-GroupSnapshotsTest-1290040150 tempest-GroupSnapshotsTest-1290040150-project] Searching by: MultiDict([('no_migration_targets', True)]). {{(pid=99907) get_all /opt/stack/cinder/cinder/volume/api.py:617}}
Jul 13 20:09:15.862425 dv-cinder-800696-1-smb devstack@c-api.service[99908]: /usr/local/lib/python3.8/dist-packages/oslo_context/context.py:105: DeprecationWarning: Policy enforcement is depending on the value of is_admin. This key is deprecated. Please update your policy file to use the standard policy values.
Jul 13 20:09:15.862425 dv-cinder-800696-1-smb devstack@c-api.service[99908]: warnings.warn('Policy enforcement is depending on the value of '
Jul 13 20:09:15.923872 dv-cinder-800696-1-smb devstack@c-api.service[99908]: INFO cinder.api.openstack.wsgi [None req-affef09b-45e5-4986-b3f4-ee933209d6e8 tempest-GroupsV314Test-1463412187 tempest-GroupsV314Test-1463412187-project] http://10.222.0.23/volume/v3/b1073b7be931483393b41ba129fc4285/volumes/detail returned with HTTP 200
Jul 13 20:09:15.929198 dv-cinder-800696-1-smb devstack@c-api.service[99908]: [pid: 99908|app: 0|req: 28/56] 10.222.0.23 () {60 vars in 1276 bytes} [Tue Jul 13 20:09:15 2021] GET /volume/v3/b1073b7be931483393b41ba129fc4285/volumes/detail => generated 1974 bytes in 290 msecs (HTTP/1.1 200) 7 headers in 287 bytes (1 switches on core 0)
Jul 13 20:09:15.962103 dv-cinder-800696-1-smb devstack@c-api.service[99908]: INFO cinder.api.openstack.wsgi [None req-75151f8e-d5c5-4f88-a02e-50096ed70470 tempest-GroupsV314Test-1463412187 tempest-GroupsV314Test-1463412187-project] GET http://10.222.0.23/volume/v3/b1073b7be931483393b41ba129fc4285/volumes/aded7a1d-3336-4810-9955-dc794069da53
Jul 13 20:09:15.962568 dv-cinder-800696-1-smb devstack@c-api.service[99908]: DEBUG cinder.api.openstack.wsgi [None req-75151f8e-d5c5-4f88-a02e-50096ed70470 tempest-GroupsV314Test-1463412187 tempest-GroupsV314Test-1463412187-project] Empty body provided in request {{(pid=99908) get_body /opt/stack/cinder/cinder/api/openstack/wsgi.py:713}}
