Jul 13 20:09:05.961071 dv-cinder-800696-1-smb devstack@c-api.service[99908]: INFO cinder.api.openstack.wsgi [None req-835d2486-f47a-499e-8c78-05e744c4d5ef tempest-GroupTypeSpecsTest-1210211611 tempest-GroupTypeSpecsTest-1210211611-project-admin] GET http://10.222.0.23/volume/v3/922e4fa586194e4c979dfd0669ca1e37/group_types/14bdcabd-3ab4-4f8c-9766-a5f37a1517a0/group_specs/key3
Jul 13 20:09:05.961870 dv-cinder-800696-1-smb devstack@c-api.service[99908]: DEBUG cinder.api.openstack.wsgi [None req-835d2486-f47a-499e-8c78-05e744c4d5ef tempest-GroupTypeSpecsTest-1210211611 tempest-GroupTypeSpecsTest-1210211611-project-admin] Empty body provided in request {{(pid=99908) get_body /opt/stack/cinder/cinder/api/openstack/wsgi.py:713}}
Jul 13 20:09:05.962497 dv-cinder-800696-1-smb devstack@c-api.service[99908]: DEBUG cinder.api.openstack.wsgi [None req-835d2486-f47a-499e-8c78-05e744c4d5ef tempest-GroupTypeSpecsTest-1210211611 tempest-GroupTypeSpecsTest-1210211611-project-admin] Calling method 'version_select' {{(pid=99908) _process_stack /opt/stack/cinder/cinder/api/openstack/wsgi.py:866}}
Jul 13 20:09:05.977805 dv-cinder-800696-1-smb devstack@c-api.service[99908]: INFO cinder.api.openstack.wsgi [None req-835d2486-f47a-499e-8c78-05e744c4d5ef tempest-GroupTypeSpecsTest-1210211611 tempest-GroupTypeSpecsTest-1210211611-project-admin] http://10.222.0.23/volume/v3/922e4fa586194e4c979dfd0669ca1e37/group_types/14bdcabd-3ab4-4f8c-9766-a5f37a1517a0/group_specs/key3 returned with HTTP 200
Jul 13 20:09:05.984914 dv-cinder-800696-1-smb devstack@c-api.service[99908]: [pid: 99908|app: 0|req: 11/27] 10.222.0.23 () {60 vars in 1429 bytes} [Tue Jul 13 20:09:05 2021] GET /volume/v3/922e4fa586194e4c979dfd0669ca1e37/group_types/14bdcabd-3ab4-4f8c-9766-a5f37a1517a0/group_specs/key3 => generated 18 bytes in 28 msecs (HTTP/1.1 200) 7 headers in 285 bytes (1 switches on core 0)
Jul 13 20:09:05.996069 dv-cinder-800696-1-smb devstack@c-api.service[99907]: INFO cinder.api.openstack.wsgi [None req-f67aa4e8-79d8-43e1-bd93-89d4f8a684b1 tempest-GroupTypeSpecsTest-1210211611 tempest-GroupTypeSpecsTest-1210211611-project-admin] PUT http://10.222.0.23/volume/v3/922e4fa586194e4c979dfd0669ca1e37/group_types/14bdcabd-3ab4-4f8c-9766-a5f37a1517a0/group_specs/key3
Jul 13 20:09:05.997067 dv-cinder-800696-1-smb devstack@c-api.service[99907]: DEBUG cinder.api.openstack.wsgi [None req-f67aa4e8-79d8-43e1-bd93-89d4f8a684b1 tempest-GroupTypeSpecsTest-1210211611 tempest-GroupTypeSpecsTest-1210211611-project-admin] Action: 'update', calling method: version_select, body: {"key3": "value3-updated"} {{(pid=99907) _process_stack /opt/stack/cinder/cinder/api/openstack/wsgi.py:864}}
Jul 13 20:09:06.063243 dv-cinder-800696-1-smb devstack@c-api.service[99907]: INFO cinder.api.openstack.wsgi [None req-f67aa4e8-79d8-43e1-bd93-89d4f8a684b1 tempest-GroupTypeSpecsTest-1210211611 tempest-GroupTypeSpecsTest-1210211611-project-admin] http://10.222.0.23/volume/v3/922e4fa586194e4c979dfd0669ca1e37/group_types/14bdcabd-3ab4-4f8c-9766-a5f37a1517a0/group_specs/key3 returned with HTTP 200
Jul 13 20:09:06.075018 dv-cinder-800696-1-smb devstack@c-api.service[99908]: INFO cinder.api.openstack.wsgi [None req-1072a1c2-fff6-4314-a6b2-841760a7488a tempest-GroupTypeSpecsTest-1210211611 tempest-GroupTypeSpecsTest-1210211611-project-admin] GET http://10.222.0.23/volume/v3/922e4fa586194e4c979dfd0669ca1e37/group_types/14bdcabd-3ab4-4f8c-9766-a5f37a1517a0/group_specs
Jul 13 20:09:06.075679 dv-cinder-800696-1-smb devstack@c-api.service[99908]: DEBUG cinder.api.openstack.wsgi [None req-1072a1c2-fff6-4314-a6b2-841760a7488a tempest-GroupTypeSpecsTest-1210211611 tempest-GroupTypeSpecsTest-1210211611-project-admin] Empty body provided in request {{(pid=99908) get_body /opt/stack/cinder/cinder/api/openstack/wsgi.py:713}}
Jul 13 20:09:06.076287 dv-cinder-800696-1-smb devstack@c-api.service[99908]: DEBUG cinder.api.openstack.wsgi [None req-1072a1c2-fff6-4314-a6b2-841760a7488a tempest-GroupTypeSpecsTest-1210211611 tempest-GroupTypeSpecsTest-1210211611-project-admin] Calling method 'version_select' {{(pid=99908) _process_stack /opt/stack/cinder/cinder/api/openstack/wsgi.py:866}}
Jul 13 20:09:06.081571 dv-cinder-800696-1-smb devstack@c-api.service[99907]: [pid: 99907|app: 0|req: 17/28] 10.222.0.23 () {62 vars in 1449 bytes} [Tue Jul 13 20:09:05 2021] PUT /volume/v3/922e4fa586194e4c979dfd0669ca1e37/group_types/14bdcabd-3ab4-4f8c-9766-a5f37a1517a0/group_specs/key3 => generated 26 bytes in 92 msecs (HTTP/1.1 200) 7 headers in 285 bytes (1 switches on core 0)
Jul 13 20:09:06.106118 dv-cinder-800696-1-smb devstack@c-api.service[99908]: INFO cinder.api.openstack.wsgi [None req-1072a1c2-fff6-4314-a6b2-841760a7488a tempest-GroupTypeSpecsTest-1210211611 tempest-GroupTypeSpecsTest-1210211611-project-admin] http://10.222.0.23/volume/v3/922e4fa586194e4c979dfd0669ca1e37/group_types/14bdcabd-3ab4-4f8c-9766-a5f37a1517a0/group_specs returned with HTTP 200
Jul 13 20:09:06.116348 dv-cinder-800696-1-smb devstack@c-api.service[99908]: [pid: 99908|app: 0|req: 12/29] 10.222.0.23 () {60 vars in 1414 bytes} [Tue Jul 13 20:09:06 2021] GET /volume/v3/922e4fa586194e4c979dfd0669ca1e37/group_types/14bdcabd-3ab4-4f8c-9766-a5f37a1517a0/group_specs => generated 87 bytes in 45 msecs (HTTP/1.1 200) 7 headers in 285 bytes (1 switches on core 0)
Jul 13 20:09:06.125800 dv-cinder-800696-1-smb devstack@c-api.service[99907]: INFO cinder.api.openstack.wsgi [None req-fd02321d-039e-4cc0-afb6-077a8e2bca8b tempest-GroupTypeSpecsTest-1210211611 tempest-GroupTypeSpecsTest-1210211611-project-admin] DELETE http://10.222.0.23/volume/v3/922e4fa586194e4c979dfd0669ca1e37/group_types/14bdcabd-3ab4-4f8c-9766-a5f37a1517a0/group_specs/key1
Jul 13 20:09:06.126649 dv-cinder-800696-1-smb devstack@c-api.service[99907]: DEBUG cinder.api.openstack.wsgi [None req-fd02321d-039e-4cc0-afb6-077a8e2bca8b tempest-GroupTypeSpecsTest-1210211611 tempest-GroupTypeSpecsTest-1210211611-project-admin] Empty body provided in request {{(pid=99907) get_body /opt/stack/cinder/cinder/api/openstack/wsgi.py:713}}
Jul 13 20:09:06.127265 dv-cinder-800696-1-smb devstack@c-api.service[99907]: DEBUG cinder.api.openstack.wsgi [None req-fd02321d-039e-4cc0-afb6-077a8e2bca8b tempest-GroupTypeSpecsTest-1210211611 tempest-GroupTypeSpecsTest-1210211611-project-admin] Calling method 'version_select' {{(pid=99907) _process_stack /opt/stack/cinder/cinder/api/openstack/wsgi.py:866}}
Jul 13 20:09:06.157635 dv-cinder-800696-1-smb devstack@c-api.service[99907]: INFO cinder.api.openstack.wsgi [None req-fd02321d-039e-4cc0-afb6-077a8e2bca8b tempest-GroupTypeSpecsTest-1210211611 tempest-GroupTypeSpecsTest-1210211611-project-admin] http://10.222.0.23/volume/v3/922e4fa586194e4c979dfd0669ca1e37/group_types/14bdcabd-3ab4-4f8c-9766-a5f37a1517a0/group_specs/key1 returned with HTTP 202
Jul 13 20:09:06.162500 dv-cinder-800696-1-smb devstack@c-api.service[99907]: [pid: 99907|app: 0|req: 18/30] 10.222.0.23 () {60 vars in 1432 bytes} [Tue Jul 13 20:09:06 2021] DELETE /volume/v3/922e4fa586194e4c979dfd0669ca1e37/group_types/14bdcabd-3ab4-4f8c-9766-a5f37a1517a0/group_specs/key1 => generated 0 bytes in 47 msecs (HTTP/1.1 202) 6 headers in 234 bytes (1 switches on core 0)
Jul 13 20:09:06.166661 dv-cinder-800696-1-smb devstack@c-api.service[99908]: INFO cinder.api.openstack.wsgi [None req-7cbaee9c-c37d-4b78-8625-32515744624c tempest-GroupTypeSpecsTest-1210211611 tempest-GroupTypeSpecsTest-1210211611-project-admin] GET http://10.222.0.23/volume/v3/922e4fa586194e4c979dfd0669ca1e37/group_types/14bdcabd-3ab4-4f8c-9766-a5f37a1517a0/group_specs/key1
Jul 13 20:09:06.167279 dv-cinder-800696-1-smb devstack@c-api.service[99908]: DEBUG cinder.api.openstack.wsgi [None req-7cbaee9c-c37d-4b78-8625-32515744624c tempest-GroupTypeSpecsTest-1210211611 tempest-GroupTypeSpecsTest-1210211611-project-admin] Empty body provided in request {{(pid=99908) get_body /opt/stack/cinder/cinder/api/openstack/wsgi.py:713}}
Jul 13 20:09:06.167723 dv-cinder-800696-1-smb devstack@c-api.service[99908]: DEBUG cinder.api.openstack.wsgi [None req-7cbaee9c-c37d-4b78-8625-32515744624c tempest-GroupTypeSpecsTest-1210211611 tempest-GroupTypeSpecsTest-1210211611-project-admin] Calling method 'version_select' {{(pid=99908) _process_stack /opt/stack/cinder/cinder/api/openstack/wsgi.py:866}}
Jul 13 20:09:06.189458 dv-cinder-800696-1-smb devstack@c-api.service[99908]: INFO cinder.api.openstack.wsgi [None req-7cbaee9c-c37d-4b78-8625-32515744624c tempest-GroupTypeSpecsTest-1210211611 tempest-GroupTypeSpecsTest-1210211611-project-admin] HTTP exception thrown: Group Type 14bdcabd-3ab4-4f8c-9766-a5f37a1517a0 has no extra spec with key key1.
Jul 13 20:09:06.189834 dv-cinder-800696-1-smb devstack@c-api.service[99908]: INFO cinder.api.openstack.wsgi [None req-7cbaee9c-c37d-4b78-8625-32515744624c tempest-GroupTypeSpecsTest-1210211611 tempest-GroupTypeSpecsTest-1210211611-project-admin] http://10.222.0.23/volume/v3/922e4fa586194e4c979dfd0669ca1e37/group_types/14bdcabd-3ab4-4f8c-9766-a5f37a1517a0/group_specs/key1 returned with HTTP 404
Jul 13 20:09:06.190880 dv-cinder-800696-1-smb devstack@c-api.service[99908]: [pid: 99908|app: 0|req: 13/31] 10.222.0.23 () {60 vars in 1429 bytes} [Tue Jul 13 20:09:06 2021] GET /volume/v3/922e4fa586194e4c979dfd0669ca1e37/group_types/14bdcabd-3ab4-4f8c-9766-a5f37a1517a0/group_specs/key1 => generated 126 bytes in 28 msecs (HTTP/1.1 404) 7 headers in 293 bytes (2 switches on core 0)
Jul 13 20:09:06.202566 dv-cinder-800696-1-smb devstack@c-api.service[99907]: INFO cinder.api.openstack.wsgi [None req-5b9b1853-9e85-4251-b0aa-b9092ec14737 tempest-GroupTypeSpecsTest-1210211611 tempest-GroupTypeSpecsTest-1210211611-project-admin] DELETE http://10.222.0.23/volume/v3/922e4fa586194e4c979dfd0669ca1e37/group_types/14bdcabd-3ab4-4f8c-9766-a5f37a1517a0
Jul 13 20:09:06.203277 dv-cinder-800696-1-smb devstack@c-api.service[99907]: DEBUG cinder.api.openstack.wsgi [None req-5b9b1853-9e85-4251-b0aa-b9092ec14737 tempest-GroupTypeSpecsTest-1210211611 tempest-GroupTypeSpecsTest-1210211611-project-admin] Empty body provided in request {{(pid=99907) get_body /opt/stack/cinder/cinder/api/openstack/wsgi.py:713}}
Jul 13 20:09:06.203987 dv-cinder-800696-1-smb devstack@c-api.service[99907]: DEBUG cinder.api.openstack.wsgi [None req-5b9b1853-9e85-4251-b0aa-b9092ec14737 tempest-GroupTypeSpecsTest-1210211611 tempest-GroupTypeSpecsTest-1210211611-project-admin] Calling method 'version_select' {{(pid=99907) _process_stack /opt/stack/cinder/cinder/api/openstack/wsgi.py:866}}
Jul 13 20:09:06.313266 dv-cinder-800696-1-smb devstack@c-api.service[99907]: INFO cinder.api.openstack.wsgi [None req-5b9b1853-9e85-4251-b0aa-b9092ec14737 tempest-GroupTypeSpecsTest-1210211611 tempest-GroupTypeSpecsTest-1210211611-project-admin] http://10.222.0.23/volume/v3/922e4fa586194e4c979dfd0669ca1e37/group_types/14bdcabd-3ab4-4f8c-9766-a5f37a1517a0 returned with HTTP 202
Jul 13 20:09:06.314386 dv-cinder-800696-1-smb devstack@c-api.service[99907]: [pid: 99907|app: 0|req: 19/32] 10.222.0.23 () {60 vars in 1381 bytes} [Tue Jul 13 20:09:06 2021] DELETE /volume/v3/922e4fa586194e4c979dfd0669ca1e37/group_types/14bdcabd-3ab4-4f8c-9766-a5f37a1517a0 => generated 0 bytes in 117 msecs (HTTP/1.1 202) 6 headers in 234 bytes (1 switches on core 0)
Jul 13 20:09:07.702356 dv-cinder-800696-1-smb devstack@c-api.service[99908]: INFO cinder.api.openstack.wsgi [None req-3a6a0e42-53cf-4ff3-8bc0-4d34c0580532 tempest-GroupSnapshotsTest-1228890157 tempest-GroupSnapshotsTest-1228890157-project-admin] POST http://10.222.0.23/volume/v3/0405f3dff9714c5d9e09aafc95b5e3e8/types
Jul 13 20:09:07.703282 dv-cinder-800696-1-smb devstack@c-api.service[99908]: DEBUG cinder.api.openstack.wsgi [None req-3a6a0e42-53cf-4ff3-8bc0-4d34c0580532 tempest-GroupSnapshotsTest-1228890157 tempest-GroupSnapshotsTest-1228890157-project-admin] Action: 'create', calling method: _create, body: {"volume_type": {"name": "tempest-GroupSnapshotsTest-volume-type-1054715298"}} {{(pid=99908) _process_stack /opt/stack/cinder/cinder/api/openstack/wsgi.py:864}}
Jul 13 20:09:07.744177 dv-cinder-800696-1-smb devstack@c-api.service[99908]: INFO cinder.api.openstack.wsgi [None req-3a6a0e42-53cf-4ff3-8bc0-4d34c0580532 tempest-GroupSnapshotsTest-1228890157 tempest-GroupSnapshotsTest-1228890157-project-admin] http://10.222.0.23/volume/v3/0405f3dff9714c5d9e09aafc95b5e3e8/types returned with HTTP 200
Jul 13 20:09:07.745334 dv-cinder-800696-1-smb devstack@c-api.service[99908]: [pid: 99908|app: 0|req: 14/33] 10.222.0.23 () {60 vars in 1229 bytes} [Tue Jul 13 20:09:07 2021] POST /volume/v3/0405f3dff9714c5d9e09aafc95b5e3e8/types => generated 224 bytes in 457 msecs (HTTP/1.1 200) 7 headers in 285 bytes (1 switches on core 0)
Jul 13 20:09:07.754943 dv-cinder-800696-1-smb devstack@c-api.service[99907]: INFO cinder.api.openstack.wsgi [None req-731deaa7-995f-43f0-9c6a-f7a20203da0c tempest-GroupSnapshotsTest-1228890157 tempest-GroupSnapshotsTest-1228890157-project-admin] POST http://10.222.0.23/volume/v3/0405f3dff9714c5d9e09aafc95b5e3e8/group_types
Jul 13 20:09:07.755743 dv-cinder-800696-1-smb devstack@c-api.service[99907]: DEBUG cinder.api.openstack.wsgi [None req-731deaa7-995f-43f0-9c6a-f7a20203da0c tempest-GroupSnapshotsTest-1228890157 tempest-GroupSnapshotsTest-1228890157-project-admin] Action: 'create', calling method: version_select, body: {"group_type": {"name": "tempest-GroupSnapshotsTest-group-type-1909578213"}} {{(pid=99907) _process_stack /opt/stack/cinder/cinder/api/openstack/wsgi.py:864}}
Jul 13 20:09:07.818499 dv-cinder-800696-1-smb devstack@c-api.service[99907]: INFO cinder.api.openstack.wsgi [None req-731deaa7-995f-43f0-9c6a-f7a20203da0c tempest-GroupSnapshotsTest-1228890157 tempest-GroupSnapshotsTest-1228890157-project-admin] http://10.222.0.23/volume/v3/0405f3dff9714c5d9e09aafc95b5e3e8/group_types returned with HTTP 202
Jul 13 20:09:07.820862 dv-cinder-800696-1-smb devstack@c-api.service[99907]: [pid: 99907|app: 0|req: 20/34] 10.222.0.23 () {62 vars in 1288 bytes} [Tue Jul 13 20:09:07 2021] POST /volume/v3/0405f3dff9714c5d9e09aafc95b5e3e8/group_types => generated 181 bytes in 69 msecs (HTTP/1.1 202) 7 headers in 292 bytes (1 switches on core 0)
Jul 13 20:09:08.097789 dv-cinder-800696-1-smb devstack@c-api.service[99908]: INFO cinder.api.openstack.wsgi [None req-f556f883-7aa9-406e-8f10-8b1a15b6b2b6 tempest-GroupSnapshotsTest-1290040150 tempest-GroupSnapshotsTest-1290040150-project] POST http://10.222.0.23/volume/v3/b9e5cf10344f41b4a00739f111532fb1/groups
Jul 13 20:09:08.099411 dv-cinder-800696-1-smb devstack@c-api.service[99908]: DEBUG cinder.api.openstack.wsgi [None req-f556f883-7aa9-406e-8f10-8b1a15b6b2b6 tempest-GroupSnapshotsTest-1290040150 tempest-GroupSnapshotsTest-1290040150-project] Action: 'create', calling method: version_select, body: {"group": {"group_type": "185a4dd8-7d74-4b27-bb84-84daaac3967f", "volume_types": ["816cfedf-495a-4ba1-8bd7-6431a2596d66"], "name": "tempest-GroupSnapshotsTest-Group-1868296721"}} {{(pid=99908) _process_stack /opt/stack/cinder/cinder/api/openstack/wsgi.py:864}}
Jul 13 20:09:08.101431 dv-cinder-800696-1-smb devstack@c-api.service[99908]: DEBUG cinder.api.v3.groups [None req-f556f883-7aa9-406e-8f10-8b1a15b6b2b6 tempest-GroupSnapshotsTest-1290040150 tempest-GroupSnapshotsTest-1290040150-project] Creating new group {'group': {'group_type': '185a4dd8-7d74-4b27-bb84-84daaac3967f', 'volume_types': ['816cfedf-495a-4ba1-8bd7-6431a2596d66'], 'name': 'tempest-GroupSnapshotsTest-Group-1868296721'}} {{(pid=99908) create /opt/stack/cinder/cinder/api/v3/groups.py:190}}
Jul 13 20:09:08.109696 dv-cinder-800696-1-smb devstack@c-api.service[99908]: INFO cinder.api.v3.groups [None req-f556f883-7aa9-406e-8f10-8b1a15b6b2b6 tempest-GroupSnapshotsTest-1290040150 tempest-GroupSnapshotsTest-1290040150-project] Creating group tempest-GroupSnapshotsTest-Group-1868296721.
Jul 13 20:09:08.171888 dv-cinder-800696-1-smb devstack@c-api.service[99908]: DEBUG cinder.volume.api [None req-f556f883-7aa9-406e-8f10-8b1a15b6b2b6 tempest-GroupSnapshotsTest-1290040150 tempest-GroupSnapshotsTest-1290040150-project] Availability zone cache updated, next update will occur around 2021-07-13 21:09:08.171303. {{(pid=99908) list_availability_zones /opt/stack/cinder/cinder/volume/api.py:148}}
Jul 13 20:09:08.172843 dv-cinder-800696-1-smb devstack@c-api.service[99908]: INFO cinder.volume.api [None req-f556f883-7aa9-406e-8f10-8b1a15b6b2b6 tempest-GroupSnapshotsTest-1290040150 tempest-GroupSnapshotsTest-1290040150-project] Availability Zones retrieved successfully.
Jul 13 20:09:08.265204 dv-cinder-800696-1-smb devstack@c-api.service[99908]: DEBUG cinder.quota [None req-f556f883-7aa9-406e-8f10-8b1a15b6b2b6 tempest-GroupSnapshotsTest-1290040150 tempest-GroupSnapshotsTest-1290040150-project] Created reservations ['e0dd19b0-df01-457b-aa21-aa71f742cb9f'] {{(pid=99908) reserve /opt/stack/cinder/cinder/quota.py:755}}
Jul 13 20:09:08.384344 dv-cinder-800696-1-smb devstack@c-api.service[99908]: INFO cinder.api.openstack.wsgi [None req-f556f883-7aa9-406e-8f10-8b1a15b6b2b6 tempest-GroupSnapshotsTest-1290040150 tempest-GroupSnapshotsTest-1290040150-project] http://10.222.0.23/volume/v3/b9e5cf10344f41b4a00739f111532fb1/groups returned with HTTP 202
Jul 13 20:09:08.397836 dv-cinder-800696-1-smb devstack@c-api.service[99907]: INFO cinder.api.openstack.wsgi [None req-943c388d-8116-46fa-ad0a-98ac370cd5f9 tempest-GroupSnapshotsTest-1290040150 tempest-GroupSnapshotsTest-1290040150-project] GET http://10.222.0.23/volume/v3/b9e5cf10344f41b4a00739f111532fb1/groups/ba97ed3c-9895-4637-ae73-2a6395a746aa
Jul 13 20:09:08.398342 dv-cinder-800696-1-smb devstack@c-api.service[99907]: DEBUG cinder.api.openstack.wsgi [None req-943c388d-8116-46fa-ad0a-98ac370cd5f9 tempest-GroupSnapshotsTest-1290040150 tempest-GroupSnapshotsTest-1290040150-project] Empty body provided in request {{(pid=99907) get_body /opt/stack/cinder/cinder/api/openstack/wsgi.py:713}}
Jul 13 20:09:08.398775 dv-cinder-800696-1-smb devstack@c-api.service[99907]: DEBUG cinder.api.openstack.wsgi [None req-943c388d-8116-46fa-ad0a-98ac370cd5f9 tempest-GroupSnapshotsTest-1290040150 tempest-GroupSnapshotsTest-1290040150-project] Calling method 'version_select' {{(pid=99907) _process_stack /opt/stack/cinder/cinder/api/openstack/wsgi.py:866}}
Jul 13 20:09:08.399388 dv-cinder-800696-1-smb devstack@c-api.service[99907]: DEBUG cinder.api.v3.groups [None req-943c388d-8116-46fa-ad0a-98ac370cd5f9 tempest-GroupSnapshotsTest-1290040150 tempest-GroupSnapshotsTest-1290040150-project] show called for member ba97ed3c-9895-4637-ae73-2a6395a746aa {{(pid=99907) show /opt/stack/cinder/cinder/api/v3/groups.py:58}}
Jul 13 20:09:08.404242 dv-cinder-800696-1-smb devstack@c-api.service[99908]: [pid: 99908|app: 0|req: 15/35] 10.222.0.23 () {62 vars in 1274 bytes} [Tue Jul 13 20:09:07 2021] POST /volume/v3/b9e5cf10344f41b4a00739f111532fb1/groups => generated 112 bytes in 579 msecs (HTTP/1.1 202) 7 headers in 292 bytes (1 switches on core 0)
Jul 13 20:09:08.425867 dv-cinder-800696-1-smb devstack@c-api.service[99907]: /usr/local/lib/python3.8/dist-packages/oslo_context/context.py:105: DeprecationWarning: Policy enforcement is depending on the value of is_admin. This key is deprecated. Please update your policy file to use the standard policy values.
Jul 13 20:09:08.425867 dv-cinder-800696-1-smb devstack@c-api.service[99907]: warnings.warn('Policy enforcement is depending on the value of '
Jul 13 20:09:08.554795 dv-cinder-800696-1-smb devstack@c-api.service[99907]: INFO cinder.api.openstack.wsgi [None req-943c388d-8116-46fa-ad0a-98ac370cd5f9 tempest-GroupSnapshotsTest-1290040150 tempest-GroupSnapshotsTest-1290040150-project] http://10.222.0.23/volume/v3/b9e5cf10344f41b4a00739f111532fb1/groups/ba97ed3c-9895-4637-ae73-2a6395a746aa returned with HTTP 200
Jul 13 20:09:08.564091 dv-cinder-800696-1-smb devstack@c-api.service[99907]: [pid: 99907|app: 0|req: 21/36] 10.222.0.23 () {60 vars in 1363 bytes} [Tue Jul 13 20:09:08 2021] GET /volume/v3/b9e5cf10344f41b4a00739f111532fb1/groups/ba97ed3c-9895-4637-ae73-2a6395a746aa => generated 392 bytes in 172 msecs (HTTP/1.1 200) 7 headers in 286 bytes (1 switches on core 0)
Jul 13 20:09:09.575243 dv-cinder-800696-1-smb devstack@c-api.service[99908]: INFO cinder.api.openstack.wsgi [None req-427f34aa-9ec2-416c-b9f9-cd342ecdc21a tempest-GroupSnapshotsTest-1290040150 tempest-GroupSnapshotsTest-1290040150-project] GET http://10.222.0.23/volume/v3/b9e5cf10344f41b4a00739f111532fb1/groups/ba97ed3c-9895-4637-ae73-2a6395a746aa
Jul 13 20:09:09.575911 dv-cinder-800696-1-smb devstack@c-api.service[99908]: DEBUG cinder.api.openstack.wsgi [None req-427f34aa-9ec2-416c-b9f9-cd342ecdc21a tempest-GroupSnapshotsTest-1290040150 tempest-GroupSnapshotsTest-1290040150-project] Empty body provided in request {{(pid=99908) get_body /opt/stack/cinder/cinder/api/openstack/wsgi.py:713}}
Jul 13 20:09:09.575911 dv-cinder-800696-1-smb devstack@c-api.service[99908]: /usr/local/lib/python3.8/dist-packages/webob/acceptparse.py:1047: DeprecationWarning: The behavior of AcceptValidHeader.best_match is currently being maintained for backward compatibility, but it will be deprecated in the future, as it does not conform to the RFC.
Jul 13 20:09:09.575911 dv-cinder-800696-1-smb devstack@c-api.service[99908]: warnings.warn(
Jul 13 20:09:09.577089 dv-cinder-800696-1-smb devstack@c-api.service[99908]: DEBUG cinder.api.openstack.wsgi [None req-427f34aa-9ec2-416c-b9f9-cd342ecdc21a tempest-GroupSnapshotsTest-1290040150 tempest-GroupSnapshotsTest-1290040150-project] Calling method 'version_select' {{(pid=99908) _process_stack /opt/stack/cinder/cinder/api/openstack/wsgi.py:866}}
Jul 13 20:09:09.577636 dv-cinder-800696-1-smb devstack@c-api.service[99908]: DEBUG cinder.api.v3.groups [None req-427f34aa-9ec2-416c-b9f9-cd342ecdc21a tempest-GroupSnapshotsTest-1290040150 tempest-GroupSnapshotsTest-1290040150-project] show called for member ba97ed3c-9895-4637-ae73-2a6395a746aa {{(pid=99908) show /opt/stack/cinder/cinder/api/v3/groups.py:58}}
Jul 13 20:09:09.597220 dv-cinder-800696-1-smb devstack@c-api.service[99908]: /usr/local/lib/python3.8/dist-packages/oslo_context/context.py:105: DeprecationWarning: Policy enforcement is depending on the value of is_admin. This key is deprecated. Please update your policy file to use the standard policy values.
Jul 13 20:09:09.597220 dv-cinder-800696-1-smb devstack@c-api.service[99908]: warnings.warn('Policy enforcement is depending on the value of '
Jul 13 20:09:09.658042 dv-cinder-800696-1-smb devstack@c-api.service[99908]: INFO cinder.api.openstack.wsgi [None req-427f34aa-9ec2-416c-b9f9-cd342ecdc21a tempest-GroupSnapshotsTest-1290040150 tempest-GroupSnapshotsTest-1290040150-project] http://10.222.0.23/volume/v3/b9e5cf10344f41b4a00739f111532fb1/groups/ba97ed3c-9895-4637-ae73-2a6395a746aa returned with HTTP 200
Jul 13 20:09:09.669046 dv-cinder-800696-1-smb devstack@c-api.service[99907]: INFO cinder.api.openstack.wsgi [None req-3b77108b-42b3-4315-90ff-e4111dc741ac tempest-GroupSnapshotsTest-1290040150 tempest-GroupSnapshotsTest-1290040150-project] POST http://10.222.0.23/volume/v3/b9e5cf10344f41b4a00739f111532fb1/volumes
Jul 13 20:09:09.670738 dv-cinder-800696-1-smb devstack@c-api.service[99907]: /usr/local/lib/python3.8/dist-packages/webob/acceptparse.py:1047: DeprecationWarning: The behavior of AcceptValidHeader.best_match is currently being maintained for backward compatibility, but it will be deprecated in the future, as it does not conform to the RFC.
Jul 13 20:09:09.670738 dv-cinder-800696-1-smb devstack@c-api.service[99907]: warnings.warn(
Jul 13 20:09:09.671354 dv-cinder-800696-1-smb devstack@c-api.service[99907]: DEBUG cinder.api.openstack.wsgi [None req-3b77108b-42b3-4315-90ff-e4111dc741ac tempest-GroupSnapshotsTest-1290040150 tempest-GroupSnapshotsTest-1290040150-project] Action: 'create', calling method: create, body: {"volume": {"volume_type": "816cfedf-495a-4ba1-8bd7-6431a2596d66", "group_id": "ba97ed3c-9895-4637-ae73-2a6395a746aa", "size": 1, "name": "tempest-GroupSnapshotsTest-Volume-762949739"}} {{(pid=99907) _process_stack /opt/stack/cinder/cinder/api/openstack/wsgi.py:864}}
Jul 13 20:09:09.672584 dv-cinder-800696-1-smb devstack@c-api.service[99907]: DEBUG cinder.api.v3.volumes [None req-3b77108b-42b3-4315-90ff-e4111dc741ac tempest-GroupSnapshotsTest-1290040150 tempest-GroupSnapshotsTest-1290040150-project] Create volume request body: {'volume': {'volume_type': '816cfedf-495a-4ba1-8bd7-6431a2596d66', 'group_id': 'ba97ed3c-9895-4637-ae73-2a6395a746aa', 'size': 1, 'name': 'tempest-GroupSnapshotsTest-Volume-762949739'}} {{(pid=99907) create /opt/stack/cinder/cinder/api/v3/volumes.py:289}}
Jul 13 20:09:09.675987 dv-cinder-800696-1-smb devstack@c-api.service[99908]: [pid: 99908|app: 0|req: 16/37] 10.222.0.23 () {60 vars in 1363 bytes} [Tue Jul 13 20:09:09 2021] GET /volume/v3/b9e5cf10344f41b4a00739f111532fb1/groups/ba97ed3c-9895-4637-ae73-2a6395a746aa => generated 393 bytes in 95 msecs (HTTP/1.1 200) 7 headers in 286 bytes (1 switches on core 0)
Jul 13 20:09:09.713578 dv-cinder-800696-1-smb devstack@c-api.service[99907]: /usr/local/lib/python3.8/dist-packages/oslo_context/context.py:105: DeprecationWarning: Policy enforcement is depending on the value of is_admin. This key is deprecated. Please update your policy file to use the standard policy values.
Jul 13 20:09:09.713578 dv-cinder-800696-1-smb devstack@c-api.service[99907]: warnings.warn('Policy enforcement is depending on the value of '
Jul 13 20:09:09.715306 dv-cinder-800696-1-smb devstack@c-api.service[99907]: INFO cinder.api.v3.volumes [None req-3b77108b-42b3-4315-90ff-e4111dc741ac tempest-GroupSnapshotsTest-1290040150 tempest-GroupSnapshotsTest-1290040150-project] Create volume of 1 GB
Jul 13 20:09:09.748971 dv-cinder-800696-1-smb devstack@c-api.service[99907]: DEBUG cinder.volume.api [None req-3b77108b-42b3-4315-90ff-e4111dc741ac tempest-GroupSnapshotsTest-1290040150 tempest-GroupSnapshotsTest-1290040150-project] Availability zone cache updated, next update will occur around 2021-07-13 21:09:09.740366. {{(pid=99907) list_availability_zones /opt/stack/cinder/cinder/volume/api.py:148}}
Jul 13 20:09:09.749529 dv-cinder-800696-1-smb devstack@c-api.service[99907]: INFO cinder.volume.api [None req-3b77108b-42b3-4315-90ff-e4111dc741ac tempest-GroupSnapshotsTest-1290040150 tempest-GroupSnapshotsTest-1290040150-project] Availability Zones retrieved successfully.
Jul 13 20:09:09.861746 dv-cinder-800696-1-smb devstack@c-api.service[99907]: DEBUG cinder.volume.api [None req-3b77108b-42b3-4315-90ff-e4111dc741ac tempest-GroupSnapshotsTest-1290040150 tempest-GroupSnapshotsTest-1290040150-project] Flow 'volume_create_api' (980551bb-0876-4b45-9766-bf8b55365584) transitioned into state 'RUNNING' from state 'PENDING' {{(pid=99907) _flow_receiver /usr/local/lib/python3.8/dist-packages/taskflow/listeners/logging.py:141}}
Jul 13 20:09:09.864595 dv-cinder-800696-1-smb devstack@c-api.service[99907]: DEBUG cinder.volume.api [None req-3b77108b-42b3-4315-90ff-e4111dc741ac tempest-GroupSnapshotsTest-1290040150 tempest-GroupSnapshotsTest-1290040150-project] Task 'cinder.volume.flows.api.create_volume.ExtractVolumeRequestTask;volume:create' (ad68c5ea-b253-4caf-9b7f-1ebec4a512fb) transitioned into state 'RUNNING' from state 'PENDING' {{(pid=99907) _task_receiver /usr/local/lib/python3.8/dist-packages/taskflow/listeners/logging.py:190}}
Jul 13 20:09:09.889597 dv-cinder-800696-1-smb devstack@c-api.service[99907]: /usr/local/lib/python3.8/dist-packages/oslo_context/context.py:105: DeprecationWarning: Policy enforcement is depending on the value of is_admin. This key is deprecated. Please update your policy file to use the standard policy values.
Jul 13 20:09:09.889597 dv-cinder-800696-1-smb devstack@c-api.service[99907]: warnings.warn('Policy enforcement is depending on the value of '
Jul 13 20:09:09.890646 dv-cinder-800696-1-smb devstack@c-api.service[99907]: DEBUG cinder.volume.flows.api.create_volume [None req-3b77108b-42b3-4315-90ff-e4111dc741ac tempest-GroupSnapshotsTest-1290040150 tempest-GroupSnapshotsTest-1290040150-project] Validating volume size '1' using validate_int {{(pid=99907) _extract_size /opt/stack/cinder/cinder/volume/flows/api/create_volume.py:201}}
Jul 13 20:09:09.977024 dv-cinder-800696-1-smb devstack@c-api.service[99907]: DEBUG cinder.volume.api [None req-3b77108b-42b3-4315-90ff-e4111dc741ac tempest-GroupSnapshotsTest-1290040150 tempest-GroupSnapshotsTest-1290040150-project] Task 'cinder.volume.flows.api.create_volume.ExtractVolumeRequestTask;volume:create' (ad68c5ea-b253-4caf-9b7f-1ebec4a512fb) transitioned into state 'SUCCESS' from state 'RUNNING' with result '{'size': 1, 'snapshot_id': None, 'source_volid': None, 'volume_type': VolumeType(created_at=2021-07-13T20:09:08Z,deleted=False,deleted_at=None,description=None,extra_specs={},id=816cfedf-495a-4ba1-8bd7-6431a2596d66,is_public=True,name='tempest-GroupSnapshotsTest-volume-type-1054715298',projects=[],qos_specs=,qos_specs_id=None,updated_at=None), 'volume_type_id': '816cfedf-495a-4ba1-8bd7-6431a2596d66', 'encryption_key_id': None, 'qos_specs': None, 'consistencygroup_id': None, 'cgsnapshot_id': None, 'group_id': 'ba97ed3c-9895-4637-ae73-2a6395a746aa', 'replication_status': 'disabled', 'refresh_az': False, 'backup_id': None, 'multiattach': False, 'availability_zones': ['nova']}' {{(pid=99907) _task_receiver /usr/local/lib/python3.8/dist-packages/taskflow/listeners/logging.py:178}}
Jul 13 20:09:09.979779 dv-cinder-800696-1-smb devstack@c-api.service[99907]: DEBUG cinder.volume.api [None req-3b77108b-42b3-4315-90ff-e4111dc741ac tempest-GroupSnapshotsTest-1290040150 tempest-GroupSnapshotsTest-1290040150-project] Task 'cinder.volume.flows.api.create_volume.QuotaReserveTask;volume:create' (af029a31-fd98-4836-a8f6-0edcf518ca26) transitioned into state 'RUNNING' from state 'PENDING' {{(pid=99907) _task_receiver /usr/local/lib/python3.8/dist-packages/taskflow/listeners/logging.py:190}}
Jul 13 20:09:10.009591 dv-cinder-800696-1-smb devstack@c-api.service[99908]: INFO cinder.api.openstack.wsgi [None req-e3bbe592-1d02-434d-8876-01ba7080ae3b tempest-GroupsV314Test-1369238168 tempest-GroupsV314Test-1369238168-project-admin] POST http://10.222.0.23/volume/v3/971e9f43e02b452bb97bde695093a1d7/types
Jul 13 20:09:10.010452 dv-cinder-800696-1-smb devstack@c-api.service[99908]: /usr/local/lib/python3.8/dist-packages/webob/acceptparse.py:1047: DeprecationWarning: The behavior of AcceptValidHeader.best_match is currently being maintained for backward compatibility, but it will be deprecated in the future, as it does not conform to the RFC.
Jul 13 20:09:10.010452 dv-cinder-800696-1-smb devstack@c-api.service[99908]: warnings.warn(
Jul 13 20:09:10.011057 dv-cinder-800696-1-smb devstack@c-api.service[99908]: DEBUG cinder.api.openstack.wsgi [None req-e3bbe592-1d02-434d-8876-01ba7080ae3b tempest-GroupsV314Test-1369238168 tempest-GroupsV314Test-1369238168-project-admin] Action: 'create', calling method: _create, body: {"volume_type": {"name": "tempest-GroupsV314Test-volume-type-1931374206"}} {{(pid=99908) _process_stack /opt/stack/cinder/cinder/api/openstack/wsgi.py:864}}
Jul 13 20:09:10.012371 dv-cinder-800696-1-smb devstack@c-api.service[99908]: /usr/local/lib/python3.8/dist-packages/oslo_context/context.py:105: DeprecationWarning: Policy enforcement is depending on the value of is_admin. This key is deprecated. Please update your policy file to use the standard policy values.
Jul 13 20:09:10.012371 dv-cinder-800696-1-smb devstack@c-api.service[99908]: warnings.warn('Policy enforcement is depending on the value of '
Jul 13 20:09:10.063062 dv-cinder-800696-1-smb devstack@c-api.service[99908]: INFO cinder.api.openstack.wsgi [None req-e3bbe592-1d02-434d-8876-01ba7080ae3b tempest-GroupsV314Test-1369238168 tempest-GroupsV314Test-1369238168-project-admin] http://10.222.0.23/volume/v3/971e9f43e02b452bb97bde695093a1d7/types returned with HTTP 200
Jul 13 20:09:10.065607 dv-cinder-800696-1-smb devstack@c-api.service[99908]: [pid: 99908|app: 0|req: 17/38] 10.222.0.23 () {60 vars in 1229 bytes} [Tue Jul 13 20:09:09 2021] POST /volume/v3/971e9f43e02b452bb97bde695093a1d7/types => generated 220 bytes in 242 msecs (HTTP/1.1 200) 7 headers in 285 bytes (1 switches on core 0)
Jul 13 20:09:10.075108 dv-cinder-800696-1-smb devstack@c-api.service[99908]: INFO cinder.api.openstack.wsgi [None req-7da5faf0-70a0-47b4-aba3-0ff8adcc6131 tempest-GroupsV314Test-1369238168 tempest-GroupsV314Test-1369238168-project-admin] POST http://10.222.0.23/volume/v3/971e9f43e02b452bb97bde695093a1d7/group_types
Jul 13 20:09:10.079702 dv-cinder-800696-1-smb devstack@c-api.service[99908]: DEBUG cinder.api.openstack.wsgi [None req-7da5faf0-70a0-47b4-aba3-0ff8adcc6131 tempest-GroupsV314Test-1369238168 tempest-GroupsV314Test-1369238168-project-admin] Action: 'create', calling method: version_select, body: {"group_type": {"name": "tempest-GroupsV314Test-group-type-502181694"}} {{(pid=99908) _process_stack /opt/stack/cinder/cinder/api/openstack/wsgi.py:864}}
Jul 13 20:09:10.119604 dv-cinder-800696-1-smb devstack@c-api.service[99907]: WARNING cinder.quota [None req-3b77108b-42b3-4315-90ff-e4111dc741ac tempest-GroupSnapshotsTest-1290040150 tempest-GroupSnapshotsTest-1290040150-project] Deprecated: Default quota for resource: volumes_tempest-GroupSnapshotsTest-volume-type-1054715298 is set by the default quota flag: quota_volumes_tempest-GroupSnapshotsTest-volume-type-1054715298, it is now deprecated. Please use the default quota class for default quota.
Jul 13 20:09:10.120992 dv-cinder-800696-1-smb devstack@c-api.service[99907]: WARNING cinder.quota [None req-3b77108b-42b3-4315-90ff-e4111dc741ac tempest-GroupSnapshotsTest-1290040150 tempest-GroupSnapshotsTest-1290040150-project] Deprecated: Default quota for resource: gigabytes_tempest-GroupSnapshotsTest-volume-type-1054715298 is set by the default quota flag: quota_gigabytes_tempest-GroupSnapshotsTest-volume-type-1054715298, it is now deprecated. Please use the default quota class for default quota.
Jul 13 20:09:10.133582 dv-cinder-800696-1-smb devstack@c-api.service[99908]: INFO cinder.api.openstack.wsgi [None req-7da5faf0-70a0-47b4-aba3-0ff8adcc6131 tempest-GroupsV314Test-1369238168 tempest-GroupsV314Test-1369238168-project-admin] http://10.222.0.23/volume/v3/971e9f43e02b452bb97bde695093a1d7/group_types returned with HTTP 202
Jul 13 20:09:10.138856 dv-cinder-800696-1-smb devstack@c-api.service[99908]: [pid: 99908|app: 0|req: 18/39] 10.222.0.23 () {62 vars in 1288 bytes} [Tue Jul 13 20:09:10 2021] POST /volume/v3/971e9f43e02b452bb97bde695093a1d7/group_types => generated 176 bytes in 67 msecs (HTTP/1.1 202) 7 headers in 292 bytes (1 switches on core 0)
Jul 13 20:09:10.289702 dv-cinder-800696-1-smb devstack@c-api.service[99907]: DEBUG cinder.quota [None req-3b77108b-42b3-4315-90ff-e4111dc741ac tempest-GroupSnapshotsTest-1290040150 tempest-GroupSnapshotsTest-1290040150-project] Created reservations ['0debd3b2-b0d7-4582-a34e-07a59f8a0ddd', '012941c7-89d9-4dd9-9e2e-901ca44ce290', '5b5fd9b8-eff1-477c-8451-64b8a9707d19', '62c8b15f-2517-414e-84b4-7ddb6c4a9d92'] {{(pid=99907) reserve /opt/stack/cinder/cinder/quota.py:755}}
Jul 13 20:09:10.292034 dv-cinder-800696-1-smb devstack@c-api.service[99907]: DEBUG cinder.volume.api [None req-3b77108b-42b3-4315-90ff-e4111dc741ac tempest-GroupSnapshotsTest-1290040150 tempest-GroupSnapshotsTest-1290040150-project] Task 'cinder.volume.flows.api.create_volume.QuotaReserveTask;volume:create' (af029a31-fd98-4836-a8f6-0edcf518ca26) transitioned into state 'SUCCESS' from state 'RUNNING' with result '{'reservations': ['0debd3b2-b0d7-4582-a34e-07a59f8a0ddd', '012941c7-89d9-4dd9-9e2e-901ca44ce290', '5b5fd9b8-eff1-477c-8451-64b8a9707d19', '62c8b15f-2517-414e-84b4-7ddb6c4a9d92']}' {{(pid=99907) _task_receiver /usr/local/lib/python3.8/dist-packages/taskflow/listeners/logging.py:178}}
Jul 13 20:09:10.294785 dv-cinder-800696-1-smb devstack@c-api.service[99907]: DEBUG cinder.volume.api [None req-3b77108b-42b3-4315-90ff-e4111dc741ac tempest-GroupSnapshotsTest-1290040150 tempest-GroupSnapshotsTest-1290040150-project] Task 'cinder.volume.flows.api.create_volume.EntryCreateTask;volume:create' (7119c08f-b133-436c-9086-ece86d04fddc) transitioned into state 'RUNNING' from state 'PENDING' {{(pid=99907) _task_receiver /usr/local/lib/python3.8/dist-packages/taskflow/listeners/logging.py:190}}
Jul 13 20:09:10.334301 dv-cinder-800696-1-smb devstack@c-api.service[99908]: INFO cinder.api.openstack.wsgi [None req-db313918-839c-4288-a1f2-21fa58fc53e9 tempest-GroupsV314Test-1463412187 tempest-GroupsV314Test-1463412187-project] POST http://10.222.0.23/volume/v3/b1073b7be931483393b41ba129fc4285/groups
Jul 13 20:09:10.335431 dv-cinder-800696-1-smb devstack@c-api.service[99908]: DEBUG cinder.api.openstack.wsgi [None req-db313918-839c-4288-a1f2-21fa58fc53e9 tempest-GroupsV314Test-1463412187 tempest-GroupsV314Test-1463412187-project] Action: 'create', calling method: version_select, body: {"group": {"group_type": "f889cadc-e694-4492-9041-9bdb018b5093", "volume_types": ["bb3d6f26-0a08-4d36-8010-ed5561699b41"], "name": "tempest-GroupsV314Test-Group-1361408893"}} {{(pid=99908) _process_stack /opt/stack/cinder/cinder/api/openstack/wsgi.py:864}}
Jul 13 20:09:10.336577 dv-cinder-800696-1-smb devstack@c-api.service[99908]: DEBUG cinder.api.v3.groups [None req-db313918-839c-4288-a1f2-21fa58fc53e9 tempest-GroupsV314Test-1463412187 tempest-GroupsV314Test-1463412187-project] Creating new group {'group': {'group_type': 'f889cadc-e694-4492-9041-9bdb018b5093', 'volume_types': ['bb3d6f26-0a08-4d36-8010-ed5561699b41'], 'name': 'tempest-GroupsV314Test-Group-1361408893'}} {{(pid=99908) create /opt/stack/cinder/cinder/api/v3/groups.py:190}}
Jul 13 20:09:10.352434 dv-cinder-800696-1-smb devstack@c-api.service[99908]: INFO cinder.api.v3.groups [None req-db313918-839c-4288-a1f2-21fa58fc53e9 tempest-GroupsV314Test-1463412187 tempest-GroupsV314Test-1463412187-project] Creating group tempest-GroupsV314Test-Group-1361408893.
Jul 13 20:09:10.377533 dv-cinder-800696-1-smb devstack@c-api.service[99907]: DEBUG cinder.volume.api [None req-3b77108b-42b3-4315-90ff-e4111dc741ac tempest-GroupSnapshotsTest-1290040150 tempest-GroupSnapshotsTest-1290040150-project] Task 'cinder.volume.flows.api.create_volume.EntryCreateTask;volume:create' (7119c08f-b133-436c-9086-ece86d04fddc) transitioned into state 'SUCCESS' from state 'RUNNING' with result '{'volume_id': '088a5a32-a2a5-4675-8864-dd5228ad1b94', 'volume_properties': VolumeProperties(attach_status='detached',availability_zone='nova',cgsnapshot_id=None,consistencygroup_id=None,display_description=None,display_name='tempest-GroupSnapshotsTest-Volume-762949739',encryption_key_id=None,group_id=ba97ed3c-9895-4637-ae73-2a6395a746aa,group_type_id=,metadata={},multiattach=False,project_id='b9e5cf10344f41b4a00739f111532fb1',qos_specs=None,replication_status=,reservations=['0debd3b2-b0d7-4582-a34e-07a59f8a0ddd','012941c7-89d9-4dd9-9e2e-901ca44ce290','5b5fd9b8-eff1-477c-8451-64b8a9707d19','62c8b15f-2517-414e-84b4-7ddb6c4a9d92'],size=1,snapshot_id=None,source_replicaid=,source_volid=None,status='creating',user_id='cfc10849de3b4ef4a1204941a1a3e75a',volume_type_id=816cfedf-495a-4ba1-8bd7-6431a2596d66), 'volume': Volume(_name_id=None,admin_metadata=,attach_status='detached',availability_zone='nova',bootable=False,cluster=,cluster_name=None,consistencygroup=,consistencygroup_id=None,created_at=2021-07-13T20:09:10Z,deleted=False,deleted_at=None,display_description=None,display_name='tempest-GroupSnapshotsTest-Volume-762949739',ec2_id=None,encryption_key_id=None,glance_metadata=,group=,group_id=ba97ed3c-9895-4637-ae73-2a6395a746aa,host=None,id=088a5a32-a2a5-4675-8864-dd5228ad1b94,launched_at=None,metadata={},migration_status=None,multiattach=False,previous_status=None,project_id='b9e5cf10344f41b4a00739f111532fb1',provider_auth=None,provider_geometry=None,provider_id=None,provider_location=None,replication_driver_data=None,replication_extended_status=None,replication_status=None,scheduled_at=None,service_uuid=None,shared_targets=True,size=1,snapshot_id=None,snapshots=,source_volid=None,status='creating',terminated_at=None,updated_at=None,user_id='cfc10849de3b4ef4a1204941a1a3e75a',volume_attachment=,volume_type=VolumeType(816cfedf-495a-4ba1-8bd7-6431a2596d66),volume_type_id=816cfedf-495a-4ba1-8bd7-6431a2596d66)}' {{(pid=99907) _task_receiver /usr/local/lib/python3.8/dist-packages/taskflow/listeners/logging.py:178}}
Jul 13 20:09:10.382211 dv-cinder-800696-1-smb devstack@c-api.service[99907]: DEBUG cinder.volume.api [None req-3b77108b-42b3-4315-90ff-e4111dc741ac tempest-GroupSnapshotsTest-1290040150 tempest-GroupSnapshotsTest-1290040150-project] Task 'cinder.volume.flows.api.create_volume.QuotaCommitTask;volume:create' (b355012c-c585-459d-93e7-d086acabd0e8) transitioned into state 'RUNNING' from state 'PENDING' {{(pid=99907) _task_receiver /usr/local/lib/python3.8/dist-packages/taskflow/listeners/logging.py:190}}
Jul 13 20:09:10.392313 dv-cinder-800696-1-smb devstack@c-api.service[99908]: INFO cinder.volume.api [None req-db313918-839c-4288-a1f2-21fa58fc53e9 tempest-GroupsV314Test-1463412187 tempest-GroupsV314Test-1463412187-project] Availability Zones retrieved successfully.
Jul 13 20:09:10.461802 dv-cinder-800696-1-smb devstack@c-api.service[99907]: DEBUG cinder.volume.api [None req-3b77108b-42b3-4315-90ff-e4111dc741ac tempest-GroupSnapshotsTest-1290040150 tempest-GroupSnapshotsTest-1290040150-project] Task 'cinder.volume.flows.api.create_volume.QuotaCommitTask;volume:create' (b355012c-c585-459d-93e7-d086acabd0e8) transitioned into state 'SUCCESS' from state 'RUNNING' with result '{'volume_properties': VolumeProperties(attach_status='detached',availability_zone='nova',cgsnapshot_id=None,consistencygroup_id=None,display_description=None,display_name='tempest-GroupSnapshotsTest-Volume-762949739',encryption_key_id=None,group_id=ba97ed3c-9895-4637-ae73-2a6395a746aa,group_type_id=,metadata={},multiattach=False,project_id='b9e5cf10344f41b4a00739f111532fb1',qos_specs=None,replication_status=,reservations=['0debd3b2-b0d7-4582-a34e-07a59f8a0ddd','012941c7-89d9-4dd9-9e2e-901ca44ce290','5b5fd9b8-eff1-477c-8451-64b8a9707d19','62c8b15f-2517-414e-84b4-7ddb6c4a9d92'],size=1,snapshot_id=None,source_replicaid=,source_volid=None,status='creating',user_id='cfc10849de3b4ef4a1204941a1a3e75a',volume_type_id=816cfedf-495a-4ba1-8bd7-6431a2596d66)}' {{(pid=99907) _task_receiver /usr/local/lib/python3.8/dist-packages/taskflow/listeners/logging.py:178}}
Jul 13 20:09:10.469496 dv-cinder-800696-1-smb devstack@c-api.service[99907]: DEBUG cinder.volume.api [None req-3b77108b-42b3-4315-90ff-e4111dc741ac tempest-GroupSnapshotsTest-1290040150 tempest-GroupSnapshotsTest-1290040150-project] Task 'cinder.volume.flows.api.create_volume.VolumeCastTask;volume:create' (d6ceabf6-8b03-4d0d-8386-501e231c78b3) transitioned into state 'RUNNING' from state 'PENDING' {{(pid=99907) _task_receiver /usr/local/lib/python3.8/dist-packages/taskflow/listeners/logging.py:190}}
Jul 13 20:09:10.487023 dv-cinder-800696-1-smb devstack@c-api.service[99908]: DEBUG cinder.quota [None req-db313918-839c-4288-a1f2-21fa58fc53e9 tempest-GroupsV314Test-1463412187 tempest-GroupsV314Test-1463412187-project] Created reservations ['dc44b468-195b-462e-9328-9fe1a0255d70'] {{(pid=99908) reserve /opt/stack/cinder/cinder/quota.py:755}}
Jul 13 20:09:10.536525 dv-cinder-800696-1-smb devstack@c-api.service[99907]: DEBUG cinder.volume.api [None req-3b77108b-42b3-4315-90ff-e4111dc741ac tempest-GroupSnapshotsTest-1290040150 tempest-GroupSnapshotsTest-1290040150-project] Task 'cinder.volume.flows.api.create_volume.VolumeCastTask;volume:create' (d6ceabf6-8b03-4d0d-8386-501e231c78b3) transitioned into state 'SUCCESS' from state 'RUNNING' with result 'None' {{(pid=99907) _task_receiver /usr/local/lib/python3.8/dist-packages/taskflow/listeners/logging.py:178}}
Jul 13 20:09:10.542547 dv-cinder-800696-1-smb devstack@c-api.service[99907]: DEBUG cinder.volume.api [None req-3b77108b-42b3-4315-90ff-e4111dc741ac tempest-GroupSnapshotsTest-1290040150 tempest-GroupSnapshotsTest-1290040150-project] Flow 'volume_create_api' (980551bb-0876-4b45-9766-bf8b55365584) transitioned into state 'SUCCESS' from state 'RUNNING' {{(pid=99907) _flow_receiver /usr/local/lib/python3.8/dist-packages/taskflow/listeners/logging.py:141}}
Jul 13 20:09:10.543709 dv-cinder-800696-1-smb devstack@c-api.service[99907]: INFO cinder.volume.api [None req-3b77108b-42b3-4315-90ff-e4111dc741ac tempest-GroupSnapshotsTest-1290040150 tempest-GroupSnapshotsTest-1290040150-project] Create volume request issued successfully.
Jul 13 20:09:10.576685 dv-cinder-800696-1-smb devstack@c-api.service[99907]: WARNING stevedore.named [None req-3b77108b-42b3-4315-90ff-e4111dc741ac tempest-GroupSnapshotsTest-1290040150 tempest-GroupSnapshotsTest-1290040150-project] Could not load cinder.keymgr.conf_key_mgr.ConfKeyManager
Jul 13 20:09:10.578548 dv-cinder-800696-1-smb devstack@c-api.service[99907]: WARNING castellan.key_manager [None req-3b77108b-42b3-4315-90ff-e4111dc741ac tempest-GroupSnapshotsTest-1290040150 tempest-GroupSnapshotsTest-1290040150-project] Deprecation Warning : cinder.keymgr.conf_key_mgr.ConfKeyManager is not a stevedore based driver, trying to load it as a class: stevedore.exception.NoMatches: No 'castellan.drivers' driver found, looking for 'cinder.keymgr.conf_key_mgr.ConfKeyManager'
Jul 13 20:09:10.585648 dv-cinder-800696-1-smb devstack@c-api.service[99908]: INFO cinder.api.openstack.wsgi [None req-db313918-839c-4288-a1f2-21fa58fc53e9 tempest-GroupsV314Test-1463412187 tempest-GroupsV314Test-1463412187-project] http://10.222.0.23/volume/v3/b1073b7be931483393b41ba129fc4285/groups returned with HTTP 202
Jul 13 20:09:10.591303 dv-cinder-800696-1-smb devstack@c-api.service[99908]: [pid: 99908|app: 0|req: 19/40] 10.222.0.23 () {62 vars in 1274 bytes} [Tue Jul 13 20:09:10 2021] POST /volume/v3/b1073b7be931483393b41ba129fc4285/groups => generated 108 bytes in 447 msecs (HTTP/1.1 202) 7 headers in 292 bytes (2 switches on core 0)
Jul 13 20:09:10.602863 dv-cinder-800696-1-smb devstack@c-api.service[99907]: DEBUG oslo_db.sqlalchemy.engines [None req-3b77108b-42b3-4315-90ff-e4111dc741ac tempest-GroupSnapshotsTest-1290040150 tempest-GroupSnapshotsTest-1290040150-project] MySQL server mode set to STRICT_TRANS_TABLES,STRICT_ALL_TABLES,NO_ZERO_IN_DATE,NO_ZERO_DATE,ERROR_FOR_DIVISION_BY_ZERO,TRADITIONAL,NO_ENGINE_SUBSTITUTION {{(pid=99907) _check_effective_sql_mode /usr/local/lib/python3.8/dist-packages/oslo_db/sqlalchemy/engines.py:314}}
Jul 13 20:09:10.606119 dv-cinder-800696-1-smb devstack@c-api.service[99908]: INFO cinder.api.openstack.wsgi [None req-d21b691e-d488-4aa2-97f2-38702fd67a43 tempest-GroupsV314Test-1463412187 tempest-GroupsV314Test-1463412187-project] GET http://10.222.0.23/volume/v3/b1073b7be931483393b41ba129fc4285/groups/0b166e3d-8aba-4750-8c1e-b0c46e10eb1d
Jul 13 20:09:10.606635 dv-cinder-800696-1-smb devstack@c-api.service[99908]: DEBUG cinder.api.openstack.wsgi [None req-d21b691e-d488-4aa2-97f2-38702fd67a43 tempest-GroupsV314Test-1463412187 tempest-GroupsV314Test-1463412187-project] Empty body provided in request {{(pid=99908) get_body /opt/stack/cinder/cinder/api/openstack/wsgi.py:713}}
Jul 13 20:09:10.611176 dv-cinder-800696-1-smb devstack@c-api.service[99908]: /usr/local/lib/python3.8/dist-packages/webob/acceptparse.py:1047: DeprecationWarning: The behavior of AcceptValidHeader.best_match is currently being maintained for backward compatibility, but it will be deprecated in the future, as it does not conform to the RFC.
Jul 13 20:09:10.611176 dv-cinder-800696-1-smb devstack@c-api.service[99908]: warnings.warn(
Jul 13 20:09:10.615081 dv-cinder-800696-1-smb devstack@c-api.service[99908]: DEBUG cinder.api.openstack.wsgi [None req-d21b691e-d488-4aa2-97f2-38702fd67a43 tempest-GroupsV314Test-1463412187 tempest-GroupsV314Test-1463412187-project] Calling method 'version_select' {{(pid=99908) _process_stack /opt/stack/cinder/cinder/api/openstack/wsgi.py:866}}
Jul 13 20:09:10.615886 dv-cinder-800696-1-smb devstack@c-api.service[99908]: DEBUG cinder.api.v3.groups [None req-d21b691e-d488-4aa2-97f2-38702fd67a43 tempest-GroupsV314Test-1463412187 tempest-GroupsV314Test-1463412187-project] show called for member 0b166e3d-8aba-4750-8c1e-b0c46e10eb1d {{(pid=99908) show /opt/stack/cinder/cinder/api/v3/groups.py:58}}
Jul 13 20:09:10.617096 dv-cinder-800696-1-smb devstack@c-api.service[99907]: /usr/local/lib/python3.8/dist-packages/oslo_context/context.py:105: DeprecationWarning: Policy enforcement is depending on the value of is_admin. This key is deprecated. Please update your policy file to use the standard policy values.
Jul 13 20:09:10.617096 dv-cinder-800696-1-smb devstack@c-api.service[99907]: warnings.warn('Policy enforcement is depending on the value of '
Jul 13 20:09:10.629354 dv-cinder-800696-1-smb devstack@c-api.service[99908]: /usr/local/lib/python3.8/dist-packages/oslo_context/context.py:105: DeprecationWarning: Policy enforcement is depending on the value of is_admin. This key is deprecated. Please update your policy file to use the standard policy values.
Jul 13 20:09:10.629354 dv-cinder-800696-1-smb devstack@c-api.service[99908]: warnings.warn('Policy enforcement is depending on the value of '
Jul 13 20:09:10.646327 dv-cinder-800696-1-smb devstack@c-api.service[99907]: INFO cinder.api.openstack.wsgi [None req-3b77108b-42b3-4315-90ff-e4111dc741ac tempest-GroupSnapshotsTest-1290040150 tempest-GroupSnapshotsTest-1290040150-project] http://10.222.0.23/volume/v3/b9e5cf10344f41b4a00739f111532fb1/volumes returned with HTTP 202
Jul 13 20:09:10.650529 dv-cinder-800696-1-smb devstack@c-api.service[99907]: [pid: 99907|app: 0|req: 22/41] 10.222.0.23 () {62 vars in 1277 bytes} [Tue Jul 13 20:09:09 2021] POST /volume/v3/b9e5cf10344f41b4a00739f111532fb1/volumes => generated 907 bytes in 985 msecs (HTTP/1.1 202) 7 headers in 292 bytes (2 switches on core 0)
