Aug 27 16:16:11.655543 dv-cinder-800695-5-iscsi devstack@c-api.service[100839]: INFO cinder.api.openstack.wsgi [req-f7f31c02-a3c9-4703-9040-7aea8c13344c req-3af0eeac-7c58-4d86-9880-f59fb23e24a4 tempest-DeleteServersTestJSON-357750880 tempest-DeleteServersTestJSON-357750880-project] POST http://10.222.0.60/volume/v3/1a018fa6d7bf485a928d75bca451f975/attachments/c244bdc9-41f6-4abb-a414-f5ee65f30092/action
Aug 27 16:16:11.655971 dv-cinder-800695-5-iscsi devstack@c-api.service[100839]: /usr/local/lib/python3.8/dist-packages/webob/acceptparse.py:1047: DeprecationWarning: The behavior of AcceptValidHeader.best_match is currently being maintained for backward compatibility, but it will be deprecated in the future, as it does not conform to the RFC.
Aug 27 16:16:11.655971 dv-cinder-800695-5-iscsi devstack@c-api.service[100839]: warnings.warn(
Aug 27 16:16:11.656343 dv-cinder-800695-5-iscsi devstack@c-api.service[100839]: DEBUG cinder.api.openstack.wsgi [req-f7f31c02-a3c9-4703-9040-7aea8c13344c req-3af0eeac-7c58-4d86-9880-f59fb23e24a4 tempest-DeleteServersTestJSON-357750880 tempest-DeleteServersTestJSON-357750880-project] Action body: b'{"os-complete": null}' {{(pid=100839) get_method /opt/stack/cinder/cinder/api/openstack/wsgi.py:971}}
Aug 27 16:16:11.656661 dv-cinder-800695-5-iscsi devstack@c-api.service[100839]: DEBUG cinder.api.openstack.wsgi [req-f7f31c02-a3c9-4703-9040-7aea8c13344c req-3af0eeac-7c58-4d86-9880-f59fb23e24a4 tempest-DeleteServersTestJSON-357750880 tempest-DeleteServersTestJSON-357750880-project] Action: 'action', calling method: version_select, body: {"os-complete": null} {{(pid=100839) _process_stack /opt/stack/cinder/cinder/api/openstack/wsgi.py:854}}
Aug 27 16:16:11.681880 dv-cinder-800695-5-iscsi devstack@c-api.service[100839]: /usr/local/lib/python3.8/dist-packages/oslo_context/context.py:105: DeprecationWarning: Policy enforcement is depending on the value of is_admin. This key is deprecated. Please update your policy file to use the standard policy values.
Aug 27 16:16:11.681880 dv-cinder-800695-5-iscsi devstack@c-api.service[100839]: warnings.warn('Policy enforcement is depending on the value of '
Aug 27 16:16:11.698844 dv-cinder-800695-5-iscsi devstack@c-api.service[100839]: INFO cinder.api.openstack.wsgi [req-f7f31c02-a3c9-4703-9040-7aea8c13344c req-3af0eeac-7c58-4d86-9880-f59fb23e24a4 tempest-DeleteServersTestJSON-357750880 tempest-DeleteServersTestJSON-357750880-project] http://10.222.0.60/volume/v3/1a018fa6d7bf485a928d75bca451f975/attachments/c244bdc9-41f6-4abb-a414-f5ee65f30092/action returned with HTTP 204
Aug 27 16:16:11.699541 dv-cinder-800695-5-iscsi devstack@c-api.service[100839]: [pid: 100839|app: 0|req: 202/429] 10.222.0.88 () {64 vars in 1499 bytes} [Fri Aug 27 16:16:11 2021] POST /volume/v3/1a018fa6d7bf485a928d75bca451f975/attachments/c244bdc9-41f6-4abb-a414-f5ee65f30092/action => generated 0 bytes in 48 msecs (HTTP/1.1 204) 7 headers in 292 bytes (1 switches on core 0)
Aug 27 16:16:11.725195 dv-cinder-800695-5-iscsi devstack@c-api.service[100840]: INFO cinder.api.openstack.wsgi [None req-13158807-86bd-4c16-a77c-43a90fc7569a tempest-DeleteServersTestJSON-357750880 tempest-DeleteServersTestJSON-357750880-project] GET http://10.222.0.60/volume/v3/1a018fa6d7bf485a928d75bca451f975/volumes/2095dead-47fb-4601-a1a9-51ffd317fc19
Aug 27 16:16:11.725679 dv-cinder-800695-5-iscsi devstack@c-api.service[100840]: DEBUG cinder.api.openstack.wsgi [None req-13158807-86bd-4c16-a77c-43a90fc7569a tempest-DeleteServersTestJSON-357750880 tempest-DeleteServersTestJSON-357750880-project] Empty body provided in request {{(pid=100840) get_body /opt/stack/cinder/cinder/api/openstack/wsgi.py:703}}
Aug 27 16:16:11.725911 dv-cinder-800695-5-iscsi devstack@c-api.service[100840]: /usr/local/lib/python3.8/dist-packages/webob/acceptparse.py:1047: DeprecationWarning: The behavior of AcceptValidHeader.best_match is currently being maintained for backward compatibility, but it will be deprecated in the future, as it does not conform to the RFC.
Aug 27 16:16:11.725911 dv-cinder-800695-5-iscsi devstack@c-api.service[100840]: warnings.warn(
Aug 27 16:16:11.726154 dv-cinder-800695-5-iscsi devstack@c-api.service[100840]: DEBUG cinder.api.openstack.wsgi [None req-13158807-86bd-4c16-a77c-43a90fc7569a tempest-DeleteServersTestJSON-357750880 tempest-DeleteServersTestJSON-357750880-project] Calling method 'show' {{(pid=100840) _process_stack /opt/stack/cinder/cinder/api/openstack/wsgi.py:856}}
Aug 27 16:16:11.740137 dv-cinder-800695-5-iscsi devstack@c-api.service[100840]: /usr/local/lib/python3.8/dist-packages/oslo_context/context.py:105: DeprecationWarning: Policy enforcement is depending on the value of is_admin. This key is deprecated. Please update your policy file to use the standard policy values.
Aug 27 16:16:11.740137 dv-cinder-800695-5-iscsi devstack@c-api.service[100840]: warnings.warn('Policy enforcement is depending on the value of '
Aug 27 16:16:11.747188 dv-cinder-800695-5-iscsi devstack@c-api.service[100840]: INFO cinder.volume.api [None req-13158807-86bd-4c16-a77c-43a90fc7569a tempest-DeleteServersTestJSON-357750880 tempest-DeleteServersTestJSON-357750880-project] Volume info retrieved successfully.
Aug 27 16:16:11.758945 dv-cinder-800695-5-iscsi devstack@c-api.service[100840]: /usr/local/lib/python3.8/dist-packages/oslo_context/context.py:105: DeprecationWarning: Policy enforcement is depending on the value of is_admin. This key is deprecated. Please update your policy file to use the standard policy values.
Aug 27 16:16:11.758945 dv-cinder-800695-5-iscsi devstack@c-api.service[100840]: warnings.warn('Policy enforcement is depending on the value of '
Aug 27 16:16:11.766267 dv-cinder-800695-5-iscsi devstack@c-api.service[100840]: INFO cinder.api.openstack.wsgi [None req-13158807-86bd-4c16-a77c-43a90fc7569a tempest-DeleteServersTestJSON-357750880 tempest-DeleteServersTestJSON-357750880-project] http://10.222.0.60/volume/v3/1a018fa6d7bf485a928d75bca451f975/volumes/2095dead-47fb-4601-a1a9-51ffd317fc19 returned with HTTP 200
Aug 27 16:16:11.775000 dv-cinder-800695-5-iscsi devstack@c-api.service[100840]: [pid: 100840|app: 0|req: 228/430] 10.222.0.60 () {58 vars in 1325 bytes} [Fri Aug 27 16:16:11 2021] GET /volume/v3/1a018fa6d7bf485a928d75bca451f975/volumes/2095dead-47fb-4601-a1a9-51ffd317fc19 => generated 1206 bytes in 46 msecs (HTTP/1.1 200) 7 headers in 286 bytes (1 switches on core 0)
Aug 27 16:16:11.781740 dv-cinder-800695-5-iscsi devstack@c-api.service[100839]: INFO cinder.api.openstack.wsgi [None req-c93d7375-0c1c-41c0-a9f1-b166107e487b tempest-DeleteServersTestJSON-357750880 tempest-DeleteServersTestJSON-357750880-project] GET http://10.222.0.60/volume/v3/1a018fa6d7bf485a928d75bca451f975/volumes/2095dead-47fb-4601-a1a9-51ffd317fc19
Aug 27 16:16:11.782181 dv-cinder-800695-5-iscsi devstack@c-api.service[100839]: DEBUG cinder.api.openstack.wsgi [None req-c93d7375-0c1c-41c0-a9f1-b166107e487b tempest-DeleteServersTestJSON-357750880 tempest-DeleteServersTestJSON-357750880-project] Empty body provided in request {{(pid=100839) get_body /opt/stack/cinder/cinder/api/openstack/wsgi.py:703}}
Aug 27 16:16:11.782375 dv-cinder-800695-5-iscsi devstack@c-api.service[100839]: /usr/local/lib/python3.8/dist-packages/webob/acceptparse.py:1047: DeprecationWarning: The behavior of AcceptValidHeader.best_match is currently being maintained for backward compatibility, but it will be deprecated in the future, as it does not conform to the RFC.
Aug 27 16:16:11.782375 dv-cinder-800695-5-iscsi devstack@c-api.service[100839]: warnings.warn(
Aug 27 16:16:11.782690 dv-cinder-800695-5-iscsi devstack@c-api.service[100839]: DEBUG cinder.api.openstack.wsgi [None req-c93d7375-0c1c-41c0-a9f1-b166107e487b tempest-DeleteServersTestJSON-357750880 tempest-DeleteServersTestJSON-357750880-project] Calling method 'show' {{(pid=100839) _process_stack /opt/stack/cinder/cinder/api/openstack/wsgi.py:856}}
Aug 27 16:16:11.796307 dv-cinder-800695-5-iscsi devstack@c-api.service[100839]: /usr/local/lib/python3.8/dist-packages/oslo_context/context.py:105: DeprecationWarning: Policy enforcement is depending on the value of is_admin. This key is deprecated. Please update your policy file to use the standard policy values.
Aug 27 16:16:11.796307 dv-cinder-800695-5-iscsi devstack@c-api.service[100839]: warnings.warn('Policy enforcement is depending on the value of '
Aug 27 16:16:11.803276 dv-cinder-800695-5-iscsi devstack@c-api.service[100839]: INFO cinder.volume.api [None req-c93d7375-0c1c-41c0-a9f1-b166107e487b tempest-DeleteServersTestJSON-357750880 tempest-DeleteServersTestJSON-357750880-project] Volume info retrieved successfully.
Aug 27 16:16:11.814551 dv-cinder-800695-5-iscsi devstack@c-api.service[100839]: /usr/local/lib/python3.8/dist-packages/oslo_context/context.py:105: DeprecationWarning: Policy enforcement is depending on the value of is_admin. This key is deprecated. Please update your policy file to use the standard policy values.
Aug 27 16:16:11.814551 dv-cinder-800695-5-iscsi devstack@c-api.service[100839]: warnings.warn('Policy enforcement is depending on the value of '
Aug 27 16:16:11.822442 dv-cinder-800695-5-iscsi devstack@c-api.service[100839]: INFO cinder.api.openstack.wsgi [None req-c93d7375-0c1c-41c0-a9f1-b166107e487b tempest-DeleteServersTestJSON-357750880 tempest-DeleteServersTestJSON-357750880-project] http://10.222.0.60/volume/v3/1a018fa6d7bf485a928d75bca451f975/volumes/2095dead-47fb-4601-a1a9-51ffd317fc19 returned with HTTP 200
Aug 27 16:16:11.823187 dv-cinder-800695-5-iscsi devstack@c-api.service[100839]: [pid: 100839|app: 0|req: 203/431] 10.222.0.60 () {58 vars in 1325 bytes} [Fri Aug 27 16:16:11 2021] GET /volume/v3/1a018fa6d7bf485a928d75bca451f975/volumes/2095dead-47fb-4601-a1a9-51ffd317fc19 => generated 1206 bytes in 45 msecs (HTTP/1.1 200) 7 headers in 286 bytes (2 switches on core 0)
Aug 27 16:16:12.242877 dv-cinder-800695-5-iscsi devstack@c-api.service[100840]: INFO cinder.api.openstack.wsgi [None req-b9cec2e2-95b4-43fc-94d8-10cfd9892303 tempest-VolumesServicesTestJSON-1633713763 tempest-VolumesServicesTestJSON-1633713763-project] GET http://10.222.0.60/volume/v3/92bacfbabd174092a496dad75abd5d39/volumes/88f94a63-4487-4e69-842b-c9da056e3291
Aug 27 16:16:12.243333 dv-cinder-800695-5-iscsi devstack@c-api.service[100840]: DEBUG cinder.api.openstack.wsgi [None req-b9cec2e2-95b4-43fc-94d8-10cfd9892303 tempest-VolumesServicesTestJSON-1633713763 tempest-VolumesServicesTestJSON-1633713763-project] Empty body provided in request {{(pid=100840) get_body /opt/stack/cinder/cinder/api/openstack/wsgi.py:703}}
Aug 27 16:16:12.243567 dv-cinder-800695-5-iscsi devstack@c-api.service[100840]: /usr/local/lib/python3.8/dist-packages/webob/acceptparse.py:1047: DeprecationWarning: The behavior of AcceptValidHeader.best_match is currently being maintained for backward compatibility, but it will be deprecated in the future, as it does not conform to the RFC.
Aug 27 16:16:12.243567 dv-cinder-800695-5-iscsi devstack@c-api.service[100840]: warnings.warn(
Aug 27 16:16:12.243877 dv-cinder-800695-5-iscsi devstack@c-api.service[100840]: DEBUG cinder.api.openstack.wsgi [None req-b9cec2e2-95b4-43fc-94d8-10cfd9892303 tempest-VolumesServicesTestJSON-1633713763 tempest-VolumesServicesTestJSON-1633713763-project] Calling method 'show' {{(pid=100840) _process_stack /opt/stack/cinder/cinder/api/openstack/wsgi.py:856}}
Aug 27 16:16:12.259608 dv-cinder-800695-5-iscsi devstack@c-api.service[100840]: /usr/local/lib/python3.8/dist-packages/oslo_context/context.py:105: DeprecationWarning: Policy enforcement is depending on the value of is_admin. This key is deprecated. Please update your policy file to use the standard policy values.
Aug 27 16:16:12.259608 dv-cinder-800695-5-iscsi devstack@c-api.service[100840]: warnings.warn('Policy enforcement is depending on the value of '
Aug 27 16:16:12.268093 dv-cinder-800695-5-iscsi devstack@c-api.service[100840]: INFO cinder.volume.api [None req-b9cec2e2-95b4-43fc-94d8-10cfd9892303 tempest-VolumesServicesTestJSON-1633713763 tempest-VolumesServicesTestJSON-1633713763-project] Volume info retrieved successfully.
Aug 27 16:16:12.297978 dv-cinder-800695-5-iscsi devstack@c-api.service[100840]: INFO cinder.api.openstack.wsgi [None req-b9cec2e2-95b4-43fc-94d8-10cfd9892303 tempest-VolumesServicesTestJSON-1633713763 tempest-VolumesServicesTestJSON-1633713763-project] http://10.222.0.60/volume/v3/92bacfbabd174092a496dad75abd5d39/volumes/88f94a63-4487-4e69-842b-c9da056e3291 returned with HTTP 200
Aug 27 16:16:12.297978 dv-cinder-800695-5-iscsi devstack@c-api.service[100840]: [pid: 100840|app: 0|req: 229/432] 10.222.0.60 () {58 vars in 1325 bytes} [Fri Aug 27 16:16:12 2021] GET /volume/v3/92bacfbabd174092a496dad75abd5d39/volumes/88f94a63-4487-4e69-842b-c9da056e3291 => generated 916 bytes in 53 msecs (HTTP/1.1 200) 7 headers in 285 bytes (1 switches on core 0)
Aug 27 16:16:12.305759 dv-cinder-800695-5-iscsi devstack@c-api.service[100839]: INFO cinder.api.openstack.wsgi [None req-5c72cf8e-6597-44ed-92ec-96c86e7a2860 tempest-VolumesServicesTestJSON-1654933811 tempest-VolumesServicesTestJSON-1654933811-project-admin] GET http://10.222.0.60/volume/v3/9ec6e2fbf2044907a04a8b66aade5548/volumes/88f94a63-4487-4e69-842b-c9da056e3291
Aug 27 16:16:12.306183 dv-cinder-800695-5-iscsi devstack@c-api.service[100839]: DEBUG cinder.api.openstack.wsgi [None req-5c72cf8e-6597-44ed-92ec-96c86e7a2860 tempest-VolumesServicesTestJSON-1654933811 tempest-VolumesServicesTestJSON-1654933811-project-admin] Empty body provided in request {{(pid=100839) get_body /opt/stack/cinder/cinder/api/openstack/wsgi.py:703}}
Aug 27 16:16:12.306390 dv-cinder-800695-5-iscsi devstack@c-api.service[100839]: /usr/local/lib/python3.8/dist-packages/webob/acceptparse.py:1047: DeprecationWarning: The behavior of AcceptValidHeader.best_match is currently being maintained for backward compatibility, but it will be deprecated in the future, as it does not conform to the RFC.
Aug 27 16:16:12.306390 dv-cinder-800695-5-iscsi devstack@c-api.service[100839]: warnings.warn(
Aug 27 16:16:12.306710 dv-cinder-800695-5-iscsi devstack@c-api.service[100839]: DEBUG cinder.api.openstack.wsgi [None req-5c72cf8e-6597-44ed-92ec-96c86e7a2860 tempest-VolumesServicesTestJSON-1654933811 tempest-VolumesServicesTestJSON-1654933811-project-admin] Calling method 'show' {{(pid=100839) _process_stack /opt/stack/cinder/cinder/api/openstack/wsgi.py:856}}
Aug 27 16:16:12.321423 dv-cinder-800695-5-iscsi devstack@c-api.service[100839]: /usr/local/lib/python3.8/dist-packages/oslo_context/context.py:105: DeprecationWarning: Policy enforcement is depending on the value of is_admin. This key is deprecated. Please update your policy file to use the standard policy values.
Aug 27 16:16:12.321423 dv-cinder-800695-5-iscsi devstack@c-api.service[100839]: warnings.warn('Policy enforcement is depending on the value of '
Aug 27 16:16:12.327462 dv-cinder-800695-5-iscsi devstack@c-api.service[100840]: INFO cinder.api.openstack.wsgi [None req-d44c8544-13e5-47a0-ac72-5cf12f74e7f1 tempest-GroupSnapshotsTest-698808531 tempest-GroupSnapshotsTest-698808531-project] GET http://10.222.0.60/volume/v3/674470b549484f5f8b9be49ee2129d8c/volumes/3a80d5d7-60ea-4678-9228-56bd532ee3ae
Aug 27 16:16:12.327932 dv-cinder-800695-5-iscsi devstack@c-api.service[100840]: DEBUG cinder.api.openstack.wsgi [None req-d44c8544-13e5-47a0-ac72-5cf12f74e7f1 tempest-GroupSnapshotsTest-698808531 tempest-GroupSnapshotsTest-698808531-project] Empty body provided in request {{(pid=100840) get_body /opt/stack/cinder/cinder/api/openstack/wsgi.py:703}}
Aug 27 16:16:12.328104 dv-cinder-800695-5-iscsi devstack@c-api.service[100840]: /usr/local/lib/python3.8/dist-packages/webob/acceptparse.py:1047: DeprecationWarning: The behavior of AcceptValidHeader.best_match is currently being maintained for backward compatibility, but it will be deprecated in the future, as it does not conform to the RFC.
Aug 27 16:16:12.328104 dv-cinder-800695-5-iscsi devstack@c-api.service[100840]: warnings.warn(
Aug 27 16:16:12.328421 dv-cinder-800695-5-iscsi devstack@c-api.service[100840]: DEBUG cinder.api.openstack.wsgi [None req-d44c8544-13e5-47a0-ac72-5cf12f74e7f1 tempest-GroupSnapshotsTest-698808531 tempest-GroupSnapshotsTest-698808531-project] Calling method 'show' {{(pid=100840) _process_stack /opt/stack/cinder/cinder/api/openstack/wsgi.py:856}}
Aug 27 16:16:12.345312 dv-cinder-800695-5-iscsi devstack@c-api.service[100839]: INFO cinder.volume.api [None req-5c72cf8e-6597-44ed-92ec-96c86e7a2860 tempest-VolumesServicesTestJSON-1654933811 tempest-VolumesServicesTestJSON-1654933811-project-admin] Volume info retrieved successfully.
Aug 27 16:16:12.345954 dv-cinder-800695-5-iscsi devstack@c-api.service[100840]: /usr/local/lib/python3.8/dist-packages/oslo_context/context.py:105: DeprecationWarning: Policy enforcement is depending on the value of is_admin. This key is deprecated. Please update your policy file to use the standard policy values.
Aug 27 16:16:12.345954 dv-cinder-800695-5-iscsi devstack@c-api.service[100840]: warnings.warn('Policy enforcement is depending on the value of '
Aug 27 16:16:12.360662 dv-cinder-800695-5-iscsi devstack@c-api.service[100840]: INFO cinder.volume.api [None req-d44c8544-13e5-47a0-ac72-5cf12f74e7f1 tempest-GroupSnapshotsTest-698808531 tempest-GroupSnapshotsTest-698808531-project] Volume info retrieved successfully.
Aug 27 16:16:12.372563 dv-cinder-800695-5-iscsi devstack@c-api.service[100839]: INFO cinder.api.openstack.wsgi [None req-5c72cf8e-6597-44ed-92ec-96c86e7a2860 tempest-VolumesServicesTestJSON-1654933811 tempest-VolumesServicesTestJSON-1654933811-project-admin] http://10.222.0.60/volume/v3/9ec6e2fbf2044907a04a8b66aade5548/volumes/88f94a63-4487-4e69-842b-c9da056e3291 returned with HTTP 200
Aug 27 16:16:12.373250 dv-cinder-800695-5-iscsi devstack@c-api.service[100839]: [pid: 100839|app: 0|req: 204/433] 10.222.0.60 () {58 vars in 1325 bytes} [Fri Aug 27 16:16:12 2021] GET /volume/v3/9ec6e2fbf2044907a04a8b66aade5548/volumes/88f94a63-4487-4e69-842b-c9da056e3291 => generated 1092 bytes in 71 msecs (HTTP/1.1 200) 7 headers in 286 bytes (1 switches on core 0)
Aug 27 16:16:12.383111 dv-cinder-800695-5-iscsi devstack@c-api.service[100840]: WARNING stevedore.named [None req-d44c8544-13e5-47a0-ac72-5cf12f74e7f1 tempest-GroupSnapshotsTest-698808531 tempest-GroupSnapshotsTest-698808531-project] Could not load cinder.keymgr.conf_key_mgr.ConfKeyManager
Aug 27 16:16:12.383111 dv-cinder-800695-5-iscsi devstack@c-api.service[100840]: WARNING castellan.key_manager [None req-d44c8544-13e5-47a0-ac72-5cf12f74e7f1 tempest-GroupSnapshotsTest-698808531 tempest-GroupSnapshotsTest-698808531-project] Deprecation Warning : cinder.keymgr.conf_key_mgr.ConfKeyManager is not a stevedore based driver, trying to load it as a class: stevedore.exception.NoMatches: No 'castellan.drivers' driver found, looking for 'cinder.keymgr.conf_key_mgr.ConfKeyManager'
Aug 27 16:16:12.391329 dv-cinder-800695-5-iscsi devstack@c-api.service[100839]: INFO cinder.api.openstack.wsgi [None req-73e51a84-04c5-424e-bc4b-dd270f983ffa tempest-VolumesServicesTestJSON-1654933811 tempest-VolumesServicesTestJSON-1654933811-project-admin] GET http://10.222.0.60/volume/v3/9ec6e2fbf2044907a04a8b66aade5548/os-services?host=hv-cinder-80069&binary=cinder-volume
Aug 27 16:16:12.391971 dv-cinder-800695-5-iscsi devstack@c-api.service[100839]: DEBUG cinder.api.openstack.wsgi [None req-73e51a84-04c5-424e-bc4b-dd270f983ffa tempest-VolumesServicesTestJSON-1654933811 tempest-VolumesServicesTestJSON-1654933811-project-admin] Empty body provided in request {{(pid=100839) get_body /opt/stack/cinder/cinder/api/openstack/wsgi.py:703}}
Aug 27 16:16:12.392272 dv-cinder-800695-5-iscsi devstack@c-api.service[100839]: /usr/local/lib/python3.8/dist-packages/webob/acceptparse.py:1047: DeprecationWarning: The behavior of AcceptValidHeader.best_match is currently being maintained for backward compatibility, but it will be deprecated in the future, as it does not conform to the RFC.
Aug 27 16:16:12.392272 dv-cinder-800695-5-iscsi devstack@c-api.service[100839]: warnings.warn(
Aug 27 16:16:12.392795 dv-cinder-800695-5-iscsi devstack@c-api.service[100839]: DEBUG cinder.api.openstack.wsgi [None req-73e51a84-04c5-424e-bc4b-dd270f983ffa tempest-VolumesServicesTestJSON-1654933811 tempest-VolumesServicesTestJSON-1654933811-project-admin] Calling method 'index' {{(pid=100839) _process_stack /opt/stack/cinder/cinder/api/openstack/wsgi.py:856}}
Aug 27 16:16:12.400791 dv-cinder-800695-5-iscsi devstack@c-api.service[100840]: DEBUG oslo_db.sqlalchemy.engines [None req-d44c8544-13e5-47a0-ac72-5cf12f74e7f1 tempest-GroupSnapshotsTest-698808531 tempest-GroupSnapshotsTest-698808531-project] MySQL server mode set to STRICT_TRANS_TABLES,STRICT_ALL_TABLES,NO_ZERO_IN_DATE,NO_ZERO_DATE,ERROR_FOR_DIVISION_BY_ZERO,TRADITIONAL,NO_ENGINE_SUBSTITUTION {{(pid=100840) _check_effective_sql_mode /usr/local/lib/python3.8/dist-packages/oslo_db/sqlalchemy/engines.py:314}}
Aug 27 16:16:12.403773 dv-cinder-800695-5-iscsi devstack@c-api.service[100839]: INFO cinder.api.openstack.wsgi [None req-73e51a84-04c5-424e-bc4b-dd270f983ffa tempest-VolumesServicesTestJSON-1654933811 tempest-VolumesServicesTestJSON-1654933811-project-admin] http://10.222.0.60/volume/v3/9ec6e2fbf2044907a04a8b66aade5548/os-services?host=hv-cinder-80069&binary=cinder-volume returned with HTTP 200
Aug 27 16:16:12.405200 dv-cinder-800695-5-iscsi devstack@c-api.service[100839]: [pid: 100839|app: 0|req: 205/434] 10.222.0.60 () {58 vars in 1309 bytes} [Fri Aug 27 16:16:12 2021] GET /volume/v3/9ec6e2fbf2044907a04a8b66aade5548/os-services?host=hv-cinder-80069&binary=cinder-volume => generated 276 bytes in 20 msecs (HTTP/1.1 200) 7 headers in 285 bytes (1 switches on core 0)
Aug 27 16:16:12.413953 dv-cinder-800695-5-iscsi devstack@c-api.service[100840]: /usr/local/lib/python3.8/dist-packages/oslo_context/context.py:105: DeprecationWarning: Policy enforcement is depending on the value of is_admin. This key is deprecated. Please update your policy file to use the standard policy values.
Aug 27 16:16:12.413953 dv-cinder-800695-5-iscsi devstack@c-api.service[100840]: warnings.warn('Policy enforcement is depending on the value of '
Aug 27 16:16:12.417325 dv-cinder-800695-5-iscsi devstack@c-api.service[100839]: INFO cinder.api.openstack.wsgi [None req-ea991ae8-d68b-4f20-9fb0-862863a1590a tempest-VolumesServicesTestJSON-1654933811 tempest-VolumesServicesTestJSON-1654933811-project-admin] GET http://10.222.0.60/volume/v3/9ec6e2fbf2044907a04a8b66aade5548/os-services
Aug 27 16:16:12.417856 dv-cinder-800695-5-iscsi devstack@c-api.service[100839]: DEBUG cinder.api.openstack.wsgi [None req-ea991ae8-d68b-4f20-9fb0-862863a1590a tempest-VolumesServicesTestJSON-1654933811 tempest-VolumesServicesTestJSON-1654933811-project-admin] Empty body provided in request {{(pid=100839) get_body /opt/stack/cinder/cinder/api/openstack/wsgi.py:703}}
Aug 27 16:16:12.418392 dv-cinder-800695-5-iscsi devstack@c-api.service[100839]: DEBUG cinder.api.openstack.wsgi [None req-ea991ae8-d68b-4f20-9fb0-862863a1590a tempest-VolumesServicesTestJSON-1654933811 tempest-VolumesServicesTestJSON-1654933811-project-admin] Calling method 'index' {{(pid=100839) _process_stack /opt/stack/cinder/cinder/api/openstack/wsgi.py:856}}
Aug 27 16:16:12.432389 dv-cinder-800695-5-iscsi devstack@c-api.service[100839]: INFO cinder.api.openstack.wsgi [None req-ea991ae8-d68b-4f20-9fb0-862863a1590a tempest-VolumesServicesTestJSON-1654933811 tempest-VolumesServicesTestJSON-1654933811-project-admin] http://10.222.0.60/volume/v3/9ec6e2fbf2044907a04a8b66aade5548/os-services returned with HTTP 200
Aug 27 16:16:12.434818 dv-cinder-800695-5-iscsi devstack@c-api.service[100840]: INFO cinder.api.openstack.wsgi [None req-d44c8544-13e5-47a0-ac72-5cf12f74e7f1 tempest-GroupSnapshotsTest-698808531 tempest-GroupSnapshotsTest-698808531-project] http://10.222.0.60/volume/v3/674470b549484f5f8b9be49ee2129d8c/volumes/3a80d5d7-60ea-4678-9228-56bd532ee3ae returned with HTTP 200
Aug 27 16:16:12.438838 dv-cinder-800695-5-iscsi devstack@c-api.service[100839]: [pid: 100839|app: 0|req: 206/435] 10.222.0.60 () {58 vars in 1226 bytes} [Fri Aug 27 16:16:12 2021] GET /volume/v3/9ec6e2fbf2044907a04a8b66aade5548/os-services => generated 642 bytes in 26 msecs (HTTP/1.1 200) 7 headers in 285 bytes (1 switches on core 0)
Aug 27 16:16:12.442771 dv-cinder-800695-5-iscsi devstack@c-api.service[100840]: [pid: 100840|app: 0|req: 230/436] 10.222.0.60 () {60 vars in 1366 bytes} [Fri Aug 27 16:16:12 2021] GET /volume/v3/674470b549484f5f8b9be49ee2129d8c/volumes/3a80d5d7-60ea-4678-9228-56bd532ee3ae => generated 991 bytes in 119 msecs (HTTP/1.1 200) 7 headers in 286 bytes (1 switches on core 0)
Aug 27 16:16:12.443948 dv-cinder-800695-5-iscsi devstack@c-api.service[100839]: INFO cinder.api.openstack.wsgi [None req-d744d8ea-9c82-45f5-8217-83dfab25387e tempest-VolumesListAdminTestJSON-319404847 tempest-VolumesListAdminTestJSON-319404847-project-admin] GET http://10.222.0.60/volume/v3/0656102adcbe45f28c4df147706c6d3e/volumes/699e64e3-9201-4af1-b3f6-d98f584cae3f
Aug 27 16:16:12.445355 dv-cinder-800695-5-iscsi devstack@c-api.service[100839]: DEBUG cinder.api.openstack.wsgi [None req-d744d8ea-9c82-45f5-8217-83dfab25387e tempest-VolumesListAdminTestJSON-319404847 tempest-VolumesListAdminTestJSON-319404847-project-admin] Empty body provided in request {{(pid=100839) get_body /opt/stack/cinder/cinder/api/openstack/wsgi.py:703}}
Aug 27 16:16:12.445911 dv-cinder-800695-5-iscsi devstack@c-api.service[100839]: DEBUG cinder.api.openstack.wsgi [None req-d744d8ea-9c82-45f5-8217-83dfab25387e tempest-VolumesListAdminTestJSON-319404847 tempest-VolumesListAdminTestJSON-319404847-project-admin] Calling method 'show' {{(pid=100839) _process_stack /opt/stack/cinder/cinder/api/openstack/wsgi.py:856}}
Aug 27 16:16:12.448005 dv-cinder-800695-5-iscsi devstack@c-api.service[100840]: INFO cinder.api.openstack.wsgi [None req-868fb37a-584e-4e2e-9a8c-73d5db98041a tempest-VolumesServicesTestJSON-1633713763 tempest-VolumesServicesTestJSON-1633713763-project] DELETE http://10.222.0.60/volume/v3/92bacfbabd174092a496dad75abd5d39/volumes/88f94a63-4487-4e69-842b-c9da056e3291
Aug 27 16:16:12.448617 dv-cinder-800695-5-iscsi devstack@c-api.service[100840]: DEBUG cinder.api.openstack.wsgi [None req-868fb37a-584e-4e2e-9a8c-73d5db98041a tempest-VolumesServicesTestJSON-1633713763 tempest-VolumesServicesTestJSON-1633713763-project] Empty body provided in request {{(pid=100840) get_body /opt/stack/cinder/cinder/api/openstack/wsgi.py:703}}
Aug 27 16:16:12.448954 dv-cinder-800695-5-iscsi devstack@c-api.service[100840]: /usr/local/lib/python3.8/dist-packages/webob/acceptparse.py:1047: DeprecationWarning: The behavior of AcceptValidHeader.best_match is currently being maintained for backward compatibility, but it will be deprecated in the future, as it does not conform to the RFC.
Aug 27 16:16:12.448954 dv-cinder-800695-5-iscsi devstack@c-api.service[100840]: warnings.warn(
Aug 27 16:16:12.449537 dv-cinder-800695-5-iscsi devstack@c-api.service[100840]: DEBUG cinder.api.openstack.wsgi [None req-868fb37a-584e-4e2e-9a8c-73d5db98041a tempest-VolumesServicesTestJSON-1633713763 tempest-VolumesServicesTestJSON-1633713763-project] Calling method 'delete' {{(pid=100840) _process_stack /opt/stack/cinder/cinder/api/openstack/wsgi.py:856}}
Aug 27 16:16:12.450280 dv-cinder-800695-5-iscsi devstack@c-api.service[100840]: INFO cinder.api.v3.volumes [None req-868fb37a-584e-4e2e-9a8c-73d5db98041a tempest-VolumesServicesTestJSON-1633713763 tempest-VolumesServicesTestJSON-1633713763-project] Delete volume with id: 88f94a63-4487-4e69-842b-c9da056e3291
Aug 27 16:16:12.462990 dv-cinder-800695-5-iscsi devstack@c-api.service[100839]: /usr/local/lib/python3.8/dist-packages/oslo_context/context.py:105: DeprecationWarning: Policy enforcement is depending on the value of is_admin. This key is deprecated. Please update your policy file to use the standard policy values.
Aug 27 16:16:12.462990 dv-cinder-800695-5-iscsi devstack@c-api.service[100839]: warnings.warn('Policy enforcement is depending on the value of '
Aug 27 16:16:12.467038 dv-cinder-800695-5-iscsi devstack@c-api.service[100840]: /usr/local/lib/python3.8/dist-packages/oslo_context/context.py:105: DeprecationWarning: Policy enforcement is depending on the value of is_admin. This key is deprecated. Please update your policy file to use the standard policy values.
Aug 27 16:16:12.467038 dv-cinder-800695-5-iscsi devstack@c-api.service[100840]: warnings.warn('Policy enforcement is depending on the value of '
Aug 27 16:16:12.468529 dv-cinder-800695-5-iscsi devstack@c-api.service[100840]: INFO cinder.volume.api [None req-868fb37a-584e-4e2e-9a8c-73d5db98041a tempest-VolumesServicesTestJSON-1633713763 tempest-VolumesServicesTestJSON-1633713763-project] Volume info retrieved successfully.
Aug 27 16:16:12.470961 dv-cinder-800695-5-iscsi devstack@c-api.service[100839]: INFO cinder.volume.api [None req-d744d8ea-9c82-45f5-8217-83dfab25387e tempest-VolumesListAdminTestJSON-319404847 tempest-VolumesListAdminTestJSON-319404847-project-admin] Volume info retrieved successfully.
Aug 27 16:16:12.493827 dv-cinder-800695-5-iscsi devstack@c-api.service[100839]: INFO cinder.api.openstack.wsgi [None req-d744d8ea-9c82-45f5-8217-83dfab25387e tempest-VolumesListAdminTestJSON-319404847 tempest-VolumesListAdminTestJSON-319404847-project-admin] http://10.222.0.60/volume/v3/0656102adcbe45f28c4df147706c6d3e/volumes/699e64e3-9201-4af1-b3f6-d98f584cae3f returned with HTTP 200
Aug 27 16:16:12.495183 dv-cinder-800695-5-iscsi devstack@c-api.service[100839]: [pid: 100839|app: 0|req: 207/437] 10.222.0.60 () {58 vars in 1325 bytes} [Fri Aug 27 16:16:12 2021] GET /volume/v3/0656102adcbe45f28c4df147706c6d3e/volumes/699e64e3-9201-4af1-b3f6-d98f584cae3f => generated 1044 bytes in 56 msecs (HTTP/1.1 200) 7 headers in 286 bytes (1 switches on core 0)
Aug 27 16:16:12.502018 dv-cinder-800695-5-iscsi devstack@c-api.service[100839]: INFO cinder.api.openstack.wsgi [None req-9b9911a6-a844-4e23-a375-60a52a91fb33 tempest-GroupSnapshotsTest-698808531 tempest-GroupSnapshotsTest-698808531-project] GET http://10.222.0.60/volume/v3/674470b549484f5f8b9be49ee2129d8c/groups/b7b92812-fa6f-4263-9659-22e65b4bf481
Aug 27 16:16:12.502521 dv-cinder-800695-5-iscsi devstack@c-api.service[100839]: DEBUG cinder.api.openstack.wsgi [None req-9b9911a6-a844-4e23-a375-60a52a91fb33 tempest-GroupSnapshotsTest-698808531 tempest-GroupSnapshotsTest-698808531-project] Empty body provided in request {{(pid=100839) get_body /opt/stack/cinder/cinder/api/openstack/wsgi.py:703}}
Aug 27 16:16:12.502685 dv-cinder-800695-5-iscsi devstack@c-api.service[100839]: /usr/local/lib/python3.8/dist-packages/webob/acceptparse.py:1047: DeprecationWarning: The behavior of AcceptValidHeader.best_match is currently being maintained for backward compatibility, but it will be deprecated in the future, as it does not conform to the RFC.
Aug 27 16:16:12.502685 dv-cinder-800695-5-iscsi devstack@c-api.service[100839]: warnings.warn(
Aug 27 16:16:12.503254 dv-cinder-800695-5-iscsi devstack@c-api.service[100839]: DEBUG cinder.api.openstack.wsgi [None req-9b9911a6-a844-4e23-a375-60a52a91fb33 tempest-GroupSnapshotsTest-698808531 tempest-GroupSnapshotsTest-698808531-project] Calling method 'version_select' {{(pid=100839) _process_stack /opt/stack/cinder/cinder/api/openstack/wsgi.py:856}}
Aug 27 16:16:12.503828 dv-cinder-800695-5-iscsi devstack@c-api.service[100839]: DEBUG cinder.api.v3.groups [None req-9b9911a6-a844-4e23-a375-60a52a91fb33 tempest-GroupSnapshotsTest-698808531 tempest-GroupSnapshotsTest-698808531-project] show called for member b7b92812-fa6f-4263-9659-22e65b4bf481 {{(pid=100839) show /opt/stack/cinder/cinder/api/v3/groups.py:58}}
Aug 27 16:16:12.511878 dv-cinder-800695-5-iscsi devstack@c-api.service[100839]: /usr/local/lib/python3.8/dist-packages/oslo_context/context.py:105: DeprecationWarning: Policy enforcement is depending on the value of is_admin. This key is deprecated. Please update your policy file to use the standard policy values.
Aug 27 16:16:12.511878 dv-cinder-800695-5-iscsi devstack@c-api.service[100839]: warnings.warn('Policy enforcement is depending on the value of '
Aug 27 16:16:12.515478 dv-cinder-800695-5-iscsi devstack@c-api.service[100840]: INFO cinder.volume.api [None req-868fb37a-584e-4e2e-9a8c-73d5db98041a tempest-VolumesServicesTestJSON-1633713763 tempest-VolumesServicesTestJSON-1633713763-project] Delete volume request issued successfully.
Aug 27 16:16:12.516678 dv-cinder-800695-5-iscsi devstack@c-api.service[100840]: INFO cinder.api.openstack.wsgi [None req-868fb37a-584e-4e2e-9a8c-73d5db98041a tempest-VolumesServicesTestJSON-1633713763 tempest-VolumesServicesTestJSON-1633713763-project] http://10.222.0.60/volume/v3/92bacfbabd174092a496dad75abd5d39/volumes/88f94a63-4487-4e69-842b-c9da056e3291 returned with HTTP 202
Aug 27 16:16:12.518416 dv-cinder-800695-5-iscsi devstack@c-api.service[100840]: [pid: 100840|app: 0|req: 231/438] 10.222.0.60 () {58 vars in 1328 bytes} [Fri Aug 27 16:16:12 2021] DELETE /volume/v3/92bacfbabd174092a496dad75abd5d39/volumes/88f94a63-4487-4e69-842b-c9da056e3291 => generated 0 bytes in 75 msecs (HTTP/1.1 202) 6 headers in 233 bytes (1 switches on core 0)
Aug 27 16:16:12.529309 dv-cinder-800695-5-iscsi devstack@c-api.service[100840]: INFO cinder.api.openstack.wsgi [None req-24ed0165-6103-46cb-8675-0d8de1f6f31e tempest-VolumesServicesTestJSON-1633713763 tempest-VolumesServicesTestJSON-1633713763-project] GET http://10.222.0.60/volume/v3/92bacfbabd174092a496dad75abd5d39/volumes/88f94a63-4487-4e69-842b-c9da056e3291
Aug 27 16:16:12.529989 dv-cinder-800695-5-iscsi devstack@c-api.service[100840]: DEBUG cinder.api.openstack.wsgi [None req-24ed0165-6103-46cb-8675-0d8de1f6f31e tempest-VolumesServicesTestJSON-1633713763 tempest-VolumesServicesTestJSON-1633713763-project] Empty body provided in request {{(pid=100840) get_body /opt/stack/cinder/cinder/api/openstack/wsgi.py:703}}
Aug 27 16:16:12.530182 dv-cinder-800695-5-iscsi devstack@c-api.service[100840]: /usr/local/lib/python3.8/dist-packages/webob/acceptparse.py:1047: DeprecationWarning: The behavior of AcceptValidHeader.best_match is currently being maintained for backward compatibility, but it will be deprecated in the future, as it does not conform to the RFC.
Aug 27 16:16:12.530182 dv-cinder-800695-5-iscsi devstack@c-api.service[100840]: warnings.warn(
Aug 27 16:16:12.530679 dv-cinder-800695-5-iscsi devstack@c-api.service[100840]: DEBUG cinder.api.openstack.wsgi [None req-24ed0165-6103-46cb-8675-0d8de1f6f31e tempest-VolumesServicesTestJSON-1633713763 tempest-VolumesServicesTestJSON-1633713763-project] Calling method 'show' {{(pid=100840) _process_stack /opt/stack/cinder/cinder/api/openstack/wsgi.py:856}}
Aug 27 16:16:12.536243 dv-cinder-800695-5-iscsi devstack@c-api.service[100839]: INFO cinder.api.openstack.wsgi [None req-9b9911a6-a844-4e23-a375-60a52a91fb33 tempest-GroupSnapshotsTest-698808531 tempest-GroupSnapshotsTest-698808531-project] http://10.222.0.60/volume/v3/674470b549484f5f8b9be49ee2129d8c/groups/b7b92812-fa6f-4263-9659-22e65b4bf481 returned with HTTP 200
Aug 27 16:16:12.536989 dv-cinder-800695-5-iscsi devstack@c-api.service[100839]: [pid: 100839|app: 0|req: 208/439] 10.222.0.60 () {60 vars in 1363 bytes} [Fri Aug 27 16:16:12 2021] GET /volume/v3/674470b549484f5f8b9be49ee2129d8c/groups/b7b92812-fa6f-4263-9659-22e65b4bf481 => generated 417 bytes in 41 msecs (HTTP/1.1 200) 7 headers in 286 bytes (1 switches on core 0)
Aug 27 16:16:12.545836 dv-cinder-800695-5-iscsi devstack@c-api.service[100840]: /usr/local/lib/python3.8/dist-packages/oslo_context/context.py:105: DeprecationWarning: Policy enforcement is depending on the value of is_admin. This key is deprecated. Please update your policy file to use the standard policy values.
Aug 27 16:16:12.545836 dv-cinder-800695-5-iscsi devstack@c-api.service[100840]: warnings.warn('Policy enforcement is depending on the value of '
Aug 27 16:16:12.547019 dv-cinder-800695-5-iscsi devstack@c-api.service[100839]: INFO cinder.api.openstack.wsgi [None req-70dce8d4-af2d-4efe-868c-c0429d013311 tempest-GroupSnapshotsTest-698808531 tempest-GroupSnapshotsTest-698808531-project] GET http://10.222.0.60/volume/v3/674470b549484f5f8b9be49ee2129d8c/volumes/detail
Aug 27 16:16:12.547502 dv-cinder-800695-5-iscsi devstack@c-api.service[100839]: DEBUG cinder.api.openstack.wsgi [None req-70dce8d4-af2d-4efe-868c-c0429d013311 tempest-GroupSnapshotsTest-698808531 tempest-GroupSnapshotsTest-698808531-project] Empty body provided in request {{(pid=100839) get_body /opt/stack/cinder/cinder/api/openstack/wsgi.py:703}}
Aug 27 16:16:12.547664 dv-cinder-800695-5-iscsi devstack@c-api.service[100839]: /usr/local/lib/python3.8/dist-packages/webob/acceptparse.py:1047: DeprecationWarning: The behavior of AcceptValidHeader.best_match is currently being maintained for backward compatibility, but it will be deprecated in the future, as it does not conform to the RFC.
Aug 27 16:16:12.547664 dv-cinder-800695-5-iscsi devstack@c-api.service[100839]: warnings.warn(
Aug 27 16:16:12.547973 dv-cinder-800695-5-iscsi devstack@c-api.service[100839]: DEBUG cinder.api.openstack.wsgi [None req-70dce8d4-af2d-4efe-868c-c0429d013311 tempest-GroupSnapshotsTest-698808531 tempest-GroupSnapshotsTest-698808531-project] Calling method 'detail' {{(pid=100839) _process_stack /opt/stack/cinder/cinder/api/openstack/wsgi.py:856}}
Aug 27 16:16:12.548592 dv-cinder-800695-5-iscsi devstack@c-api.service[100839]: DEBUG cinder.api.api_utils [None req-70dce8d4-af2d-4efe-868c-c0429d013311 tempest-GroupSnapshotsTest-698808531 tempest-GroupSnapshotsTest-698808531-project] Removing options '' from query. {{(pid=100839) remove_invalid_filter_options /opt/stack/cinder/cinder/api/api_utils.py:73}}
Aug 27 16:16:12.549431 dv-cinder-800695-5-iscsi devstack@c-api.service[100839]: /usr/local/lib/python3.8/dist-packages/oslo_context/context.py:105: DeprecationWarning: Policy enforcement is depending on the value of is_admin. This key is deprecated. Please update your policy file to use the standard policy values.
Aug 27 16:16:12.549431 dv-cinder-800695-5-iscsi devstack@c-api.service[100839]: warnings.warn('Policy enforcement is depending on the value of '
Aug 27 16:16:12.550362 dv-cinder-800695-5-iscsi devstack@c-api.service[100839]: DEBUG cinder.volume.api [None req-70dce8d4-af2d-4efe-868c-c0429d013311 tempest-GroupSnapshotsTest-698808531 tempest-GroupSnapshotsTest-698808531-project] Searching by: MultiDict([('no_migration_targets', True)]). {{(pid=100839) get_all /opt/stack/cinder/cinder/volume/api.py:619}}
Aug 27 16:16:12.553602 dv-cinder-800695-5-iscsi devstack@c-api.service[100840]: INFO cinder.volume.api [None req-24ed0165-6103-46cb-8675-0d8de1f6f31e tempest-VolumesServicesTestJSON-1633713763 tempest-VolumesServicesTestJSON-1633713763-project] Volume info retrieved successfully.
Aug 27 16:16:12.570956 dv-cinder-800695-5-iscsi devstack@c-api.service[100840]: INFO cinder.api.openstack.wsgi [None req-24ed0165-6103-46cb-8675-0d8de1f6f31e tempest-VolumesServicesTestJSON-1633713763 tempest-VolumesServicesTestJSON-1633713763-project] http://10.222.0.60/volume/v3/92bacfbabd174092a496dad75abd5d39/volumes/88f94a63-4487-4e69-842b-c9da056e3291 returned with HTTP 200
Aug 27 16:16:12.571993 dv-cinder-800695-5-iscsi devstack@c-api.service[100840]: [pid: 100840|app: 0|req: 232/440] 10.222.0.60 () {58 vars in 1325 bytes} [Fri Aug 27 16:16:12 2021] GET /volume/v3/92bacfbabd174092a496dad75abd5d39/volumes/88f94a63-4487-4e69-842b-c9da056e3291 => generated 915 bytes in 51 msecs (HTTP/1.1 200) 7 headers in 285 bytes (2 switches on core 0)
Aug 27 16:16:12.599500 dv-cinder-800695-5-iscsi devstack@c-api.service[100839]: INFO cinder.volume.api [None req-70dce8d4-af2d-4efe-868c-c0429d013311 tempest-GroupSnapshotsTest-698808531 tempest-GroupSnapshotsTest-698808531-project] Get all volumes completed successfully.
Aug 27 16:16:12.601393 dv-cinder-800695-5-iscsi devstack@c-api.service[100839]: WARNING stevedore.named [None req-70dce8d4-af2d-4efe-868c-c0429d013311 tempest-GroupSnapshotsTest-698808531 tempest-GroupSnapshotsTest-698808531-project] Could not load cinder.keymgr.conf_key_mgr.ConfKeyManager
Aug 27 16:16:12.601777 dv-cinder-800695-5-iscsi devstack@c-api.service[100839]: WARNING castellan.key_manager [None req-70dce8d4-af2d-4efe-868c-c0429d013311 tempest-GroupSnapshotsTest-698808531 tempest-GroupSnapshotsTest-698808531-project] Deprecation Warning : cinder.keymgr.conf_key_mgr.ConfKeyManager is not a stevedore based driver, trying to load it as a class: stevedore.exception.NoMatches: No 'castellan.drivers' driver found, looking for 'cinder.keymgr.conf_key_mgr.ConfKeyManager'
Aug 27 16:16:12.609091 dv-cinder-800695-5-iscsi devstack@c-api.service[100839]: DEBUG oslo_db.sqlalchemy.engines [None req-70dce8d4-af2d-4efe-868c-c0429d013311 tempest-GroupSnapshotsTest-698808531 tempest-GroupSnapshotsTest-698808531-project] MySQL server mode set to STRICT_TRANS_TABLES,STRICT_ALL_TABLES,NO_ZERO_IN_DATE,NO_ZERO_DATE,ERROR_FOR_DIVISION_BY_ZERO,TRADITIONAL,NO_ENGINE_SUBSTITUTION {{(pid=100839) _check_effective_sql_mode /usr/local/lib/python3.8/dist-packages/oslo_db/sqlalchemy/engines.py:314}}
Aug 27 16:16:12.615196 dv-cinder-800695-5-iscsi devstack@c-api.service[100839]: /usr/local/lib/python3.8/dist-packages/oslo_context/context.py:105: DeprecationWarning: Policy enforcement is depending on the value of is_admin. This key is deprecated. Please update your policy file to use the standard policy values.
Aug 27 16:16:12.615196 dv-cinder-800695-5-iscsi devstack@c-api.service[100839]: warnings.warn('Policy enforcement is depending on the value of '
Aug 27 16:16:12.622185 dv-cinder-800695-5-iscsi devstack@c-api.service[100839]: WARNING stevedore.named [None req-70dce8d4-af2d-4efe-868c-c0429d013311 tempest-GroupSnapshotsTest-698808531 tempest-GroupSnapshotsTest-698808531-project] Could not load cinder.keymgr.conf_key_mgr.ConfKeyManager
Aug 27 16:16:12.622604 dv-cinder-800695-5-iscsi devstack@c-api.service[100839]: WARNING castellan.key_manager [None req-70dce8d4-af2d-4efe-868c-c0429d013311 tempest-GroupSnapshotsTest-698808531 tempest-GroupSnapshotsTest-698808531-project] Deprecation Warning : cinder.keymgr.conf_key_mgr.ConfKeyManager is not a stevedore based driver, trying to load it as a class: stevedore.exception.NoMatches: No 'castellan.drivers' driver found, looking for 'cinder.keymgr.conf_key_mgr.ConfKeyManager'
Aug 27 16:16:12.629757 dv-cinder-800695-5-iscsi devstack@c-api.service[100839]: DEBUG oslo_db.sqlalchemy.engines [None req-70dce8d4-af2d-4efe-868c-c0429d013311 tempest-GroupSnapshotsTest-698808531 tempest-GroupSnapshotsTest-698808531-project] MySQL server mode set to STRICT_TRANS_TABLES,STRICT_ALL_TABLES,NO_ZERO_IN_DATE,NO_ZERO_DATE,ERROR_FOR_DIVISION_BY_ZERO,TRADITIONAL,NO_ENGINE_SUBSTITUTION {{(pid=100839) _check_effective_sql_mode /usr/local/lib/python3.8/dist-packages/oslo_db/sqlalchemy/engines.py:314}}
Aug 27 16:16:12.635930 dv-cinder-800695-5-iscsi devstack@c-api.service[100839]: /usr/local/lib/python3.8/dist-packages/oslo_context/context.py:105: DeprecationWarning: Policy enforcement is depending on the value of is_admin. This key is deprecated. Please update your policy file to use the standard policy values.
Aug 27 16:16:12.635930 dv-cinder-800695-5-iscsi devstack@c-api.service[100839]: warnings.warn('Policy enforcement is depending on the value of '
Aug 27 16:16:12.649615 dv-cinder-800695-5-iscsi devstack@c-api.service[100839]: INFO cinder.api.openstack.wsgi [None req-70dce8d4-af2d-4efe-868c-c0429d013311 tempest-GroupSnapshotsTest-698808531 tempest-GroupSnapshotsTest-698808531-project] http://10.222.0.60/volume/v3/674470b549484f5f8b9be49ee2129d8c/volumes/detail returned with HTTP 200
Aug 27 16:16:12.650368 dv-cinder-800695-5-iscsi devstack@c-api.service[100839]: [pid: 100839|app: 0|req: 209/441] 10.222.0.60 () {60 vars in 1276 bytes} [Fri Aug 27 16:16:12 2021] GET /volume/v3/674470b549484f5f8b9be49ee2129d8c/volumes/detail => generated 1982 bytes in 106 msecs (HTTP/1.1 200) 7 headers in 287 bytes (2 switches on core 0)
Aug 27 16:16:12.665289 dv-cinder-800695-5-iscsi devstack@c-api.service[100840]: INFO cinder.api.openstack.wsgi [None req-9f431712-9393-4a80-8e2c-c0542d85e494 tempest-GroupSnapshotsTest-698808531 tempest-GroupSnapshotsTest-698808531-project] POST http://10.222.0.60/volume/v3/674470b549484f5f8b9be49ee2129d8c/groups/b7b92812-fa6f-4263-9659-22e65b4bf481/action
Aug 27 16:16:12.665707 dv-cinder-800695-5-iscsi devstack@c-api.service[100840]: /usr/local/lib/python3.8/dist-packages/webob/acceptparse.py:1047: DeprecationWarning: The behavior of AcceptValidHeader.best_match is currently being maintained for backward compatibility, but it will be deprecated in the future, as it does not conform to the RFC.
Aug 27 16:16:12.665707 dv-cinder-800695-5-iscsi devstack@c-api.service[100840]: warnings.warn(
Aug 27 16:16:12.666102 dv-cinder-800695-5-iscsi devstack@c-api.service[100840]: DEBUG cinder.api.openstack.wsgi [None req-9f431712-9393-4a80-8e2c-c0542d85e494 tempest-GroupSnapshotsTest-698808531 tempest-GroupSnapshotsTest-698808531-project] Action body: b'{"delete": {"delete-volumes": true}}' {{(pid=100840) get_method /opt/stack/cinder/cinder/api/openstack/wsgi.py:971}}
Aug 27 16:16:12.666432 dv-cinder-800695-5-iscsi devstack@c-api.service[100840]: DEBUG cinder.api.openstack.wsgi [None req-9f431712-9393-4a80-8e2c-c0542d85e494 tempest-GroupSnapshotsTest-698808531 tempest-GroupSnapshotsTest-698808531-project] Action: 'action', calling method: delete_group, body: {"delete": {"delete-volumes": true}} {{(pid=100840) _process_stack /opt/stack/cinder/cinder/api/openstack/wsgi.py:854}}
Aug 27 16:16:12.667208 dv-cinder-800695-5-iscsi devstack@c-api.service[100840]: DEBUG cinder.api.v3.groups [None req-9f431712-9393-4a80-8e2c-c0542d85e494 tempest-GroupSnapshotsTest-698808531 tempest-GroupSnapshotsTest-698808531-project] delete called for group b7b92812-fa6f-4263-9659-22e65b4bf481 {{(pid=100840) _delete /opt/stack/cinder/cinder/api/v3/groups.py:117}}
Aug 27 16:16:12.667495 dv-cinder-800695-5-iscsi devstack@c-api.service[100840]: INFO cinder.api.v3.groups [None req-9f431712-9393-4a80-8e2c-c0542d85e494 tempest-GroupSnapshotsTest-698808531 tempest-GroupSnapshotsTest-698808531-project] Delete group with id: b7b92812-fa6f-4263-9659-22e65b4bf481
Aug 27 16:16:12.672934 dv-cinder-800695-5-iscsi devstack@c-api.service[100840]: /usr/local/lib/python3.8/dist-packages/oslo_context/context.py:105: DeprecationWarning: Policy enforcement is depending on the value of is_admin. This key is deprecated. Please update your policy file to use the standard policy values.
Aug 27 16:16:12.672934 dv-cinder-800695-5-iscsi devstack@c-api.service[100840]: warnings.warn('Policy enforcement is depending on the value of '
Aug 27 16:16:12.734072 dv-cinder-800695-5-iscsi devstack@c-api.service[100840]: INFO cinder.api.openstack.wsgi [None req-9f431712-9393-4a80-8e2c-c0542d85e494 tempest-GroupSnapshotsTest-698808531 tempest-GroupSnapshotsTest-698808531-project] http://10.222.0.60/volume/v3/674470b549484f5f8b9be49ee2129d8c/groups/b7b92812-fa6f-4263-9659-22e65b4bf481/action returned with HTTP 202
Aug 27 16:16:12.735076 dv-cinder-800695-5-iscsi devstack@c-api.service[100840]: [pid: 100840|app: 0|req: 233/442] 10.222.0.60 () {62 vars in 1405 bytes} [Fri Aug 27 16:16:12 2021] POST /volume/v3/674470b549484f5f8b9be49ee2129d8c/groups/b7b92812-fa6f-4263-9659-22e65b4bf481/action => generated 0 bytes in 73 msecs (HTTP/1.1 202) 6 headers in 234 bytes (1 switches on core 0)
Aug 27 16:16:12.742612 dv-cinder-800695-5-iscsi devstack@c-api.service[100839]: INFO cinder.api.openstack.wsgi [None req-6624bb6f-5899-4bce-9240-72820b245bfc tempest-GroupSnapshotsTest-698808531 tempest-GroupSnapshotsTest-698808531-project] GET http://10.222.0.60/volume/v3/674470b549484f5f8b9be49ee2129d8c/volumes/3a80d5d7-60ea-4678-9228-56bd532ee3ae
Aug 27 16:16:12.743217 dv-cinder-800695-5-iscsi devstack@c-api.service[100839]: DEBUG cinder.api.openstack.wsgi [None req-6624bb6f-5899-4bce-9240-72820b245bfc tempest-GroupSnapshotsTest-698808531 tempest-GroupSnapshotsTest-698808531-project] Empty body provided in request {{(pid=100839) get_body /opt/stack/cinder/cinder/api/openstack/wsgi.py:703}}
Aug 27 16:16:12.743479 dv-cinder-800695-5-iscsi devstack@c-api.service[100839]: /usr/local/lib/python3.8/dist-packages/webob/acceptparse.py:1047: DeprecationWarning: The behavior of AcceptValidHeader.best_match is currently being maintained for backward compatibility, but it will be deprecated in the future, as it does not conform to the RFC.
Aug 27 16:16:12.743479 dv-cinder-800695-5-iscsi devstack@c-api.service[100839]: warnings.warn(
Aug 27 16:16:12.744022 dv-cinder-800695-5-iscsi devstack@c-api.service[100839]: DEBUG cinder.api.openstack.wsgi [None req-6624bb6f-5899-4bce-9240-72820b245bfc tempest-GroupSnapshotsTest-698808531 tempest-GroupSnapshotsTest-698808531-project] Calling method 'show' {{(pid=100839) _process_stack /opt/stack/cinder/cinder/api/openstack/wsgi.py:856}}
Aug 27 16:16:12.758118 dv-cinder-800695-5-iscsi devstack@c-api.service[100839]: /usr/local/lib/python3.8/dist-packages/oslo_context/context.py:105: DeprecationWarning: Policy enforcement is depending on the value of is_admin. This key is deprecated. Please update your policy file to use the standard policy values.
Aug 27 16:16:12.758118 dv-cinder-800695-5-iscsi devstack@c-api.service[100839]: warnings.warn('Policy enforcement is depending on the value of '
Aug 27 16:16:12.765588 dv-cinder-800695-5-iscsi devstack@c-api.service[100839]: INFO cinder.volume.api [None req-6624bb6f-5899-4bce-9240-72820b245bfc tempest-GroupSnapshotsTest-698808531 tempest-GroupSnapshotsTest-698808531-project] Volume info retrieved successfully.
