Jul 14 12:47:19.003656 dv-cinder-800695-2-smb neutron-server[99650]: INFO neutron.wsgi [None req-9982e6f7-6b00-43bc-8b50-821520355f10 admin admin] 10.222.0.57 "GET /v2.0/security-groups?tenant_id=2a5feda789f1409bb513ca46b6cab09a&name=default HTTP/1.1" status: 200 len: 2979 time: 0.5848088
Jul 14 12:47:19.006348 dv-cinder-800695-2-smb neutron-server[99649]: DEBUG neutron.wsgi [-] (99649) accepted ('10.222.0.57', 33514) {{(pid=99649) server /usr/local/lib/python3.8/dist-packages/eventlet/wsgi.py:982}}
Jul 14 12:47:19.021200 dv-cinder-800695-2-smb neutron-server[99650]: DEBUG neutron.api.rpc.handlers.resources_rpc [None req-9982e6f7-6b00-43bc-8b50-821520355f10 admin admin] Pushing event updated for resources: {'SecurityGroup': ['ID=b1c72387-ebfd-4726-9076-7369a8d84c9e,revision_number=1']} {{(pid=99650) push /opt/stack/neutron/neutron/api/rpc/handlers/resources_rpc.py:237}}
Jul 14 12:47:19.053737 dv-cinder-800695-2-smb neutron-server[99650]: DEBUG neutron_lib.callbacks.manager [None req-c61b1cc7-f65c-487a-be72-9b09fe692a8d tempest-AttachVolumeTestJSON-201549912 tempest-AttachVolumeTestJSON-201549912-project] Notify callbacks [] for port, precommit_create {{(pid=99650) _notify_loop /usr/local/lib/python3.8/dist-packages/neutron_lib/callbacks/manager.py:192}}
Jul 14 12:47:19.105991 dv-cinder-800695-2-smb neutron-server[99650]: DEBUG neutron_lib.callbacks.manager [None req-c61b1cc7-f65c-487a-be72-9b09fe692a8d tempest-AttachVolumeTestJSON-201549912 tempest-AttachVolumeTestJSON-201549912-project] Notify callbacks ['neutron.plugins.ml2.plugin.SecurityGroupServerNotifierRpcMixin._notify_sg_on_port_change-1604410', 'neutron.plugins.ml2.ovo_rpc._ObjectChangeHandler.handle_event-1002385', 'neutron.api.rpc.agentnotifiers.dhcp_rpc_agent_api.DhcpAgentNotifyAPI._native_event_send_dhcp_notification-600000', 'neutron.db.l3_dvrscheduler_db._notify_l3_agent_new_port-8733203656596', 'neutron.services.segments.plugin.NovaSegmentNotifier._notify_port_created_or_deleted-13084127'] for port, after_create {{(pid=99650) _notify_loop /usr/local/lib/python3.8/dist-packages/neutron_lib/callbacks/manager.py:192}}
Jul 14 12:47:19.108247 dv-cinder-800695-2-smb neutron-server[99649]: DEBUG neutron_lib.callbacks.manager [None req-d08b20aa-ec13-4037-b84f-e4598b1d1cba admin admin] Notify callbacks [] for security_group, before_delete {{(pid=99649) _notify_loop /usr/local/lib/python3.8/dist-packages/neutron_lib/callbacks/manager.py:192}}
Jul 14 12:47:19.162618 dv-cinder-800695-2-smb neutron-server[99649]: DEBUG neutron_lib.callbacks.manager [None req-d08b20aa-ec13-4037-b84f-e4598b1d1cba admin admin] Notify callbacks [] for security_group, precommit_delete {{(pid=99649) _notify_loop /usr/local/lib/python3.8/dist-packages/neutron_lib/callbacks/manager.py:192}}
Jul 14 12:47:19.229973 dv-cinder-800695-2-smb neutron-server[99649]: DEBUG neutron_lib.callbacks.manager [None req-d08b20aa-ec13-4037-b84f-e4598b1d1cba admin admin] Notify callbacks ['neutron.plugins.ml2.ovo_rpc._ObjectChangeHandler.handle_event-569835'] for security_group, after_delete {{(pid=99649) _notify_loop /usr/local/lib/python3.8/dist-packages/neutron_lib/callbacks/manager.py:192}}
Jul 14 12:47:19.233304 dv-cinder-800695-2-smb neutron-server[99649]: DEBUG neutron_lib.callbacks.manager [None req-d08b20aa-ec13-4037-b84f-e4598b1d1cba admin admin] Notify callbacks [] for security_group, before_response {{(pid=99649) _notify_loop /usr/local/lib/python3.8/dist-packages/neutron_lib/callbacks/manager.py:192}}
Jul 14 12:47:19.234607 dv-cinder-800695-2-smb neutron-server[99649]: INFO neutron.wsgi [None req-d08b20aa-ec13-4037-b84f-e4598b1d1cba admin admin] 10.222.0.57 "DELETE /v2.0/security-groups/b1c72387-ebfd-4726-9076-7369a8d84c9e HTTP/1.1" status: 204 len: 168 time: 0.2271705
Jul 14 12:47:19.244786 dv-cinder-800695-2-smb neutron-server[99649]: DEBUG neutron.api.rpc.handlers.resources_rpc [None req-d08b20aa-ec13-4037-b84f-e4598b1d1cba admin admin] Pushing event deleted for resources: {'SecurityGroup': ['ID=b1c72387-ebfd-4726-9076-7369a8d84c9e,revision_number=None']} {{(pid=99649) push /opt/stack/neutron/neutron/api/rpc/handlers/resources_rpc.py:237}}
Jul 14 12:47:19.250938 dv-cinder-800695-2-smb neutron-server[99651]: DEBUG neutron.plugins.ml2.rpc [None req-67d3dfc5-6a46-4012-8d69-feec57e89b1a None None] Device a7171d9a-f5ab-463c-aa79-a6724fd16465 up at agent ovs-agent-dv-cinder-800695-2-smb {{(pid=99651) update_device_up /opt/stack/neutron/neutron/plugins/ml2/rpc.py:296}}
Jul 14 12:47:19.386602 dv-cinder-800695-2-smb neutron-server[99651]: DEBUG neutron.db.provisioning_blocks [None req-67d3dfc5-6a46-4012-8d69-feec57e89b1a None None] Provisioning for port a7171d9a-f5ab-463c-aa79-a6724fd16465 completed by entity L2. {{(pid=99651) provisioning_complete /opt/stack/neutron/neutron/db/provisioning_blocks.py:133}}
Jul 14 12:47:19.393755 dv-cinder-800695-2-smb neutron-server[99651]: DEBUG neutron.db.provisioning_blocks [None req-67d3dfc5-6a46-4012-8d69-feec57e89b1a None None] Provisioning complete for port a7171d9a-f5ab-463c-aa79-a6724fd16465 triggered by entity L2. {{(pid=99651) provisioning_complete /opt/stack/neutron/neutron/db/provisioning_blocks.py:139}}
Jul 14 12:47:19.394225 dv-cinder-800695-2-smb neutron-server[99651]: DEBUG neutron_lib.callbacks.manager [None req-67d3dfc5-6a46-4012-8d69-feec57e89b1a None None] Notify callbacks ['neutron.plugins.ml2.plugin.Ml2Plugin._port_provisioned-1383854'] for port, provisioning_complete {{(pid=99651) _notify_loop /usr/local/lib/python3.8/dist-packages/neutron_lib/callbacks/manager.py:192}}
Jul 14 12:47:19.592078 dv-cinder-800695-2-smb neutron-server[99651]: DEBUG neutron_lib.callbacks.manager [None req-67d3dfc5-6a46-4012-8d69-feec57e89b1a None None] Notify callbacks ['neutron.plugins.ml2.plugin.SecurityGroupDbMixin._ensure_default_security_group_handler-1604475'] for port, before_update {{(pid=99651) _notify_loop /usr/local/lib/python3.8/dist-packages/neutron_lib/callbacks/manager.py:192}}
Jul 14 12:47:19.660252 dv-cinder-800695-2-smb neutron-server[99651]: DEBUG neutron.plugins.ml2.db [None req-67d3dfc5-6a46-4012-8d69-feec57e89b1a None None] For port a7171d9a-f5ab-463c-aa79-a6724fd16465, host dv-cinder-800695-2-smb, got binding levels [PortBindingLevel(driver='openvswitch',host='dv-cinder-800695-2-smb',level=0,port_id=a7171d9a-f5ab-463c-aa79-a6724fd16465,segment=NetworkSegment(32a02947-7b54-424b-9f23-c3bd5a58ad2d),segment_id=32a02947-7b54-424b-9f23-c3bd5a58ad2d)] {{(pid=99651) get_binding_level_objs /opt/stack/neutron/neutron/plugins/ml2/db.py:74}}
Jul 14 12:47:19.675528 dv-cinder-800695-2-smb neutron-server[99651]: DEBUG neutron_lib.callbacks.manager [None req-67d3dfc5-6a46-4012-8d69-feec57e89b1a None None] Notify callbacks ['neutron.plugins.ml2.plugin.SecurityGroupServerNotifierRpcMixin._notify_sg_on_port_change-1604410', 'neutron.plugins.ml2.ovo_rpc._ObjectChangeHandler.handle_event-1002385', 'neutron.api.rpc.agentnotifiers.dhcp_rpc_agent_api.DhcpAgentNotifyAPI._native_event_send_dhcp_notification-600000', 'neutron.db.l3_db.L3RpcNotifierMixin._notify_gateway_port_ip_changed-8733204032247', 'neutron.db.l3_dvrscheduler_db._notify_l3_agent_port_update-8733203656614', 'neutron.db.l3_hascheduler_db._notify_l3_agent_ha_port_update-8733203656632'] for port, after_update {{(pid=99651) _notify_loop /usr/local/lib/python3.8/dist-packages/neutron_lib/callbacks/manager.py:192}}
Jul 14 12:47:19.737802 dv-cinder-800695-2-smb neutron-server[99650]: DEBUG neutron.api.rpc.handlers.resources_rpc [None req-c61b1cc7-f65c-487a-be72-9b09fe692a8d tempest-AttachVolumeTestJSON-201549912 tempest-AttachVolumeTestJSON-201549912-project] Pushing event updated for resources: {'Port': ['ID=426925c2-b22d-4300-8ed0-a813ee9e80ed,revision_number=1']} {{(pid=99650) push /opt/stack/neutron/neutron/api/rpc/handlers/resources_rpc.py:237}}
Jul 14 12:47:19.754574 dv-cinder-800695-2-smb neutron-server[99650]: DEBUG neutron.scheduler.dhcp_agent_scheduler [None req-c61b1cc7-f65c-487a-be72-9b09fe692a8d tempest-AttachVolumeTestJSON-201549912 tempest-AttachVolumeTestJSON-201549912-project] Network 746b0028-d88a-434f-8fc0-f2252d68f580 is already hosted by enough agents. {{(pid=99650) _get_dhcp_agents_hosting_network /opt/stack/neutron/neutron/scheduler/dhcp_agent_scheduler.py:275}}
Jul 14 12:47:19.757064 dv-cinder-800695-2-smb neutron-server[99650]: DEBUG neutron.scheduler.base_scheduler [None req-c61b1cc7-f65c-487a-be72-9b09fe692a8d tempest-AttachVolumeTestJSON-201549912 tempest-AttachVolumeTestJSON-201549912-project] Resources bound (agent type, host, resource id): {{(pid=99650) schedule /opt/stack/neutron/neutron/scheduler/base_scheduler.py:57}}
Jul 14 12:47:19.760155 dv-cinder-800695-2-smb neutron-server[99650]: DEBUG neutron.db.l3_dvrscheduler_db [None req-c61b1cc7-f65c-487a-be72-9b09fe692a8d tempest-AttachVolumeTestJSON-201549912 tempest-AttachVolumeTestJSON-201549912-project] Received port after_create {{(pid=99650) _notify_l3_agent_new_port /opt/stack/neutron/neutron/db/l3_dvrscheduler_db.py:535}}
Jul 14 12:47:19.772686 dv-cinder-800695-2-smb neutron-server[99651]: DEBUG neutron.api.rpc.handlers.resources_rpc [None req-67d3dfc5-6a46-4012-8d69-feec57e89b1a None None] Pushing event updated for resources: {'Port': ['ID=a7171d9a-f5ab-463c-aa79-a6724fd16465,revision_number=5']} {{(pid=99651) push /opt/stack/neutron/neutron/api/rpc/handlers/resources_rpc.py:237}}
Jul 14 12:47:19.831536 dv-cinder-800695-2-smb neutron-server[99649]: DEBUG neutron.pecan_wsgi.hooks.policy_enforcement [req-b4ebc786-a8de-4a14-9b0e-b960eacfdc45 req-e60b48fe-9ba3-40e2-adba-d0f2bf1ca1fe tempest-ServerRescueNegativeTestJSON-837146099 tempest-ServerRescueNegativeTestJSON-837146099-project] Attributes excluded by policy engine: ['standard_attr_id', 'binding:profile', 'binding:host_id', 'binding:vif_type', 'binding:vif_details'] {{(pid=99649) _exclude_attributes_by_policy /opt/stack/neutron/neutron/pecan_wsgi/hooks/policy_enforcement.py:255}}
Jul 14 12:47:19.834153 dv-cinder-800695-2-smb neutron-server[99649]: INFO neutron.wsgi [req-b4ebc786-a8de-4a14-9b0e-b960eacfdc45 req-e60b48fe-9ba3-40e2-adba-d0f2bf1ca1fe tempest-ServerRescueNegativeTestJSON-837146099 tempest-ServerRescueNegativeTestJSON-837146099-project] 10.222.0.57 "GET /v2.0/ports?device_id=a88cbafe-b8c2-45c9-aa14-0227a97dfc5e HTTP/1.1" status: 200 len: 945 time: 0.1449082
Jul 14 12:47:19.839464 dv-cinder-800695-2-smb neutron-server[99650]: DEBUG neutron.pecan_wsgi.hooks.policy_enforcement [req-03ca7a22-0edb-4635-9a0c-2e7c0b65c568 req-8caca90a-8304-46c0-88cb-4a73a5ed93fd tempest-VolumesActionsTest-1067940937 tempest-VolumesActionsTest-1067940937-project] Attributes excluded by policy engine: ['standard_attr_id', 'binding:profile', 'binding:host_id', 'binding:vif_type', 'binding:vif_details'] {{(pid=99650) _exclude_attributes_by_policy /opt/stack/neutron/neutron/pecan_wsgi/hooks/policy_enforcement.py:255}}
Jul 14 12:47:19.846346 dv-cinder-800695-2-smb neutron-server[99650]: INFO neutron.wsgi [req-03ca7a22-0edb-4635-9a0c-2e7c0b65c568 req-8caca90a-8304-46c0-88cb-4a73a5ed93fd tempest-VolumesActionsTest-1067940937 tempest-VolumesActionsTest-1067940937-project] 10.222.0.57 "GET /v2.0/ports?device_id=c039f355-b071-443c-b920-0aaf991b7775 HTTP/1.1" status: 200 len: 944 time: 0.6647594
Jul 14 12:47:19.903020 dv-cinder-800695-2-smb neutron-server[99649]: INFO neutron.wsgi [req-b4ebc786-a8de-4a14-9b0e-b960eacfdc45 req-1d0016de-7788-4e5e-9f64-fbc2ef6352cb tempest-ServerRescueNegativeTestJSON-837146099 tempest-ServerRescueNegativeTestJSON-837146099-project] 10.222.0.57 "GET /v2.0/security-groups?id=7d9f0bf6-3379-4156-ad58-5224e7393a79&fields=id&fields=name HTTP/1.1" status: 200 len: 286 time: 0.0616686
Jul 14 12:47:19.980632 dv-cinder-800695-2-smb neutron-server[99650]: INFO neutron.wsgi [req-03ca7a22-0edb-4635-9a0c-2e7c0b65c568 req-31efc3c0-f00c-42ab-b6d9-4c38f01e84b1 tempest-VolumesActionsTest-1067940937 tempest-VolumesActionsTest-1067940937-project] 10.222.0.57 "GET /v2.0/security-groups?id=9f884139-006d-4d68-96d2-5f98eaab90b0&fields=id&fields=name HTTP/1.1" status: 200 len: 286 time: 0.1333873
Jul 14 12:47:19.985484 dv-cinder-800695-2-smb neutron-server[99650]: DEBUG neutron_lib.callbacks.manager [None req-c61b1cc7-f65c-487a-be72-9b09fe692a8d tempest-AttachVolumeTestJSON-201549912 tempest-AttachVolumeTestJSON-201549912-project] Notify callbacks [] for floatingip, precommit_create {{(pid=99650) _notify_loop /usr/local/lib/python3.8/dist-packages/neutron_lib/callbacks/manager.py:192}}
Jul 14 12:47:20.045972 dv-cinder-800695-2-smb neutron-server[99650]: DEBUG neutron_lib.callbacks.manager [None req-c61b1cc7-f65c-487a-be72-9b09fe692a8d tempest-AttachVolumeTestJSON-201549912 tempest-AttachVolumeTestJSON-201549912-project] Notify callbacks ['neutron.plugins.ml2.plugin.SecurityGroupDbMixin._ensure_default_security_group_handler-1604475'] for port, before_update {{(pid=99650) _notify_loop /usr/local/lib/python3.8/dist-packages/neutron_lib/callbacks/manager.py:192}}
Jul 14 12:47:20.053437 dv-cinder-800695-2-smb neutron-server[99651]: DEBUG neutron.plugins.ml2.rpc [None req-61048ed6-a518-4da9-b2c6-600cc52fdca2 None None] Device 105da382-1083-45af-af12-6ff06b74b868 details requested by agent hyperv_hv-cinder-80069 with host hv-cinder-80069 {{(pid=99651) get_device_details /opt/stack/neutron/neutron/plugins/ml2/rpc.py:102}}
Jul 14 12:47:20.182398 dv-cinder-800695-2-smb neutron-server[99651]: DEBUG neutron_lib.callbacks.manager [None req-780c807a-0723-4298-8e65-9e43ab536d7e None None] Notify callbacks ['neutron.services.segments.db._update_segment_host_mapping_for_agent-8733204198382', 'neutron.plugins.ml2.plugin.Ml2Plugin._retry_binding_revived_agents-1383291'] for agent, after_update {{(pid=99651) _notify_loop /usr/local/lib/python3.8/dist-packages/neutron_lib/callbacks/manager.py:192}}
Jul 14 12:47:20.228384 dv-cinder-800695-2-smb neutron-server[99651]: DEBUG neutron.plugins.ml2.db [None req-61048ed6-a518-4da9-b2c6-600cc52fdca2 None None] For port 105da382-1083-45af-af12-6ff06b74b868, host hv-cinder-80069, got binding levels [PortBindingLevel(driver='hyperv',host='hv-cinder-80069',level=0,port_id=105da382-1083-45af-af12-6ff06b74b868,segment=NetworkSegment(cf961e6f-e65d-42cb-bdf1-d5f1d50c0c6c),segment_id=cf961e6f-e65d-42cb-bdf1-d5f1d50c0c6c)] {{(pid=99651) get_binding_level_objs /opt/stack/neutron/neutron/plugins/ml2/db.py:74}}
Jul 14 12:47:20.249066 dv-cinder-800695-2-smb neutron-server[99651]: DEBUG neutron.plugins.ml2.rpc [None req-61048ed6-a518-4da9-b2c6-600cc52fdca2 None None] Returning: {'device': '105da382-1083-45af-af12-6ff06b74b868', 'network_id': '6b12461f-7074-42e4-900f-eed949a3a79c', 'port_id': '105da382-1083-45af-af12-6ff06b74b868', 'mac_address': 'fa:16:3e:46:46:03', 'admin_state_up': True, 'network_type': 'vlan', 'segmentation_id': 946, 'physical_network': 'physnet1', 'mtu': 1500, 'fixed_ips': [{'subnet_id': '4191f79e-6232-4448-977e-4bc1d5a6304e', 'ip_address': '172.20.0.13'}], 'device_owner': 'compute:nova', 'allowed_address_pairs': [], 'port_security_enabled': True, 'qos_policy_id': None, 'network_qos_policy_id': None, 'profile': {}, 'propagate_uplink_status': False} {{(pid=99651) _get_device_details /opt/stack/neutron/neutron/plugins/ml2/rpc.py:184}}
Jul 14 12:47:20.302188 dv-cinder-800695-2-smb neutron-server[99650]: DEBUG neutron_lib.callbacks.manager [None req-c61b1cc7-f65c-487a-be72-9b09fe692a8d tempest-AttachVolumeTestJSON-201549912 tempest-AttachVolumeTestJSON-201549912-project] Notify callbacks [] for port, precommit_update {{(pid=99650) _notify_loop /usr/local/lib/python3.8/dist-packages/neutron_lib/callbacks/manager.py:192}}
Jul 14 12:47:20.307581 dv-cinder-800695-2-smb neutron-server[99651]: DEBUG neutron_lib.callbacks.manager [None req-61048ed6-a518-4da9-b2c6-600cc52fdca2 None None] Notify callbacks ['neutron.plugins.ml2.plugin.SecurityGroupDbMixin._ensure_default_security_group_handler-1604475'] for port, before_update {{(pid=99651) _notify_loop /usr/local/lib/python3.8/dist-packages/neutron_lib/callbacks/manager.py:192}}
Jul 14 12:47:20.311406 dv-cinder-800695-2-smb neutron-server[99650]: DEBUG neutron_lib.callbacks.manager [None req-c61b1cc7-f65c-487a-be72-9b09fe692a8d tempest-AttachVolumeTestJSON-201549912 tempest-AttachVolumeTestJSON-201549912-project] Notify callbacks ['neutron.plugins.ml2.plugin.SecurityGroupServerNotifierRpcMixin._notify_sg_on_port_change-1604410', 'neutron.plugins.ml2.ovo_rpc._ObjectChangeHandler.handle_event-1002385', 'neutron.api.rpc.agentnotifiers.dhcp_rpc_agent_api.DhcpAgentNotifyAPI._native_event_send_dhcp_notification-600000', 'neutron.db.l3_db.L3RpcNotifierMixin._notify_gateway_port_ip_changed-8733204032247', 'neutron.db.l3_dvrscheduler_db._notify_l3_agent_port_update-8733203656614', 'neutron.db.l3_hascheduler_db._notify_l3_agent_ha_port_update-8733203656632', 'neutron.services.segments.plugin.NovaSegmentNotifier._notify_port_updated-13084116'] for port, after_update {{(pid=99650) _notify_loop /usr/local/lib/python3.8/dist-packages/neutron_lib/callbacks/manager.py:192}}
Jul 14 12:47:20.324404 dv-cinder-800695-2-smb neutron-server[99651]: DEBUG neutron.notifiers.nova [None req-61048ed6-a518-4da9-b2c6-600cc52fdca2 None None] Ignoring state change previous_port_status: DOWN current_port_status: BUILD port_id 105da382-1083-45af-af12-6ff06b74b868 {{(pid=99651) record_port_status_changed /opt/stack/neutron/neutron/notifiers/nova.py:224}}
Jul 14 12:47:20.361433 dv-cinder-800695-2-smb neutron-server[99651]: DEBUG neutron.plugins.ml2.db [None req-61048ed6-a518-4da9-b2c6-600cc52fdca2 None None] For port 105da382-1083-45af-af12-6ff06b74b868, host hv-cinder-80069, got binding levels [PortBindingLevel(driver='hyperv',host='hv-cinder-80069',level=0,port_id=105da382-1083-45af-af12-6ff06b74b868,segment=NetworkSegment(cf961e6f-e65d-42cb-bdf1-d5f1d50c0c6c),segment_id=cf961e6f-e65d-42cb-bdf1-d5f1d50c0c6c)] {{(pid=99651) get_binding_level_objs /opt/stack/neutron/neutron/plugins/ml2/db.py:74}}
Jul 14 12:47:20.375095 dv-cinder-800695-2-smb neutron-server[99651]: DEBUG neutron_lib.callbacks.manager [None req-61048ed6-a518-4da9-b2c6-600cc52fdca2 None None] Notify callbacks ['neutron.plugins.ml2.plugin.SecurityGroupServerNotifierRpcMixin._notify_sg_on_port_change-1604410', 'neutron.plugins.ml2.ovo_rpc._ObjectChangeHandler.handle_event-1002385', 'neutron.api.rpc.agentnotifiers.dhcp_rpc_agent_api.DhcpAgentNotifyAPI._native_event_send_dhcp_notification-600000', 'neutron.db.l3_db.L3RpcNotifierMixin._notify_gateway_port_ip_changed-8733204032247', 'neutron.db.l3_dvrscheduler_db._notify_l3_agent_port_update-8733203656614', 'neutron.db.l3_hascheduler_db._notify_l3_agent_ha_port_update-8733203656632'] for port, after_update {{(pid=99651) _notify_loop /usr/local/lib/python3.8/dist-packages/neutron_lib/callbacks/manager.py:192}}
Jul 14 12:47:20.401601 dv-cinder-800695-2-smb neutron-server[99650]: DEBUG neutron.api.rpc.handlers.resources_rpc [None req-c61b1cc7-f65c-487a-be72-9b09fe692a8d tempest-AttachVolumeTestJSON-201549912 tempest-AttachVolumeTestJSON-201549912-project] Pushing event updated for resources: {'Port': ['ID=426925c2-b22d-4300-8ed0-a813ee9e80ed,revision_number=2']} {{(pid=99650) push /opt/stack/neutron/neutron/api/rpc/handlers/resources_rpc.py:237}}
Jul 14 12:47:20.409677 dv-cinder-800695-2-smb neutron-server[99650]: DEBUG neutron_lib.callbacks.manager [None req-c61b1cc7-f65c-487a-be72-9b09fe692a8d tempest-AttachVolumeTestJSON-201549912 tempest-AttachVolumeTestJSON-201549912-project] Notify callbacks ['neutron.services.l3_router.l3_router_plugin.DVRResourceOperationHandler._create_dvr_floating_gw_port-399199'] for floatingip, after_update {{(pid=99650) _notify_loop /usr/local/lib/python3.8/dist-packages/neutron_lib/callbacks/manager.py:192}}
Jul 14 12:47:20.430811 dv-cinder-800695-2-smb neutron-server[99650]: DEBUG neutron_lib.callbacks.manager [None req-c61b1cc7-f65c-487a-be72-9b09fe692a8d tempest-AttachVolumeTestJSON-201549912 tempest-AttachVolumeTestJSON-201549912-project] Notify callbacks ['neutron.notifiers.nova.Notifier._send_nova_notification-908541'] for floatingip, before_response {{(pid=99650) _notify_loop /usr/local/lib/python3.8/dist-packages/neutron_lib/callbacks/manager.py:192}}
Jul 14 12:47:20.433231 dv-cinder-800695-2-smb neutron-server[99650]: INFO neutron.wsgi [None req-c61b1cc7-f65c-487a-be72-9b09fe692a8d tempest-AttachVolumeTestJSON-201549912 tempest-AttachVolumeTestJSON-201549912-project] 10.222.0.57 "POST /v2.0/floatingips HTTP/1.1" status: 201 len: 693 time: 2.5987332
Jul 14 12:47:20.462669 dv-cinder-800695-2-smb neutron-server[99651]: DEBUG neutron.api.rpc.handlers.resources_rpc [None req-61048ed6-a518-4da9-b2c6-600cc52fdca2 None None] Pushing event updated for resources: {'Port': ['ID=105da382-1083-45af-af12-6ff06b74b868,revision_number=4']} {{(pid=99651) push /opt/stack/neutron/neutron/api/rpc/handlers/resources_rpc.py:237}}
Jul 14 12:47:20.712404 dv-cinder-800695-2-smb neutron-server[99651]: DEBUG neutron.plugins.ml2.db [None req-61048ed6-a518-4da9-b2c6-600cc52fdca2 None None] get_ports_and_sgs() called for port_ids ['105da382-1083-45af-af12-6ff06b74b868'] {{(pid=99651) get_ports_and_sgs /opt/stack/neutron/neutron/plugins/ml2/db.py:156}}
Jul 14 12:47:20.712780 dv-cinder-800695-2-smb neutron-server[99650]: INFO neutron.wsgi [req-1b0103f1-7cff-4838-a2cf-b5e9ac6992fe req-54e49c0f-ca36-4e8d-a3b2-c631ec8f3e8e tempest-AttachVolumeTestJSON-201549912 tempest-AttachVolumeTestJSON-201549912-project] 10.222.0.57 "GET /v2.0/security-groups?name=tempest-securitygroup--1464134395&fields=id&tenant_id=92d184c2bc3342c2b1baea1b31f2e802 HTTP/1.1" status: 200 len: 267 time: 0.0646899
Jul 14 12:47:20.888432 dv-cinder-800695-2-smb neutron-server[99650]: DEBUG neutron.pecan_wsgi.hooks.policy_enforcement [req-1b0103f1-7cff-4838-a2cf-b5e9ac6992fe req-3f5e3838-6870-4d6a-a08a-e2facc07078e tempest-AttachVolumeTestJSON-201549912 tempest-AttachVolumeTestJSON-201549912-project] Attributes excluded by policy engine: ['standard_attr_id', 'vlan_transparent', 'provider:network_type', 'provider:physical_network', 'provider:segmentation_id'] {{(pid=99650) _exclude_attributes_by_policy /opt/stack/neutron/neutron/pecan_wsgi/hooks/policy_enforcement.py:255}}
Jul 14 12:47:20.891033 dv-cinder-800695-2-smb neutron-server[99650]: INFO neutron.wsgi [req-1b0103f1-7cff-4838-a2cf-b5e9ac6992fe req-3f5e3838-6870-4d6a-a08a-e2facc07078e tempest-AttachVolumeTestJSON-201549912 tempest-AttachVolumeTestJSON-201549912-project] 10.222.0.57 "GET /v2.0/networks?id=abf50de0-a3b7-4da3-9213-b0d7de731fb0 HTTP/1.1" status: 200 len: 811 time: 0.1713133
Jul 14 12:47:20.912741 dv-cinder-800695-2-smb neutron-server[99650]: INFO neutron.wsgi [req-1b0103f1-7cff-4838-a2cf-b5e9ac6992fe req-8d29836f-7bc9-4e42-994d-d3d081dc6814 tempest-AttachVolumeTestJSON-201549912 tempest-AttachVolumeTestJSON-201549912-project] 10.222.0.57 "GET /v2.0/quotas/92d184c2bc3342c2b1baea1b31f2e802 HTTP/1.1" status: 200 len: 375 time: 0.0160875
Jul 14 12:47:21.023780 dv-cinder-800695-2-smb neutron-server[99649]: DEBUG neutron.wsgi [-] (99649) accepted ('10.222.0.57', 33636) {{(pid=99649) server /usr/local/lib/python3.8/dist-packages/eventlet/wsgi.py:982}}
Jul 14 12:47:21.045855 dv-cinder-800695-2-smb neutron-server[99649]: DEBUG neutron.wsgi [-] (99649) accepted ('10.222.0.57', 33640) {{(pid=99649) server /usr/local/lib/python3.8/dist-packages/eventlet/wsgi.py:982}}
Jul 14 12:47:21.069400 dv-cinder-800695-2-smb neutron-server[99650]: INFO neutron.wsgi [req-1b0103f1-7cff-4838-a2cf-b5e9ac6992fe req-74020694-ab6b-485f-b650-d5175bda8f2e tempest-AttachVolumeTestJSON-201549912 tempest-AttachVolumeTestJSON-201549912-project] 10.222.0.57 "GET /v2.0/ports?tenant_id=92d184c2bc3342c2b1baea1b31f2e802&fields=id HTTP/1.1" status: 200 len: 348 time: 0.1507154
Jul 14 12:47:21.239540 dv-cinder-800695-2-smb neutron-server[99651]: DEBUG neutron.plugins.ml2.rpc [None req-67d3dfc5-6a46-4012-8d69-feec57e89b1a None None] Device a7171d9a-f5ab-463c-aa79-a6724fd16465 up at agent ovs-agent-dv-cinder-800695-2-smb {{(pid=99651) update_device_up /opt/stack/neutron/neutron/plugins/ml2/rpc.py:296}}
Jul 14 12:47:21.244686 dv-cinder-800695-2-smb neutron-server[99650]: INFO neutron.wsgi [req-1b0103f1-7cff-4838-a2cf-b5e9ac6992fe req-c6f64441-210c-4785-a7a4-ff0610d06120 service neutron] 10.222.0.57 "GET /v2.0/networks/abf50de0-a3b7-4da3-9213-b0d7de731fb0?fields=segments HTTP/1.1" status: 200 len: 212 time: 0.1576488
Jul 14 12:47:21.277703 dv-cinder-800695-2-smb neutron-server[99649]: DEBUG neutron_lib.callbacks.manager [None req-0b079e7a-29b0-4a8b-a180-4241a58b068d admin admin] Notify callbacks [] for security_group, before_create {{(pid=99649) _notify_loop /usr/local/lib/python3.8/dist-packages/neutron_lib/callbacks/manager.py:192}}
Jul 14 12:47:21.281568 dv-cinder-800695-2-smb neutron-server[99649]: DEBUG neutron_lib.callbacks.manager [None req-74f82bd2-1040-4b80-86b0-c41917dcae2a admin admin] Notify callbacks [] for security_group, before_create {{(pid=99649) _notify_loop /usr/local/lib/python3.8/dist-packages/neutron_lib/callbacks/manager.py:192}}
Jul 14 12:47:21.306475 dv-cinder-800695-2-smb neutron-server[99651]: DEBUG neutron.db.provisioning_blocks [None req-67d3dfc5-6a46-4012-8d69-feec57e89b1a None None] Provisioning complete for port a7171d9a-f5ab-463c-aa79-a6724fd16465 triggered by entity L2. {{(pid=99651) provisioning_complete /opt/stack/neutron/neutron/db/provisioning_blocks.py:139}}
Jul 14 12:47:21.306988 dv-cinder-800695-2-smb neutron-server[99651]: DEBUG neutron_lib.callbacks.manager [None req-67d3dfc5-6a46-4012-8d69-feec57e89b1a None None] Notify callbacks ['neutron.plugins.ml2.plugin.Ml2Plugin._port_provisioned-1383854'] for port, provisioning_complete {{(pid=99651) _notify_loop /usr/local/lib/python3.8/dist-packages/neutron_lib/callbacks/manager.py:192}}
Jul 14 12:47:21.347707 dv-cinder-800695-2-smb neutron-server[99649]: DEBUG neutron_lib.db.api [None req-74f82bd2-1040-4b80-86b0-c41917dcae2a admin admin] Retry wrapper got retriable exception: (pymysql.err.OperationalError) (1213, 'Deadlock found when trying to get lock; try restarting transaction')
Jul 14 12:47:21.347707 dv-cinder-800695-2-smb neutron-server[99649]: [SQL: INSERT INTO reservations (project_id, id, expiration) VALUES (%(project_id)s, %(id)s, %(expiration)s)]
Jul 14 12:47:21.347707 dv-cinder-800695-2-smb neutron-server[99649]: [parameters: {'project_id': 'fa6bc9f16c9e426383229168e3b53dbd', 'id': 'c04fde75-6a1f-477f-b491-bcb0b81c8dfd', 'expiration': datetime.datetime(2021, 7, 14, 12, 49, 21, 334999)}]
Jul 14 12:47:21.347707 dv-cinder-800695-2-smb neutron-server[99649]: (Background on this error at: http://sqlalche.me/e/14/e3q8) {{(pid=99649) wrapped /usr/local/lib/python3.8/dist-packages/neutron_lib/db/api.py:183}}
Jul 14 12:47:21.348564 dv-cinder-800695-2-smb neutron-server[99649]: DEBUG oslo_db.api [None req-74f82bd2-1040-4b80-86b0-c41917dcae2a admin admin] Performing DB retry for function neutron.db.securitygroups_db.SecurityGroupDbMixin.create_security_group {{(pid=99649) wrapper /usr/local/lib/python3.8/dist-packages/oslo_db/api.py:155}}
Jul 14 12:47:21.359929 dv-cinder-800695-2-smb neutron-server[99649]: DEBUG neutron.pecan_wsgi.hooks.policy_enforcement [req-ef911207-76b8-48b8-a719-be4467df9a9b req-76f6cdf1-1ff2-4a60-815f-7a96ba755b98 tempest-ServerRescueNegativeTestJSON-837146099 tempest-ServerRescueNegativeTestJSON-837146099-project] Attributes excluded by policy engine: ['standard_attr_id', 'binding:profile', 'binding:host_id', 'binding:vif_type', 'binding:vif_details'] {{(pid=99649) _exclude_attributes_by_policy /opt/stack/neutron/neutron/pecan_wsgi/hooks/policy_enforcement.py:255}}
Jul 14 12:47:21.366907 dv-cinder-800695-2-smb neutron-server[99649]: INFO neutron.wsgi [req-ef911207-76b8-48b8-a719-be4467df9a9b req-76f6cdf1-1ff2-4a60-815f-7a96ba755b98 tempest-ServerRescueNegativeTestJSON-837146099 tempest-ServerRescueNegativeTestJSON-837146099-project] 10.222.0.57 "GET /v2.0/ports?device_id=a88cbafe-b8c2-45c9-aa14-0227a97dfc5e HTTP/1.1" status: 200 len: 945 time: 0.2366891
Jul 14 12:47:21.368987 dv-cinder-800695-2-smb neutron-server[99650]: INFO neutron.wsgi [req-1b0103f1-7cff-4838-a2cf-b5e9ac6992fe req-3654f22a-12b1-491f-8051-1459d1504003 service neutron] 10.222.0.57 "GET /v2.0/networks/abf50de0-a3b7-4da3-9213-b0d7de731fb0?fields=provider%3Aphysical_network&fields=provider%3Anetwork_type HTTP/1.1" status: 200 len: 281 time: 0.1177597
Jul 14 12:47:21.660407 dv-cinder-800695-2-smb neutron-server[99649]: INFO neutron.wsgi [req-ef911207-76b8-48b8-a719-be4467df9a9b req-f0091e61-eb93-4cfb-8cff-f303cec5ffd6 tempest-ServerRescueNegativeTestJSON-837146099 tempest-ServerRescueNegativeTestJSON-837146099-project] 10.222.0.57 "GET /v2.0/security-groups?id=7d9f0bf6-3379-4156-ad58-5224e7393a79&fields=id&fields=name HTTP/1.1" status: 200 len: 286 time: 0.2926216
Jul 14 12:47:21.684406 dv-cinder-800695-2-smb neutron-server[99650]: DEBUG neutron.pecan_wsgi.hooks.policy_enforcement [req-de885855-4493-4656-a1fe-57a1364bbc0b req-9e3a8eb6-b3c7-4cd2-9246-fd4fd1585e43 tempest-VolumesActionsTest-1067940937 tempest-VolumesActionsTest-1067940937-project] Attributes excluded by policy engine: ['standard_attr_id', 'binding:profile', 'binding:host_id', 'binding:vif_type', 'binding:vif_details'] {{(pid=99650) _exclude_attributes_by_policy /opt/stack/neutron/neutron/pecan_wsgi/hooks/policy_enforcement.py:255}}
Jul 14 12:47:21.686045 dv-cinder-800695-2-smb neutron-server[99650]: INFO neutron.wsgi [req-de885855-4493-4656-a1fe-57a1364bbc0b req-9e3a8eb6-b3c7-4cd2-9246-fd4fd1585e43 tempest-VolumesActionsTest-1067940937 tempest-VolumesActionsTest-1067940937-project] 10.222.0.57 "GET /v2.0/ports?device_id=c039f355-b071-443c-b920-0aaf991b7775 HTTP/1.1" status: 200 len: 945 time: 0.0886354
Jul 14 12:47:21.699857 dv-cinder-800695-2-smb neutron-server[99649]: DEBUG neutron_lib.callbacks.manager [None req-0b079e7a-29b0-4a8b-a180-4241a58b068d admin admin] Notify callbacks [] for security_group, precommit_create {{(pid=99649) _notify_loop /usr/local/lib/python3.8/dist-packages/neutron_lib/callbacks/manager.py:192}}
Jul 14 12:47:21.706307 dv-cinder-800695-2-smb neutron-server[99649]: DEBUG neutron_lib.callbacks.manager [None req-0b079e7a-29b0-4a8b-a180-4241a58b068d admin admin] Notify callbacks ['neutron.plugins.ml2.ovo_rpc._ObjectChangeHandler.handle_event-569835'] for security_group, after_create {{(pid=99649) _notify_loop /usr/local/lib/python3.8/dist-packages/neutron_lib/callbacks/manager.py:192}}
Jul 14 12:47:21.729324 dv-cinder-800695-2-smb neutron-server[99650]: INFO neutron.wsgi [req-de885855-4493-4656-a1fe-57a1364bbc0b req-168854fa-48c5-4131-9d8b-a3b4b61ce1e7 tempest-VolumesActionsTest-1067940937 tempest-VolumesActionsTest-1067940937-project] 10.222.0.57 "GET /v2.0/security-groups?id=9f884139-006d-4d68-96d2-5f98eaab90b0&fields=id&fields=name HTTP/1.1" status: 200 len: 286 time: 0.0372303
Jul 14 12:47:21.785516 dv-cinder-800695-2-smb neutron-server[99649]: INFO neutron.wsgi [req-94401f77-c7dd-41b3-b729-17fe022fd7b4 req-276cf2b5-1226-4d3f-84be-0bdf3481c932 tempest-AttachVolumeTestJSON-201549912 tempest-AttachVolumeTestJSON-201549912-project] 10.222.0.57 "GET /v2.0/ports?device_id=2d9880da-cfca-4c2b-b853-2d0563d8c168 HTTP/1.1" status: 200 len: 210 time: 0.0661829
Jul 14 12:47:21.800820 dv-cinder-800695-2-smb neutron-server[99649]: INFO neutron.wsgi [None req-0b079e7a-29b0-4a8b-a180-4241a58b068d admin admin] 10.222.0.57 "GET /v2.0/security-groups?tenant_id=faf866d1e47746e2aa04020e705dc93f&name=default HTTP/1.1" status: 200 len: 2979 time: 0.7726808
Jul 14 12:47:21.800820 dv-cinder-800695-2-smb neutron-server[99649]: DEBUG neutron.api.rpc.handlers.resources_rpc [None req-0b079e7a-29b0-4a8b-a180-4241a58b068d admin admin] Pushing event updated for resources: {'SecurityGroup': ['ID=84073d3b-8fc7-466b-93c7-ba963ca118f7,revision_number=1']} {{(pid=99649) push /opt/stack/neutron/neutron/api/rpc/handlers/resources_rpc.py:237}}
Jul 14 12:47:21.801204 dv-cinder-800695-2-smb neutron-server[99650]: DEBUG neutron.wsgi [-] (99650) accepted ('10.222.0.57', 33660) {{(pid=99650) server /usr/local/lib/python3.8/dist-packages/eventlet/wsgi.py:982}}
Jul 14 12:47:21.849892 dv-cinder-800695-2-smb neutron-server[99649]: DEBUG neutron_lib.callbacks.manager [None req-74f82bd2-1040-4b80-86b0-c41917dcae2a admin admin] Notify callbacks [] for security_group, before_create {{(pid=99649) _notify_loop /usr/local/lib/python3.8/dist-packages/neutron_lib/callbacks/manager.py:192}}
Jul 14 12:47:21.875768 dv-cinder-800695-2-smb neutron-server[99650]: DEBUG neutron_lib.callbacks.manager [None req-04a4ffb0-2a25-4d06-86fc-b21220f1060e admin admin] Notify callbacks [] for security_group, before_delete {{(pid=99650) _notify_loop /usr/local/lib/python3.8/dist-packages/neutron_lib/callbacks/manager.py:192}}
Jul 14 12:47:21.909981 dv-cinder-800695-2-smb neutron-server[99650]: DEBUG neutron_lib.callbacks.manager [None req-04a4ffb0-2a25-4d06-86fc-b21220f1060e admin admin] Notify callbacks [] for security_group, precommit_delete {{(pid=99650) _notify_loop /usr/local/lib/python3.8/dist-packages/neutron_lib/callbacks/manager.py:192}}
Jul 14 12:47:21.956126 dv-cinder-800695-2-smb neutron-server[99649]: DEBUG neutron_lib.callbacks.manager [None req-74f82bd2-1040-4b80-86b0-c41917dcae2a admin admin] Notify callbacks [] for security_group, precommit_create {{(pid=99649) _notify_loop /usr/local/lib/python3.8/dist-packages/neutron_lib/callbacks/manager.py:192}}
Jul 14 12:47:21.960280 dv-cinder-800695-2-smb neutron-server[99649]: DEBUG neutron_lib.callbacks.manager [None req-74f82bd2-1040-4b80-86b0-c41917dcae2a admin admin] Notify callbacks ['neutron.plugins.ml2.ovo_rpc._ObjectChangeHandler.handle_event-569835'] for security_group, after_create {{(pid=99649) _notify_loop /usr/local/lib/python3.8/dist-packages/neutron_lib/callbacks/manager.py:192}}
Jul 14 12:47:21.963773 dv-cinder-800695-2-smb neutron-server[99650]: DEBUG neutron_lib.callbacks.manager [None req-04a4ffb0-2a25-4d06-86fc-b21220f1060e admin admin] Notify callbacks ['neutron.plugins.ml2.ovo_rpc._ObjectChangeHandler.handle_event-569835'] for security_group, after_delete {{(pid=99650) _notify_loop /usr/local/lib/python3.8/dist-packages/neutron_lib/callbacks/manager.py:192}}
Jul 14 12:47:21.966800 dv-cinder-800695-2-smb neutron-server[99650]: DEBUG neutron_lib.callbacks.manager [None req-04a4ffb0-2a25-4d06-86fc-b21220f1060e admin admin] Notify callbacks [] for security_group, before_response {{(pid=99650) _notify_loop /usr/local/lib/python3.8/dist-packages/neutron_lib/callbacks/manager.py:192}}
Jul 14 12:47:21.970433 dv-cinder-800695-2-smb neutron-server[99650]: INFO neutron.wsgi [None req-04a4ffb0-2a25-4d06-86fc-b21220f1060e admin admin] 10.222.0.57 "DELETE /v2.0/security-groups/84073d3b-8fc7-466b-93c7-ba963ca118f7 HTTP/1.1" status: 204 len: 168 time: 0.1658332
Jul 14 12:47:21.977876 dv-cinder-800695-2-smb neutron-server[99650]: DEBUG neutron.api.rpc.handlers.resources_rpc [None req-04a4ffb0-2a25-4d06-86fc-b21220f1060e admin admin] Pushing event deleted for resources: {'SecurityGroup': ['ID=84073d3b-8fc7-466b-93c7-ba963ca118f7,revision_number=None']} {{(pid=99650) push /opt/stack/neutron/neutron/api/rpc/handlers/resources_rpc.py:237}}
Jul 14 12:47:22.013812 dv-cinder-800695-2-smb neutron-server[99649]: DEBUG neutron.api.rpc.handlers.resources_rpc [None req-74f82bd2-1040-4b80-86b0-c41917dcae2a admin admin] Pushing event updated for resources: {'SecurityGroup': ['ID=93ff6a23-baee-4b59-a69e-728a18672df3,revision_number=1']} {{(pid=99649) push /opt/stack/neutron/neutron/api/rpc/handlers/resources_rpc.py:237}}
Jul 14 12:47:22.018554 dv-cinder-800695-2-smb neutron-server[99649]: INFO neutron.wsgi [None req-74f82bd2-1040-4b80-86b0-c41917dcae2a admin admin] 10.222.0.57 "GET /v2.0/security-groups?tenant_id=fa6bc9f16c9e426383229168e3b53dbd&name=default HTTP/1.1" status: 200 len: 2979 time: 0.9716375
Jul 14 12:47:22.021368 dv-cinder-800695-2-smb neutron-server[99650]: DEBUG neutron.wsgi [-] (99650) accepted ('10.222.0.57', 33666) {{(pid=99650) server /usr/local/lib/python3.8/dist-packages/eventlet/wsgi.py:982}}
Jul 14 12:47:22.069572 dv-cinder-800695-2-smb neutron-server[99651]: DEBUG neutron.plugins.ml2.rpc [None req-61048ed6-a518-4da9-b2c6-600cc52fdca2 None None] Device 105da382-1083-45af-af12-6ff06b74b868 up at agent hyperv_hv-cinder-80069 {{(pid=99651) update_device_up /opt/stack/neutron/neutron/plugins/ml2/rpc.py:296}}
Jul 14 12:47:22.077055 dv-cinder-800695-2-smb neutron-server[99650]: DEBUG neutron_lib.callbacks.manager [None req-085e472c-ca9b-4aee-b4b0-6978a03b1646 admin admin] Notify callbacks [] for security_group, before_delete {{(pid=99650) _notify_loop /usr/local/lib/python3.8/dist-packages/neutron_lib/callbacks/manager.py:192}}
Jul 14 12:47:22.101254 dv-cinder-800695-2-smb neutron-server[99650]: DEBUG neutron_lib.callbacks.manager [None req-085e472c-ca9b-4aee-b4b0-6978a03b1646 admin admin] Notify callbacks [] for security_group, precommit_delete {{(pid=99650) _notify_loop /usr/local/lib/python3.8/dist-packages/neutron_lib/callbacks/manager.py:192}}
Jul 14 12:47:22.135600 dv-cinder-800695-2-smb neutron-server[99651]: DEBUG neutron.db.provisioning_blocks [None req-61048ed6-a518-4da9-b2c6-600cc52fdca2 None None] Provisioning for port 105da382-1083-45af-af12-6ff06b74b868 completed by entity L2. {{(pid=99651) provisioning_complete /opt/stack/neutron/neutron/db/provisioning_blocks.py:133}}
Jul 14 12:47:22.140508 dv-cinder-800695-2-smb neutron-server[99651]: DEBUG neutron.db.provisioning_blocks [None req-61048ed6-a518-4da9-b2c6-600cc52fdca2 None None] Provisioning complete for port 105da382-1083-45af-af12-6ff06b74b868 triggered by entity L2. {{(pid=99651) provisioning_complete /opt/stack/neutron/neutron/db/provisioning_blocks.py:139}}
Jul 14 12:47:22.141201 dv-cinder-800695-2-smb neutron-server[99651]: DEBUG neutron_lib.callbacks.manager [None req-61048ed6-a518-4da9-b2c6-600cc52fdca2 None None] Notify callbacks ['neutron.plugins.ml2.plugin.Ml2Plugin._port_provisioned-1383854'] for port, provisioning_complete {{(pid=99651) _notify_loop /usr/local/lib/python3.8/dist-packages/neutron_lib/callbacks/manager.py:192}}
Jul 14 12:47:22.170058 dv-cinder-800695-2-smb neutron-server[99650]: DEBUG neutron_lib.callbacks.manager [None req-085e472c-ca9b-4aee-b4b0-6978a03b1646 admin admin] Notify callbacks ['neutron.plugins.ml2.ovo_rpc._ObjectChangeHandler.handle_event-569835'] for security_group, after_delete {{(pid=99650) _notify_loop /usr/local/lib/python3.8/dist-packages/neutron_lib/callbacks/manager.py:192}}
Jul 14 12:47:22.173355 dv-cinder-800695-2-smb neutron-server[99650]: DEBUG neutron_lib.callbacks.manager [None req-085e472c-ca9b-4aee-b4b0-6978a03b1646 admin admin] Notify callbacks [] for security_group, before_response {{(pid=99650) _notify_loop /usr/local/lib/python3.8/dist-packages/neutron_lib/callbacks/manager.py:192}}
Jul 14 12:47:22.174664 dv-cinder-800695-2-smb neutron-server[99650]: INFO neutron.wsgi [None req-085e472c-ca9b-4aee-b4b0-6978a03b1646 admin admin] 10.222.0.57 "DELETE /v2.0/security-groups/93ff6a23-baee-4b59-a69e-728a18672df3 HTTP/1.1" status: 204 len: 168 time: 0.1519606
Jul 14 12:47:22.183838 dv-cinder-800695-2-smb neutron-server[99650]: DEBUG neutron.api.rpc.handlers.resources_rpc [None req-085e472c-ca9b-4aee-b4b0-6978a03b1646 admin admin] Pushing event deleted for resources: {'SecurityGroup': ['ID=93ff6a23-baee-4b59-a69e-728a18672df3,revision_number=None']} {{(pid=99650) push /opt/stack/neutron/neutron/api/rpc/handlers/resources_rpc.py:237}}
Jul 14 12:47:22.247225 dv-cinder-800695-2-smb neutron-server[99651]: DEBUG neutron_lib.callbacks.manager [None req-61048ed6-a518-4da9-b2c6-600cc52fdca2 None None] Notify callbacks ['neutron.plugins.ml2.plugin.SecurityGroupDbMixin._ensure_default_security_group_handler-1604475'] for port, before_update {{(pid=99651) _notify_loop /usr/local/lib/python3.8/dist-packages/neutron_lib/callbacks/manager.py:192}}
Jul 14 12:47:22.276721 dv-cinder-800695-2-smb neutron-server[99651]: DEBUG neutron.notifiers.nova [-] Sending events: [{'server_uuid': 'c039f355-b071-443c-b920-0aaf991b7775', 'name': 'network-vif-plugged', 'status': 'completed', 'tag': '105da382-1083-45af-af12-6ff06b74b868'}] {{(pid=99651) send_events /opt/stack/neutron/neutron/notifiers/nova.py:262}}
Jul 14 12:47:22.281159 dv-cinder-800695-2-smb neutron-server[99651]: DEBUG novaclient.v2.client [-] REQ: curl -g -i --cacert "/opt/stack/data/ca-bundle.pem" -X POST http://10.222.0.57/compute/v2.1/os-server-external-events -H "Accept: application/json" -H "Content-Type: application/json" -H "User-Agent: python-novaclient" -H "X-Auth-Token: {SHA256}6cf0b118f9c61beebfbcd6c44ec7cdc108033edb6184c8a955663a38e7bd067f" -H "X-OpenStack-Nova-API-Version: 2.1" -H "X-OpenStack-Request-ID: req-234dcfbc-5f62-4469-a520-bc3a82d7269f" -d '{"events": [{"server_uuid": "c039f355-b071-443c-b920-0aaf991b7775", "name": "network-vif-plugged", "status": "completed", "tag": "105da382-1083-45af-af12-6ff06b74b868"}]}' {{(pid=99651) _http_log_request /usr/local/lib/python3.8/dist-packages/keystoneauth1/session.py:519}}
Jul 14 12:47:22.301993 dv-cinder-800695-2-smb neutron-server[99651]: DEBUG neutron.plugins.ml2.db [None req-61048ed6-a518-4da9-b2c6-600cc52fdca2 None None] For port 105da382-1083-45af-af12-6ff06b74b868, host hv-cinder-80069, got binding levels [PortBindingLevel(driver='hyperv',host='hv-cinder-80069',level=0,port_id=105da382-1083-45af-af12-6ff06b74b868,segment=NetworkSegment(cf961e6f-e65d-42cb-bdf1-d5f1d50c0c6c),segment_id=cf961e6f-e65d-42cb-bdf1-d5f1d50c0c6c)] {{(pid=99651) get_binding_level_objs /opt/stack/neutron/neutron/plugins/ml2/db.py:74}}
Jul 14 12:47:22.311566 dv-cinder-800695-2-smb neutron-server[99651]: DEBUG neutron_lib.callbacks.manager [None req-61048ed6-a518-4da9-b2c6-600cc52fdca2 None None] Notify callbacks ['neutron.plugins.ml2.plugin.SecurityGroupServerNotifierRpcMixin._notify_sg_on_port_change-1604410', 'neutron.plugins.ml2.ovo_rpc._ObjectChangeHandler.handle_event-1002385', 'neutron.api.rpc.agentnotifiers.dhcp_rpc_agent_api.DhcpAgentNotifyAPI._native_event_send_dhcp_notification-600000', 'neutron.db.l3_db.L3RpcNotifierMixin._notify_gateway_port_ip_changed-8733204032247', 'neutron.db.l3_dvrscheduler_db._notify_l3_agent_port_update-8733203656614', 'neutron.db.l3_hascheduler_db._notify_l3_agent_ha_port_update-8733203656632'] for port, after_update {{(pid=99651) _notify_loop /usr/local/lib/python3.8/dist-packages/neutron_lib/callbacks/manager.py:192}}
Jul 14 12:47:22.346034 dv-cinder-800695-2-smb neutron-server[99651]: DEBUG novaclient.v2.client [-] RESP: [200] Connection: close Content-Length: 183 Content-Type: application/json Date: Wed, 14 Jul 2021 12:47:22 GMT OpenStack-API-Version: compute 2.1 Server: Apache/2.4.41 (Ubuntu) Vary: OpenStack-API-Version,X-OpenStack-Nova-API-Version X-OpenStack-Nova-API-Version: 2.1 x-compute-request-id: req-b8c540e4-23fd-482b-ba90-bc98eea9f5b5 x-openstack-request-id: req-b8c540e4-23fd-482b-ba90-bc98eea9f5b5 {{(pid=99651) _http_log_response /usr/local/lib/python3.8/dist-packages/keystoneauth1/session.py:550}}
Jul 14 12:47:22.347642 dv-cinder-800695-2-smb neutron-server[99651]: DEBUG novaclient.v2.client [-] RESP BODY: {"events": [{"server_uuid": "c039f355-b071-443c-b920-0aaf991b7775", "name": "network-vif-plugged", "status": "completed", "tag": "105da382-1083-45af-af12-6ff06b74b868", "code": 200}]} {{(pid=99651) _http_log_response /usr/local/lib/python3.8/dist-packages/keystoneauth1/session.py:582}}
Jul 14 12:47:22.348089 dv-cinder-800695-2-smb neutron-server[99651]: DEBUG novaclient.v2.client [-] POST call to compute for http://10.222.0.57/compute/v2.1/os-server-external-events used request id req-b8c540e4-23fd-482b-ba90-bc98eea9f5b5 {{(pid=99651) request /usr/local/lib/python3.8/dist-packages/keystoneauth1/session.py:954}}
Jul 14 12:47:22.348636 dv-cinder-800695-2-smb neutron-server[99651]: INFO neutron.notifiers.nova [-] Nova event response: {'server_uuid': 'c039f355-b071-443c-b920-0aaf991b7775', 'name': 'network-vif-plugged', 'status': 'completed', 'tag': '105da382-1083-45af-af12-6ff06b74b868', 'code': 200}
Jul 14 12:47:22.379348 dv-cinder-800695-2-smb neutron-server[99651]: DEBUG neutron.api.rpc.handlers.resources_rpc [None req-61048ed6-a518-4da9-b2c6-600cc52fdca2 None None] Pushing event updated for resources: {'Port': ['ID=105da382-1083-45af-af12-6ff06b74b868,revision_number=5']} {{(pid=99651) push /opt/stack/neutron/neutron/api/rpc/handlers/resources_rpc.py:237}}
Jul 14 12:47:22.401783 dv-cinder-800695-2-smb neutron-server[99649]: DEBUG neutron.wsgi [-] (99649) accepted ('10.222.0.57', 33676) {{(pid=99649) server /usr/local/lib/python3.8/dist-packages/eventlet/wsgi.py:982}}
Jul 14 12:47:22.419365 dv-cinder-800695-2-smb neutron-server[99649]: DEBUG neutron_lib.callbacks.manager [None req-e223835e-adbf-4994-8234-a5e5df012d14 admin admin] Notify callbacks [] for security_group, before_create {{(pid=99649) _notify_loop /usr/local/lib/python3.8/dist-packages/neutron_lib/callbacks/manager.py:192}}
Jul 14 12:47:22.573139 dv-cinder-800695-2-smb neutron-server[99649]: DEBUG neutron_lib.callbacks.manager [None req-e223835e-adbf-4994-8234-a5e5df012d14 admin admin] Notify callbacks [] for security_group, precommit_create {{(pid=99649) _notify_loop /usr/local/lib/python3.8/dist-packages/neutron_lib/callbacks/manager.py:192}}
Jul 14 12:47:22.578663 dv-cinder-800695-2-smb neutron-server[99649]: DEBUG neutron_lib.callbacks.manager [None req-e223835e-adbf-4994-8234-a5e5df012d14 admin admin] Notify callbacks ['neutron.plugins.ml2.ovo_rpc._ObjectChangeHandler.handle_event-569835'] for security_group, after_create {{(pid=99649) _notify_loop /usr/local/lib/python3.8/dist-packages/neutron_lib/callbacks/manager.py:192}}
Jul 14 12:47:22.625661 dv-cinder-800695-2-smb neutron-server[99649]: INFO neutron.wsgi [None req-e223835e-adbf-4994-8234-a5e5df012d14 admin admin] 10.222.0.57 "GET /v2.0/security-groups?tenant_id=c1b911e2bbbc4d2f99eeab2945029ba9&name=default HTTP/1.1" status: 200 len: 2979 time: 0.2222023
Jul 14 12:47:22.628676 dv-cinder-800695-2-smb neutron-server[99650]: DEBUG neutron.wsgi [-] (99650) accepted ('10.222.0.57', 33684) {{(pid=99650) server /usr/local/lib/python3.8/dist-packages/eventlet/wsgi.py:982}}
Jul 14 12:47:22.630959 dv-cinder-800695-2-smb neutron-server[99649]: DEBUG neutron.api.rpc.handlers.resources_rpc [None req-e223835e-adbf-4994-8234-a5e5df012d14 admin admin] Pushing event updated for resources: {'SecurityGroup': ['ID=196e358e-c8d6-407c-b875-6ff501dea24c,revision_number=1']} {{(pid=99649) push /opt/stack/neutron/neutron/api/rpc/handlers/resources_rpc.py:237}}
Jul 14 12:47:22.680567 dv-cinder-800695-2-smb neutron-server[99651]: DEBUG neutron_lib.callbacks.manager [None req-c3f3791d-c63b-425a-a80e-d11a7f1f1aa0 None None] Notify callbacks ['neutron.services.segments.db._update_segment_host_mapping_for_agent-8733204198382', 'neutron.plugins.ml2.plugin.Ml2Plugin._retry_binding_revived_agents-1383291'] for agent, after_update {{(pid=99651) _notify_loop /usr/local/lib/python3.8/dist-packages/neutron_lib/callbacks/manager.py:192}}
Jul 14 12:47:22.681702 dv-cinder-800695-2-smb neutron-server[99649]: DEBUG neutron.wsgi [-] (99649) accepted ('10.222.0.57', 33686) {{(pid=99649) server /usr/local/lib/python3.8/dist-packages/eventlet/wsgi.py:982}}
Jul 14 12:47:22.700368 dv-cinder-800695-2-smb neutron-server[99649]: DEBUG neutron_lib.callbacks.manager [None req-de848a56-b21c-4bd4-be02-f91195736d3c admin admin] Notify callbacks [] for security_group, before_create {{(pid=99649) _notify_loop /usr/local/lib/python3.8/dist-packages/neutron_lib/callbacks/manager.py:192}}
Jul 14 12:47:22.747785 dv-cinder-800695-2-smb neutron-server[99650]: DEBUG neutron.pecan_wsgi.hooks.policy_enforcement [req-fae77df8-1db3-405a-9e17-595fcc5941b7 req-225fed09-0ebe-4179-92ed-2d463b7da8fa service neutron] Attributes excluded by policy engine: ['standard_attr_id'] {{(pid=99650) _exclude_attributes_by_policy /opt/stack/neutron/neutron/pecan_wsgi/hooks/policy_enforcement.py:255}}
Jul 14 12:47:22.749433 dv-cinder-800695-2-smb neutron-server[99650]: INFO neutron.wsgi [req-fae77df8-1db3-405a-9e17-595fcc5941b7 req-225fed09-0ebe-4179-92ed-2d463b7da8fa service neutron] 10.222.0.62 "GET /v2.0/ports?device_id=c039f355-b071-443c-b920-0aaf991b7775 HTTP/1.1" status: 200 len: 1099 time: 0.1216874
Jul 14 12:47:22.750080 dv-cinder-800695-2-smb neutron-server[99650]: DEBUG neutron_lib.callbacks.manager [None req-d6b31cea-4584-44d0-bd50-4b75343b46da admin admin] Notify callbacks [] for security_group, before_delete {{(pid=99650) _notify_loop /usr/local/lib/python3.8/dist-packages/neutron_lib/callbacks/manager.py:192}}
Jul 14 12:47:22.792474 dv-cinder-800695-2-smb neutron-server[99650]: DEBUG neutron_lib.callbacks.manager [None req-d6b31cea-4584-44d0-bd50-4b75343b46da admin admin] Notify callbacks [] for security_group, precommit_delete {{(pid=99650) _notify_loop /usr/local/lib/python3.8/dist-packages/neutron_lib/callbacks/manager.py:192}}
Jul 14 12:47:22.831900 dv-cinder-800695-2-smb neutron-server[99650]: INFO neutron.wsgi [req-fae77df8-1db3-405a-9e17-595fcc5941b7 req-a97aba8f-947e-4cf7-9fa4-bb59346cf0c8 service neutron] 10.222.0.62 "GET /v2.0/security-groups?id=9f884139-006d-4d68-96d2-5f98eaab90b0&fields=id&fields=name HTTP/1.1" status: 200 len: 286 time: 0.0690796
Jul 14 12:47:22.850397 dv-cinder-800695-2-smb neutron-server[99649]: DEBUG neutron_lib.callbacks.manager [None req-de848a56-b21c-4bd4-be02-f91195736d3c admin admin] Notify callbacks [] for security_group, precommit_create {{(pid=99649) _notify_loop /usr/local/lib/python3.8/dist-packages/neutron_lib/callbacks/manager.py:192}}
Jul 14 12:47:22.858769 dv-cinder-800695-2-smb neutron-server[99649]: DEBUG neutron_lib.callbacks.manager [None req-de848a56-b21c-4bd4-be02-f91195736d3c admin admin] Notify callbacks ['neutron.plugins.ml2.ovo_rpc._ObjectChangeHandler.handle_event-569835'] for security_group, after_create {{(pid=99649) _notify_loop /usr/local/lib/python3.8/dist-packages/neutron_lib/callbacks/manager.py:192}}
