Jul 14 12:47:02.377517 dv-cinder-800695-2-smb devstack@c-api.service[106448]: warnings.warn(
Jul 14 12:47:02.377936 dv-cinder-800695-2-smb devstack@c-api.service[106448]: DEBUG cinder.api.openstack.wsgi [None req-938db61a-d0c3-45b8-a3b6-6071f9262c2e tempest-VolumesDeleteCascade-1455963043 tempest-VolumesDeleteCascade-1455963043-project] Calling method 'show' {{(pid=106448) _process_stack /opt/stack/cinder/cinder/api/openstack/wsgi.py:866}}
Jul 14 12:47:02.407104 dv-cinder-800695-2-smb devstack@c-api.service[106448]: /usr/local/lib/python3.8/dist-packages/oslo_context/context.py:105: DeprecationWarning: Policy enforcement is depending on the value of is_admin. This key is deprecated. Please update your policy file to use the standard policy values.
Jul 14 12:47:02.407104 dv-cinder-800695-2-smb devstack@c-api.service[106448]: warnings.warn('Policy enforcement is depending on the value of '
Jul 14 12:47:02.417494 dv-cinder-800695-2-smb devstack@c-api.service[106448]: INFO cinder.volume.api [None req-938db61a-d0c3-45b8-a3b6-6071f9262c2e tempest-VolumesDeleteCascade-1455963043 tempest-VolumesDeleteCascade-1455963043-project] Volume info retrieved successfully.
Jul 14 12:47:02.434720 dv-cinder-800695-2-smb devstack@c-api.service[106448]: INFO cinder.api.openstack.wsgi [None req-938db61a-d0c3-45b8-a3b6-6071f9262c2e tempest-VolumesDeleteCascade-1455963043 tempest-VolumesDeleteCascade-1455963043-project] http://10.222.0.57/volume/v3/08fb7cc3993d45188b7be3f270b21423/volumes/a48e76a4-7396-46f3-acc6-084239134968 returned with HTTP 200
Jul 14 12:47:02.435837 dv-cinder-800695-2-smb devstack@c-api.service[106448]: [pid: 106448|app: 0|req: 172/327] 10.222.0.57 () {58 vars in 1325 bytes} [Wed Jul 14 12:47:02 2021] GET /volume/v3/08fb7cc3993d45188b7be3f270b21423/volumes/a48e76a4-7396-46f3-acc6-084239134968 => generated 887 bytes in 64 msecs (HTTP/1.1 200) 7 headers in 285 bytes (2 switches on core 0)
Jul 14 12:47:02.454366 dv-cinder-800695-2-smb devstack@c-api.service[106447]: INFO cinder.api.openstack.wsgi [None req-b247ed3b-14b6-48bb-a42c-5cd906e98e73 tempest-SnapshotsActionsTest-1014233155 tempest-SnapshotsActionsTest-1014233155-project] POST http://10.222.0.57/volume/v3/faf866d1e47746e2aa04020e705dc93f/volumes
Jul 14 12:47:02.455987 dv-cinder-800695-2-smb devstack@c-api.service[106447]: DEBUG cinder.api.openstack.wsgi [None req-b247ed3b-14b6-48bb-a42c-5cd906e98e73 tempest-SnapshotsActionsTest-1014233155 tempest-SnapshotsActionsTest-1014233155-project] Action: 'create', calling method: create, body: {"volume": {"size": 1, "name": "tempest-SnapshotsActionsTest-Volume-1427728525"}} {{(pid=106447) _process_stack /opt/stack/cinder/cinder/api/openstack/wsgi.py:864}}
Jul 14 12:47:02.458086 dv-cinder-800695-2-smb devstack@c-api.service[106447]: DEBUG cinder.api.v3.volumes [None req-b247ed3b-14b6-48bb-a42c-5cd906e98e73 tempest-SnapshotsActionsTest-1014233155 tempest-SnapshotsActionsTest-1014233155-project] Create volume request body: {'volume': {'size': 1, 'name': 'tempest-SnapshotsActionsTest-Volume-1427728525'}} {{(pid=106447) create /opt/stack/cinder/cinder/api/v3/volumes.py:289}}
Jul 14 12:47:02.458554 dv-cinder-800695-2-smb devstack@c-api.service[106447]: INFO cinder.api.v3.volumes [None req-b247ed3b-14b6-48bb-a42c-5cd906e98e73 tempest-SnapshotsActionsTest-1014233155 tempest-SnapshotsActionsTest-1014233155-project] Create volume of 1 GB
Jul 14 12:47:02.465483 dv-cinder-800695-2-smb devstack@c-api.service[106447]: INFO cinder.volume.api [None req-b247ed3b-14b6-48bb-a42c-5cd906e98e73 tempest-SnapshotsActionsTest-1014233155 tempest-SnapshotsActionsTest-1014233155-project] Availability Zones retrieved successfully.
Jul 14 12:47:02.484047 dv-cinder-800695-2-smb devstack@c-api.service[106447]: DEBUG cinder.volume.api [None req-b247ed3b-14b6-48bb-a42c-5cd906e98e73 tempest-SnapshotsActionsTest-1014233155 tempest-SnapshotsActionsTest-1014233155-project] Flow 'volume_create_api' (2da6b8ba-a79a-4e8e-8483-3c2a34f8a86c) transitioned into state 'RUNNING' from state 'PENDING' {{(pid=106447) _flow_receiver /usr/local/lib/python3.8/dist-packages/taskflow/listeners/logging.py:141}}
Jul 14 12:47:02.487672 dv-cinder-800695-2-smb devstack@c-api.service[106447]: DEBUG cinder.volume.api [None req-b247ed3b-14b6-48bb-a42c-5cd906e98e73 tempest-SnapshotsActionsTest-1014233155 tempest-SnapshotsActionsTest-1014233155-project] Task 'cinder.volume.flows.api.create_volume.ExtractVolumeRequestTask;volume:create' (1847c269-a06b-47bc-953b-91835bc1e7b0) transitioned into state 'RUNNING' from state 'PENDING' {{(pid=106447) _task_receiver /usr/local/lib/python3.8/dist-packages/taskflow/listeners/logging.py:190}}
Jul 14 12:47:02.490608 dv-cinder-800695-2-smb devstack@c-api.service[106447]: DEBUG cinder.volume.flows.api.create_volume [None req-b247ed3b-14b6-48bb-a42c-5cd906e98e73 tempest-SnapshotsActionsTest-1014233155 tempest-SnapshotsActionsTest-1014233155-project] Validating volume size '1' using validate_int {{(pid=106447) _extract_size /opt/stack/cinder/cinder/volume/flows/api/create_volume.py:201}}
Jul 14 12:47:02.526587 dv-cinder-800695-2-smb devstack@c-api.service[106447]: DEBUG cinder.volume.api [None req-b247ed3b-14b6-48bb-a42c-5cd906e98e73 tempest-SnapshotsActionsTest-1014233155 tempest-SnapshotsActionsTest-1014233155-project] Task 'cinder.volume.flows.api.create_volume.ExtractVolumeRequestTask;volume:create' (1847c269-a06b-47bc-953b-91835bc1e7b0) transitioned into state 'SUCCESS' from state 'RUNNING' with result '{'size': 1, 'snapshot_id': None, 'source_volid': None, 'volume_type': VolumeType(created_at=2021-07-14T12:36:54Z,deleted=False,deleted_at=None,description='Default Volume Type',extra_specs={},id=33a4e65e-0bf7-471c-9ffb-4174eacbd1c1,is_public=True,name='__DEFAULT__',projects=[],qos_specs=,qos_specs_id=None,updated_at=2021-07-14T12:36:54Z), 'volume_type_id': '33a4e65e-0bf7-471c-9ffb-4174eacbd1c1', 'encryption_key_id': None, 'qos_specs': None, 'consistencygroup_id': None, 'cgsnapshot_id': None, 'group_id': None, 'replication_status': 'disabled', 'refresh_az': False, 'backup_id': None, 'multiattach': False, 'availability_zones': ['nova']}' {{(pid=106447) _task_receiver /usr/local/lib/python3.8/dist-packages/taskflow/listeners/logging.py:178}}
Jul 14 12:47:02.528937 dv-cinder-800695-2-smb devstack@c-api.service[106447]: DEBUG cinder.volume.api [None req-b247ed3b-14b6-48bb-a42c-5cd906e98e73 tempest-SnapshotsActionsTest-1014233155 tempest-SnapshotsActionsTest-1014233155-project] Task 'cinder.volume.flows.api.create_volume.QuotaReserveTask;volume:create' (d760dd7a-fbd8-4124-a213-b28e06732794) transitioned into state 'RUNNING' from state 'PENDING' {{(pid=106447) _task_receiver /usr/local/lib/python3.8/dist-packages/taskflow/listeners/logging.py:190}}
Jul 14 12:47:02.643248 dv-cinder-800695-2-smb devstack@c-api.service[106447]: DEBUG cinder.quota [None req-b247ed3b-14b6-48bb-a42c-5cd906e98e73 tempest-SnapshotsActionsTest-1014233155 tempest-SnapshotsActionsTest-1014233155-project] Created reservations ['01418872-1a6e-4b60-8d27-857086b34706', '05604adb-c100-4494-ace8-4da7e30fb3b9', 'a921182d-ee15-462e-955d-7fb125ed22e5', '35bb3849-6fa1-4084-a57d-a015c8984405'] {{(pid=106447) reserve /opt/stack/cinder/cinder/quota.py:755}}
Jul 14 12:47:02.644881 dv-cinder-800695-2-smb devstack@c-api.service[106447]: DEBUG cinder.volume.api [None req-b247ed3b-14b6-48bb-a42c-5cd906e98e73 tempest-SnapshotsActionsTest-1014233155 tempest-SnapshotsActionsTest-1014233155-project] Task 'cinder.volume.flows.api.create_volume.QuotaReserveTask;volume:create' (d760dd7a-fbd8-4124-a213-b28e06732794) transitioned into state 'SUCCESS' from state 'RUNNING' with result '{'reservations': ['01418872-1a6e-4b60-8d27-857086b34706', '05604adb-c100-4494-ace8-4da7e30fb3b9', 'a921182d-ee15-462e-955d-7fb125ed22e5', '35bb3849-6fa1-4084-a57d-a015c8984405']}' {{(pid=106447) _task_receiver /usr/local/lib/python3.8/dist-packages/taskflow/listeners/logging.py:178}}
Jul 14 12:47:02.646692 dv-cinder-800695-2-smb devstack@c-api.service[106447]: DEBUG cinder.volume.api [None req-b247ed3b-14b6-48bb-a42c-5cd906e98e73 tempest-SnapshotsActionsTest-1014233155 tempest-SnapshotsActionsTest-1014233155-project] Task 'cinder.volume.flows.api.create_volume.EntryCreateTask;volume:create' (40f0446a-2685-4d6c-be3f-b24885acc8d7) transitioned into state 'RUNNING' from state 'PENDING' {{(pid=106447) _task_receiver /usr/local/lib/python3.8/dist-packages/taskflow/listeners/logging.py:190}}
Jul 14 12:47:02.675123 dv-cinder-800695-2-smb devstack@c-api.service[106448]: INFO cinder.api.openstack.wsgi [None req-023a9050-14bc-4117-b6d2-5e958bbf222a tempest-DeleteServersTestJSON-1849799760 tempest-DeleteServersTestJSON-1849799760-project] GET http://10.222.0.57/volume/v3/3d961ba8f121484297e8b14c92b79384/volumes/895441df-aab6-4471-819d-2be3244d3729
Jul 14 12:47:02.676409 dv-cinder-800695-2-smb devstack@c-api.service[106448]: DEBUG cinder.api.openstack.wsgi [None req-023a9050-14bc-4117-b6d2-5e958bbf222a tempest-DeleteServersTestJSON-1849799760 tempest-DeleteServersTestJSON-1849799760-project] Empty body provided in request {{(pid=106448) get_body /opt/stack/cinder/cinder/api/openstack/wsgi.py:713}}
Jul 14 12:47:02.676812 dv-cinder-800695-2-smb devstack@c-api.service[106448]: /usr/local/lib/python3.8/dist-packages/webob/acceptparse.py:1047: DeprecationWarning: The behavior of AcceptValidHeader.best_match is currently being maintained for backward compatibility, but it will be deprecated in the future, as it does not conform to the RFC.
Jul 14 12:47:02.676812 dv-cinder-800695-2-smb devstack@c-api.service[106448]: warnings.warn(
Jul 14 12:47:02.677699 dv-cinder-800695-2-smb devstack@c-api.service[106448]: DEBUG cinder.api.openstack.wsgi [None req-023a9050-14bc-4117-b6d2-5e958bbf222a tempest-DeleteServersTestJSON-1849799760 tempest-DeleteServersTestJSON-1849799760-project] Calling method 'show' {{(pid=106448) _process_stack /opt/stack/cinder/cinder/api/openstack/wsgi.py:866}}
Jul 14 12:47:02.692608 dv-cinder-800695-2-smb devstack@c-api.service[106448]: /usr/local/lib/python3.8/dist-packages/oslo_context/context.py:105: DeprecationWarning: Policy enforcement is depending on the value of is_admin. This key is deprecated. Please update your policy file to use the standard policy values.
Jul 14 12:47:02.692608 dv-cinder-800695-2-smb devstack@c-api.service[106448]: warnings.warn('Policy enforcement is depending on the value of '
Jul 14 12:47:02.701503 dv-cinder-800695-2-smb devstack@c-api.service[106448]: INFO cinder.volume.api [None req-023a9050-14bc-4117-b6d2-5e958bbf222a tempest-DeleteServersTestJSON-1849799760 tempest-DeleteServersTestJSON-1849799760-project] Volume info retrieved successfully.
Jul 14 12:47:02.720677 dv-cinder-800695-2-smb devstack@c-api.service[106447]: DEBUG cinder.volume.api [None req-b247ed3b-14b6-48bb-a42c-5cd906e98e73 tempest-SnapshotsActionsTest-1014233155 tempest-SnapshotsActionsTest-1014233155-project] Task 'cinder.volume.flows.api.create_volume.EntryCreateTask;volume:create' (40f0446a-2685-4d6c-be3f-b24885acc8d7) transitioned into state 'SUCCESS' from state 'RUNNING' with result '{'volume_id': 'df17fdf9-4153-466c-90d3-ddd673d04323', 'volume_properties': VolumeProperties(attach_status='detached',availability_zone='nova',cgsnapshot_id=None,consistencygroup_id=None,display_description=None,display_name='tempest-SnapshotsActionsTest-Volume-1427728525',encryption_key_id=None,group_id=None,group_type_id=,metadata={},multiattach=False,project_id='faf866d1e47746e2aa04020e705dc93f',qos_specs=None,replication_status=,reservations=['01418872-1a6e-4b60-8d27-857086b34706','05604adb-c100-4494-ace8-4da7e30fb3b9','a921182d-ee15-462e-955d-7fb125ed22e5','35bb3849-6fa1-4084-a57d-a015c8984405'],size=1,snapshot_id=None,source_replicaid=,source_volid=None,status='creating',user_id='2dc2110b19b94db2a5c63707e38a4697',volume_type_id=33a4e65e-0bf7-471c-9ffb-4174eacbd1c1), 'volume': Volume(_name_id=None,admin_metadata=,attach_status='detached',availability_zone='nova',bootable=False,cluster=,cluster_name=None,consistencygroup=,consistencygroup_id=None,created_at=2021-07-14T12:47:02Z,deleted=False,deleted_at=None,display_description=None,display_name='tempest-SnapshotsActionsTest-Volume-1427728525',ec2_id=None,encryption_key_id=None,glance_metadata=,group=,group_id=None,host=None,id=df17fdf9-4153-466c-90d3-ddd673d04323,launched_at=None,metadata={},migration_status=None,multiattach=False,previous_status=None,project_id='faf866d1e47746e2aa04020e705dc93f',provider_auth=None,provider_geometry=None,provider_id=None,provider_location=None,replication_driver_data=None,replication_extended_status=None,replication_status=None,scheduled_at=None,service_uuid=None,shared_targets=True,size=1,snapshot_id=None,snapshots=,source_volid=None,status='creating',terminated_at=None,updated_at=None,user_id='2dc2110b19b94db2a5c63707e38a4697',volume_attachment=,volume_type=VolumeType(33a4e65e-0bf7-471c-9ffb-4174eacbd1c1),volume_type_id=33a4e65e-0bf7-471c-9ffb-4174eacbd1c1)}' {{(pid=106447) _task_receiver /usr/local/lib/python3.8/dist-packages/taskflow/listeners/logging.py:178}}
Jul 14 12:47:02.723527 dv-cinder-800695-2-smb devstack@c-api.service[106447]: DEBUG cinder.volume.api [None req-b247ed3b-14b6-48bb-a42c-5cd906e98e73 tempest-SnapshotsActionsTest-1014233155 tempest-SnapshotsActionsTest-1014233155-project] Task 'cinder.volume.flows.api.create_volume.QuotaCommitTask;volume:create' (a0cc1b79-cdc2-4159-bf81-8987f6e5fa66) transitioned into state 'RUNNING' from state 'PENDING' {{(pid=106447) _task_receiver /usr/local/lib/python3.8/dist-packages/taskflow/listeners/logging.py:190}}
Jul 14 12:47:02.727473 dv-cinder-800695-2-smb devstack@c-api.service[106448]: INFO cinder.api.openstack.wsgi [None req-023a9050-14bc-4117-b6d2-5e958bbf222a tempest-DeleteServersTestJSON-1849799760 tempest-DeleteServersTestJSON-1849799760-project] http://10.222.0.57/volume/v3/3d961ba8f121484297e8b14c92b79384/volumes/895441df-aab6-4471-819d-2be3244d3729 returned with HTTP 200
Jul 14 12:47:02.729443 dv-cinder-800695-2-smb devstack@c-api.service[106448]: [pid: 106448|app: 0|req: 173/328] 10.222.0.57 () {58 vars in 1325 bytes} [Wed Jul 14 12:47:02 2021] GET /volume/v3/3d961ba8f121484297e8b14c92b79384/volumes/895441df-aab6-4471-819d-2be3244d3729 => generated 913 bytes in 57 msecs (HTTP/1.1 200) 7 headers in 285 bytes (1 switches on core 0)
Jul 14 12:47:02.744618 dv-cinder-800695-2-smb devstack@c-api.service[106448]: INFO cinder.api.openstack.wsgi [None req-77a7c1c6-866a-4856-843b-d135a78ea449 tempest-DeleteServersTestJSON-1849799760 tempest-DeleteServersTestJSON-1849799760-project] GET http://10.222.0.57/volume/v3/3d961ba8f121484297e8b14c92b79384/volumes/895441df-aab6-4471-819d-2be3244d3729
Jul 14 12:47:02.745255 dv-cinder-800695-2-smb devstack@c-api.service[106448]: DEBUG cinder.api.openstack.wsgi [None req-77a7c1c6-866a-4856-843b-d135a78ea449 tempest-DeleteServersTestJSON-1849799760 tempest-DeleteServersTestJSON-1849799760-project] Empty body provided in request {{(pid=106448) get_body /opt/stack/cinder/cinder/api/openstack/wsgi.py:713}}
Jul 14 12:47:02.745436 dv-cinder-800695-2-smb devstack@c-api.service[106448]: /usr/local/lib/python3.8/dist-packages/webob/acceptparse.py:1047: DeprecationWarning: The behavior of AcceptValidHeader.best_match is currently being maintained for backward compatibility, but it will be deprecated in the future, as it does not conform to the RFC.
Jul 14 12:47:02.745436 dv-cinder-800695-2-smb devstack@c-api.service[106448]: warnings.warn(
Jul 14 12:47:02.746202 dv-cinder-800695-2-smb devstack@c-api.service[106448]: DEBUG cinder.api.openstack.wsgi [None req-77a7c1c6-866a-4856-843b-d135a78ea449 tempest-DeleteServersTestJSON-1849799760 tempest-DeleteServersTestJSON-1849799760-project] Calling method 'show' {{(pid=106448) _process_stack /opt/stack/cinder/cinder/api/openstack/wsgi.py:866}}
Jul 14 12:47:02.756678 dv-cinder-800695-2-smb devstack@c-api.service[106447]: DEBUG cinder.volume.api [None req-b247ed3b-14b6-48bb-a42c-5cd906e98e73 tempest-SnapshotsActionsTest-1014233155 tempest-SnapshotsActionsTest-1014233155-project] Task 'cinder.volume.flows.api.create_volume.QuotaCommitTask;volume:create' (a0cc1b79-cdc2-4159-bf81-8987f6e5fa66) transitioned into state 'SUCCESS' from state 'RUNNING' with result '{'volume_properties': VolumeProperties(attach_status='detached',availability_zone='nova',cgsnapshot_id=None,consistencygroup_id=None,display_description=None,display_name='tempest-SnapshotsActionsTest-Volume-1427728525',encryption_key_id=None,group_id=None,group_type_id=,metadata={},multiattach=False,project_id='faf866d1e47746e2aa04020e705dc93f',qos_specs=None,replication_status=,reservations=['01418872-1a6e-4b60-8d27-857086b34706','05604adb-c100-4494-ace8-4da7e30fb3b9','a921182d-ee15-462e-955d-7fb125ed22e5','35bb3849-6fa1-4084-a57d-a015c8984405'],size=1,snapshot_id=None,source_replicaid=,source_volid=None,status='creating',user_id='2dc2110b19b94db2a5c63707e38a4697',volume_type_id=33a4e65e-0bf7-471c-9ffb-4174eacbd1c1)}' {{(pid=106447) _task_receiver /usr/local/lib/python3.8/dist-packages/taskflow/listeners/logging.py:178}}
Jul 14 12:47:02.759727 dv-cinder-800695-2-smb devstack@c-api.service[106447]: DEBUG cinder.volume.api [None req-b247ed3b-14b6-48bb-a42c-5cd906e98e73 tempest-SnapshotsActionsTest-1014233155 tempest-SnapshotsActionsTest-1014233155-project] Task 'cinder.volume.flows.api.create_volume.VolumeCastTask;volume:create' (a40c0018-9ce0-4f32-aef7-ea64858dcef6) transitioned into state 'RUNNING' from state 'PENDING' {{(pid=106447) _task_receiver /usr/local/lib/python3.8/dist-packages/taskflow/listeners/logging.py:190}}
Jul 14 12:47:02.766917 dv-cinder-800695-2-smb devstack@c-api.service[106448]: /usr/local/lib/python3.8/dist-packages/oslo_context/context.py:105: DeprecationWarning: Policy enforcement is depending on the value of is_admin. This key is deprecated. Please update your policy file to use the standard policy values.
Jul 14 12:47:02.766917 dv-cinder-800695-2-smb devstack@c-api.service[106448]: warnings.warn('Policy enforcement is depending on the value of '
Jul 14 12:47:02.785353 dv-cinder-800695-2-smb devstack@c-api.service[106448]: INFO cinder.volume.api [None req-77a7c1c6-866a-4856-843b-d135a78ea449 tempest-DeleteServersTestJSON-1849799760 tempest-DeleteServersTestJSON-1849799760-project] Volume info retrieved successfully.
Jul 14 12:47:02.796579 dv-cinder-800695-2-smb devstack@c-api.service[106447]: DEBUG cinder.volume.api [None req-b247ed3b-14b6-48bb-a42c-5cd906e98e73 tempest-SnapshotsActionsTest-1014233155 tempest-SnapshotsActionsTest-1014233155-project] Task 'cinder.volume.flows.api.create_volume.VolumeCastTask;volume:create' (a40c0018-9ce0-4f32-aef7-ea64858dcef6) transitioned into state 'SUCCESS' from state 'RUNNING' with result 'None' {{(pid=106447) _task_receiver /usr/local/lib/python3.8/dist-packages/taskflow/listeners/logging.py:178}}
Jul 14 12:47:02.800438 dv-cinder-800695-2-smb devstack@c-api.service[106447]: DEBUG cinder.volume.api [None req-b247ed3b-14b6-48bb-a42c-5cd906e98e73 tempest-SnapshotsActionsTest-1014233155 tempest-SnapshotsActionsTest-1014233155-project] Flow 'volume_create_api' (2da6b8ba-a79a-4e8e-8483-3c2a34f8a86c) transitioned into state 'SUCCESS' from state 'RUNNING' {{(pid=106447) _flow_receiver /usr/local/lib/python3.8/dist-packages/taskflow/listeners/logging.py:141}}
Jul 14 12:47:02.801698 dv-cinder-800695-2-smb devstack@c-api.service[106447]: INFO cinder.volume.api [None req-b247ed3b-14b6-48bb-a42c-5cd906e98e73 tempest-SnapshotsActionsTest-1014233155 tempest-SnapshotsActionsTest-1014233155-project] Create volume request issued successfully.
Jul 14 12:47:02.831637 dv-cinder-800695-2-smb devstack@c-api.service[106448]: INFO cinder.api.openstack.wsgi [None req-77a7c1c6-866a-4856-843b-d135a78ea449 tempest-DeleteServersTestJSON-1849799760 tempest-DeleteServersTestJSON-1849799760-project] http://10.222.0.57/volume/v3/3d961ba8f121484297e8b14c92b79384/volumes/895441df-aab6-4471-819d-2be3244d3729 returned with HTTP 200
Jul 14 12:47:02.833794 dv-cinder-800695-2-smb devstack@c-api.service[106447]: INFO cinder.api.openstack.wsgi [None req-b247ed3b-14b6-48bb-a42c-5cd906e98e73 tempest-SnapshotsActionsTest-1014233155 tempest-SnapshotsActionsTest-1014233155-project] http://10.222.0.57/volume/v3/faf866d1e47746e2aa04020e705dc93f/volumes returned with HTTP 202
Jul 14 12:47:02.836425 dv-cinder-800695-2-smb devstack@c-api.service[106447]: [pid: 106447|app: 0|req: 156/330] 10.222.0.57 () {60 vars in 1235 bytes} [Wed Jul 14 12:47:02 2021] POST /volume/v3/faf866d1e47746e2aa04020e705dc93f/volumes => generated 820 bytes in 638 msecs (HTTP/1.1 202) 7 headers in 291 bytes (2 switches on core 0)
Jul 14 12:47:02.836583 dv-cinder-800695-2-smb devstack@c-api.service[106448]: [pid: 106448|app: 0|req: 174/330] 10.222.0.57 () {58 vars in 1325 bytes} [Wed Jul 14 12:47:02 2021] GET /volume/v3/3d961ba8f121484297e8b14c92b79384/volumes/895441df-aab6-4471-819d-2be3244d3729 => generated 913 bytes in 96 msecs (HTTP/1.1 200) 7 headers in 285 bytes (1 switches on core 0)
Jul 14 12:47:02.851438 dv-cinder-800695-2-smb devstack@c-api.service[106447]: INFO cinder.api.openstack.wsgi [None req-8eb21373-f0cc-443d-a530-1796789eb638 tempest-SnapshotsActionsTest-1014233155 tempest-SnapshotsActionsTest-1014233155-project] GET http://10.222.0.57/volume/v3/faf866d1e47746e2aa04020e705dc93f/volumes/df17fdf9-4153-466c-90d3-ddd673d04323
Jul 14 12:47:02.851893 dv-cinder-800695-2-smb devstack@c-api.service[106447]: DEBUG cinder.api.openstack.wsgi [None req-8eb21373-f0cc-443d-a530-1796789eb638 tempest-SnapshotsActionsTest-1014233155 tempest-SnapshotsActionsTest-1014233155-project] Empty body provided in request {{(pid=106447) get_body /opt/stack/cinder/cinder/api/openstack/wsgi.py:713}}
Jul 14 12:47:02.852069 dv-cinder-800695-2-smb devstack@c-api.service[106447]: /usr/local/lib/python3.8/dist-packages/webob/acceptparse.py:1047: DeprecationWarning: The behavior of AcceptValidHeader.best_match is currently being maintained for backward compatibility, but it will be deprecated in the future, as it does not conform to the RFC.
Jul 14 12:47:02.852069 dv-cinder-800695-2-smb devstack@c-api.service[106447]: warnings.warn(
Jul 14 12:47:02.852635 dv-cinder-800695-2-smb devstack@c-api.service[106447]: DEBUG cinder.api.openstack.wsgi [None req-8eb21373-f0cc-443d-a530-1796789eb638 tempest-SnapshotsActionsTest-1014233155 tempest-SnapshotsActionsTest-1014233155-project] Calling method 'show' {{(pid=106447) _process_stack /opt/stack/cinder/cinder/api/openstack/wsgi.py:866}}
Jul 14 12:47:02.871775 dv-cinder-800695-2-smb devstack@c-api.service[106448]: INFO cinder.api.openstack.wsgi [None req-6a14d99a-eab2-4311-aca4-bd6bd2845f53 tempest-DeleteServersTestJSON-1849799760 tempest-DeleteServersTestJSON-1849799760-project] GET http://10.222.0.57/volume/v3/3d961ba8f121484297e8b14c92b79384/volumes/895441df-aab6-4471-819d-2be3244d3729
Jul 14 12:47:02.872265 dv-cinder-800695-2-smb devstack@c-api.service[106448]: DEBUG cinder.api.openstack.wsgi [None req-6a14d99a-eab2-4311-aca4-bd6bd2845f53 tempest-DeleteServersTestJSON-1849799760 tempest-DeleteServersTestJSON-1849799760-project] Empty body provided in request {{(pid=106448) get_body /opt/stack/cinder/cinder/api/openstack/wsgi.py:713}}
Jul 14 12:47:02.873611 dv-cinder-800695-2-smb devstack@c-api.service[106448]: /usr/local/lib/python3.8/dist-packages/webob/acceptparse.py:1047: DeprecationWarning: The behavior of AcceptValidHeader.best_match is currently being maintained for backward compatibility, but it will be deprecated in the future, as it does not conform to the RFC.
Jul 14 12:47:02.873611 dv-cinder-800695-2-smb devstack@c-api.service[106448]: warnings.warn(
Jul 14 12:47:02.873947 dv-cinder-800695-2-smb devstack@c-api.service[106448]: DEBUG cinder.api.openstack.wsgi [None req-6a14d99a-eab2-4311-aca4-bd6bd2845f53 tempest-DeleteServersTestJSON-1849799760 tempest-DeleteServersTestJSON-1849799760-project] Calling method 'show' {{(pid=106448) _process_stack /opt/stack/cinder/cinder/api/openstack/wsgi.py:866}}
Jul 14 12:47:02.891052 dv-cinder-800695-2-smb devstack@c-api.service[106447]: /usr/local/lib/python3.8/dist-packages/oslo_context/context.py:105: DeprecationWarning: Policy enforcement is depending on the value of is_admin. This key is deprecated. Please update your policy file to use the standard policy values.
Jul 14 12:47:02.891052 dv-cinder-800695-2-smb devstack@c-api.service[106447]: warnings.warn('Policy enforcement is depending on the value of '
Jul 14 12:47:02.896386 dv-cinder-800695-2-smb devstack@c-api.service[106448]: /usr/local/lib/python3.8/dist-packages/oslo_context/context.py:105: DeprecationWarning: Policy enforcement is depending on the value of is_admin. This key is deprecated. Please update your policy file to use the standard policy values.
Jul 14 12:47:02.896386 dv-cinder-800695-2-smb devstack@c-api.service[106448]: warnings.warn('Policy enforcement is depending on the value of '
Jul 14 12:47:02.904382 dv-cinder-800695-2-smb devstack@c-api.service[106448]: INFO cinder.volume.api [None req-6a14d99a-eab2-4311-aca4-bd6bd2845f53 tempest-DeleteServersTestJSON-1849799760 tempest-DeleteServersTestJSON-1849799760-project] Volume info retrieved successfully.
Jul 14 12:47:02.912028 dv-cinder-800695-2-smb devstack@c-api.service[106447]: INFO cinder.volume.api [None req-8eb21373-f0cc-443d-a530-1796789eb638 tempest-SnapshotsActionsTest-1014233155 tempest-SnapshotsActionsTest-1014233155-project] Volume info retrieved successfully.
Jul 14 12:47:02.921744 dv-cinder-800695-2-smb devstack@c-api.service[106448]: INFO cinder.api.openstack.wsgi [None req-6a14d99a-eab2-4311-aca4-bd6bd2845f53 tempest-DeleteServersTestJSON-1849799760 tempest-DeleteServersTestJSON-1849799760-project] http://10.222.0.57/volume/v3/3d961ba8f121484297e8b14c92b79384/volumes/895441df-aab6-4471-819d-2be3244d3729 returned with HTTP 200
Jul 14 12:47:02.923294 dv-cinder-800695-2-smb devstack@c-api.service[106448]: [pid: 106448|app: 0|req: 175/331] 10.222.0.57 () {58 vars in 1325 bytes} [Wed Jul 14 12:47:02 2021] GET /volume/v3/3d961ba8f121484297e8b14c92b79384/volumes/895441df-aab6-4471-819d-2be3244d3729 => generated 913 bytes in 68 msecs (HTTP/1.1 200) 7 headers in 285 bytes (1 switches on core 0)
Jul 14 12:47:02.950855 dv-cinder-800695-2-smb devstack@c-api.service[106447]: INFO cinder.api.openstack.wsgi [None req-8eb21373-f0cc-443d-a530-1796789eb638 tempest-SnapshotsActionsTest-1014233155 tempest-SnapshotsActionsTest-1014233155-project] http://10.222.0.57/volume/v3/faf866d1e47746e2aa04020e705dc93f/volumes/df17fdf9-4153-466c-90d3-ddd673d04323 returned with HTTP 200
Jul 14 12:47:02.951615 dv-cinder-800695-2-smb devstack@c-api.service[106447]: [pid: 106447|app: 0|req: 157/332] 10.222.0.57 () {58 vars in 1325 bytes} [Wed Jul 14 12:47:02 2021] GET /volume/v3/faf866d1e47746e2aa04020e705dc93f/volumes/df17fdf9-4153-466c-90d3-ddd673d04323 => generated 888 bytes in 105 msecs (HTTP/1.1 200) 7 headers in 285 bytes (1 switches on core 0)
Jul 14 12:47:02.962455 dv-cinder-800695-2-smb devstack@c-api.service[106447]: INFO cinder.api.openstack.wsgi [None req-36a05a6d-ac1c-49eb-9484-e0c9053b3e29 tempest-DeleteServersTestJSON-1849799760 tempest-DeleteServersTestJSON-1849799760-project] DELETE http://10.222.0.57/volume/v3/3d961ba8f121484297e8b14c92b79384/volumes/895441df-aab6-4471-819d-2be3244d3729
Jul 14 12:47:02.963088 dv-cinder-800695-2-smb devstack@c-api.service[106447]: DEBUG cinder.api.openstack.wsgi [None req-36a05a6d-ac1c-49eb-9484-e0c9053b3e29 tempest-DeleteServersTestJSON-1849799760 tempest-DeleteServersTestJSON-1849799760-project] Empty body provided in request {{(pid=106447) get_body /opt/stack/cinder/cinder/api/openstack/wsgi.py:713}}
Jul 14 12:47:02.963629 dv-cinder-800695-2-smb devstack@c-api.service[106447]: /usr/local/lib/python3.8/dist-packages/webob/acceptparse.py:1047: DeprecationWarning: The behavior of AcceptValidHeader.best_match is currently being maintained for backward compatibility, but it will be deprecated in the future, as it does not conform to the RFC.
Jul 14 12:47:02.963629 dv-cinder-800695-2-smb devstack@c-api.service[106447]: warnings.warn(
Jul 14 12:47:02.964179 dv-cinder-800695-2-smb devstack@c-api.service[106447]: DEBUG cinder.api.openstack.wsgi [None req-36a05a6d-ac1c-49eb-9484-e0c9053b3e29 tempest-DeleteServersTestJSON-1849799760 tempest-DeleteServersTestJSON-1849799760-project] Calling method 'delete' {{(pid=106447) _process_stack /opt/stack/cinder/cinder/api/openstack/wsgi.py:866}}
Jul 14 12:47:02.964725 dv-cinder-800695-2-smb devstack@c-api.service[106447]: INFO cinder.api.v3.volumes [None req-36a05a6d-ac1c-49eb-9484-e0c9053b3e29 tempest-DeleteServersTestJSON-1849799760 tempest-DeleteServersTestJSON-1849799760-project] Delete volume with id: 895441df-aab6-4471-819d-2be3244d3729
Jul 14 12:47:02.983130 dv-cinder-800695-2-smb devstack@c-api.service[106447]: /usr/local/lib/python3.8/dist-packages/oslo_context/context.py:105: DeprecationWarning: Policy enforcement is depending on the value of is_admin. This key is deprecated. Please update your policy file to use the standard policy values.
Jul 14 12:47:02.983130 dv-cinder-800695-2-smb devstack@c-api.service[106447]: warnings.warn('Policy enforcement is depending on the value of '
Jul 14 12:47:02.985195 dv-cinder-800695-2-smb devstack@c-api.service[106447]: INFO cinder.volume.api [None req-36a05a6d-ac1c-49eb-9484-e0c9053b3e29 tempest-DeleteServersTestJSON-1849799760 tempest-DeleteServersTestJSON-1849799760-project] Volume info retrieved successfully.
Jul 14 12:47:03.022747 dv-cinder-800695-2-smb devstack@c-api.service[106447]: INFO cinder.volume.api [None req-36a05a6d-ac1c-49eb-9484-e0c9053b3e29 tempest-DeleteServersTestJSON-1849799760 tempest-DeleteServersTestJSON-1849799760-project] Delete volume request issued successfully.
Jul 14 12:47:03.023794 dv-cinder-800695-2-smb devstack@c-api.service[106447]: INFO cinder.api.openstack.wsgi [None req-36a05a6d-ac1c-49eb-9484-e0c9053b3e29 tempest-DeleteServersTestJSON-1849799760 tempest-DeleteServersTestJSON-1849799760-project] http://10.222.0.57/volume/v3/3d961ba8f121484297e8b14c92b79384/volumes/895441df-aab6-4471-819d-2be3244d3729 returned with HTTP 202
Jul 14 12:47:03.025876 dv-cinder-800695-2-smb devstack@c-api.service[106447]: [pid: 106447|app: 0|req: 158/333] 10.222.0.57 () {58 vars in 1328 bytes} [Wed Jul 14 12:47:02 2021] DELETE /volume/v3/3d961ba8f121484297e8b14c92b79384/volumes/895441df-aab6-4471-819d-2be3244d3729 => generated 0 bytes in 71 msecs (HTTP/1.1 202) 6 headers in 233 bytes (1 switches on core 0)
Jul 14 12:47:03.033572 dv-cinder-800695-2-smb devstack@c-api.service[106447]: INFO cinder.api.openstack.wsgi [None req-11ff577c-1781-4731-8b36-a058cf27d464 tempest-DeleteServersTestJSON-1849799760 tempest-DeleteServersTestJSON-1849799760-project] GET http://10.222.0.57/volume/v3/3d961ba8f121484297e8b14c92b79384/volumes/895441df-aab6-4471-819d-2be3244d3729
Jul 14 12:47:03.034297 dv-cinder-800695-2-smb devstack@c-api.service[106447]: DEBUG cinder.api.openstack.wsgi [None req-11ff577c-1781-4731-8b36-a058cf27d464 tempest-DeleteServersTestJSON-1849799760 tempest-DeleteServersTestJSON-1849799760-project] Empty body provided in request {{(pid=106447) get_body /opt/stack/cinder/cinder/api/openstack/wsgi.py:713}}
Jul 14 12:47:03.034614 dv-cinder-800695-2-smb devstack@c-api.service[106447]: /usr/local/lib/python3.8/dist-packages/webob/acceptparse.py:1047: DeprecationWarning: The behavior of AcceptValidHeader.best_match is currently being maintained for backward compatibility, but it will be deprecated in the future, as it does not conform to the RFC.
Jul 14 12:47:03.034614 dv-cinder-800695-2-smb devstack@c-api.service[106447]: warnings.warn(
Jul 14 12:47:03.035163 dv-cinder-800695-2-smb devstack@c-api.service[106447]: DEBUG cinder.api.openstack.wsgi [None req-11ff577c-1781-4731-8b36-a058cf27d464 tempest-DeleteServersTestJSON-1849799760 tempest-DeleteServersTestJSON-1849799760-project] Calling method 'show' {{(pid=106447) _process_stack /opt/stack/cinder/cinder/api/openstack/wsgi.py:866}}
Jul 14 12:47:03.053859 dv-cinder-800695-2-smb devstack@c-api.service[106447]: /usr/local/lib/python3.8/dist-packages/oslo_context/context.py:105: DeprecationWarning: Policy enforcement is depending on the value of is_admin. This key is deprecated. Please update your policy file to use the standard policy values.
Jul 14 12:47:03.053859 dv-cinder-800695-2-smb devstack@c-api.service[106447]: warnings.warn('Policy enforcement is depending on the value of '
Jul 14 12:47:03.063330 dv-cinder-800695-2-smb devstack@c-api.service[106447]: INFO cinder.volume.api [None req-11ff577c-1781-4731-8b36-a058cf27d464 tempest-DeleteServersTestJSON-1849799760 tempest-DeleteServersTestJSON-1849799760-project] Volume info retrieved successfully.
Jul 14 12:47:03.080568 dv-cinder-800695-2-smb devstack@c-api.service[106447]: INFO cinder.api.openstack.wsgi [None req-11ff577c-1781-4731-8b36-a058cf27d464 tempest-DeleteServersTestJSON-1849799760 tempest-DeleteServersTestJSON-1849799760-project] http://10.222.0.57/volume/v3/3d961ba8f121484297e8b14c92b79384/volumes/895441df-aab6-4471-819d-2be3244d3729 returned with HTTP 200
Jul 14 12:47:03.082094 dv-cinder-800695-2-smb devstack@c-api.service[106447]: [pid: 106447|app: 0|req: 159/334] 10.222.0.57 () {58 vars in 1325 bytes} [Wed Jul 14 12:47:03 2021] GET /volume/v3/3d961ba8f121484297e8b14c92b79384/volumes/895441df-aab6-4471-819d-2be3244d3729 => generated 912 bytes in 52 msecs (HTTP/1.1 200) 7 headers in 285 bytes (1 switches on core 0)
Jul 14 12:47:03.100022 dv-cinder-800695-2-smb devstack@c-api.service[106448]: INFO cinder.api.openstack.wsgi [None req-aaa13ced-2649-483d-bf1f-b6c76ebbcfb0 tempest-VolumeQuotaClassesTest-1231051505 tempest-VolumeQuotaClassesTest-1231051505-project-admin] GET http://10.222.0.57/volume/v3/ee20a92fcdec42b4986279e39c17959d/os-quota-class-sets/default
Jul 14 12:47:03.100639 dv-cinder-800695-2-smb devstack@c-api.service[106448]: DEBUG cinder.api.openstack.wsgi [None req-aaa13ced-2649-483d-bf1f-b6c76ebbcfb0 tempest-VolumeQuotaClassesTest-1231051505 tempest-VolumeQuotaClassesTest-1231051505-project-admin] Empty body provided in request {{(pid=106448) get_body /opt/stack/cinder/cinder/api/openstack/wsgi.py:713}}
Jul 14 12:47:03.101053 dv-cinder-800695-2-smb devstack@c-api.service[106448]: /usr/local/lib/python3.8/dist-packages/webob/acceptparse.py:1047: DeprecationWarning: The behavior of AcceptValidHeader.best_match is currently being maintained for backward compatibility, but it will be deprecated in the future, as it does not conform to the RFC.
Jul 14 12:47:03.101053 dv-cinder-800695-2-smb devstack@c-api.service[106448]: warnings.warn(
Jul 14 12:47:03.101472 dv-cinder-800695-2-smb devstack@c-api.service[106448]: DEBUG cinder.api.openstack.wsgi [None req-aaa13ced-2649-483d-bf1f-b6c76ebbcfb0 tempest-VolumeQuotaClassesTest-1231051505 tempest-VolumeQuotaClassesTest-1231051505-project-admin] Calling method 'show' {{(pid=106448) _process_stack /opt/stack/cinder/cinder/api/openstack/wsgi.py:866}}
Jul 14 12:47:03.125229 dv-cinder-800695-2-smb devstack@c-api.service[106448]: INFO cinder.api.openstack.wsgi [None req-aaa13ced-2649-483d-bf1f-b6c76ebbcfb0 tempest-VolumeQuotaClassesTest-1231051505 tempest-VolumeQuotaClassesTest-1231051505-project-admin] http://10.222.0.57/volume/v3/ee20a92fcdec42b4986279e39c17959d/os-quota-class-sets/default returned with HTTP 200
Jul 14 12:47:03.126753 dv-cinder-800695-2-smb devstack@c-api.service[106448]: [pid: 106448|app: 0|req: 176/335] 10.222.0.57 () {58 vars in 1274 bytes} [Wed Jul 14 12:47:02 2021] GET /volume/v3/ee20a92fcdec42b4986279e39c17959d/os-quota-class-sets/default => generated 342 bytes in 203 msecs (HTTP/1.1 200) 7 headers in 285 bytes (1 switches on core 0)
Jul 14 12:47:03.140664 dv-cinder-800695-2-smb devstack@c-api.service[106447]: INFO cinder.api.openstack.wsgi [None req-788a35be-eaa8-4153-b3d6-a16a50995145 tempest-VolumeQuotaClassesTest-1231051505 tempest-VolumeQuotaClassesTest-1231051505-project-admin] GET http://10.222.0.57/volume/v3/ee20a92fcdec42b4986279e39c17959d/os-quota-class-sets/default
Jul 14 12:47:03.141461 dv-cinder-800695-2-smb devstack@c-api.service[106447]: DEBUG cinder.api.openstack.wsgi [None req-788a35be-eaa8-4153-b3d6-a16a50995145 tempest-VolumeQuotaClassesTest-1231051505 tempest-VolumeQuotaClassesTest-1231051505-project-admin] Empty body provided in request {{(pid=106447) get_body /opt/stack/cinder/cinder/api/openstack/wsgi.py:713}}
Jul 14 12:47:03.141836 dv-cinder-800695-2-smb devstack@c-api.service[106447]: /usr/local/lib/python3.8/dist-packages/webob/acceptparse.py:1047: DeprecationWarning: The behavior of AcceptValidHeader.best_match is currently being maintained for backward compatibility, but it will be deprecated in the future, as it does not conform to the RFC.
Jul 14 12:47:03.141836 dv-cinder-800695-2-smb devstack@c-api.service[106447]: warnings.warn(
Jul 14 12:47:03.143233 dv-cinder-800695-2-smb devstack@c-api.service[106447]: DEBUG cinder.api.openstack.wsgi [None req-788a35be-eaa8-4153-b3d6-a16a50995145 tempest-VolumeQuotaClassesTest-1231051505 tempest-VolumeQuotaClassesTest-1231051505-project-admin] Calling method 'show' {{(pid=106447) _process_stack /opt/stack/cinder/cinder/api/openstack/wsgi.py:866}}
Jul 14 12:47:03.169147 dv-cinder-800695-2-smb devstack@c-api.service[106447]: INFO cinder.api.openstack.wsgi [None req-788a35be-eaa8-4153-b3d6-a16a50995145 tempest-VolumeQuotaClassesTest-1231051505 tempest-VolumeQuotaClassesTest-1231051505-project-admin] http://10.222.0.57/volume/v3/ee20a92fcdec42b4986279e39c17959d/os-quota-class-sets/default returned with HTTP 200
Jul 14 12:47:03.170092 dv-cinder-800695-2-smb devstack@c-api.service[106447]: [pid: 106447|app: 0|req: 160/336] 10.222.0.57 () {58 vars in 1274 bytes} [Wed Jul 14 12:47:03 2021] GET /volume/v3/ee20a92fcdec42b4986279e39c17959d/os-quota-class-sets/default => generated 342 bytes in 36 msecs (HTTP/1.1 200) 7 headers in 285 bytes (1 switches on core 0)
Jul 14 12:47:03.179200 dv-cinder-800695-2-smb devstack@c-api.service[106448]: INFO cinder.api.openstack.wsgi [None req-a3c0d162-928b-4e93-8b11-52761dcbcfce tempest-VolumeQuotaClassesTest-1231051505 tempest-VolumeQuotaClassesTest-1231051505-project-admin] POST http://10.222.0.57/volume/v3/ee20a92fcdec42b4986279e39c17959d/types
Jul 14 12:47:03.179875 dv-cinder-800695-2-smb devstack@c-api.service[106448]: DEBUG cinder.api.openstack.wsgi [None req-a3c0d162-928b-4e93-8b11-52761dcbcfce tempest-VolumeQuotaClassesTest-1231051505 tempest-VolumeQuotaClassesTest-1231051505-project-admin] Action: 'create', calling method: _create, body: {"volume_type": {"name": "tempest-VolumeQuotaClassesTest-volume-type-371460391"}} {{(pid=106448) _process_stack /opt/stack/cinder/cinder/api/openstack/wsgi.py:864}}
Jul 14 12:47:03.208307 dv-cinder-800695-2-smb devstack@c-api.service[106448]: INFO cinder.api.openstack.wsgi [None req-a3c0d162-928b-4e93-8b11-52761dcbcfce tempest-VolumeQuotaClassesTest-1231051505 tempest-VolumeQuotaClassesTest-1231051505-project-admin] http://10.222.0.57/volume/v3/ee20a92fcdec42b4986279e39c17959d/types returned with HTTP 200
Jul 14 12:47:03.209670 dv-cinder-800695-2-smb devstack@c-api.service[106448]: [pid: 106448|app: 0|req: 177/337] 10.222.0.57 () {60 vars in 1229 bytes} [Wed Jul 14 12:47:03 2021] POST /volume/v3/ee20a92fcdec42b4986279e39c17959d/types => generated 227 bytes in 34 msecs (HTTP/1.1 200) 7 headers in 285 bytes (1 switches on core 0)
Jul 14 12:47:03.220562 dv-cinder-800695-2-smb devstack@c-api.service[106447]: INFO cinder.api.openstack.wsgi [None req-fe468a23-165d-4815-9e94-95fe72570fba tempest-VolumeQuotaClassesTest-1231051505 tempest-VolumeQuotaClassesTest-1231051505-project-admin] PUT http://10.222.0.57/volume/v3/ee20a92fcdec42b4986279e39c17959d/os-quota-class-sets/default
Jul 14 12:47:03.221386 dv-cinder-800695-2-smb devstack@c-api.service[106447]: DEBUG cinder.api.openstack.wsgi [None req-fe468a23-165d-4815-9e94-95fe72570fba tempest-VolumeQuotaClassesTest-1231051505 tempest-VolumeQuotaClassesTest-1231051505-project-admin] Action: 'update', calling method: update, body: {"quota_class_set": {"volumes": 11, "per_volume_gigabytes": -1, "snapshots": 11, "gigabytes": 1001, "backups": 11, "backup_gigabytes": 1001, "volumes_tempest-VolumeQuotaClassesTest-volume-type-371460391": 6, "snapshots_tempest-VolumeQuotaClassesTest-volume-type-371460391": 7, "gigabytes_tempest-VolumeQuotaClassesTest-volume-type-371460391": 10}} {{(pid=106447) _process_stack /opt/stack/cinder/cinder/api/openstack/wsgi.py:864}}
Jul 14 12:47:03.455280 dv-cinder-800695-2-smb devstack@c-api.service[106448]: INFO cinder.api.openstack.wsgi [None req-71dab999-3b24-4460-9725-dfdbb76a0061 tempest-VolumesDeleteCascade-1455963043 tempest-VolumesDeleteCascade-1455963043-project] GET http://10.222.0.57/volume/v3/08fb7cc3993d45188b7be3f270b21423/volumes/a48e76a4-7396-46f3-acc6-084239134968
Jul 14 12:47:03.456345 dv-cinder-800695-2-smb devstack@c-api.service[106448]: DEBUG cinder.api.openstack.wsgi [None req-71dab999-3b24-4460-9725-dfdbb76a0061 tempest-VolumesDeleteCascade-1455963043 tempest-VolumesDeleteCascade-1455963043-project] Empty body provided in request {{(pid=106448) get_body /opt/stack/cinder/cinder/api/openstack/wsgi.py:713}}
Jul 14 12:47:03.456975 dv-cinder-800695-2-smb devstack@c-api.service[106448]: DEBUG cinder.api.openstack.wsgi [None req-71dab999-3b24-4460-9725-dfdbb76a0061 tempest-VolumesDeleteCascade-1455963043 tempest-VolumesDeleteCascade-1455963043-project] Calling method 'show' {{(pid=106448) _process_stack /opt/stack/cinder/cinder/api/openstack/wsgi.py:866}}
Jul 14 12:47:03.459745 dv-cinder-800695-2-smb devstack@c-api.service[106447]: INFO cinder.api.openstack.wsgi [None req-fe468a23-165d-4815-9e94-95fe72570fba tempest-VolumeQuotaClassesTest-1231051505 tempest-VolumeQuotaClassesTest-1231051505-project-admin] http://10.222.0.57/volume/v3/ee20a92fcdec42b4986279e39c17959d/os-quota-class-sets/default returned with HTTP 200
Jul 14 12:47:03.464941 dv-cinder-800695-2-smb devstack@c-api.service[106447]: [pid: 106447|app: 0|req: 161/338] 10.222.0.57 () {60 vars in 1295 bytes} [Wed Jul 14 12:47:03 2021] PUT /volume/v3/ee20a92fcdec42b4986279e39c17959d/os-quota-class-sets/default => generated 531 bytes in 246 msecs (HTTP/1.1 200) 7 headers in 285 bytes (2 switches on core 0)
Jul 14 12:47:03.476097 dv-cinder-800695-2-smb devstack@c-api.service[106447]: INFO cinder.api.openstack.wsgi [None req-0b5704b6-2052-48a6-9b83-0fd68aa81b2f tempest-VolumeQuotaClassesTest-1231051505 tempest-VolumeQuotaClassesTest-1231051505-project-admin] GET http://10.222.0.57/volume/v3/ee20a92fcdec42b4986279e39c17959d/os-quota-sets/ee20a92fcdec42b4986279e39c17959d/defaults
Jul 14 12:47:03.476097 dv-cinder-800695-2-smb devstack@c-api.service[106447]: DEBUG cinder.api.openstack.wsgi [None req-0b5704b6-2052-48a6-9b83-0fd68aa81b2f tempest-VolumeQuotaClassesTest-1231051505 tempest-VolumeQuotaClassesTest-1231051505-project-admin] Empty body provided in request {{(pid=106447) get_body /opt/stack/cinder/cinder/api/openstack/wsgi.py:713}}
Jul 14 12:47:03.477383 dv-cinder-800695-2-smb devstack@c-api.service[106447]: DEBUG cinder.api.openstack.wsgi [None req-0b5704b6-2052-48a6-9b83-0fd68aa81b2f tempest-VolumeQuotaClassesTest-1231051505 tempest-VolumeQuotaClassesTest-1231051505-project-admin] Calling method 'defaults' {{(pid=106447) _process_stack /opt/stack/cinder/cinder/api/openstack/wsgi.py:866}}
Jul 14 12:47:03.492039 dv-cinder-800695-2-smb devstack@c-api.service[106448]: /usr/local/lib/python3.8/dist-packages/oslo_context/context.py:105: DeprecationWarning: Policy enforcement is depending on the value of is_admin. This key is deprecated. Please update your policy file to use the standard policy values.
Jul 14 12:47:03.492039 dv-cinder-800695-2-smb devstack@c-api.service[106448]: warnings.warn('Policy enforcement is depending on the value of '
Jul 14 12:47:03.509255 dv-cinder-800695-2-smb devstack@c-api.service[106447]: INFO cinder.api.openstack.wsgi [None req-0b5704b6-2052-48a6-9b83-0fd68aa81b2f tempest-VolumeQuotaClassesTest-1231051505 tempest-VolumeQuotaClassesTest-1231051505-project-admin] http://10.222.0.57/volume/v3/ee20a92fcdec42b4986279e39c17959d/os-quota-sets/ee20a92fcdec42b4986279e39c17959d/defaults returned with HTTP 200
Jul 14 12:47:03.510554 dv-cinder-800695-2-smb devstack@c-api.service[106448]: INFO cinder.volume.api [None req-71dab999-3b24-4460-9725-dfdbb76a0061 tempest-VolumesDeleteCascade-1455963043 tempest-VolumesDeleteCascade-1455963043-project] Volume info retrieved successfully.
Jul 14 12:47:03.515494 dv-cinder-800695-2-smb devstack@c-api.service[106447]: [pid: 106447|app: 0|req: 162/339] 10.222.0.57 () {58 vars in 1358 bytes} [Wed Jul 14 12:47:03 2021] GET /volume/v3/ee20a92fcdec42b4986279e39c17959d/os-quota-sets/ee20a92fcdec42b4986279e39c17959d/defaults => generated 567 bytes in 46 msecs (HTTP/1.1 200) 7 headers in 285 bytes (1 switches on core 0)
Jul 14 12:47:03.538209 dv-cinder-800695-2-smb devstack@c-api.service[106448]: INFO cinder.api.openstack.wsgi [None req-71dab999-3b24-4460-9725-dfdbb76a0061 tempest-VolumesDeleteCascade-1455963043 tempest-VolumesDeleteCascade-1455963043-project] http://10.222.0.57/volume/v3/08fb7cc3993d45188b7be3f270b21423/volumes/a48e76a4-7396-46f3-acc6-084239134968 returned with HTTP 200
Jul 14 12:47:03.539730 dv-cinder-800695-2-smb devstack@c-api.service[106448]: [pid: 106448|app: 0|req: 178/340] 10.222.0.57 () {58 vars in 1325 bytes} [Wed Jul 14 12:47:03 2021] GET /volume/v3/08fb7cc3993d45188b7be3f270b21423/volumes/a48e76a4-7396-46f3-acc6-084239134968 => generated 912 bytes in 92 msecs (HTTP/1.1 200) 7 headers in 285 bytes (1 switches on core 0)
Jul 14 12:47:03.554951 dv-cinder-800695-2-smb devstack@c-api.service[106447]: INFO cinder.api.openstack.wsgi [None req-5b4567c5-424e-4d1c-9ddf-be067a890e37 tempest-VolumesDeleteCascade-1455963043 tempest-VolumesDeleteCascade-1455963043-project] POST http://10.222.0.57/volume/v3/08fb7cc3993d45188b7be3f270b21423/snapshots
Jul 14 12:47:03.555720 dv-cinder-800695-2-smb devstack@c-api.service[106447]: DEBUG cinder.api.openstack.wsgi [None req-5b4567c5-424e-4d1c-9ddf-be067a890e37 tempest-VolumesDeleteCascade-1455963043 tempest-VolumesDeleteCascade-1455963043-project] Action: 'create', calling method: create, body: {"snapshot": {"volume_id": "a48e76a4-7396-46f3-acc6-084239134968", "name": "tempest-VolumesDeleteCascade-Snapshot-240781836"}} {{(pid=106447) _process_stack /opt/stack/cinder/cinder/api/openstack/wsgi.py:864}}
Jul 14 12:47:03.569489 dv-cinder-800695-2-smb devstack@c-api.service[106447]: /usr/local/lib/python3.8/dist-packages/oslo_context/context.py:105: DeprecationWarning: Policy enforcement is depending on the value of is_admin. This key is deprecated. Please update your policy file to use the standard policy values.
Jul 14 12:47:03.569489 dv-cinder-800695-2-smb devstack@c-api.service[106447]: warnings.warn('Policy enforcement is depending on the value of '
Jul 14 12:47:03.570955 dv-cinder-800695-2-smb devstack@c-api.service[106447]: INFO cinder.volume.api [None req-5b4567c5-424e-4d1c-9ddf-be067a890e37 tempest-VolumesDeleteCascade-1455963043 tempest-VolumesDeleteCascade-1455963043-project] Volume info retrieved successfully.
Jul 14 12:47:03.571242 dv-cinder-800695-2-smb devstack@c-api.service[106447]: INFO cinder.api.v2.snapshots [None req-5b4567c5-424e-4d1c-9ddf-be067a890e37 tempest-VolumesDeleteCascade-1455963043 tempest-VolumesDeleteCascade-1455963043-project] Create snapshot from volume a48e76a4-7396-46f3-acc6-084239134968
Jul 14 12:47:03.616092 dv-cinder-800695-2-smb devstack@c-api.service[106447]: DEBUG cinder.quota [None req-5b4567c5-424e-4d1c-9ddf-be067a890e37 tempest-VolumesDeleteCascade-1455963043 tempest-VolumesDeleteCascade-1455963043-project] Created reservations ['e9ee8699-b6a0-4738-96ad-994eb6ae0d1d', 'c77bc12e-2ca9-4d1b-a893-0673999e9740', 'cd105851-ea00-4b1d-96ea-237ae3bd16eb', 'a7ce2ba5-b7bd-4a37-8b38-374a6eed45fc'] {{(pid=106447) reserve /opt/stack/cinder/cinder/quota.py:755}}
Jul 14 12:47:03.675503 dv-cinder-800695-2-smb devstack@c-api.service[106447]: INFO cinder.volume.api [None req-5b4567c5-424e-4d1c-9ddf-be067a890e37 tempest-VolumesDeleteCascade-1455963043 tempest-VolumesDeleteCascade-1455963043-project] Snapshot create request issued successfully.
Jul 14 12:47:03.676251 dv-cinder-800695-2-smb devstack@c-api.service[106447]: INFO cinder.api.openstack.wsgi [None req-5b4567c5-424e-4d1c-9ddf-be067a890e37 tempest-VolumesDeleteCascade-1455963043 tempest-VolumesDeleteCascade-1455963043-project] http://10.222.0.57/volume/v3/08fb7cc3993d45188b7be3f270b21423/snapshots returned with HTTP 202
Jul 14 12:47:03.681177 dv-cinder-800695-2-smb devstack@c-api.service[106447]: [pid: 106447|app: 0|req: 163/341] 10.222.0.57 () {60 vars in 1242 bytes} [Wed Jul 14 12:47:03 2021] POST /volume/v3/08fb7cc3993d45188b7be3f270b21423/snapshots => generated 306 bytes in 127 msecs (HTTP/1.1 202) 7 headers in 291 bytes (2 switches on core 0)
Jul 14 12:47:03.687849 dv-cinder-800695-2-smb devstack@c-api.service[106448]: INFO cinder.api.openstack.wsgi [None req-d0813cdb-59d9-40dc-9ac3-8aabf086b1c0 tempest-VolumesDeleteCascade-1455963043 tempest-VolumesDeleteCascade-1455963043-project] GET http://10.222.0.57/volume/v3/08fb7cc3993d45188b7be3f270b21423/snapshots/118cc7b8-9352-4c45-9ae5-4f10f5dc5349
Jul 14 12:47:03.688936 dv-cinder-800695-2-smb devstack@c-api.service[106448]: DEBUG cinder.api.openstack.wsgi [None req-d0813cdb-59d9-40dc-9ac3-8aabf086b1c0 tempest-VolumesDeleteCascade-1455963043 tempest-VolumesDeleteCascade-1455963043-project] Empty body provided in request {{(pid=106448) get_body /opt/stack/cinder/cinder/api/openstack/wsgi.py:713}}
