Jul 14 13:12:11.312650 dv-cinder-800695-2-iscsi devstack@c-api.service[99935]: warnings.warn('Policy enforcement is depending on the value of '
Jul 14 13:12:11.323037 dv-cinder-800695-2-iscsi devstack@c-api.service[99935]: INFO cinder.volume.api [None req-1351b229-2e9c-4f11-a3d5-f9934de336fb tempest-VolumesActionsTest-1348803212 tempest-VolumesActionsTest-1348803212-project] Volume info retrieved successfully.
Jul 14 13:12:11.349362 dv-cinder-800695-2-iscsi devstack@c-api.service[99935]: INFO cinder.api.openstack.wsgi [None req-1351b229-2e9c-4f11-a3d5-f9934de336fb tempest-VolumesActionsTest-1348803212 tempest-VolumesActionsTest-1348803212-project] http://10.222.0.53/volume/v3/b1a0b3182aad4e68987f141c131ba28e/volumes/cec1415f-4c75-42b0-abfd-63c54a4d2349 returned with HTTP 200
Jul 14 13:12:11.350847 dv-cinder-800695-2-iscsi devstack@c-api.service[99935]: [pid: 99935|app: 0|req: 155/278] 10.222.0.53 () {58 vars in 1325 bytes} [Wed Jul 14 13:12:11 2021] GET /volume/v3/b1a0b3182aad4e68987f141c131ba28e/volumes/cec1415f-4c75-42b0-abfd-63c54a4d2349 => generated 909 bytes in 61 msecs (HTTP/1.1 200) 7 headers in 285 bytes (1 switches on core 0)
Jul 14 13:12:12.166746 dv-cinder-800695-2-iscsi devstack@c-api.service[99934]: INFO cinder.volume.api [None req-597cbc92-c57a-495f-beba-c349848e9e53 tempest-VolumeQuotasAdminTestJSON-1272591793 tempest-VolumeQuotasAdminTestJSON-1272591793-project] Transfer volume completed successfully.
Jul 14 13:12:12.223648 dv-cinder-800695-2-iscsi devstack@c-api.service[99935]: INFO cinder.api.openstack.wsgi [None req-8be6f0de-f1a2-4880-9ee5-6b37d8422782 tempest-SnapshotsActionsTest-778549962 tempest-SnapshotsActionsTest-778549962-project] GET http://10.222.0.53/volume/v3/0c616f32eb84410496dd6ba096d1f694/snapshots/82461360-99c8-45cc-885c-999aff0e74ca
Jul 14 13:12:12.225755 dv-cinder-800695-2-iscsi devstack@c-api.service[99935]: DEBUG cinder.api.openstack.wsgi [None req-8be6f0de-f1a2-4880-9ee5-6b37d8422782 tempest-SnapshotsActionsTest-778549962 tempest-SnapshotsActionsTest-778549962-project] Empty body provided in request {{(pid=99935) get_body /opt/stack/cinder/cinder/api/openstack/wsgi.py:713}}
Jul 14 13:12:12.226389 dv-cinder-800695-2-iscsi devstack@c-api.service[99935]: /usr/local/lib/python3.8/dist-packages/webob/acceptparse.py:1047: DeprecationWarning: The behavior of AcceptValidHeader.best_match is currently being maintained for backward compatibility, but it will be deprecated in the future, as it does not conform to the RFC.
Jul 14 13:12:12.226389 dv-cinder-800695-2-iscsi devstack@c-api.service[99935]: warnings.warn(
Jul 14 13:12:12.227370 dv-cinder-800695-2-iscsi devstack@c-api.service[99935]: DEBUG cinder.api.openstack.wsgi [None req-8be6f0de-f1a2-4880-9ee5-6b37d8422782 tempest-SnapshotsActionsTest-778549962 tempest-SnapshotsActionsTest-778549962-project] Calling method 'show' {{(pid=99935) _process_stack /opt/stack/cinder/cinder/api/openstack/wsgi.py:866}}
Jul 14 13:12:12.249370 dv-cinder-800695-2-iscsi devstack@c-api.service[99935]: /usr/local/lib/python3.8/dist-packages/oslo_context/context.py:105: DeprecationWarning: Policy enforcement is depending on the value of is_admin. This key is deprecated. Please update your policy file to use the standard policy values.
Jul 14 13:12:12.249370 dv-cinder-800695-2-iscsi devstack@c-api.service[99935]: warnings.warn('Policy enforcement is depending on the value of '
Jul 14 13:12:12.251870 dv-cinder-800695-2-iscsi devstack@c-api.service[99935]: INFO cinder.volume.api [None req-8be6f0de-f1a2-4880-9ee5-6b37d8422782 tempest-SnapshotsActionsTest-778549962 tempest-SnapshotsActionsTest-778549962-project] Snapshot retrieved successfully.
Jul 14 13:12:12.260543 dv-cinder-800695-2-iscsi devstack@c-api.service[99935]: INFO cinder.api.openstack.wsgi [None req-8be6f0de-f1a2-4880-9ee5-6b37d8422782 tempest-SnapshotsActionsTest-778549962 tempest-SnapshotsActionsTest-778549962-project] http://10.222.0.53/volume/v3/0c616f32eb84410496dd6ba096d1f694/snapshots/82461360-99c8-45cc-885c-999aff0e74ca returned with HTTP 200
Jul 14 13:12:12.262992 dv-cinder-800695-2-iscsi devstack@c-api.service[99935]: [pid: 99935|app: 0|req: 156/279] 10.222.0.53 () {58 vars in 1331 bytes} [Wed Jul 14 13:12:12 2021] GET /volume/v3/0c616f32eb84410496dd6ba096d1f694/snapshots/82461360-99c8-45cc-885c-999aff0e74ca => generated 438 bytes in 46 msecs (HTTP/1.1 200) 7 headers in 285 bytes (2 switches on core 0)
Jul 14 13:12:12.281634 dv-cinder-800695-2-iscsi devstack@c-api.service[99935]: INFO cinder.api.openstack.wsgi [None req-71b7b43a-7f22-44e3-a928-f158cd4be301 tempest-DeleteServersTestJSON-1301509598 tempest-DeleteServersTestJSON-1301509598-project] GET http://10.222.0.53/volume/v3/d0f8233456b2439d92f0eb26bab7bb79/volumes/bb1ef2d3-25af-4446-acc4-ca7d40e8495c
Jul 14 13:12:12.282836 dv-cinder-800695-2-iscsi devstack@c-api.service[99935]: DEBUG cinder.api.openstack.wsgi [None req-71b7b43a-7f22-44e3-a928-f158cd4be301 tempest-DeleteServersTestJSON-1301509598 tempest-DeleteServersTestJSON-1301509598-project] Empty body provided in request {{(pid=99935) get_body /opt/stack/cinder/cinder/api/openstack/wsgi.py:713}}
Jul 14 13:12:12.283458 dv-cinder-800695-2-iscsi devstack@c-api.service[99935]: /usr/local/lib/python3.8/dist-packages/webob/acceptparse.py:1047: DeprecationWarning: The behavior of AcceptValidHeader.best_match is currently being maintained for backward compatibility, but it will be deprecated in the future, as it does not conform to the RFC.
Jul 14 13:12:12.283458 dv-cinder-800695-2-iscsi devstack@c-api.service[99935]: warnings.warn(
Jul 14 13:12:12.284612 dv-cinder-800695-2-iscsi devstack@c-api.service[99935]: DEBUG cinder.api.openstack.wsgi [None req-71b7b43a-7f22-44e3-a928-f158cd4be301 tempest-DeleteServersTestJSON-1301509598 tempest-DeleteServersTestJSON-1301509598-project] Calling method 'show' {{(pid=99935) _process_stack /opt/stack/cinder/cinder/api/openstack/wsgi.py:866}}
Jul 14 13:12:12.318532 dv-cinder-800695-2-iscsi devstack@c-api.service[99935]: /usr/local/lib/python3.8/dist-packages/oslo_context/context.py:105: DeprecationWarning: Policy enforcement is depending on the value of is_admin. This key is deprecated. Please update your policy file to use the standard policy values.
Jul 14 13:12:12.318532 dv-cinder-800695-2-iscsi devstack@c-api.service[99935]: warnings.warn('Policy enforcement is depending on the value of '
Jul 14 13:12:12.335337 dv-cinder-800695-2-iscsi devstack@c-api.service[99935]: INFO cinder.volume.api [None req-71b7b43a-7f22-44e3-a928-f158cd4be301 tempest-DeleteServersTestJSON-1301509598 tempest-DeleteServersTestJSON-1301509598-project] Volume info retrieved successfully.
Jul 14 13:12:12.364970 dv-cinder-800695-2-iscsi devstack@c-api.service[99935]: INFO cinder.api.openstack.wsgi [None req-71b7b43a-7f22-44e3-a928-f158cd4be301 tempest-DeleteServersTestJSON-1301509598 tempest-DeleteServersTestJSON-1301509598-project] http://10.222.0.53/volume/v3/d0f8233456b2439d92f0eb26bab7bb79/volumes/bb1ef2d3-25af-4446-acc4-ca7d40e8495c returned with HTTP 200
Jul 14 13:12:12.367189 dv-cinder-800695-2-iscsi devstack@c-api.service[99935]: [pid: 99935|app: 0|req: 157/280] 10.222.0.53 () {58 vars in 1325 bytes} [Wed Jul 14 13:12:12 2021] GET /volume/v3/d0f8233456b2439d92f0eb26bab7bb79/volumes/bb1ef2d3-25af-4446-acc4-ca7d40e8495c => generated 913 bytes in 92 msecs (HTTP/1.1 200) 7 headers in 285 bytes (2 switches on core 0)
Jul 14 13:12:12.374851 dv-cinder-800695-2-iscsi devstack@c-api.service[99935]: INFO cinder.api.openstack.wsgi [None req-7bf9bc8b-177c-4814-bf45-d8737bb30584 tempest-GroupsTest-591320270 tempest-GroupsTest-591320270-project] GET http://10.222.0.53/volume/v3/70012b8620cc4b3cbb4d631b2f2802b8/groups/19b19c46-aab3-483b-a5fd-f9652887a361
Jul 14 13:12:12.375694 dv-cinder-800695-2-iscsi devstack@c-api.service[99935]: DEBUG cinder.api.openstack.wsgi [None req-7bf9bc8b-177c-4814-bf45-d8737bb30584 tempest-GroupsTest-591320270 tempest-GroupsTest-591320270-project] Empty body provided in request {{(pid=99935) get_body /opt/stack/cinder/cinder/api/openstack/wsgi.py:713}}
Jul 14 13:12:12.376057 dv-cinder-800695-2-iscsi devstack@c-api.service[99935]: /usr/local/lib/python3.8/dist-packages/webob/acceptparse.py:1047: DeprecationWarning: The behavior of AcceptValidHeader.best_match is currently being maintained for backward compatibility, but it will be deprecated in the future, as it does not conform to the RFC.
Jul 14 13:12:12.376057 dv-cinder-800695-2-iscsi devstack@c-api.service[99935]: warnings.warn(
Jul 14 13:12:12.376499 dv-cinder-800695-2-iscsi devstack@c-api.service[99935]: DEBUG cinder.api.openstack.wsgi [None req-7bf9bc8b-177c-4814-bf45-d8737bb30584 tempest-GroupsTest-591320270 tempest-GroupsTest-591320270-project] Calling method 'version_select' {{(pid=99935) _process_stack /opt/stack/cinder/cinder/api/openstack/wsgi.py:866}}
Jul 14 13:12:12.377435 dv-cinder-800695-2-iscsi devstack@c-api.service[99935]: DEBUG cinder.api.v3.groups [None req-7bf9bc8b-177c-4814-bf45-d8737bb30584 tempest-GroupsTest-591320270 tempest-GroupsTest-591320270-project] show called for member 19b19c46-aab3-483b-a5fd-f9652887a361 {{(pid=99935) show /opt/stack/cinder/cinder/api/v3/groups.py:58}}
Jul 14 13:12:12.388268 dv-cinder-800695-2-iscsi devstack@c-api.service[99935]: /usr/local/lib/python3.8/dist-packages/oslo_context/context.py:105: DeprecationWarning: Policy enforcement is depending on the value of is_admin. This key is deprecated. Please update your policy file to use the standard policy values.
Jul 14 13:12:12.388268 dv-cinder-800695-2-iscsi devstack@c-api.service[99935]: warnings.warn('Policy enforcement is depending on the value of '
Jul 14 13:12:12.419487 dv-cinder-800695-2-iscsi devstack@c-api.service[99935]: INFO cinder.api.openstack.wsgi [None req-7bf9bc8b-177c-4814-bf45-d8737bb30584 tempest-GroupsTest-591320270 tempest-GroupsTest-591320270-project] http://10.222.0.53/volume/v3/70012b8620cc4b3cbb4d631b2f2802b8/groups/19b19c46-aab3-483b-a5fd-f9652887a361 returned with HTTP 200
Jul 14 13:12:12.421396 dv-cinder-800695-2-iscsi devstack@c-api.service[99935]: [pid: 99935|app: 0|req: 158/281] 10.222.0.53 () {60 vars in 1363 bytes} [Wed Jul 14 13:12:12 2021] GET /volume/v3/70012b8620cc4b3cbb4d631b2f2802b8/groups/19b19c46-aab3-483b-a5fd-f9652887a361 => generated 333 bytes in 54 msecs (HTTP/1.1 200) 7 headers in 286 bytes (1 switches on core 0)
Jul 14 13:12:12.428706 dv-cinder-800695-2-iscsi devstack@c-api.service[99935]: INFO cinder.api.openstack.wsgi [None req-110d6240-eda4-4ec4-98ec-a1779f7fc133 tempest-VolumesActionsTest-1348803212 tempest-VolumesActionsTest-1348803212-project] GET http://10.222.0.53/volume/v3/b1a0b3182aad4e68987f141c131ba28e/volumes/cec1415f-4c75-42b0-abfd-63c54a4d2349
Jul 14 13:12:12.429481 dv-cinder-800695-2-iscsi devstack@c-api.service[99935]: DEBUG cinder.api.openstack.wsgi [None req-110d6240-eda4-4ec4-98ec-a1779f7fc133 tempest-VolumesActionsTest-1348803212 tempest-VolumesActionsTest-1348803212-project] Empty body provided in request {{(pid=99935) get_body /opt/stack/cinder/cinder/api/openstack/wsgi.py:713}}
Jul 14 13:12:12.429748 dv-cinder-800695-2-iscsi devstack@c-api.service[99935]: /usr/local/lib/python3.8/dist-packages/webob/acceptparse.py:1047: DeprecationWarning: The behavior of AcceptValidHeader.best_match is currently being maintained for backward compatibility, but it will be deprecated in the future, as it does not conform to the RFC.
Jul 14 13:12:12.429748 dv-cinder-800695-2-iscsi devstack@c-api.service[99935]: warnings.warn(
Jul 14 13:12:12.430630 dv-cinder-800695-2-iscsi devstack@c-api.service[99935]: DEBUG cinder.api.openstack.wsgi [None req-110d6240-eda4-4ec4-98ec-a1779f7fc133 tempest-VolumesActionsTest-1348803212 tempest-VolumesActionsTest-1348803212-project] Calling method 'show' {{(pid=99935) _process_stack /opt/stack/cinder/cinder/api/openstack/wsgi.py:866}}
Jul 14 13:12:12.437878 dv-cinder-800695-2-iscsi devstack@c-api.service[99934]: INFO cinder.transfer.api [None req-597cbc92-c57a-495f-beba-c349848e9e53 tempest-VolumeQuotasAdminTestJSON-1272591793 tempest-VolumeQuotasAdminTestJSON-1272591793-project] Volume 32564c19-e752-4e48-8683-0431b943a240 has been transferred.
Jul 14 13:12:12.459212 dv-cinder-800695-2-iscsi devstack@c-api.service[99935]: /usr/local/lib/python3.8/dist-packages/oslo_context/context.py:105: DeprecationWarning: Policy enforcement is depending on the value of is_admin. This key is deprecated. Please update your policy file to use the standard policy values.
Jul 14 13:12:12.459212 dv-cinder-800695-2-iscsi devstack@c-api.service[99935]: warnings.warn('Policy enforcement is depending on the value of '
Jul 14 13:12:12.460128 dv-cinder-800695-2-iscsi devstack@c-api.service[99934]: INFO cinder.api.openstack.wsgi [None req-597cbc92-c57a-495f-beba-c349848e9e53 tempest-VolumeQuotasAdminTestJSON-1272591793 tempest-VolumeQuotasAdminTestJSON-1272591793-project] http://10.222.0.53/volume/v3/9c293c016af449998851c407682c2e14/os-volume-transfer/817e080a-9186-4245-b8f0-395a40016520/accept returned with HTTP 202
Jul 14 13:12:12.461834 dv-cinder-800695-2-iscsi devstack@c-api.service[99934]: [pid: 99934|app: 0|req: 124/282] 10.222.0.53 () {60 vars in 1400 bytes} [Wed Jul 14 13:12:09 2021] POST /volume/v3/9c293c016af449998851c407682c2e14/os-volume-transfer/817e080a-9186-4245-b8f0-395a40016520/accept => generated 431 bytes in 2783 msecs (HTTP/1.1 202) 7 headers in 291 bytes (1 switches on core 0)
Jul 14 13:12:12.468026 dv-cinder-800695-2-iscsi devstack@c-api.service[99934]: INFO cinder.api.openstack.wsgi [None req-4e613fb2-897d-4812-893f-e52058c31087 tempest-GroupsTest-591320270 tempest-GroupsTest-591320270-project] POST http://10.222.0.53/volume/v3/70012b8620cc4b3cbb4d631b2f2802b8/volumes
Jul 14 13:12:12.468481 dv-cinder-800695-2-iscsi devstack@c-api.service[99934]: /usr/local/lib/python3.8/dist-packages/webob/acceptparse.py:1047: DeprecationWarning: The behavior of AcceptValidHeader.best_match is currently being maintained for backward compatibility, but it will be deprecated in the future, as it does not conform to the RFC.
Jul 14 13:12:12.468481 dv-cinder-800695-2-iscsi devstack@c-api.service[99934]: warnings.warn(
Jul 14 13:12:12.469347 dv-cinder-800695-2-iscsi devstack@c-api.service[99934]: DEBUG cinder.api.openstack.wsgi [None req-4e613fb2-897d-4812-893f-e52058c31087 tempest-GroupsTest-591320270 tempest-GroupsTest-591320270-project] Action: 'create', calling method: create, body: {"volume": {"volume_type": "2abf52e5-68d1-4de3-9379-67b87ea04879", "group_id": "19b19c46-aab3-483b-a5fd-f9652887a361", "size": 1, "name": "tempest-GroupsTest-Volume-1777235231"}} {{(pid=99934) _process_stack /opt/stack/cinder/cinder/api/openstack/wsgi.py:864}}
Jul 14 13:12:12.470712 dv-cinder-800695-2-iscsi devstack@c-api.service[99934]: DEBUG cinder.api.v3.volumes [None req-4e613fb2-897d-4812-893f-e52058c31087 tempest-GroupsTest-591320270 tempest-GroupsTest-591320270-project] Create volume request body: {'volume': {'volume_type': '2abf52e5-68d1-4de3-9379-67b87ea04879', 'group_id': '19b19c46-aab3-483b-a5fd-f9652887a361', 'size': 1, 'name': 'tempest-GroupsTest-Volume-1777235231'}} {{(pid=99934) create /opt/stack/cinder/cinder/api/v3/volumes.py:289}}
Jul 14 13:12:12.476466 dv-cinder-800695-2-iscsi devstack@c-api.service[99935]: INFO cinder.api.openstack.wsgi [None req-110d6240-eda4-4ec4-98ec-a1779f7fc133 tempest-VolumesActionsTest-1348803212 tempest-VolumesActionsTest-1348803212-project] http://10.222.0.53/volume/v3/b1a0b3182aad4e68987f141c131ba28e/volumes/cec1415f-4c75-42b0-abfd-63c54a4d2349 returned with HTTP 404
Jul 14 13:12:12.485138 dv-cinder-800695-2-iscsi devstack@c-api.service[99935]: [pid: 99935|app: 0|req: 159/283] 10.222.0.53 () {58 vars in 1325 bytes} [Wed Jul 14 13:12:12 2021] GET /volume/v3/b1a0b3182aad4e68987f141c131ba28e/volumes/cec1415f-4c75-42b0-abfd-63c54a4d2349 => generated 109 bytes in 55 msecs (HTTP/1.1 404) 7 headers in 292 bytes (1 switches on core 0)
Jul 14 13:12:12.485409 dv-cinder-800695-2-iscsi devstack@c-api.service[99935]: INFO cinder.api.openstack.wsgi [None req-051e4d27-adef-4e52-8960-4a441143aadc tempest-VolumeQuotasAdminTestJSON-1272591793 tempest-VolumeQuotasAdminTestJSON-1272591793-project] GET http://10.222.0.53/volume/v3/9c293c016af449998851c407682c2e14/volumes/32564c19-e752-4e48-8683-0431b943a240
Jul 14 13:12:12.486235 dv-cinder-800695-2-iscsi devstack@c-api.service[99935]: DEBUG cinder.api.openstack.wsgi [None req-051e4d27-adef-4e52-8960-4a441143aadc tempest-VolumeQuotasAdminTestJSON-1272591793 tempest-VolumeQuotasAdminTestJSON-1272591793-project] Empty body provided in request {{(pid=99935) get_body /opt/stack/cinder/cinder/api/openstack/wsgi.py:713}}
Jul 14 13:12:12.486545 dv-cinder-800695-2-iscsi devstack@c-api.service[99935]: /usr/local/lib/python3.8/dist-packages/webob/acceptparse.py:1047: DeprecationWarning: The behavior of AcceptValidHeader.best_match is currently being maintained for backward compatibility, but it will be deprecated in the future, as it does not conform to the RFC.
Jul 14 13:12:12.486545 dv-cinder-800695-2-iscsi devstack@c-api.service[99935]: warnings.warn(
Jul 14 13:12:12.487091 dv-cinder-800695-2-iscsi devstack@c-api.service[99935]: DEBUG cinder.api.openstack.wsgi [None req-051e4d27-adef-4e52-8960-4a441143aadc tempest-VolumeQuotasAdminTestJSON-1272591793 tempest-VolumeQuotasAdminTestJSON-1272591793-project] Calling method 'show' {{(pid=99935) _process_stack /opt/stack/cinder/cinder/api/openstack/wsgi.py:866}}
Jul 14 13:12:12.495120 dv-cinder-800695-2-iscsi devstack@c-api.service[99934]: /usr/local/lib/python3.8/dist-packages/oslo_context/context.py:105: DeprecationWarning: Policy enforcement is depending on the value of is_admin. This key is deprecated. Please update your policy file to use the standard policy values.
Jul 14 13:12:12.495120 dv-cinder-800695-2-iscsi devstack@c-api.service[99934]: warnings.warn('Policy enforcement is depending on the value of '
Jul 14 13:12:12.496260 dv-cinder-800695-2-iscsi devstack@c-api.service[99934]: INFO cinder.api.v3.volumes [None req-4e613fb2-897d-4812-893f-e52058c31087 tempest-GroupsTest-591320270 tempest-GroupsTest-591320270-project] Create volume of 1 GB
Jul 14 13:12:12.511449 dv-cinder-800695-2-iscsi devstack@c-api.service[99934]: INFO cinder.volume.api [None req-4e613fb2-897d-4812-893f-e52058c31087 tempest-GroupsTest-591320270 tempest-GroupsTest-591320270-project] Availability Zones retrieved successfully.
Jul 14 13:12:12.522426 dv-cinder-800695-2-iscsi devstack@c-api.service[99935]: /usr/local/lib/python3.8/dist-packages/oslo_context/context.py:105: DeprecationWarning: Policy enforcement is depending on the value of is_admin. This key is deprecated. Please update your policy file to use the standard policy values.
Jul 14 13:12:12.522426 dv-cinder-800695-2-iscsi devstack@c-api.service[99935]: warnings.warn('Policy enforcement is depending on the value of '
Jul 14 13:12:12.539976 dv-cinder-800695-2-iscsi devstack@c-api.service[99935]: INFO cinder.volume.api [None req-051e4d27-adef-4e52-8960-4a441143aadc tempest-VolumeQuotasAdminTestJSON-1272591793 tempest-VolumeQuotasAdminTestJSON-1272591793-project] Volume info retrieved successfully.
Jul 14 13:12:12.541285 dv-cinder-800695-2-iscsi devstack@c-api.service[99934]: DEBUG cinder.volume.api [None req-4e613fb2-897d-4812-893f-e52058c31087 tempest-GroupsTest-591320270 tempest-GroupsTest-591320270-project] Flow 'volume_create_api' (36fd3757-688e-4824-bc45-1646aa5f81b4) transitioned into state 'RUNNING' from state 'PENDING' {{(pid=99934) _flow_receiver /usr/local/lib/python3.8/dist-packages/taskflow/listeners/logging.py:141}}
Jul 14 13:12:12.544478 dv-cinder-800695-2-iscsi devstack@c-api.service[99934]: DEBUG cinder.volume.api [None req-4e613fb2-897d-4812-893f-e52058c31087 tempest-GroupsTest-591320270 tempest-GroupsTest-591320270-project] Task 'cinder.volume.flows.api.create_volume.ExtractVolumeRequestTask;volume:create' (270ff0bc-dc20-4cd4-8674-ebad98e1a2c5) transitioned into state 'RUNNING' from state 'PENDING' {{(pid=99934) _task_receiver /usr/local/lib/python3.8/dist-packages/taskflow/listeners/logging.py:190}}
Jul 14 13:12:12.547069 dv-cinder-800695-2-iscsi devstack@c-api.service[99934]: /usr/local/lib/python3.8/dist-packages/oslo_context/context.py:105: DeprecationWarning: Policy enforcement is depending on the value of is_admin. This key is deprecated. Please update your policy file to use the standard policy values.
Jul 14 13:12:12.547069 dv-cinder-800695-2-iscsi devstack@c-api.service[99934]: warnings.warn('Policy enforcement is depending on the value of '
Jul 14 13:12:12.547519 dv-cinder-800695-2-iscsi devstack@c-api.service[99934]: DEBUG cinder.volume.flows.api.create_volume [None req-4e613fb2-897d-4812-893f-e52058c31087 tempest-GroupsTest-591320270 tempest-GroupsTest-591320270-project] Validating volume size '1' using validate_int {{(pid=99934) _extract_size /opt/stack/cinder/cinder/volume/flows/api/create_volume.py:201}}
Jul 14 13:12:12.573720 dv-cinder-800695-2-iscsi devstack@c-api.service[99935]: INFO cinder.api.openstack.wsgi [None req-051e4d27-adef-4e52-8960-4a441143aadc tempest-VolumeQuotasAdminTestJSON-1272591793 tempest-VolumeQuotasAdminTestJSON-1272591793-project] http://10.222.0.53/volume/v3/9c293c016af449998851c407682c2e14/volumes/32564c19-e752-4e48-8683-0431b943a240 returned with HTTP 200
Jul 14 13:12:12.575452 dv-cinder-800695-2-iscsi devstack@c-api.service[99934]: DEBUG cinder.volume.api [None req-4e613fb2-897d-4812-893f-e52058c31087 tempest-GroupsTest-591320270 tempest-GroupsTest-591320270-project] Task 'cinder.volume.flows.api.create_volume.ExtractVolumeRequestTask;volume:create' (270ff0bc-dc20-4cd4-8674-ebad98e1a2c5) transitioned into state 'SUCCESS' from state 'RUNNING' with result '{'size': 1, 'snapshot_id': None, 'source_volid': None, 'volume_type': VolumeType(created_at=2021-07-14T13:12:11Z,deleted=False,deleted_at=None,description=None,extra_specs={},id=2abf52e5-68d1-4de3-9379-67b87ea04879,is_public=True,name='tempest-GroupsTest-volume-type-1716585442',projects=[],qos_specs=,qos_specs_id=None,updated_at=None), 'volume_type_id': '2abf52e5-68d1-4de3-9379-67b87ea04879', 'encryption_key_id': None, 'qos_specs': None, 'consistencygroup_id': None, 'cgsnapshot_id': None, 'group_id': '19b19c46-aab3-483b-a5fd-f9652887a361', 'replication_status': 'disabled', 'refresh_az': False, 'backup_id': None, 'multiattach': False, 'availability_zones': ['nova']}' {{(pid=99934) _task_receiver /usr/local/lib/python3.8/dist-packages/taskflow/listeners/logging.py:178}}
Jul 14 13:12:12.576023 dv-cinder-800695-2-iscsi devstack@c-api.service[99935]: [pid: 99935|app: 0|req: 160/284] 10.222.0.53 () {58 vars in 1325 bytes} [Wed Jul 14 13:12:12 2021] GET /volume/v3/9c293c016af449998851c407682c2e14/volumes/32564c19-e752-4e48-8683-0431b943a240 => generated 918 bytes in 98 msecs (HTTP/1.1 200) 7 headers in 285 bytes (1 switches on core 0)
Jul 14 13:12:12.590724 dv-cinder-800695-2-iscsi devstack@c-api.service[99934]: DEBUG cinder.volume.api [None req-4e613fb2-897d-4812-893f-e52058c31087 tempest-GroupsTest-591320270 tempest-GroupsTest-591320270-project] Task 'cinder.volume.flows.api.create_volume.QuotaReserveTask;volume:create' (e0fc1013-c717-40dd-b413-30d3107429ac) transitioned into state 'RUNNING' from state 'PENDING' {{(pid=99934) _task_receiver /usr/local/lib/python3.8/dist-packages/taskflow/listeners/logging.py:190}}
Jul 14 13:12:12.593983 dv-cinder-800695-2-iscsi devstack@c-api.service[99935]: INFO cinder.api.openstack.wsgi [None req-e466a2f7-1312-4c1c-8b24-a56fc81d2945 tempest-VolumesActionsTest-1348803212 tempest-VolumesActionsTest-1348803212-project] POST http://10.222.0.53/volume/v3/b1a0b3182aad4e68987f141c131ba28e/volumes
Jul 14 13:12:12.595375 dv-cinder-800695-2-iscsi devstack@c-api.service[99935]: /usr/local/lib/python3.8/dist-packages/webob/acceptparse.py:1047: DeprecationWarning: The behavior of AcceptValidHeader.best_match is currently being maintained for backward compatibility, but it will be deprecated in the future, as it does not conform to the RFC.
Jul 14 13:12:12.595375 dv-cinder-800695-2-iscsi devstack@c-api.service[99935]: warnings.warn(
Jul 14 13:12:12.595375 dv-cinder-800695-2-iscsi devstack@c-api.service[99935]: DEBUG cinder.api.openstack.wsgi [None req-e466a2f7-1312-4c1c-8b24-a56fc81d2945 tempest-VolumesActionsTest-1348803212 tempest-VolumesActionsTest-1348803212-project] Action: 'create', calling method: create, body: {"volume": {"size": 1, "name": "tempest-VolumesActionsTest-Volume-1238025010"}} {{(pid=99935) _process_stack /opt/stack/cinder/cinder/api/openstack/wsgi.py:864}}
Jul 14 13:12:12.595781 dv-cinder-800695-2-iscsi devstack@c-api.service[99935]: DEBUG cinder.api.v3.volumes [None req-e466a2f7-1312-4c1c-8b24-a56fc81d2945 tempest-VolumesActionsTest-1348803212 tempest-VolumesActionsTest-1348803212-project] Create volume request body: {'volume': {'size': 1, 'name': 'tempest-VolumesActionsTest-Volume-1238025010'}} {{(pid=99935) create /opt/stack/cinder/cinder/api/v3/volumes.py:289}}
Jul 14 13:12:12.597489 dv-cinder-800695-2-iscsi devstack@c-api.service[99935]: INFO cinder.api.v3.volumes [None req-e466a2f7-1312-4c1c-8b24-a56fc81d2945 tempest-VolumesActionsTest-1348803212 tempest-VolumesActionsTest-1348803212-project] Create volume of 1 GB
Jul 14 13:12:12.616040 dv-cinder-800695-2-iscsi devstack@c-api.service[99935]: INFO cinder.volume.api [None req-e466a2f7-1312-4c1c-8b24-a56fc81d2945 tempest-VolumesActionsTest-1348803212 tempest-VolumesActionsTest-1348803212-project] Availability Zones retrieved successfully.
Jul 14 13:12:12.626161 dv-cinder-800695-2-iscsi devstack@c-api.service[99934]: WARNING cinder.quota [None req-4e613fb2-897d-4812-893f-e52058c31087 tempest-GroupsTest-591320270 tempest-GroupsTest-591320270-project] Deprecated: Default quota for resource: volumes_tempest-GroupsTest-volume-type-1716585442 is set by the default quota flag: quota_volumes_tempest-GroupsTest-volume-type-1716585442, it is now deprecated. Please use the default quota class for default quota.
Jul 14 13:12:12.626982 dv-cinder-800695-2-iscsi devstack@c-api.service[99934]: WARNING cinder.quota [None req-4e613fb2-897d-4812-893f-e52058c31087 tempest-GroupsTest-591320270 tempest-GroupsTest-591320270-project] Deprecated: Default quota for resource: gigabytes_tempest-GroupsTest-volume-type-1716585442 is set by the default quota flag: quota_gigabytes_tempest-GroupsTest-volume-type-1716585442, it is now deprecated. Please use the default quota class for default quota.
Jul 14 13:12:12.638549 dv-cinder-800695-2-iscsi devstack@c-api.service[99935]: DEBUG cinder.volume.api [None req-e466a2f7-1312-4c1c-8b24-a56fc81d2945 tempest-VolumesActionsTest-1348803212 tempest-VolumesActionsTest-1348803212-project] Flow 'volume_create_api' (ad1766df-d9c0-4bc3-9492-0f31fef9dcb8) transitioned into state 'RUNNING' from state 'PENDING' {{(pid=99935) _flow_receiver /usr/local/lib/python3.8/dist-packages/taskflow/listeners/logging.py:141}}
Jul 14 13:12:12.643202 dv-cinder-800695-2-iscsi devstack@c-api.service[99935]: DEBUG cinder.volume.api [None req-e466a2f7-1312-4c1c-8b24-a56fc81d2945 tempest-VolumesActionsTest-1348803212 tempest-VolumesActionsTest-1348803212-project] Task 'cinder.volume.flows.api.create_volume.ExtractVolumeRequestTask;volume:create' (956df58b-2ce3-47f6-b576-56e5438b302b) transitioned into state 'RUNNING' from state 'PENDING' {{(pid=99935) _task_receiver /usr/local/lib/python3.8/dist-packages/taskflow/listeners/logging.py:190}}
Jul 14 13:12:12.646640 dv-cinder-800695-2-iscsi devstack@c-api.service[99935]: DEBUG cinder.volume.flows.api.create_volume [None req-e466a2f7-1312-4c1c-8b24-a56fc81d2945 tempest-VolumesActionsTest-1348803212 tempest-VolumesActionsTest-1348803212-project] Validating volume size '1' using validate_int {{(pid=99935) _extract_size /opt/stack/cinder/cinder/volume/flows/api/create_volume.py:201}}
Jul 14 13:12:12.679895 dv-cinder-800695-2-iscsi devstack@c-api.service[99934]: DEBUG cinder.quota [None req-4e613fb2-897d-4812-893f-e52058c31087 tempest-GroupsTest-591320270 tempest-GroupsTest-591320270-project] Created reservations ['89361a50-80b8-4922-8305-4a021f03281c', 'e748069e-cc11-454b-bf76-f01572f3f95d', 'f946ca88-bf0b-42e5-9831-a1417da72f5f', 'f66a5e59-ca0b-4a09-8c5b-b8ef8e9cd82c'] {{(pid=99934) reserve /opt/stack/cinder/cinder/quota.py:755}}
Jul 14 13:12:12.682652 dv-cinder-800695-2-iscsi devstack@c-api.service[99934]: DEBUG cinder.volume.api [None req-4e613fb2-897d-4812-893f-e52058c31087 tempest-GroupsTest-591320270 tempest-GroupsTest-591320270-project] Task 'cinder.volume.flows.api.create_volume.QuotaReserveTask;volume:create' (e0fc1013-c717-40dd-b413-30d3107429ac) transitioned into state 'SUCCESS' from state 'RUNNING' with result '{'reservations': ['89361a50-80b8-4922-8305-4a021f03281c', 'e748069e-cc11-454b-bf76-f01572f3f95d', 'f946ca88-bf0b-42e5-9831-a1417da72f5f', 'f66a5e59-ca0b-4a09-8c5b-b8ef8e9cd82c']}' {{(pid=99934) _task_receiver /usr/local/lib/python3.8/dist-packages/taskflow/listeners/logging.py:178}}
Jul 14 13:12:12.685524 dv-cinder-800695-2-iscsi devstack@c-api.service[99934]: DEBUG cinder.volume.api [None req-4e613fb2-897d-4812-893f-e52058c31087 tempest-GroupsTest-591320270 tempest-GroupsTest-591320270-project] Task 'cinder.volume.flows.api.create_volume.EntryCreateTask;volume:create' (386748ff-a78b-4c2e-a94d-d3c0ab34d11b) transitioned into state 'RUNNING' from state 'PENDING' {{(pid=99934) _task_receiver /usr/local/lib/python3.8/dist-packages/taskflow/listeners/logging.py:190}}
Jul 14 13:12:12.694902 dv-cinder-800695-2-iscsi devstack@c-api.service[99935]: DEBUG cinder.volume.api [None req-e466a2f7-1312-4c1c-8b24-a56fc81d2945 tempest-VolumesActionsTest-1348803212 tempest-VolumesActionsTest-1348803212-project] Task 'cinder.volume.flows.api.create_volume.ExtractVolumeRequestTask;volume:create' (956df58b-2ce3-47f6-b576-56e5438b302b) transitioned into state 'SUCCESS' from state 'RUNNING' with result '{'size': 1, 'snapshot_id': None, 'source_volid': None, 'volume_type': VolumeType(created_at=2021-07-14T13:02:02Z,deleted=False,deleted_at=None,description='Default Volume Type',extra_specs={},id=9ef181c5-c788-49c1-98e7-eeec49719b2c,is_public=True,name='__DEFAULT__',projects=[],qos_specs=,qos_specs_id=None,updated_at=2021-07-14T13:02:02Z), 'volume_type_id': '9ef181c5-c788-49c1-98e7-eeec49719b2c', 'encryption_key_id': None, 'qos_specs': None, 'consistencygroup_id': None, 'cgsnapshot_id': None, 'group_id': None, 'replication_status': 'disabled', 'refresh_az': False, 'backup_id': None, 'multiattach': False, 'availability_zones': ['nova']}' {{(pid=99935) _task_receiver /usr/local/lib/python3.8/dist-packages/taskflow/listeners/logging.py:178}}
Jul 14 13:12:12.698651 dv-cinder-800695-2-iscsi devstack@c-api.service[99935]: DEBUG cinder.volume.api [None req-e466a2f7-1312-4c1c-8b24-a56fc81d2945 tempest-VolumesActionsTest-1348803212 tempest-VolumesActionsTest-1348803212-project] Task 'cinder.volume.flows.api.create_volume.QuotaReserveTask;volume:create' (2a451eca-4a52-4b4a-a00f-87d1ecdd62ca) transitioned into state 'RUNNING' from state 'PENDING' {{(pid=99935) _task_receiver /usr/local/lib/python3.8/dist-packages/taskflow/listeners/logging.py:190}}
Jul 14 13:12:12.726344 dv-cinder-800695-2-iscsi devstack@c-api.service[99934]: DEBUG cinder.volume.api [None req-4e613fb2-897d-4812-893f-e52058c31087 tempest-GroupsTest-591320270 tempest-GroupsTest-591320270-project] Task 'cinder.volume.flows.api.create_volume.EntryCreateTask;volume:create' (386748ff-a78b-4c2e-a94d-d3c0ab34d11b) transitioned into state 'SUCCESS' from state 'RUNNING' with result '{'volume_id': '43a29166-e3e2-4a3e-9eee-cbe416e4a17c', 'volume_properties': VolumeProperties(attach_status='detached',availability_zone='nova',cgsnapshot_id=None,consistencygroup_id=None,display_description=None,display_name='tempest-GroupsTest-Volume-1777235231',encryption_key_id=None,group_id=19b19c46-aab3-483b-a5fd-f9652887a361,group_type_id=,metadata={},multiattach=False,project_id='70012b8620cc4b3cbb4d631b2f2802b8',qos_specs=None,replication_status=,reservations=['89361a50-80b8-4922-8305-4a021f03281c','e748069e-cc11-454b-bf76-f01572f3f95d','f946ca88-bf0b-42e5-9831-a1417da72f5f','f66a5e59-ca0b-4a09-8c5b-b8ef8e9cd82c'],size=1,snapshot_id=None,source_replicaid=,source_volid=None,status='creating',user_id='bcf3c8bf387e48b69d12ee1f926fb007',volume_type_id=2abf52e5-68d1-4de3-9379-67b87ea04879), 'volume': Volume(_name_id=None,admin_metadata=,attach_status='detached',availability_zone='nova',bootable=False,cluster=,cluster_name=None,consistencygroup=,consistencygroup_id=None,created_at=2021-07-14T13:12:12Z,deleted=False,deleted_at=None,display_description=None,display_name='tempest-GroupsTest-Volume-1777235231',ec2_id=None,encryption_key_id=None,glance_metadata=,group=,group_id=19b19c46-aab3-483b-a5fd-f9652887a361,host=None,id=43a29166-e3e2-4a3e-9eee-cbe416e4a17c,launched_at=None,metadata={},migration_status=None,multiattach=False,previous_status=None,project_id='70012b8620cc4b3cbb4d631b2f2802b8',provider_auth=None,provider_geometry=None,provider_id=None,provider_location=None,replication_driver_data=None,replication_extended_status=None,replication_status=None,scheduled_at=None,service_uuid=None,shared_targets=True,size=1,snapshot_id=None,snapshots=,source_volid=None,status='creating',terminated_at=None,updated_at=None,user_id='bcf3c8bf387e48b69d12ee1f926fb007',volume_attachment=,volume_type=VolumeType(2abf52e5-68d1-4de3-9379-67b87ea04879),volume_type_id=2abf52e5-68d1-4de3-9379-67b87ea04879)}' {{(pid=99934) _task_receiver /usr/local/lib/python3.8/dist-packages/taskflow/listeners/logging.py:178}}
Jul 14 13:12:12.730910 dv-cinder-800695-2-iscsi devstack@c-api.service[99934]: DEBUG cinder.volume.api [None req-4e613fb2-897d-4812-893f-e52058c31087 tempest-GroupsTest-591320270 tempest-GroupsTest-591320270-project] Task 'cinder.volume.flows.api.create_volume.QuotaCommitTask;volume:create' (938aaa92-0641-4fbf-b3c2-c5a37e5a4dee) transitioned into state 'RUNNING' from state 'PENDING' {{(pid=99934) _task_receiver /usr/local/lib/python3.8/dist-packages/taskflow/listeners/logging.py:190}}
Jul 14 13:12:12.768954 dv-cinder-800695-2-iscsi devstack@c-api.service[99934]: DEBUG cinder.volume.api [None req-4e613fb2-897d-4812-893f-e52058c31087 tempest-GroupsTest-591320270 tempest-GroupsTest-591320270-project] Task 'cinder.volume.flows.api.create_volume.QuotaCommitTask;volume:create' (938aaa92-0641-4fbf-b3c2-c5a37e5a4dee) transitioned into state 'SUCCESS' from state 'RUNNING' with result '{'volume_properties': VolumeProperties(attach_status='detached',availability_zone='nova',cgsnapshot_id=None,consistencygroup_id=None,display_description=None,display_name='tempest-GroupsTest-Volume-1777235231',encryption_key_id=None,group_id=19b19c46-aab3-483b-a5fd-f9652887a361,group_type_id=,metadata={},multiattach=False,project_id='70012b8620cc4b3cbb4d631b2f2802b8',qos_specs=None,replication_status=,reservations=['89361a50-80b8-4922-8305-4a021f03281c','e748069e-cc11-454b-bf76-f01572f3f95d','f946ca88-bf0b-42e5-9831-a1417da72f5f','f66a5e59-ca0b-4a09-8c5b-b8ef8e9cd82c'],size=1,snapshot_id=None,source_replicaid=,source_volid=None,status='creating',user_id='bcf3c8bf387e48b69d12ee1f926fb007',volume_type_id=2abf52e5-68d1-4de3-9379-67b87ea04879)}' {{(pid=99934) _task_receiver /usr/local/lib/python3.8/dist-packages/taskflow/listeners/logging.py:178}}
Jul 14 13:12:12.772777 dv-cinder-800695-2-iscsi devstack@c-api.service[99934]: DEBUG cinder.volume.api [None req-4e613fb2-897d-4812-893f-e52058c31087 tempest-GroupsTest-591320270 tempest-GroupsTest-591320270-project] Task 'cinder.volume.flows.api.create_volume.VolumeCastTask;volume:create' (30620d04-3541-495f-9904-9275c8177c98) transitioned into state 'RUNNING' from state 'PENDING' {{(pid=99934) _task_receiver /usr/local/lib/python3.8/dist-packages/taskflow/listeners/logging.py:190}}
Jul 14 13:12:12.780826 dv-cinder-800695-2-iscsi devstack@c-api.service[99935]: DEBUG cinder.quota [None req-e466a2f7-1312-4c1c-8b24-a56fc81d2945 tempest-VolumesActionsTest-1348803212 tempest-VolumesActionsTest-1348803212-project] Created reservations ['273ef654-8b4c-4506-b7f2-2e1e74bb8fbe', '36ee53a4-4233-49ed-9073-93083523a6ea', '3537c0e3-e5ce-4b37-aa00-d43858424ffd', '69f58e4a-f1f5-4fa5-a8a5-6ede88687a86'] {{(pid=99935) reserve /opt/stack/cinder/cinder/quota.py:755}}
Jul 14 13:12:12.783185 dv-cinder-800695-2-iscsi devstack@c-api.service[99935]: DEBUG cinder.volume.api [None req-e466a2f7-1312-4c1c-8b24-a56fc81d2945 tempest-VolumesActionsTest-1348803212 tempest-VolumesActionsTest-1348803212-project] Task 'cinder.volume.flows.api.create_volume.QuotaReserveTask;volume:create' (2a451eca-4a52-4b4a-a00f-87d1ecdd62ca) transitioned into state 'SUCCESS' from state 'RUNNING' with result '{'reservations': ['273ef654-8b4c-4506-b7f2-2e1e74bb8fbe', '36ee53a4-4233-49ed-9073-93083523a6ea', '3537c0e3-e5ce-4b37-aa00-d43858424ffd', '69f58e4a-f1f5-4fa5-a8a5-6ede88687a86']}' {{(pid=99935) _task_receiver /usr/local/lib/python3.8/dist-packages/taskflow/listeners/logging.py:178}}
Jul 14 13:12:12.785197 dv-cinder-800695-2-iscsi devstack@c-api.service[99935]: DEBUG cinder.volume.api [None req-e466a2f7-1312-4c1c-8b24-a56fc81d2945 tempest-VolumesActionsTest-1348803212 tempest-VolumesActionsTest-1348803212-project] Task 'cinder.volume.flows.api.create_volume.EntryCreateTask;volume:create' (66484123-4e6d-48cd-968d-4f8326009d92) transitioned into state 'RUNNING' from state 'PENDING' {{(pid=99935) _task_receiver /usr/local/lib/python3.8/dist-packages/taskflow/listeners/logging.py:190}}
Jul 14 13:12:12.807816 dv-cinder-800695-2-iscsi devstack@c-api.service[99934]: DEBUG cinder.volume.api [None req-4e613fb2-897d-4812-893f-e52058c31087 tempest-GroupsTest-591320270 tempest-GroupsTest-591320270-project] Task 'cinder.volume.flows.api.create_volume.VolumeCastTask;volume:create' (30620d04-3541-495f-9904-9275c8177c98) transitioned into state 'SUCCESS' from state 'RUNNING' with result 'None' {{(pid=99934) _task_receiver /usr/local/lib/python3.8/dist-packages/taskflow/listeners/logging.py:178}}
Jul 14 13:12:12.812914 dv-cinder-800695-2-iscsi devstack@c-api.service[99934]: DEBUG cinder.volume.api [None req-4e613fb2-897d-4812-893f-e52058c31087 tempest-GroupsTest-591320270 tempest-GroupsTest-591320270-project] Flow 'volume_create_api' (36fd3757-688e-4824-bc45-1646aa5f81b4) transitioned into state 'SUCCESS' from state 'RUNNING' {{(pid=99934) _flow_receiver /usr/local/lib/python3.8/dist-packages/taskflow/listeners/logging.py:141}}
Jul 14 13:12:12.814122 dv-cinder-800695-2-iscsi devstack@c-api.service[99934]: INFO cinder.volume.api [None req-4e613fb2-897d-4812-893f-e52058c31087 tempest-GroupsTest-591320270 tempest-GroupsTest-591320270-project] Create volume request issued successfully.
Jul 14 13:12:12.828766 dv-cinder-800695-2-iscsi devstack@c-api.service[99934]: WARNING stevedore.named [None req-4e613fb2-897d-4812-893f-e52058c31087 tempest-GroupsTest-591320270 tempest-GroupsTest-591320270-project] Could not load cinder.keymgr.conf_key_mgr.ConfKeyManager
Jul 14 13:12:12.829239 dv-cinder-800695-2-iscsi devstack@c-api.service[99934]: WARNING castellan.key_manager [None req-4e613fb2-897d-4812-893f-e52058c31087 tempest-GroupsTest-591320270 tempest-GroupsTest-591320270-project] Deprecation Warning : cinder.keymgr.conf_key_mgr.ConfKeyManager is not a stevedore based driver, trying to load it as a class: stevedore.exception.NoMatches: No 'castellan.drivers' driver found, looking for 'cinder.keymgr.conf_key_mgr.ConfKeyManager'
Jul 14 13:12:12.834972 dv-cinder-800695-2-iscsi devstack@c-api.service[99935]: DEBUG cinder.volume.api [None req-e466a2f7-1312-4c1c-8b24-a56fc81d2945 tempest-VolumesActionsTest-1348803212 tempest-VolumesActionsTest-1348803212-project] Task 'cinder.volume.flows.api.create_volume.EntryCreateTask;volume:create' (66484123-4e6d-48cd-968d-4f8326009d92) transitioned into state 'SUCCESS' from state 'RUNNING' with result '{'volume_id': '9a0e57aa-4c81-47cd-a3bc-e56d1da28540', 'volume_properties': VolumeProperties(attach_status='detached',availability_zone='nova',cgsnapshot_id=None,consistencygroup_id=None,display_description=None,display_name='tempest-VolumesActionsTest-Volume-1238025010',encryption_key_id=None,group_id=None,group_type_id=,metadata={},multiattach=False,project_id='b1a0b3182aad4e68987f141c131ba28e',qos_specs=None,replication_status=,reservations=['273ef654-8b4c-4506-b7f2-2e1e74bb8fbe','36ee53a4-4233-49ed-9073-93083523a6ea','3537c0e3-e5ce-4b37-aa00-d43858424ffd','69f58e4a-f1f5-4fa5-a8a5-6ede88687a86'],size=1,snapshot_id=None,source_replicaid=,source_volid=None,status='creating',user_id='08aa4484eb19440eac0b9cbcbaa3fd70',volume_type_id=9ef181c5-c788-49c1-98e7-eeec49719b2c), 'volume': Volume(_name_id=None,admin_metadata=,attach_status='detached',availability_zone='nova',bootable=False,cluster=,cluster_name=None,consistencygroup=,consistencygroup_id=None,created_at=2021-07-14T13:12:12Z,deleted=False,deleted_at=None,display_description=None,display_name='tempest-VolumesActionsTest-Volume-1238025010',ec2_id=None,encryption_key_id=None,glance_metadata=,group=,group_id=None,host=None,id=9a0e57aa-4c81-47cd-a3bc-e56d1da28540,launched_at=None,metadata={},migration_status=None,multiattach=False,previous_status=None,project_id='b1a0b3182aad4e68987f141c131ba28e',provider_auth=None,provider_geometry=None,provider_id=None,provider_location=None,replication_driver_data=None,replication_extended_status=None,replication_status=None,scheduled_at=None,service_uuid=None,shared_targets=True,size=1,snapshot_id=None,snapshots=,source_volid=None,status='creating',terminated_at=None,updated_at=None,user_id='08aa4484eb19440eac0b9cbcbaa3fd70',volume_attachment=,volume_type=VolumeType(9ef181c5-c788-49c1-98e7-eeec49719b2c),volume_type_id=9ef181c5-c788-49c1-98e7-eeec49719b2c)}' {{(pid=99935) _task_receiver /usr/local/lib/python3.8/dist-packages/taskflow/listeners/logging.py:178}}
Jul 14 13:12:12.843995 dv-cinder-800695-2-iscsi devstack@c-api.service[99935]: DEBUG cinder.volume.api [None req-e466a2f7-1312-4c1c-8b24-a56fc81d2945 tempest-VolumesActionsTest-1348803212 tempest-VolumesActionsTest-1348803212-project] Task 'cinder.volume.flows.api.create_volume.QuotaCommitTask;volume:create' (195c548f-d8d4-4613-9572-5f57b349c284) transitioned into state 'RUNNING' from state 'PENDING' {{(pid=99935) _task_receiver /usr/local/lib/python3.8/dist-packages/taskflow/listeners/logging.py:190}}
Jul 14 13:12:12.850992 dv-cinder-800695-2-iscsi devstack@c-api.service[99934]: DEBUG oslo_db.sqlalchemy.engines [None req-4e613fb2-897d-4812-893f-e52058c31087 tempest-GroupsTest-591320270 tempest-GroupsTest-591320270-project] MySQL server mode set to STRICT_TRANS_TABLES,STRICT_ALL_TABLES,NO_ZERO_IN_DATE,NO_ZERO_DATE,ERROR_FOR_DIVISION_BY_ZERO,TRADITIONAL,NO_ENGINE_SUBSTITUTION {{(pid=99934) _check_effective_sql_mode /usr/local/lib/python3.8/dist-packages/oslo_db/sqlalchemy/engines.py:314}}
Jul 14 13:12:12.859709 dv-cinder-800695-2-iscsi devstack@c-api.service[99934]: /usr/local/lib/python3.8/dist-packages/oslo_context/context.py:105: DeprecationWarning: Policy enforcement is depending on the value of is_admin. This key is deprecated. Please update your policy file to use the standard policy values.
Jul 14 13:12:12.859709 dv-cinder-800695-2-iscsi devstack@c-api.service[99934]: warnings.warn('Policy enforcement is depending on the value of '
Jul 14 13:12:12.872627 dv-cinder-800695-2-iscsi devstack@c-api.service[99934]: INFO cinder.api.openstack.wsgi [None req-4e613fb2-897d-4812-893f-e52058c31087 tempest-GroupsTest-591320270 tempest-GroupsTest-591320270-project] http://10.222.0.53/volume/v3/70012b8620cc4b3cbb4d631b2f2802b8/volumes returned with HTTP 202
Jul 14 13:12:12.874441 dv-cinder-800695-2-iscsi devstack@c-api.service[99934]: [pid: 99934|app: 0|req: 125/285] 10.222.0.53 () {62 vars in 1277 bytes} [Wed Jul 14 13:12:12 2021] POST /volume/v3/70012b8620cc4b3cbb4d631b2f2802b8/volumes => generated 892 bytes in 412 msecs (HTTP/1.1 202) 7 headers in 292 bytes (1 switches on core 0)
Jul 14 13:12:12.878210 dv-cinder-800695-2-iscsi devstack@c-api.service[99935]: DEBUG cinder.volume.api [None req-e466a2f7-1312-4c1c-8b24-a56fc81d2945 tempest-VolumesActionsTest-1348803212 tempest-VolumesActionsTest-1348803212-project] Task 'cinder.volume.flows.api.create_volume.QuotaCommitTask;volume:create' (195c548f-d8d4-4613-9572-5f57b349c284) transitioned into state 'SUCCESS' from state 'RUNNING' with result '{'volume_properties': VolumeProperties(attach_status='detached',availability_zone='nova',cgsnapshot_id=None,consistencygroup_id=None,display_description=None,display_name='tempest-VolumesActionsTest-Volume-1238025010',encryption_key_id=None,group_id=None,group_type_id=,metadata={},multiattach=False,project_id='b1a0b3182aad4e68987f141c131ba28e',qos_specs=None,replication_status=,reservations=['273ef654-8b4c-4506-b7f2-2e1e74bb8fbe','36ee53a4-4233-49ed-9073-93083523a6ea','3537c0e3-e5ce-4b37-aa00-d43858424ffd','69f58e4a-f1f5-4fa5-a8a5-6ede88687a86'],size=1,snapshot_id=None,source_replicaid=,source_volid=None,status='creating',user_id='08aa4484eb19440eac0b9cbcbaa3fd70',volume_type_id=9ef181c5-c788-49c1-98e7-eeec49719b2c)}' {{(pid=99935) _task_receiver /usr/local/lib/python3.8/dist-packages/taskflow/listeners/logging.py:178}}
Jul 14 13:12:12.880426 dv-cinder-800695-2-iscsi devstack@c-api.service[99935]: DEBUG cinder.volume.api [None req-e466a2f7-1312-4c1c-8b24-a56fc81d2945 tempest-VolumesActionsTest-1348803212 tempest-VolumesActionsTest-1348803212-project] Task 'cinder.volume.flows.api.create_volume.VolumeCastTask;volume:create' (005af8ee-363b-4fdd-a5fa-f6d4a18f5bde) transitioned into state 'RUNNING' from state 'PENDING' {{(pid=99935) _task_receiver /usr/local/lib/python3.8/dist-packages/taskflow/listeners/logging.py:190}}
Jul 14 13:12:12.897046 dv-cinder-800695-2-iscsi devstack@c-api.service[99934]: INFO cinder.api.openstack.wsgi [None req-eb503b33-3fa1-48a5-a014-86f124be40b0 tempest-VolumeQuotasAdminTestJSON-1441474755 tempest-VolumeQuotasAdminTestJSON-1441474755-project-admin] GET http://10.222.0.53/volume/v3/6b1f3efbd8df48e5900555b66d4e8a22/os-quota-sets/42365a102c6d4f638238b16236c132a3?usage=True
Jul 14 13:12:12.897588 dv-cinder-800695-2-iscsi devstack@c-api.service[99934]: DEBUG cinder.api.openstack.wsgi [None req-eb503b33-3fa1-48a5-a014-86f124be40b0 tempest-VolumeQuotasAdminTestJSON-1441474755 tempest-VolumeQuotasAdminTestJSON-1441474755-project-admin] Empty body provided in request {{(pid=99934) get_body /opt/stack/cinder/cinder/api/openstack/wsgi.py:713}}
Jul 14 13:12:12.897790 dv-cinder-800695-2-iscsi devstack@c-api.service[99934]: /usr/local/lib/python3.8/dist-packages/webob/acceptparse.py:1047: DeprecationWarning: The behavior of AcceptValidHeader.best_match is currently being maintained for backward compatibility, but it will be deprecated in the future, as it does not conform to the RFC.
Jul 14 13:12:12.897790 dv-cinder-800695-2-iscsi devstack@c-api.service[99934]: warnings.warn(
Jul 14 13:12:12.898096 dv-cinder-800695-2-iscsi devstack@c-api.service[99934]: DEBUG cinder.api.openstack.wsgi [None req-eb503b33-3fa1-48a5-a014-86f124be40b0 tempest-VolumeQuotasAdminTestJSON-1441474755 tempest-VolumeQuotasAdminTestJSON-1441474755-project-admin] Calling method 'show' {{(pid=99934) _process_stack /opt/stack/cinder/cinder/api/openstack/wsgi.py:866}}
Jul 14 13:12:12.906871 dv-cinder-800695-2-iscsi devstack@c-api.service[99935]: DEBUG cinder.volume.api [None req-e466a2f7-1312-4c1c-8b24-a56fc81d2945 tempest-VolumesActionsTest-1348803212 tempest-VolumesActionsTest-1348803212-project] Task 'cinder.volume.flows.api.create_volume.VolumeCastTask;volume:create' (005af8ee-363b-4fdd-a5fa-f6d4a18f5bde) transitioned into state 'SUCCESS' from state 'RUNNING' with result 'None' {{(pid=99935) _task_receiver /usr/local/lib/python3.8/dist-packages/taskflow/listeners/logging.py:178}}
Jul 14 13:12:12.912170 dv-cinder-800695-2-iscsi devstack@c-api.service[99935]: DEBUG cinder.volume.api [None req-e466a2f7-1312-4c1c-8b24-a56fc81d2945 tempest-VolumesActionsTest-1348803212 tempest-VolumesActionsTest-1348803212-project] Flow 'volume_create_api' (ad1766df-d9c0-4bc3-9492-0f31fef9dcb8) transitioned into state 'SUCCESS' from state 'RUNNING' {{(pid=99935) _flow_receiver /usr/local/lib/python3.8/dist-packages/taskflow/listeners/logging.py:141}}
Jul 14 13:12:12.913514 dv-cinder-800695-2-iscsi devstack@c-api.service[99935]: INFO cinder.volume.api [None req-e466a2f7-1312-4c1c-8b24-a56fc81d2945 tempest-VolumesActionsTest-1348803212 tempest-VolumesActionsTest-1348803212-project] Create volume request issued successfully.
Jul 14 13:12:12.926856 dv-cinder-800695-2-iscsi devstack@c-api.service[99935]: INFO cinder.api.openstack.wsgi [None req-e466a2f7-1312-4c1c-8b24-a56fc81d2945 tempest-VolumesActionsTest-1348803212 tempest-VolumesActionsTest-1348803212-project] http://10.222.0.53/volume/v3/b1a0b3182aad4e68987f141c131ba28e/volumes returned with HTTP 202
Jul 14 13:12:12.928295 dv-cinder-800695-2-iscsi devstack@c-api.service[99935]: [pid: 99935|app: 0|req: 161/286] 10.222.0.53 () {60 vars in 1235 bytes} [Wed Jul 14 13:12:12 2021] POST /volume/v3/b1a0b3182aad4e68987f141c131ba28e/volumes => generated 818 bytes in 345 msecs (HTTP/1.1 202) 7 headers in 291 bytes (1 switches on core 0)
Jul 14 13:12:12.930400 dv-cinder-800695-2-iscsi devstack@c-api.service[99934]: WARNING cinder.quota [None req-eb503b33-3fa1-48a5-a014-86f124be40b0 tempest-VolumeQuotasAdminTestJSON-1441474755 tempest-VolumeQuotasAdminTestJSON-1441474755-project-admin] Deprecated: Default quota for resource: snapshots_tempest-GroupsTest-volume-type-1716585442 is set by the default quota flag: quota_snapshots_tempest-GroupsTest-volume-type-1716585442, it is now deprecated. Please use the default quota class for default quota.
