Aug 04 05:44:33.324404 dv-cinder-800431-4-smb devstack@c-api.service[111908]: /usr/local/lib/python3.8/dist-packages/webob/acceptparse.py:1047: DeprecationWarning: The behavior of AcceptValidHeader.best_match is currently being maintained for backward compatibility, but it will be deprecated in the future, as it does not conform to the RFC.
Aug 04 05:44:33.324404 dv-cinder-800431-4-smb devstack@c-api.service[111908]:   warnings.warn(
Aug 04 05:44:33.324725 dv-cinder-800431-4-smb devstack@c-api.service[111908]: DEBUG cinder.api.openstack.wsgi [None req-0104fc8d-8dce-4ee5-b3ca-c864985f6dfb tempest-GroupsV320Test-1103846036 tempest-GroupsV320Test-1103846036-project] Calling method 'version_select' {{(pid=111908) _process_stack /opt/stack/cinder/cinder/api/openstack/wsgi.py:856}}
Aug 04 05:44:33.325075 dv-cinder-800431-4-smb devstack@c-api.service[111908]: DEBUG cinder.api.v3.groups [None req-0104fc8d-8dce-4ee5-b3ca-c864985f6dfb tempest-GroupsV320Test-1103846036 tempest-GroupsV320Test-1103846036-project] show called for member e973d5e9-cb66-4194-98ab-ab9566e8c8c7 {{(pid=111908) show /opt/stack/cinder/cinder/api/v3/groups.py:58}}
Aug 04 05:44:33.329570 dv-cinder-800431-4-smb devstack@c-api.service[111908]: INFO cinder.api.openstack.wsgi [None req-0104fc8d-8dce-4ee5-b3ca-c864985f6dfb tempest-GroupsV320Test-1103846036 tempest-GroupsV320Test-1103846036-project] http://10.222.0.42/volume/v3/90a170f0316841f687a1084cae0e5447/groups/e973d5e9-cb66-4194-98ab-ab9566e8c8c7 returned with HTTP 404
Aug 04 05:44:33.330465 dv-cinder-800431-4-smb devstack@c-api.service[111908]: [pid: 111908|app: 0|req: 205/439] 10.222.0.42 () {60 vars in 1363 bytes} [Wed Aug  4 05:44:33 2021] GET /volume/v3/90a170f0316841f687a1084cae0e5447/groups/e973d5e9-cb66-4194-98ab-ab9566e8c8c7 => generated 108 bytes in 11 msecs (HTTP/1.1 404) 7 headers in 293 bytes (1 switches on core 0)
Aug 04 05:44:33.338577 dv-cinder-800431-4-smb devstack@c-api.service[111909]: INFO cinder.api.openstack.wsgi [None req-692a91bb-edab-4d94-8cb3-93ce70290365 tempest-GroupsV320Test-1962130054 tempest-GroupsV320Test-1962130054-project-admin] DELETE http://10.222.0.42/volume/v3/4874a329039440d98d5c1931676a7750/group_types/c50e486c-82b9-4723-9f6c-5097769b1c8a
Aug 04 05:44:33.339092 dv-cinder-800431-4-smb devstack@c-api.service[111909]: DEBUG cinder.api.openstack.wsgi [None req-692a91bb-edab-4d94-8cb3-93ce70290365 tempest-GroupsV320Test-1962130054 tempest-GroupsV320Test-1962130054-project-admin] Empty body provided in request {{(pid=111909) get_body /opt/stack/cinder/cinder/api/openstack/wsgi.py:703}}
Aug 04 05:44:33.339244 dv-cinder-800431-4-smb devstack@c-api.service[111909]: /usr/local/lib/python3.8/dist-packages/webob/acceptparse.py:1047: DeprecationWarning: The behavior of AcceptValidHeader.best_match is currently being maintained for backward compatibility, but it will be deprecated in the future, as it does not conform to the RFC.
Aug 04 05:44:33.339244 dv-cinder-800431-4-smb devstack@c-api.service[111909]:   warnings.warn(
Aug 04 05:44:33.339592 dv-cinder-800431-4-smb devstack@c-api.service[111909]: DEBUG cinder.api.openstack.wsgi [None req-692a91bb-edab-4d94-8cb3-93ce70290365 tempest-GroupsV320Test-1962130054 tempest-GroupsV320Test-1962130054-project-admin] Calling method 'version_select' {{(pid=111909) _process_stack /opt/stack/cinder/cinder/api/openstack/wsgi.py:856}}
Aug 04 05:44:33.367589 dv-cinder-800431-4-smb devstack@c-api.service[111909]: INFO cinder.api.openstack.wsgi [None req-692a91bb-edab-4d94-8cb3-93ce70290365 tempest-GroupsV320Test-1962130054 tempest-GroupsV320Test-1962130054-project-admin] http://10.222.0.42/volume/v3/4874a329039440d98d5c1931676a7750/group_types/c50e486c-82b9-4723-9f6c-5097769b1c8a returned with HTTP 202
Aug 04 05:44:33.368522 dv-cinder-800431-4-smb devstack@c-api.service[111909]: [pid: 111909|app: 0|req: 235/440] 10.222.0.42 () {60 vars in 1381 bytes} [Wed Aug  4 05:44:33 2021] DELETE /volume/v3/4874a329039440d98d5c1931676a7750/group_types/c50e486c-82b9-4723-9f6c-5097769b1c8a => generated 0 bytes in 34 msecs (HTTP/1.1 202) 6 headers in 234 bytes (1 switches on core 0)
Aug 04 05:44:33.377459 dv-cinder-800431-4-smb devstack@c-api.service[111908]: INFO cinder.api.openstack.wsgi [None req-007e1f25-34ab-411b-95d4-173647872cf4 tempest-GroupsV320Test-1962130054 tempest-GroupsV320Test-1962130054-project-admin] DELETE http://10.222.0.42/volume/v3/4874a329039440d98d5c1931676a7750/types/69e9bee3-96ab-485f-8c51-3b17f0d73226
Aug 04 05:44:33.378018 dv-cinder-800431-4-smb devstack@c-api.service[111908]: DEBUG cinder.api.openstack.wsgi [None req-007e1f25-34ab-411b-95d4-173647872cf4 tempest-GroupsV320Test-1962130054 tempest-GroupsV320Test-1962130054-project-admin] Empty body provided in request {{(pid=111908) get_body /opt/stack/cinder/cinder/api/openstack/wsgi.py:703}}
Aug 04 05:44:33.378525 dv-cinder-800431-4-smb devstack@c-api.service[111908]: DEBUG cinder.api.openstack.wsgi [None req-007e1f25-34ab-411b-95d4-173647872cf4 tempest-GroupsV320Test-1962130054 tempest-GroupsV320Test-1962130054-project-admin] Calling method '_delete' {{(pid=111908) _process_stack /opt/stack/cinder/cinder/api/openstack/wsgi.py:856}}
Aug 04 05:44:33.438080 dv-cinder-800431-4-smb devstack@c-api.service[111908]: INFO cinder.api.openstack.wsgi [None req-007e1f25-34ab-411b-95d4-173647872cf4 tempest-GroupsV320Test-1962130054 tempest-GroupsV320Test-1962130054-project-admin] http://10.222.0.42/volume/v3/4874a329039440d98d5c1931676a7750/types/69e9bee3-96ab-485f-8c51-3b17f0d73226 returned with HTTP 202
Aug 04 05:44:33.438874 dv-cinder-800431-4-smb devstack@c-api.service[111908]: [pid: 111908|app: 0|req: 206/441] 10.222.0.42 () {58 vars in 1322 bytes} [Wed Aug  4 05:44:33 2021] DELETE /volume/v3/4874a329039440d98d5c1931676a7750/types/69e9bee3-96ab-485f-8c51-3b17f0d73226 => generated 0 bytes in 65 msecs (HTTP/1.1 202) 6 headers in 233 bytes (1 switches on core 0)
Aug 04 05:44:33.446493 dv-cinder-800431-4-smb devstack@c-api.service[111909]: INFO cinder.api.openstack.wsgi [None req-ce6068f8-fc8f-4eba-a6ab-b16c04e97a45 tempest-GroupsV320Test-1962130054 tempest-GroupsV320Test-1962130054-project-admin] GET http://10.222.0.42/volume/v3/4874a329039440d98d5c1931676a7750/types/69e9bee3-96ab-485f-8c51-3b17f0d73226
Aug 04 05:44:33.446899 dv-cinder-800431-4-smb devstack@c-api.service[111909]: DEBUG cinder.api.openstack.wsgi [None req-ce6068f8-fc8f-4eba-a6ab-b16c04e97a45 tempest-GroupsV320Test-1962130054 tempest-GroupsV320Test-1962130054-project-admin] Empty body provided in request {{(pid=111909) get_body /opt/stack/cinder/cinder/api/openstack/wsgi.py:703}}
Aug 04 05:44:33.447505 dv-cinder-800431-4-smb devstack@c-api.service[111909]: DEBUG cinder.api.openstack.wsgi [None req-ce6068f8-fc8f-4eba-a6ab-b16c04e97a45 tempest-GroupsV320Test-1962130054 tempest-GroupsV320Test-1962130054-project-admin] Calling method 'show' {{(pid=111909) _process_stack /opt/stack/cinder/cinder/api/openstack/wsgi.py:856}}
Aug 04 05:44:33.452556 dv-cinder-800431-4-smb devstack@c-api.service[111909]: INFO cinder.api.openstack.wsgi [None req-ce6068f8-fc8f-4eba-a6ab-b16c04e97a45 tempest-GroupsV320Test-1962130054 tempest-GroupsV320Test-1962130054-project-admin] http://10.222.0.42/volume/v3/4874a329039440d98d5c1931676a7750/types/69e9bee3-96ab-485f-8c51-3b17f0d73226 returned with HTTP 404
Aug 04 05:44:33.458245 dv-cinder-800431-4-smb devstack@c-api.service[111909]: [pid: 111909|app: 0|req: 236/442] 10.222.0.42 () {58 vars in 1319 bytes} [Wed Aug  4 05:44:33 2021] GET /volume/v3/4874a329039440d98d5c1931676a7750/types/69e9bee3-96ab-485f-8c51-3b17f0d73226 => generated 114 bytes in 16 msecs (HTTP/1.1 404) 7 headers in 292 bytes (2 switches on core 0)
Aug 04 05:44:33.682853 dv-cinder-800431-4-smb devstack@c-api.service[111908]: INFO cinder.api.openstack.wsgi [None req-27935bb0-c7c8-445c-8b6d-bce65c247be9 tempest-VolumesCloneTest-106138510 tempest-VolumesCloneTest-106138510-project] GET http://10.222.0.42/volume/v3/857d4cfeba164e81997f58a235a6f026/volumes/189793b3-2bcc-41a8-a025-4038b2e2c924
Aug 04 05:44:33.683174 dv-cinder-800431-4-smb devstack@c-api.service[111908]: DEBUG cinder.api.openstack.wsgi [None req-27935bb0-c7c8-445c-8b6d-bce65c247be9 tempest-VolumesCloneTest-106138510 tempest-VolumesCloneTest-106138510-project] Empty body provided in request {{(pid=111908) get_body /opt/stack/cinder/cinder/api/openstack/wsgi.py:703}}
Aug 04 05:44:33.684182 dv-cinder-800431-4-smb devstack@c-api.service[111908]: DEBUG cinder.api.openstack.wsgi [None req-27935bb0-c7c8-445c-8b6d-bce65c247be9 tempest-VolumesCloneTest-106138510 tempest-VolumesCloneTest-106138510-project] Calling method 'show' {{(pid=111908) _process_stack /opt/stack/cinder/cinder/api/openstack/wsgi.py:856}}
Aug 04 05:44:33.698770 dv-cinder-800431-4-smb devstack@c-api.service[111908]: /usr/local/lib/python3.8/dist-packages/oslo_context/context.py:105: DeprecationWarning: Policy enforcement is depending on the value of is_admin. This key is deprecated. Please update your policy file to use the standard policy values.
Aug 04 05:44:33.698770 dv-cinder-800431-4-smb devstack@c-api.service[111908]:   warnings.warn('Policy enforcement is depending on the value of '
Aug 04 05:44:33.707716 dv-cinder-800431-4-smb devstack@c-api.service[111908]: INFO cinder.volume.api [None req-27935bb0-c7c8-445c-8b6d-bce65c247be9 tempest-VolumesCloneTest-106138510 tempest-VolumesCloneTest-106138510-project] Volume info retrieved successfully.
Aug 04 05:44:33.727354 dv-cinder-800431-4-smb devstack@c-api.service[111908]: INFO cinder.api.openstack.wsgi [None req-27935bb0-c7c8-445c-8b6d-bce65c247be9 tempest-VolumesCloneTest-106138510 tempest-VolumesCloneTest-106138510-project] http://10.222.0.42/volume/v3/857d4cfeba164e81997f58a235a6f026/volumes/189793b3-2bcc-41a8-a025-4038b2e2c924 returned with HTTP 200
Aug 04 05:44:33.728451 dv-cinder-800431-4-smb devstack@c-api.service[111908]: [pid: 111908|app: 0|req: 207/443] 10.222.0.42 () {58 vars in 1325 bytes} [Wed Aug  4 05:44:33 2021] GET /volume/v3/857d4cfeba164e81997f58a235a6f026/volumes/189793b3-2bcc-41a8-a025-4038b2e2c924 => generated 907 bytes in 56 msecs (HTTP/1.1 200) 7 headers in 285 bytes (2 switches on core 0)
Aug 04 05:44:33.965261 dv-cinder-800431-4-smb devstack@c-api.service[111909]: INFO cinder.api.openstack.wsgi [None req-c785848b-fc18-4fa3-b47e-353764cee942 tempest-VolumesImageMetadata-977183281 tempest-VolumesImageMetadata-977183281-project] GET http://10.222.0.42/volume/v3/3357bf3ea1a3436590c7df46c1c26318/volumes/8b092eab-41c5-42ca-a746-ffd9eb5dc291
Aug 04 05:44:33.965819 dv-cinder-800431-4-smb devstack@c-api.service[111909]: DEBUG cinder.api.openstack.wsgi [None req-c785848b-fc18-4fa3-b47e-353764cee942 tempest-VolumesImageMetadata-977183281 tempest-VolumesImageMetadata-977183281-project] Empty body provided in request {{(pid=111909) get_body /opt/stack/cinder/cinder/api/openstack/wsgi.py:703}}
Aug 04 05:44:33.967102 dv-cinder-800431-4-smb devstack@c-api.service[111909]: DEBUG cinder.api.openstack.wsgi [None req-c785848b-fc18-4fa3-b47e-353764cee942 tempest-VolumesImageMetadata-977183281 tempest-VolumesImageMetadata-977183281-project] Calling method 'show' {{(pid=111909) _process_stack /opt/stack/cinder/cinder/api/openstack/wsgi.py:856}}
Aug 04 05:44:33.982556 dv-cinder-800431-4-smb devstack@c-api.service[111909]: /usr/local/lib/python3.8/dist-packages/oslo_context/context.py:105: DeprecationWarning: Policy enforcement is depending on the value of is_admin. This key is deprecated. Please update your policy file to use the standard policy values.
Aug 04 05:44:33.982556 dv-cinder-800431-4-smb devstack@c-api.service[111909]:   warnings.warn('Policy enforcement is depending on the value of '
Aug 04 05:44:33.990190 dv-cinder-800431-4-smb devstack@c-api.service[111909]: INFO cinder.volume.api [None req-c785848b-fc18-4fa3-b47e-353764cee942 tempest-VolumesImageMetadata-977183281 tempest-VolumesImageMetadata-977183281-project] Volume info retrieved successfully.
Aug 04 05:44:34.006282 dv-cinder-800431-4-smb devstack@c-api.service[111909]: INFO cinder.api.openstack.wsgi [None req-c785848b-fc18-4fa3-b47e-353764cee942 tempest-VolumesImageMetadata-977183281 tempest-VolumesImageMetadata-977183281-project] http://10.222.0.42/volume/v3/3357bf3ea1a3436590c7df46c1c26318/volumes/8b092eab-41c5-42ca-a746-ffd9eb5dc291 returned with HTTP 200
Aug 04 05:44:34.007141 dv-cinder-800431-4-smb devstack@c-api.service[111909]: [pid: 111909|app: 0|req: 237/444] 10.222.0.42 () {58 vars in 1325 bytes} [Wed Aug  4 05:44:33 2021] GET /volume/v3/3357bf3ea1a3436590c7df46c1c26318/volumes/8b092eab-41c5-42ca-a746-ffd9eb5dc291 => generated 912 bytes in 46 msecs (HTTP/1.1 200) 7 headers in 285 bytes (1 switches on core 0)
Aug 04 05:44:34.520522 dv-cinder-800431-4-smb devstack@c-api.service[111908]: INFO cinder.api.openstack.wsgi [None req-3b8a5eed-5db7-44e3-a08c-b1939e21f493 tempest-VolumesDeleteCascade-1945825947 tempest-VolumesDeleteCascade-1945825947-project] POST http://10.222.0.42/volume/v3/a83a289bea55491db169c5f882638695/volumes
Aug 04 05:44:34.520992 dv-cinder-800431-4-smb devstack@c-api.service[111908]: /usr/local/lib/python3.8/dist-packages/webob/acceptparse.py:1047: DeprecationWarning: The behavior of AcceptValidHeader.best_match is currently being maintained for backward compatibility, but it will be deprecated in the future, as it does not conform to the RFC.
Aug 04 05:44:34.520992 dv-cinder-800431-4-smb devstack@c-api.service[111908]:   warnings.warn(
Aug 04 05:44:34.521441 dv-cinder-800431-4-smb devstack@c-api.service[111908]: DEBUG cinder.api.openstack.wsgi [None req-3b8a5eed-5db7-44e3-a08c-b1939e21f493 tempest-VolumesDeleteCascade-1945825947 tempest-VolumesDeleteCascade-1945825947-project] Action: 'create', calling method: create, body: {"volume": {"size": 1, "name": "tempest-VolumesDeleteCascade-Volume-1903219657"}} {{(pid=111908) _process_stack /opt/stack/cinder/cinder/api/openstack/wsgi.py:854}}
Aug 04 05:44:34.523474 dv-cinder-800431-4-smb devstack@c-api.service[111908]: DEBUG cinder.api.v3.volumes [None req-3b8a5eed-5db7-44e3-a08c-b1939e21f493 tempest-VolumesDeleteCascade-1945825947 tempest-VolumesDeleteCascade-1945825947-project] Create volume request body: {'volume': {'size': 1, 'name': 'tempest-VolumesDeleteCascade-Volume-1903219657'}} {{(pid=111908) create /opt/stack/cinder/cinder/api/v3/volumes.py:290}}
Aug 04 05:44:34.523474 dv-cinder-800431-4-smb devstack@c-api.service[111908]: INFO cinder.api.v3.volumes [None req-3b8a5eed-5db7-44e3-a08c-b1939e21f493 tempest-VolumesDeleteCascade-1945825947 tempest-VolumesDeleteCascade-1945825947-project] Create volume of 1 GB
Aug 04 05:44:34.530004 dv-cinder-800431-4-smb devstack@c-api.service[111908]: INFO cinder.volume.api [None req-3b8a5eed-5db7-44e3-a08c-b1939e21f493 tempest-VolumesDeleteCascade-1945825947 tempest-VolumesDeleteCascade-1945825947-project] Availability Zones retrieved successfully.
Aug 04 05:44:34.546507 dv-cinder-800431-4-smb devstack@c-api.service[111908]: DEBUG cinder.volume.api [None req-3b8a5eed-5db7-44e3-a08c-b1939e21f493 tempest-VolumesDeleteCascade-1945825947 tempest-VolumesDeleteCascade-1945825947-project] Flow 'volume_create_api' (a91eaab0-ce07-466e-a9fc-4113ac498f39) transitioned into state 'RUNNING' from state 'PENDING' {{(pid=111908) _flow_receiver /usr/local/lib/python3.8/dist-packages/taskflow/listeners/logging.py:141}}
Aug 04 05:44:34.549236 dv-cinder-800431-4-smb devstack@c-api.service[111908]: DEBUG cinder.volume.api [None req-3b8a5eed-5db7-44e3-a08c-b1939e21f493 tempest-VolumesDeleteCascade-1945825947 tempest-VolumesDeleteCascade-1945825947-project] Task 'cinder.volume.flows.api.create_volume.ExtractVolumeRequestTask;volume:create' (aae55adb-3f51-4735-a5f6-46178a8e5bdb) transitioned into state 'RUNNING' from state 'PENDING' {{(pid=111908) _task_receiver /usr/local/lib/python3.8/dist-packages/taskflow/listeners/logging.py:190}}
Aug 04 05:44:34.551249 dv-cinder-800431-4-smb devstack@c-api.service[111908]: DEBUG cinder.volume.flows.api.create_volume [None req-3b8a5eed-5db7-44e3-a08c-b1939e21f493 tempest-VolumesDeleteCascade-1945825947 tempest-VolumesDeleteCascade-1945825947-project] Validating volume size '1' using validate_int {{(pid=111908) _extract_size /opt/stack/cinder/cinder/volume/flows/api/create_volume.py:201}}
Aug 04 05:44:34.582817 dv-cinder-800431-4-smb devstack@c-api.service[111908]: DEBUG cinder.volume.api [None req-3b8a5eed-5db7-44e3-a08c-b1939e21f493 tempest-VolumesDeleteCascade-1945825947 tempest-VolumesDeleteCascade-1945825947-project] Task 'cinder.volume.flows.api.create_volume.ExtractVolumeRequestTask;volume:create' (aae55adb-3f51-4735-a5f6-46178a8e5bdb) transitioned into state 'SUCCESS' from state 'RUNNING' with result '{'size': 1, 'snapshot_id': None, 'source_volid': None, 'volume_type': VolumeType(created_at=2021-08-04T05:34:21Z,deleted=False,deleted_at=None,description='Default Volume Type',extra_specs={},id=8d011d70-8c8f-4bb2-b353-3ec5530ff7e8,is_public=True,name='__DEFAULT__',projects=[],qos_specs=<?>,qos_specs_id=None,updated_at=2021-08-04T05:34:21Z), 'volume_type_id': '8d011d70-8c8f-4bb2-b353-3ec5530ff7e8', 'encryption_key_id': None, 'qos_specs': None, 'consistencygroup_id': None, 'cgsnapshot_id': None, 'group_id': None, 'replication_status': 'disabled', 'refresh_az': False, 'backup_id': None, 'multiattach': False, 'availability_zones': ['nova']}' {{(pid=111908) _task_receiver /usr/local/lib/python3.8/dist-packages/taskflow/listeners/logging.py:178}}
Aug 04 05:44:34.584853 dv-cinder-800431-4-smb devstack@c-api.service[111908]: DEBUG cinder.volume.api [None req-3b8a5eed-5db7-44e3-a08c-b1939e21f493 tempest-VolumesDeleteCascade-1945825947 tempest-VolumesDeleteCascade-1945825947-project] Task 'cinder.volume.flows.api.create_volume.QuotaReserveTask;volume:create' (4c201b5c-50aa-4ee4-b9a9-9f177a968742) transitioned into state 'RUNNING' from state 'PENDING' {{(pid=111908) _task_receiver /usr/local/lib/python3.8/dist-packages/taskflow/listeners/logging.py:190}}
Aug 04 05:44:34.683572 dv-cinder-800431-4-smb devstack@c-api.service[111908]: DEBUG cinder.quota [None req-3b8a5eed-5db7-44e3-a08c-b1939e21f493 tempest-VolumesDeleteCascade-1945825947 tempest-VolumesDeleteCascade-1945825947-project] Created reservations ['434da72d-37f9-459c-bfc7-0360e678961e', 'cd87f5d4-6d00-420d-a4b7-b5a4914f22a7', '2202a134-ddce-46b4-80d4-00c7559ea2be', '3de44d54-fd82-404a-922a-4b2c443a3f2e'] {{(pid=111908) reserve /opt/stack/cinder/cinder/quota.py:755}}
Aug 04 05:44:34.685853 dv-cinder-800431-4-smb devstack@c-api.service[111908]: DEBUG cinder.volume.api [None req-3b8a5eed-5db7-44e3-a08c-b1939e21f493 tempest-VolumesDeleteCascade-1945825947 tempest-VolumesDeleteCascade-1945825947-project] Task 'cinder.volume.flows.api.create_volume.QuotaReserveTask;volume:create' (4c201b5c-50aa-4ee4-b9a9-9f177a968742) transitioned into state 'SUCCESS' from state 'RUNNING' with result '{'reservations': ['434da72d-37f9-459c-bfc7-0360e678961e', 'cd87f5d4-6d00-420d-a4b7-b5a4914f22a7', '2202a134-ddce-46b4-80d4-00c7559ea2be', '3de44d54-fd82-404a-922a-4b2c443a3f2e']}' {{(pid=111908) _task_receiver /usr/local/lib/python3.8/dist-packages/taskflow/listeners/logging.py:178}}
Aug 04 05:44:34.687910 dv-cinder-800431-4-smb devstack@c-api.service[111908]: DEBUG cinder.volume.api [None req-3b8a5eed-5db7-44e3-a08c-b1939e21f493 tempest-VolumesDeleteCascade-1945825947 tempest-VolumesDeleteCascade-1945825947-project] Task 'cinder.volume.flows.api.create_volume.EntryCreateTask;volume:create' (d2046194-62f3-4c9f-9562-dd5b1f08ced9) transitioned into state 'RUNNING' from state 'PENDING' {{(pid=111908) _task_receiver /usr/local/lib/python3.8/dist-packages/taskflow/listeners/logging.py:190}}
Aug 04 05:44:34.715282 dv-cinder-800431-4-smb devstack@c-api.service[111908]: DEBUG cinder.volume.api [None req-3b8a5eed-5db7-44e3-a08c-b1939e21f493 tempest-VolumesDeleteCascade-1945825947 tempest-VolumesDeleteCascade-1945825947-project] Task 'cinder.volume.flows.api.create_volume.EntryCreateTask;volume:create' (d2046194-62f3-4c9f-9562-dd5b1f08ced9) transitioned into state 'SUCCESS' from state 'RUNNING' with result '{'volume_id': '5f1facc4-e9c0-444c-a24a-98565629e804', 'volume_properties': VolumeProperties(attach_status='detached',availability_zone='nova',cgsnapshot_id=None,consistencygroup_id=None,display_description=None,display_name='tempest-VolumesDeleteCascade-Volume-1903219657',encryption_key_id=None,group_id=None,group_type_id=<?>,metadata={},multiattach=False,project_id='a83a289bea55491db169c5f882638695',qos_specs=None,replication_status=<?>,reservations=['434da72d-37f9-459c-bfc7-0360e678961e','cd87f5d4-6d00-420d-a4b7-b5a4914f22a7','2202a134-ddce-46b4-80d4-00c7559ea2be','3de44d54-fd82-404a-922a-4b2c443a3f2e'],size=1,snapshot_id=None,source_replicaid=<?>,source_volid=None,status='creating',user_id='778f91b8222c4b178a3e84b4ffd93ef7',volume_type_id=8d011d70-8c8f-4bb2-b353-3ec5530ff7e8), 'volume': Volume(_name_id=None,admin_metadata=<?>,attach_status='detached',availability_zone='nova',bootable=False,cluster=<?>,cluster_name=None,consistencygroup=<?>,consistencygroup_id=None,created_at=2021-08-04T05:44:34Z,deleted=False,deleted_at=None,display_description=None,display_name='tempest-VolumesDeleteCascade-Volume-1903219657',ec2_id=None,encryption_key_id=None,glance_metadata=<?>,group=<?>,group_id=None,host=None,id=5f1facc4-e9c0-444c-a24a-98565629e804,launched_at=None,metadata={},migration_status=None,multiattach=False,previous_status=None,project_id='a83a289bea55491db169c5f882638695',provider_auth=None,provider_geometry=None,provider_id=None,provider_location=None,replication_driver_data=None,replication_extended_status=None,replication_status=None,scheduled_at=None,service_uuid=None,shared_targets=True,size=1,snapshot_id=None,snapshots=<?>,source_volid=None,status='creating',terminated_at=None,updated_at=None,user_id='778f91b8222c4b178a3e84b4ffd93ef7',volume_attachment=<?>,volume_type=VolumeType(8d011d70-8c8f-4bb2-b353-3ec5530ff7e8),volume_type_id=8d011d70-8c8f-4bb2-b353-3ec5530ff7e8)}' {{(pid=111908) _task_receiver /usr/local/lib/python3.8/dist-packages/taskflow/listeners/logging.py:178}}
Aug 04 05:44:34.717339 dv-cinder-800431-4-smb devstack@c-api.service[111908]: DEBUG cinder.volume.api [None req-3b8a5eed-5db7-44e3-a08c-b1939e21f493 tempest-VolumesDeleteCascade-1945825947 tempest-VolumesDeleteCascade-1945825947-project] Task 'cinder.volume.flows.api.create_volume.QuotaCommitTask;volume:create' (597444da-7bdb-4bed-ad7b-963f2b144959) transitioned into state 'RUNNING' from state 'PENDING' {{(pid=111908) _task_receiver /usr/local/lib/python3.8/dist-packages/taskflow/listeners/logging.py:190}}
Aug 04 05:44:34.744467 dv-cinder-800431-4-smb devstack@c-api.service[111909]: INFO cinder.api.openstack.wsgi [None req-e1f4716b-44b1-48cd-a3b2-1a1cc4049ae6 tempest-VolumesCloneTest-106138510 tempest-VolumesCloneTest-106138510-project] GET http://10.222.0.42/volume/v3/857d4cfeba164e81997f58a235a6f026/volumes/189793b3-2bcc-41a8-a025-4038b2e2c924
Aug 04 05:44:34.745124 dv-cinder-800431-4-smb devstack@c-api.service[111909]: DEBUG cinder.api.openstack.wsgi [None req-e1f4716b-44b1-48cd-a3b2-1a1cc4049ae6 tempest-VolumesCloneTest-106138510 tempest-VolumesCloneTest-106138510-project] Empty body provided in request {{(pid=111909) get_body /opt/stack/cinder/cinder/api/openstack/wsgi.py:703}}
Aug 04 05:44:34.745379 dv-cinder-800431-4-smb devstack@c-api.service[111908]: DEBUG cinder.volume.api [None req-3b8a5eed-5db7-44e3-a08c-b1939e21f493 tempest-VolumesDeleteCascade-1945825947 tempest-VolumesDeleteCascade-1945825947-project] Task 'cinder.volume.flows.api.create_volume.QuotaCommitTask;volume:create' (597444da-7bdb-4bed-ad7b-963f2b144959) transitioned into state 'SUCCESS' from state 'RUNNING' with result '{'volume_properties': VolumeProperties(attach_status='detached',availability_zone='nova',cgsnapshot_id=None,consistencygroup_id=None,display_description=None,display_name='tempest-VolumesDeleteCascade-Volume-1903219657',encryption_key_id=None,group_id=None,group_type_id=<?>,metadata={},multiattach=False,project_id='a83a289bea55491db169c5f882638695',qos_specs=None,replication_status=<?>,reservations=['434da72d-37f9-459c-bfc7-0360e678961e','cd87f5d4-6d00-420d-a4b7-b5a4914f22a7','2202a134-ddce-46b4-80d4-00c7559ea2be','3de44d54-fd82-404a-922a-4b2c443a3f2e'],size=1,snapshot_id=None,source_replicaid=<?>,source_volid=None,status='creating',user_id='778f91b8222c4b178a3e84b4ffd93ef7',volume_type_id=8d011d70-8c8f-4bb2-b353-3ec5530ff7e8)}' {{(pid=111908) _task_receiver /usr/local/lib/python3.8/dist-packages/taskflow/listeners/logging.py:178}}
Aug 04 05:44:34.745570 dv-cinder-800431-4-smb devstack@c-api.service[111909]: /usr/local/lib/python3.8/dist-packages/webob/acceptparse.py:1047: DeprecationWarning: The behavior of AcceptValidHeader.best_match is currently being maintained for backward compatibility, but it will be deprecated in the future, as it does not conform to the RFC.
Aug 04 05:44:34.745570 dv-cinder-800431-4-smb devstack@c-api.service[111909]:   warnings.warn(
Aug 04 05:44:34.745902 dv-cinder-800431-4-smb devstack@c-api.service[111909]: DEBUG cinder.api.openstack.wsgi [None req-e1f4716b-44b1-48cd-a3b2-1a1cc4049ae6 tempest-VolumesCloneTest-106138510 tempest-VolumesCloneTest-106138510-project] Calling method 'show' {{(pid=111909) _process_stack /opt/stack/cinder/cinder/api/openstack/wsgi.py:856}}
Aug 04 05:44:34.747854 dv-cinder-800431-4-smb devstack@c-api.service[111908]: DEBUG cinder.volume.api [None req-3b8a5eed-5db7-44e3-a08c-b1939e21f493 tempest-VolumesDeleteCascade-1945825947 tempest-VolumesDeleteCascade-1945825947-project] Task 'cinder.volume.flows.api.create_volume.VolumeCastTask;volume:create' (99b247d9-af5e-44e7-83ed-339d4086c4a5) transitioned into state 'RUNNING' from state 'PENDING' {{(pid=111908) _task_receiver /usr/local/lib/python3.8/dist-packages/taskflow/listeners/logging.py:190}}
Aug 04 05:44:34.762478 dv-cinder-800431-4-smb devstack@c-api.service[111909]: /usr/local/lib/python3.8/dist-packages/oslo_context/context.py:105: DeprecationWarning: Policy enforcement is depending on the value of is_admin. This key is deprecated. Please update your policy file to use the standard policy values.
Aug 04 05:44:34.762478 dv-cinder-800431-4-smb devstack@c-api.service[111909]:   warnings.warn('Policy enforcement is depending on the value of '
Aug 04 05:44:34.763691 dv-cinder-800431-4-smb devstack@c-api.service[111908]: DEBUG cinder.volume.api [None req-3b8a5eed-5db7-44e3-a08c-b1939e21f493 tempest-VolumesDeleteCascade-1945825947 tempest-VolumesDeleteCascade-1945825947-project] Task 'cinder.volume.flows.api.create_volume.VolumeCastTask;volume:create' (99b247d9-af5e-44e7-83ed-339d4086c4a5) transitioned into state 'SUCCESS' from state 'RUNNING' with result 'None' {{(pid=111908) _task_receiver /usr/local/lib/python3.8/dist-packages/taskflow/listeners/logging.py:178}}
Aug 04 05:44:34.766280 dv-cinder-800431-4-smb devstack@c-api.service[111908]: DEBUG cinder.volume.api [None req-3b8a5eed-5db7-44e3-a08c-b1939e21f493 tempest-VolumesDeleteCascade-1945825947 tempest-VolumesDeleteCascade-1945825947-project] Flow 'volume_create_api' (a91eaab0-ce07-466e-a9fc-4113ac498f39) transitioned into state 'SUCCESS' from state 'RUNNING' {{(pid=111908) _flow_receiver /usr/local/lib/python3.8/dist-packages/taskflow/listeners/logging.py:141}}
Aug 04 05:44:34.766994 dv-cinder-800431-4-smb devstack@c-api.service[111908]: INFO cinder.volume.api [None req-3b8a5eed-5db7-44e3-a08c-b1939e21f493 tempest-VolumesDeleteCascade-1945825947 tempest-VolumesDeleteCascade-1945825947-project] Create volume request issued successfully.
Aug 04 05:44:34.771680 dv-cinder-800431-4-smb devstack@c-api.service[111909]: INFO cinder.volume.api [None req-e1f4716b-44b1-48cd-a3b2-1a1cc4049ae6 tempest-VolumesCloneTest-106138510 tempest-VolumesCloneTest-106138510-project] Volume info retrieved successfully.
Aug 04 05:44:34.775303 dv-cinder-800431-4-smb devstack@c-api.service[111908]: INFO cinder.api.openstack.wsgi [None req-3b8a5eed-5db7-44e3-a08c-b1939e21f493 tempest-VolumesDeleteCascade-1945825947 tempest-VolumesDeleteCascade-1945825947-project] http://10.222.0.42/volume/v3/a83a289bea55491db169c5f882638695/volumes returned with HTTP 202
Aug 04 05:44:34.776600 dv-cinder-800431-4-smb devstack@c-api.service[111908]: [pid: 111908|app: 0|req: 208/445] 10.222.0.42 () {60 vars in 1235 bytes} [Wed Aug  4 05:44:34 2021] POST /volume/v3/a83a289bea55491db169c5f882638695/volumes => generated 820 bytes in 497 msecs (HTTP/1.1 202) 7 headers in 291 bytes (1 switches on core 0)
Aug 04 05:44:34.791053 dv-cinder-800431-4-smb devstack@c-api.service[111908]: INFO cinder.api.openstack.wsgi [None req-494c7f19-56f9-46dc-af57-cc5454efe0d1 tempest-VolumesDeleteCascade-1945825947 tempest-VolumesDeleteCascade-1945825947-project] GET http://10.222.0.42/volume/v3/a83a289bea55491db169c5f882638695/volumes/5f1facc4-e9c0-444c-a24a-98565629e804
Aug 04 05:44:34.791547 dv-cinder-800431-4-smb devstack@c-api.service[111908]: DEBUG cinder.api.openstack.wsgi [None req-494c7f19-56f9-46dc-af57-cc5454efe0d1 tempest-VolumesDeleteCascade-1945825947 tempest-VolumesDeleteCascade-1945825947-project] Empty body provided in request {{(pid=111908) get_body /opt/stack/cinder/cinder/api/openstack/wsgi.py:703}}
Aug 04 05:44:34.791725 dv-cinder-800431-4-smb devstack@c-api.service[111908]: /usr/local/lib/python3.8/dist-packages/webob/acceptparse.py:1047: DeprecationWarning: The behavior of AcceptValidHeader.best_match is currently being maintained for backward compatibility, but it will be deprecated in the future, as it does not conform to the RFC.
Aug 04 05:44:34.791725 dv-cinder-800431-4-smb devstack@c-api.service[111908]:   warnings.warn(
Aug 04 05:44:34.792050 dv-cinder-800431-4-smb devstack@c-api.service[111908]: DEBUG cinder.api.openstack.wsgi [None req-494c7f19-56f9-46dc-af57-cc5454efe0d1 tempest-VolumesDeleteCascade-1945825947 tempest-VolumesDeleteCascade-1945825947-project] Calling method 'show' {{(pid=111908) _process_stack /opt/stack/cinder/cinder/api/openstack/wsgi.py:856}}
Aug 04 05:44:34.798028 dv-cinder-800431-4-smb devstack@c-api.service[111909]: INFO cinder.api.openstack.wsgi [None req-e1f4716b-44b1-48cd-a3b2-1a1cc4049ae6 tempest-VolumesCloneTest-106138510 tempest-VolumesCloneTest-106138510-project] http://10.222.0.42/volume/v3/857d4cfeba164e81997f58a235a6f026/volumes/189793b3-2bcc-41a8-a025-4038b2e2c924 returned with HTTP 200
Aug 04 05:44:34.801274 dv-cinder-800431-4-smb devstack@c-api.service[111909]: [pid: 111909|app: 0|req: 238/446] 10.222.0.42 () {58 vars in 1325 bytes} [Wed Aug  4 05:44:34 2021] GET /volume/v3/857d4cfeba164e81997f58a235a6f026/volumes/189793b3-2bcc-41a8-a025-4038b2e2c924 => generated 907 bytes in 60 msecs (HTTP/1.1 200) 7 headers in 285 bytes (1 switches on core 0)
Aug 04 05:44:34.806480 dv-cinder-800431-4-smb devstack@c-api.service[111908]: /usr/local/lib/python3.8/dist-packages/oslo_context/context.py:105: DeprecationWarning: Policy enforcement is depending on the value of is_admin. This key is deprecated. Please update your policy file to use the standard policy values.
Aug 04 05:44:34.806480 dv-cinder-800431-4-smb devstack@c-api.service[111908]:   warnings.warn('Policy enforcement is depending on the value of '
Aug 04 05:44:34.818259 dv-cinder-800431-4-smb devstack@c-api.service[111908]: INFO cinder.volume.api [None req-494c7f19-56f9-46dc-af57-cc5454efe0d1 tempest-VolumesDeleteCascade-1945825947 tempest-VolumesDeleteCascade-1945825947-project] Volume info retrieved successfully.
Aug 04 05:44:34.834316 dv-cinder-800431-4-smb devstack@c-api.service[111908]: INFO cinder.api.openstack.wsgi [None req-494c7f19-56f9-46dc-af57-cc5454efe0d1 tempest-VolumesDeleteCascade-1945825947 tempest-VolumesDeleteCascade-1945825947-project] http://10.222.0.42/volume/v3/a83a289bea55491db169c5f882638695/volumes/5f1facc4-e9c0-444c-a24a-98565629e804 returned with HTTP 200
Aug 04 05:44:34.837183 dv-cinder-800431-4-smb devstack@c-api.service[111908]: [pid: 111908|app: 0|req: 209/447] 10.222.0.42 () {58 vars in 1325 bytes} [Wed Aug  4 05:44:34 2021] GET /volume/v3/a83a289bea55491db169c5f882638695/volumes/5f1facc4-e9c0-444c-a24a-98565629e804 => generated 888 bytes in 49 msecs (HTTP/1.1 200) 7 headers in 285 bytes (2 switches on core 0)
Aug 04 05:44:35.023207 dv-cinder-800431-4-smb devstack@c-api.service[111909]: INFO cinder.api.openstack.wsgi [None req-00ee8f06-54af-4093-aef6-423d68f46c31 tempest-VolumesImageMetadata-977183281 tempest-VolumesImageMetadata-977183281-project] GET http://10.222.0.42/volume/v3/3357bf3ea1a3436590c7df46c1c26318/volumes/8b092eab-41c5-42ca-a746-ffd9eb5dc291
Aug 04 05:44:35.023905 dv-cinder-800431-4-smb devstack@c-api.service[111909]: DEBUG cinder.api.openstack.wsgi [None req-00ee8f06-54af-4093-aef6-423d68f46c31 tempest-VolumesImageMetadata-977183281 tempest-VolumesImageMetadata-977183281-project] Empty body provided in request {{(pid=111909) get_body /opt/stack/cinder/cinder/api/openstack/wsgi.py:703}}
Aug 04 05:44:35.023905 dv-cinder-800431-4-smb devstack@c-api.service[111909]: /usr/local/lib/python3.8/dist-packages/webob/acceptparse.py:1047: DeprecationWarning: The behavior of AcceptValidHeader.best_match is currently being maintained for backward compatibility, but it will be deprecated in the future, as it does not conform to the RFC.
Aug 04 05:44:35.023905 dv-cinder-800431-4-smb devstack@c-api.service[111909]:   warnings.warn(
Aug 04 05:44:35.024253 dv-cinder-800431-4-smb devstack@c-api.service[111909]: DEBUG cinder.api.openstack.wsgi [None req-00ee8f06-54af-4093-aef6-423d68f46c31 tempest-VolumesImageMetadata-977183281 tempest-VolumesImageMetadata-977183281-project] Calling method 'show' {{(pid=111909) _process_stack /opt/stack/cinder/cinder/api/openstack/wsgi.py:856}}
Aug 04 05:44:35.037704 dv-cinder-800431-4-smb devstack@c-api.service[111909]: /usr/local/lib/python3.8/dist-packages/oslo_context/context.py:105: DeprecationWarning: Policy enforcement is depending on the value of is_admin. This key is deprecated. Please update your policy file to use the standard policy values.
Aug 04 05:44:35.037704 dv-cinder-800431-4-smb devstack@c-api.service[111909]:   warnings.warn('Policy enforcement is depending on the value of '
Aug 04 05:44:35.045858 dv-cinder-800431-4-smb devstack@c-api.service[111909]: INFO cinder.volume.api [None req-00ee8f06-54af-4093-aef6-423d68f46c31 tempest-VolumesImageMetadata-977183281 tempest-VolumesImageMetadata-977183281-project] Volume info retrieved successfully.
Aug 04 05:44:35.064841 dv-cinder-800431-4-smb devstack@c-api.service[111909]: INFO cinder.api.openstack.wsgi [None req-00ee8f06-54af-4093-aef6-423d68f46c31 tempest-VolumesImageMetadata-977183281 tempest-VolumesImageMetadata-977183281-project] http://10.222.0.42/volume/v3/3357bf3ea1a3436590c7df46c1c26318/volumes/8b092eab-41c5-42ca-a746-ffd9eb5dc291 returned with HTTP 200
Aug 04 05:44:35.067258 dv-cinder-800431-4-smb devstack@c-api.service[111909]: [pid: 111909|app: 0|req: 239/448] 10.222.0.42 () {58 vars in 1325 bytes} [Wed Aug  4 05:44:35 2021] GET /volume/v3/3357bf3ea1a3436590c7df46c1c26318/volumes/8b092eab-41c5-42ca-a746-ffd9eb5dc291 => generated 912 bytes in 48 msecs (HTTP/1.1 200) 7 headers in 285 bytes (1 switches on core 0)
Aug 04 05:44:35.814612 dv-cinder-800431-4-smb devstack@c-api.service[111908]: INFO cinder.api.openstack.wsgi [None req-34db09c4-728c-49f2-b72b-e617333742bf tempest-VolumesCloneTest-106138510 tempest-VolumesCloneTest-106138510-project] GET http://10.222.0.42/volume/v3/857d4cfeba164e81997f58a235a6f026/volumes/189793b3-2bcc-41a8-a025-4038b2e2c924
Aug 04 05:44:35.815637 dv-cinder-800431-4-smb devstack@c-api.service[111908]: DEBUG cinder.api.openstack.wsgi [None req-34db09c4-728c-49f2-b72b-e617333742bf tempest-VolumesCloneTest-106138510 tempest-VolumesCloneTest-106138510-project] Empty body provided in request {{(pid=111908) get_body /opt/stack/cinder/cinder/api/openstack/wsgi.py:703}}
Aug 04 05:44:35.815955 dv-cinder-800431-4-smb devstack@c-api.service[111908]: /usr/local/lib/python3.8/dist-packages/webob/acceptparse.py:1047: DeprecationWarning: The behavior of AcceptValidHeader.best_match is currently being maintained for backward compatibility, but it will be deprecated in the future, as it does not conform to the RFC.
Aug 04 05:44:35.815955 dv-cinder-800431-4-smb devstack@c-api.service[111908]:   warnings.warn(
Aug 04 05:44:35.816487 dv-cinder-800431-4-smb devstack@c-api.service[111908]: DEBUG cinder.api.openstack.wsgi [None req-34db09c4-728c-49f2-b72b-e617333742bf tempest-VolumesCloneTest-106138510 tempest-VolumesCloneTest-106138510-project] Calling method 'show' {{(pid=111908) _process_stack /opt/stack/cinder/cinder/api/openstack/wsgi.py:856}}
Aug 04 05:44:35.831388 dv-cinder-800431-4-smb devstack@c-api.service[111908]: /usr/local/lib/python3.8/dist-packages/oslo_context/context.py:105: DeprecationWarning: Policy enforcement is depending on the value of is_admin. This key is deprecated. Please update your policy file to use the standard policy values.
Aug 04 05:44:35.831388 dv-cinder-800431-4-smb devstack@c-api.service[111908]:   warnings.warn('Policy enforcement is depending on the value of '
Aug 04 05:44:35.839920 dv-cinder-800431-4-smb devstack@c-api.service[111908]: INFO cinder.volume.api [None req-34db09c4-728c-49f2-b72b-e617333742bf tempest-VolumesCloneTest-106138510 tempest-VolumesCloneTest-106138510-project] Volume info retrieved successfully.
Aug 04 05:44:35.849968 dv-cinder-800431-4-smb devstack@c-api.service[111909]: INFO cinder.api.openstack.wsgi [None req-294392b4-b794-447e-8034-8c4a55e1598b tempest-VolumesDeleteCascade-1945825947 tempest-VolumesDeleteCascade-1945825947-project] GET http://10.222.0.42/volume/v3/a83a289bea55491db169c5f882638695/volumes/5f1facc4-e9c0-444c-a24a-98565629e804
Aug 04 05:44:35.850486 dv-cinder-800431-4-smb devstack@c-api.service[111909]: DEBUG cinder.api.openstack.wsgi [None req-294392b4-b794-447e-8034-8c4a55e1598b tempest-VolumesDeleteCascade-1945825947 tempest-VolumesDeleteCascade-1945825947-project] Empty body provided in request {{(pid=111909) get_body /opt/stack/cinder/cinder/api/openstack/wsgi.py:703}}
Aug 04 05:44:35.850805 dv-cinder-800431-4-smb devstack@c-api.service[111909]: /usr/local/lib/python3.8/dist-packages/webob/acceptparse.py:1047: DeprecationWarning: The behavior of AcceptValidHeader.best_match is currently being maintained for backward compatibility, but it will be deprecated in the future, as it does not conform to the RFC.
Aug 04 05:44:35.850805 dv-cinder-800431-4-smb devstack@c-api.service[111909]:   warnings.warn(
Aug 04 05:44:35.851396 dv-cinder-800431-4-smb devstack@c-api.service[111909]: DEBUG cinder.api.openstack.wsgi [None req-294392b4-b794-447e-8034-8c4a55e1598b tempest-VolumesDeleteCascade-1945825947 tempest-VolumesDeleteCascade-1945825947-project] Calling method 'show' {{(pid=111909) _process_stack /opt/stack/cinder/cinder/api/openstack/wsgi.py:856}}
Aug 04 05:44:35.857417 dv-cinder-800431-4-smb devstack@c-api.service[111908]: INFO cinder.api.openstack.wsgi [None req-34db09c4-728c-49f2-b72b-e617333742bf tempest-VolumesCloneTest-106138510 tempest-VolumesCloneTest-106138510-project] http://10.222.0.42/volume/v3/857d4cfeba164e81997f58a235a6f026/volumes/189793b3-2bcc-41a8-a025-4038b2e2c924 returned with HTTP 200
Aug 04 05:44:35.858360 dv-cinder-800431-4-smb devstack@c-api.service[111908]: [pid: 111908|app: 0|req: 210/449] 10.222.0.42 () {58 vars in 1325 bytes} [Wed Aug  4 05:44:35 2021] GET /volume/v3/857d4cfeba164e81997f58a235a6f026/volumes/189793b3-2bcc-41a8-a025-4038b2e2c924 => generated 907 bytes in 47 msecs (HTTP/1.1 200) 7 headers in 285 bytes (1 switches on core 0)
Aug 04 05:44:35.866268 dv-cinder-800431-4-smb devstack@c-api.service[111909]: /usr/local/lib/python3.8/dist-packages/oslo_context/context.py:105: DeprecationWarning: Policy enforcement is depending on the value of is_admin. This key is deprecated. Please update your policy file to use the standard policy values.
Aug 04 05:44:35.866268 dv-cinder-800431-4-smb devstack@c-api.service[111909]:   warnings.warn('Policy enforcement is depending on the value of '
Aug 04 05:44:35.876728 dv-cinder-800431-4-smb devstack@c-api.service[111909]: INFO cinder.volume.api [None req-294392b4-b794-447e-8034-8c4a55e1598b tempest-VolumesDeleteCascade-1945825947 tempest-VolumesDeleteCascade-1945825947-project] Volume info retrieved successfully.
Aug 04 05:44:35.906623 dv-cinder-800431-4-smb devstack@c-api.service[111909]: INFO cinder.api.openstack.wsgi [None req-294392b4-b794-447e-8034-8c4a55e1598b tempest-VolumesDeleteCascade-1945825947 tempest-VolumesDeleteCascade-1945825947-project] http://10.222.0.42/volume/v3/a83a289bea55491db169c5f882638695/volumes/5f1facc4-e9c0-444c-a24a-98565629e804 returned with HTTP 200
Aug 04 05:44:35.907352 dv-cinder-800431-4-smb devstack@c-api.service[111909]: [pid: 111909|app: 0|req: 240/450] 10.222.0.42 () {58 vars in 1325 bytes} [Wed Aug  4 05:44:35 2021] GET /volume/v3/a83a289bea55491db169c5f882638695/volumes/5f1facc4-e9c0-444c-a24a-98565629e804 => generated 913 bytes in 61 msecs (HTTP/1.1 200) 7 headers in 285 bytes (1 switches on core 0)
Aug 04 05:44:35.922113 dv-cinder-800431-4-smb devstack@c-api.service[111908]: INFO cinder.api.openstack.wsgi [None req-0ee8ed93-abfc-4c8f-8635-e0dceac5a055 tempest-VolumesDeleteCascade-1945825947 tempest-VolumesDeleteCascade-1945825947-project] POST http://10.222.0.42/volume/v3/a83a289bea55491db169c5f882638695/snapshots
Aug 04 05:44:35.922486 dv-cinder-800431-4-smb devstack@c-api.service[111908]: /usr/local/lib/python3.8/dist-packages/webob/acceptparse.py:1047: DeprecationWarning: The behavior of AcceptValidHeader.best_match is currently being maintained for backward compatibility, but it will be deprecated in the future, as it does not conform to the RFC.
Aug 04 05:44:35.922486 dv-cinder-800431-4-smb devstack@c-api.service[111908]:   warnings.warn(
Aug 04 05:44:35.922862 dv-cinder-800431-4-smb devstack@c-api.service[111908]: DEBUG cinder.api.openstack.wsgi [None req-0ee8ed93-abfc-4c8f-8635-e0dceac5a055 tempest-VolumesDeleteCascade-1945825947 tempest-VolumesDeleteCascade-1945825947-project] Action: 'create', calling method: create, body: {"snapshot": {"volume_id": "5f1facc4-e9c0-444c-a24a-98565629e804", "name": "tempest-VolumesDeleteCascade-Snapshot-1010011374"}} {{(pid=111908) _process_stack /opt/stack/cinder/cinder/api/openstack/wsgi.py:854}}
Aug 04 05:44:35.937545 dv-cinder-800431-4-smb devstack@c-api.service[111908]: /usr/local/lib/python3.8/dist-packages/oslo_context/context.py:105: DeprecationWarning: Policy enforcement is depending on the value of is_admin. This key is deprecated. Please update your policy file to use the standard policy values.
Aug 04 05:44:35.937545 dv-cinder-800431-4-smb devstack@c-api.service[111908]:   warnings.warn('Policy enforcement is depending on the value of '
Aug 04 05:44:35.938405 dv-cinder-800431-4-smb devstack@c-api.service[111908]: INFO cinder.volume.api [None req-0ee8ed93-abfc-4c8f-8635-e0dceac5a055 tempest-VolumesDeleteCascade-1945825947 tempest-VolumesDeleteCascade-1945825947-project] Volume info retrieved successfully.
Aug 04 05:44:35.938710 dv-cinder-800431-4-smb devstack@c-api.service[111908]: INFO cinder.api.v2.snapshots [None req-0ee8ed93-abfc-4c8f-8635-e0dceac5a055 tempest-VolumesDeleteCascade-1945825947 tempest-VolumesDeleteCascade-1945825947-project] Create snapshot from volume 5f1facc4-e9c0-444c-a24a-98565629e804
Aug 04 05:44:35.998115 dv-cinder-800431-4-smb devstack@c-api.service[111908]: DEBUG cinder.quota [None req-0ee8ed93-abfc-4c8f-8635-e0dceac5a055 tempest-VolumesDeleteCascade-1945825947 tempest-VolumesDeleteCascade-1945825947-project] Created reservations ['6705743b-43ad-4f80-9bca-fa9623aafc58', '1192c9bc-d21c-4811-a5e8-7c049a07ea4e', 'ff676f07-17c6-4c34-adc5-13a05037acdd', 'd2987c34-2495-4a0d-9958-e972b5e384e5'] {{(pid=111908) reserve /opt/stack/cinder/cinder/quota.py:755}}
Aug 04 05:44:36.057963 dv-cinder-800431-4-smb devstack@c-api.service[111908]: INFO cinder.volume.api [None req-0ee8ed93-abfc-4c8f-8635-e0dceac5a055 tempest-VolumesDeleteCascade-1945825947 tempest-VolumesDeleteCascade-1945825947-project] Snapshot create request issued successfully.
Aug 04 05:44:36.059008 dv-cinder-800431-4-smb devstack@c-api.service[111908]: INFO cinder.api.openstack.wsgi [None req-0ee8ed93-abfc-4c8f-8635-e0dceac5a055 tempest-VolumesDeleteCascade-1945825947 tempest-VolumesDeleteCascade-1945825947-project] http://10.222.0.42/volume/v3/a83a289bea55491db169c5f882638695/snapshots returned with HTTP 202
Aug 04 05:44:36.059873 dv-cinder-800431-4-smb devstack@c-api.service[111908]: [pid: 111908|app: 0|req: 211/451] 10.222.0.42 () {60 vars in 1242 bytes} [Wed Aug  4 05:44:35 2021] POST /volume/v3/a83a289bea55491db169c5f882638695/snapshots => generated 307 bytes in 142 msecs (HTTP/1.1 202) 7 headers in 291 bytes (1 switches on core 0)
Aug 04 05:44:36.069911 dv-cinder-800431-4-smb devstack@c-api.service[111909]: INFO cinder.api.openstack.wsgi [None req-c797ed32-eb07-4a05-ad6b-d96dd547e6c1 tempest-VolumesDeleteCascade-1945825947 tempest-VolumesDeleteCascade-1945825947-project] GET http://10.222.0.42/volume/v3/a83a289bea55491db169c5f882638695/snapshots/105a60ef-5c90-4e3a-b50a-651eb45d532e
Aug 04 05:44:36.071070 dv-cinder-800431-4-smb devstack@c-api.service[111909]: DEBUG cinder.api.openstack.wsgi [None req-c797ed32-eb07-4a05-ad6b-d96dd547e6c1 tempest-VolumesDeleteCascade-1945825947 tempest-VolumesDeleteCascade-1945825947-project] Empty body provided in request {{(pid=111909) get_body /opt/stack/cinder/cinder/api/openstack/wsgi.py:703}}
Aug 04 05:44:36.071235 dv-cinder-800431-4-smb devstack@c-api.service[111909]: /usr/local/lib/python3.8/dist-packages/webob/acceptparse.py:1047: DeprecationWarning: The behavior of AcceptValidHeader.best_match is currently being maintained for backward compatibility, but it will be deprecated in the future, as it does not conform to the RFC.
Aug 04 05:44:36.071235 dv-cinder-800431-4-smb devstack@c-api.service[111909]:   warnings.warn(
Aug 04 05:44:36.071816 dv-cinder-800431-4-smb devstack@c-api.service[111909]: DEBUG cinder.api.openstack.wsgi [None req-c797ed32-eb07-4a05-ad6b-d96dd547e6c1 tempest-VolumesDeleteCascade-1945825947 tempest-VolumesDeleteCascade-1945825947-project] Calling method 'show' {{(pid=111909) _process_stack /opt/stack/cinder/cinder/api/openstack/wsgi.py:856}}
Aug 04 05:44:36.083393 dv-cinder-800431-4-smb devstack@c-api.service[111908]: INFO cinder.api.openstack.wsgi [None req-4b26708e-df61-48ba-8ea4-f7817e266e0f tempest-VolumesImageMetadata-977183281 tempest-VolumesImageMetadata-977183281-project] GET http://10.222.0.42/volume/v3/3357bf3ea1a3436590c7df46c1c26318/volumes/8b092eab-41c5-42ca-a746-ffd9eb5dc291
Aug 04 05:44:36.083819 dv-cinder-800431-4-smb devstack@c-api.service[111908]: DEBUG cinder.api.openstack.wsgi [None req-4b26708e-df61-48ba-8ea4-f7817e266e0f tempest-VolumesImageMetadata-977183281 tempest-VolumesImageMetadata-977183281-project] Empty body provided in request {{(pid=111908) get_body /opt/stack/cinder/cinder/api/openstack/wsgi.py:703}}
Aug 04 05:44:36.084118 dv-cinder-800431-4-smb devstack@c-api.service[111908]: /usr/local/lib/python3.8/dist-packages/webob/acceptparse.py:1047: DeprecationWarning: The behavior of AcceptValidHeader.best_match is currently being maintained for backward compatibility, but it will be deprecated in the future, as it does not conform to the RFC.
Aug 04 05:44:36.084118 dv-cinder-800431-4-smb devstack@c-api.service[111908]:   warnings.warn(
Aug 04 05:44:36.084399 dv-cinder-800431-4-smb devstack@c-api.service[111908]: DEBUG cinder.api.openstack.wsgi [None req-4b26708e-df61-48ba-8ea4-f7817e266e0f tempest-VolumesImageMetadata-977183281 tempest-VolumesImageMetadata-977183281-project] Calling method 'show' {{(pid=111908) _process_stack /opt/stack/cinder/cinder/api/openstack/wsgi.py:856}}
Aug 04 05:44:36.084876 dv-cinder-800431-4-smb devstack@c-api.service[111909]: /usr/local/lib/python3.8/dist-packages/oslo_context/context.py:105: DeprecationWarning: Policy enforcement is depending on the value of is_admin. This key is deprecated. Please update your policy file to use the standard policy values.
Aug 04 05:44:36.084876 dv-cinder-800431-4-smb devstack@c-api.service[111909]:   warnings.warn('Policy enforcement is depending on the value of '
Aug 04 05:44:36.086553 dv-cinder-800431-4-smb devstack@c-api.service[111909]: INFO cinder.volume.api [None req-c797ed32-eb07-4a05-ad6b-d96dd547e6c1 tempest-VolumesDeleteCascade-1945825947 tempest-VolumesDeleteCascade-1945825947-project] Snapshot retrieved successfully.
Aug 04 05:44:36.088421 dv-cinder-800431-4-smb devstack@c-api.service[111909]: INFO cinder.api.openstack.wsgi [None req-c797ed32-eb07-4a05-ad6b-d96dd547e6c1 tempest-VolumesDeleteCascade-1945825947 tempest-VolumesDeleteCascade-1945825947-project] http://10.222.0.42/volume/v3/a83a289bea55491db169c5f882638695/snapshots/105a60ef-5c90-4e3a-b50a-651eb45d532e returned with HTTP 200
Aug 04 05:44:36.089381 dv-cinder-800431-4-smb devstack@c-api.service[111909]: [pid: 111909|app: 0|req: 241/452] 10.222.0.42 () {58 vars in 1331 bytes} [Wed Aug  4 05:44:36 2021] GET /volume/v3/a83a289bea55491db169c5f882638695/snapshots/105a60ef-5c90-4e3a-b50a-651eb45d532e => generated 439 bytes in 23 msecs (HTTP/1.1 200) 7 headers in 285 bytes (2 switches on core 0)
Aug 04 05:44:36.102937 dv-cinder-800431-4-smb devstack@c-api.service[111908]: /usr/local/lib/python3.8/dist-packages/oslo_context/context.py:105: DeprecationWarning: Policy enforcement is depending on the value of is_admin. This key is deprecated. Please update your policy file to use the standard policy values.
Aug 04 05:44:36.102937 dv-cinder-800431-4-smb devstack@c-api.service[111908]:   warnings.warn('Policy enforcement is depending on the value of '
Aug 04 05:44:36.110325 dv-cinder-800431-4-smb devstack@c-api.service[111908]: INFO cinder.volume.api [None req-4b26708e-df61-48ba-8ea4-f7817e266e0f tempest-VolumesImageMetadata-977183281 tempest-VolumesImageMetadata-977183281-project] Volume info retrieved successfully.
