Jul 28 10:37:50.554877 dv-cinder-800431-3-smb devstack@c-api.service[100084]: INFO cinder.api.openstack.wsgi [None req-f2726d44-1ed8-4ba1-b8c8-79431d62f762 tempest-GroupSnapshotsTest-541663889 tempest-GroupSnapshotsTest-541663889-project] POST http://10.222.0.21/volume/v3/c8cdb1f92bdd4066b229965db5f59d5d/groups/43f10fe2-cebd-4980-b41a-2a7ca004c3ea/action
Jul 28 10:37:50.556123 dv-cinder-800431-3-smb devstack@c-api.service[100084]: /usr/local/lib/python3.8/dist-packages/webob/acceptparse.py:1047: DeprecationWarning: The behavior of AcceptValidHeader.best_match is currently being maintained for backward compatibility, but it will be deprecated in the future, as it does not conform to the RFC.
Jul 28 10:37:50.556123 dv-cinder-800431-3-smb devstack@c-api.service[100084]: warnings.warn(
Jul 28 10:37:50.556786 dv-cinder-800431-3-smb devstack@c-api.service[100084]: DEBUG cinder.api.openstack.wsgi [None req-f2726d44-1ed8-4ba1-b8c8-79431d62f762 tempest-GroupSnapshotsTest-541663889 tempest-GroupSnapshotsTest-541663889-project] Action body: b'{"delete": {"delete-volumes": true}}' {{(pid=100084) get_method /opt/stack/cinder/cinder/api/openstack/wsgi.py:971}}
Jul 28 10:37:50.557265 dv-cinder-800431-3-smb devstack@c-api.service[100084]: DEBUG cinder.api.openstack.wsgi [None req-f2726d44-1ed8-4ba1-b8c8-79431d62f762 tempest-GroupSnapshotsTest-541663889 tempest-GroupSnapshotsTest-541663889-project] Action: 'action', calling method: delete_group, body: {"delete": {"delete-volumes": true}} {{(pid=100084) _process_stack /opt/stack/cinder/cinder/api/openstack/wsgi.py:854}}
Jul 28 10:37:50.559165 dv-cinder-800431-3-smb devstack@c-api.service[100084]: DEBUG cinder.api.v3.groups [None req-f2726d44-1ed8-4ba1-b8c8-79431d62f762 tempest-GroupSnapshotsTest-541663889 tempest-GroupSnapshotsTest-541663889-project] delete called for group 43f10fe2-cebd-4980-b41a-2a7ca004c3ea {{(pid=100084) _delete /opt/stack/cinder/cinder/api/v3/groups.py:117}}
Jul 28 10:37:50.559724 dv-cinder-800431-3-smb devstack@c-api.service[100084]: INFO cinder.api.v3.groups [None req-f2726d44-1ed8-4ba1-b8c8-79431d62f762 tempest-GroupSnapshotsTest-541663889 tempest-GroupSnapshotsTest-541663889-project] Delete group with id: 43f10fe2-cebd-4980-b41a-2a7ca004c3ea
Jul 28 10:37:50.567051 dv-cinder-800431-3-smb devstack@c-api.service[100084]: /usr/local/lib/python3.8/dist-packages/oslo_context/context.py:105: DeprecationWarning: Policy enforcement is depending on the value of is_admin. This key is deprecated. Please update your policy file to use the standard policy values.
Jul 28 10:37:50.567051 dv-cinder-800431-3-smb devstack@c-api.service[100084]: warnings.warn('Policy enforcement is depending on the value of '
Jul 28 10:37:50.612943 dv-cinder-800431-3-smb devstack@c-api.service[100081]: INFO cinder.api.openstack.wsgi [None req-8a91a858-1a52-4112-a720-a3994269e517 tempest-VolumesMetadataTest-686338722 tempest-VolumesMetadataTest-686338722-project] POST http://10.222.0.21/volume/v3/c7b8985773554f9bb18ad25401f01e37/volumes
Jul 28 10:37:50.613803 dv-cinder-800431-3-smb devstack@c-api.service[100081]: DEBUG cinder.api.openstack.wsgi [None req-8a91a858-1a52-4112-a720-a3994269e517 tempest-VolumesMetadataTest-686338722 tempest-VolumesMetadataTest-686338722-project] Action: 'create', calling method: create, body: {"volume": {"size": 1, "name": "tempest-VolumesMetadataTest-Volume-1117770107"}} {{(pid=100081) _process_stack /opt/stack/cinder/cinder/api/openstack/wsgi.py:854}}
Jul 28 10:37:50.615237 dv-cinder-800431-3-smb devstack@c-api.service[100081]: DEBUG cinder.api.v3.volumes [None req-8a91a858-1a52-4112-a720-a3994269e517 tempest-VolumesMetadataTest-686338722 tempest-VolumesMetadataTest-686338722-project] Create volume request body: {'volume': {'size': 1, 'name': 'tempest-VolumesMetadataTest-Volume-1117770107'}} {{(pid=100081) create /opt/stack/cinder/cinder/api/v3/volumes.py:290}}
Jul 28 10:37:50.615597 dv-cinder-800431-3-smb devstack@c-api.service[100081]: INFO cinder.api.v3.volumes [None req-8a91a858-1a52-4112-a720-a3994269e517 tempest-VolumesMetadataTest-686338722 tempest-VolumesMetadataTest-686338722-project] Create volume of 1 GB
Jul 28 10:37:50.625798 dv-cinder-800431-3-smb devstack@c-api.service[100081]: INFO cinder.volume.api [None req-8a91a858-1a52-4112-a720-a3994269e517 tempest-VolumesMetadataTest-686338722 tempest-VolumesMetadataTest-686338722-project] Availability Zones retrieved successfully.
Jul 28 10:37:50.662655 dv-cinder-800431-3-smb devstack@c-api.service[100081]: DEBUG cinder.volume.api [None req-8a91a858-1a52-4112-a720-a3994269e517 tempest-VolumesMetadataTest-686338722 tempest-VolumesMetadataTest-686338722-project] Flow 'volume_create_api' (15d02100-4d9f-4bea-899c-1e65c4bd9a7c) transitioned into state 'RUNNING' from state 'PENDING' {{(pid=100081) _flow_receiver /usr/local/lib/python3.8/dist-packages/taskflow/listeners/logging.py:141}}
Jul 28 10:37:50.669514 dv-cinder-800431-3-smb devstack@c-api.service[100081]: DEBUG cinder.volume.api [None req-8a91a858-1a52-4112-a720-a3994269e517 tempest-VolumesMetadataTest-686338722 tempest-VolumesMetadataTest-686338722-project] Task 'cinder.volume.flows.api.create_volume.ExtractVolumeRequestTask;volume:create' (9d4dcf22-b822-4d6c-bc88-325b613f39a2) transitioned into state 'RUNNING' from state 'PENDING' {{(pid=100081) _task_receiver /usr/local/lib/python3.8/dist-packages/taskflow/listeners/logging.py:190}}
Jul 28 10:37:50.672729 dv-cinder-800431-3-smb devstack@c-api.service[100081]: DEBUG cinder.volume.flows.api.create_volume [None req-8a91a858-1a52-4112-a720-a3994269e517 tempest-VolumesMetadataTest-686338722 tempest-VolumesMetadataTest-686338722-project] Validating volume size '1' using validate_int {{(pid=100081) _extract_size /opt/stack/cinder/cinder/volume/flows/api/create_volume.py:201}}
Jul 28 10:37:50.676074 dv-cinder-800431-3-smb devstack@c-api.service[100084]: INFO cinder.api.openstack.wsgi [None req-f2726d44-1ed8-4ba1-b8c8-79431d62f762 tempest-GroupSnapshotsTest-541663889 tempest-GroupSnapshotsTest-541663889-project] http://10.222.0.21/volume/v3/c8cdb1f92bdd4066b229965db5f59d5d/groups/43f10fe2-cebd-4980-b41a-2a7ca004c3ea/action returned with HTTP 202
Jul 28 10:37:50.677433 dv-cinder-800431-3-smb devstack@c-api.service[100084]: [pid: 100084|app: 0|req: 124/241] 10.222.0.21 () {62 vars in 1405 bytes} [Wed Jul 28 10:37:50 2021] POST /volume/v3/c8cdb1f92bdd4066b229965db5f59d5d/groups/43f10fe2-cebd-4980-b41a-2a7ca004c3ea/action => generated 0 bytes in 128 msecs (HTTP/1.1 202) 6 headers in 234 bytes (1 switches on core 0)
Jul 28 10:37:50.686151 dv-cinder-800431-3-smb devstack@c-api.service[100084]: INFO cinder.api.openstack.wsgi [None req-31ca1f2c-0712-450a-a110-feae2163511f tempest-GroupSnapshotsTest-541663889 tempest-GroupSnapshotsTest-541663889-project] GET http://10.222.0.21/volume/v3/c8cdb1f92bdd4066b229965db5f59d5d/volumes/32e10bc4-dd40-43f9-82a0-c6d7809afe9e
Jul 28 10:37:50.686980 dv-cinder-800431-3-smb devstack@c-api.service[100084]: DEBUG cinder.api.openstack.wsgi [None req-31ca1f2c-0712-450a-a110-feae2163511f tempest-GroupSnapshotsTest-541663889 tempest-GroupSnapshotsTest-541663889-project] Empty body provided in request {{(pid=100084) get_body /opt/stack/cinder/cinder/api/openstack/wsgi.py:703}}
Jul 28 10:37:50.687327 dv-cinder-800431-3-smb devstack@c-api.service[100084]: /usr/local/lib/python3.8/dist-packages/webob/acceptparse.py:1047: DeprecationWarning: The behavior of AcceptValidHeader.best_match is currently being maintained for backward compatibility, but it will be deprecated in the future, as it does not conform to the RFC.
Jul 28 10:37:50.687327 dv-cinder-800431-3-smb devstack@c-api.service[100084]: warnings.warn(
Jul 28 10:37:50.687927 dv-cinder-800431-3-smb devstack@c-api.service[100084]: DEBUG cinder.api.openstack.wsgi [None req-31ca1f2c-0712-450a-a110-feae2163511f tempest-GroupSnapshotsTest-541663889 tempest-GroupSnapshotsTest-541663889-project] Calling method 'show' {{(pid=100084) _process_stack /opt/stack/cinder/cinder/api/openstack/wsgi.py:856}}
Jul 28 10:37:50.711210 dv-cinder-800431-3-smb devstack@c-api.service[100084]: /usr/local/lib/python3.8/dist-packages/oslo_context/context.py:105: DeprecationWarning: Policy enforcement is depending on the value of is_admin. This key is deprecated. Please update your policy file to use the standard policy values.
Jul 28 10:37:50.711210 dv-cinder-800431-3-smb devstack@c-api.service[100084]: warnings.warn('Policy enforcement is depending on the value of '
Jul 28 10:37:50.722150 dv-cinder-800431-3-smb devstack@c-api.service[100084]: INFO cinder.volume.api [None req-31ca1f2c-0712-450a-a110-feae2163511f tempest-GroupSnapshotsTest-541663889 tempest-GroupSnapshotsTest-541663889-project] Volume info retrieved successfully.
Jul 28 10:37:50.731022 dv-cinder-800431-3-smb devstack@c-api.service[100084]: WARNING stevedore.named [None req-31ca1f2c-0712-450a-a110-feae2163511f tempest-GroupSnapshotsTest-541663889 tempest-GroupSnapshotsTest-541663889-project] Could not load cinder.keymgr.conf_key_mgr.ConfKeyManager
Jul 28 10:37:50.731945 dv-cinder-800431-3-smb devstack@c-api.service[100084]: WARNING castellan.key_manager [None req-31ca1f2c-0712-450a-a110-feae2163511f tempest-GroupSnapshotsTest-541663889 tempest-GroupSnapshotsTest-541663889-project] Deprecation Warning : cinder.keymgr.conf_key_mgr.ConfKeyManager is not a stevedore based driver, trying to load it as a class: stevedore.exception.NoMatches: No 'castellan.drivers' driver found, looking for 'cinder.keymgr.conf_key_mgr.ConfKeyManager'
Jul 28 10:37:50.740936 dv-cinder-800431-3-smb devstack@c-api.service[100084]: DEBUG oslo_db.sqlalchemy.engines [None req-31ca1f2c-0712-450a-a110-feae2163511f tempest-GroupSnapshotsTest-541663889 tempest-GroupSnapshotsTest-541663889-project] MySQL server mode set to STRICT_TRANS_TABLES,STRICT_ALL_TABLES,NO_ZERO_IN_DATE,NO_ZERO_DATE,ERROR_FOR_DIVISION_BY_ZERO,TRADITIONAL,NO_ENGINE_SUBSTITUTION {{(pid=100084) _check_effective_sql_mode /usr/local/lib/python3.8/dist-packages/oslo_db/sqlalchemy/engines.py:314}}
Jul 28 10:37:50.749248 dv-cinder-800431-3-smb devstack@c-api.service[100084]: /usr/local/lib/python3.8/dist-packages/oslo_context/context.py:105: DeprecationWarning: Policy enforcement is depending on the value of is_admin. This key is deprecated. Please update your policy file to use the standard policy values.
Jul 28 10:37:50.749248 dv-cinder-800431-3-smb devstack@c-api.service[100084]: warnings.warn('Policy enforcement is depending on the value of '
Jul 28 10:37:50.754993 dv-cinder-800431-3-smb devstack@c-api.service[100081]: DEBUG cinder.volume.api [None req-8a91a858-1a52-4112-a720-a3994269e517 tempest-VolumesMetadataTest-686338722 tempest-VolumesMetadataTest-686338722-project] Task 'cinder.volume.flows.api.create_volume.ExtractVolumeRequestTask;volume:create' (9d4dcf22-b822-4d6c-bc88-325b613f39a2) transitioned into state 'SUCCESS' from state 'RUNNING' with result '{'size': 1, 'snapshot_id': None, 'source_volid': None, 'volume_type': VolumeType(created_at=2021-07-28T10:27:37Z,deleted=False,deleted_at=None,description='Default Volume Type',extra_specs={},id=c2b0a04c-38de-41ed-98c1-c29319f44c32,is_public=True,name='__DEFAULT__',projects=[],qos_specs=,qos_specs_id=None,updated_at=2021-07-28T10:27:37Z), 'volume_type_id': 'c2b0a04c-38de-41ed-98c1-c29319f44c32', 'encryption_key_id': None, 'qos_specs': None, 'consistencygroup_id': None, 'cgsnapshot_id': None, 'group_id': None, 'replication_status': 'disabled', 'refresh_az': False, 'backup_id': None, 'multiattach': False, 'availability_zones': ['nova']}' {{(pid=100081) _task_receiver /usr/local/lib/python3.8/dist-packages/taskflow/listeners/logging.py:178}}
Jul 28 10:37:50.757043 dv-cinder-800431-3-smb devstack@c-api.service[100081]: DEBUG cinder.volume.api [None req-8a91a858-1a52-4112-a720-a3994269e517 tempest-VolumesMetadataTest-686338722 tempest-VolumesMetadataTest-686338722-project] Task 'cinder.volume.flows.api.create_volume.QuotaReserveTask;volume:create' (b2dac0a7-27b9-47d3-87a6-7e782eed5eb5) transitioned into state 'RUNNING' from state 'PENDING' {{(pid=100081) _task_receiver /usr/local/lib/python3.8/dist-packages/taskflow/listeners/logging.py:190}}
Jul 28 10:37:50.770241 dv-cinder-800431-3-smb devstack@c-api.service[100084]: INFO cinder.api.openstack.wsgi [None req-31ca1f2c-0712-450a-a110-feae2163511f tempest-GroupSnapshotsTest-541663889 tempest-GroupSnapshotsTest-541663889-project] http://10.222.0.21/volume/v3/c8cdb1f92bdd4066b229965db5f59d5d/volumes/32e10bc4-dd40-43f9-82a0-c6d7809afe9e returned with HTTP 200
Jul 28 10:37:50.771189 dv-cinder-800431-3-smb devstack@c-api.service[100084]: [pid: 100084|app: 0|req: 125/242] 10.222.0.21 () {60 vars in 1366 bytes} [Wed Jul 28 10:37:50 2021] GET /volume/v3/c8cdb1f92bdd4066b229965db5f59d5d/volumes/32e10bc4-dd40-43f9-82a0-c6d7809afe9e => generated 1000 bytes in 89 msecs (HTTP/1.1 200) 7 headers in 287 bytes (2 switches on core 0)
Jul 28 10:37:50.783460 dv-cinder-800431-3-smb devstack@c-api.service[100084]: INFO cinder.api.openstack.wsgi [None req-a47cb803-030a-405b-8f93-1c55570f7153 tempest-VolumeQuotasAdminTestJSON-154093798 tempest-VolumeQuotasAdminTestJSON-154093798-project] GET http://10.222.0.21/volume/v3/939fda706668459fbe8be109561f246b/volumes/d2defad2-7d44-4e85-a662-b1db36c5a4f0
Jul 28 10:37:50.783938 dv-cinder-800431-3-smb devstack@c-api.service[100084]: DEBUG cinder.api.openstack.wsgi [None req-a47cb803-030a-405b-8f93-1c55570f7153 tempest-VolumeQuotasAdminTestJSON-154093798 tempest-VolumeQuotasAdminTestJSON-154093798-project] Empty body provided in request {{(pid=100084) get_body /opt/stack/cinder/cinder/api/openstack/wsgi.py:703}}
Jul 28 10:37:50.784531 dv-cinder-800431-3-smb devstack@c-api.service[100084]: /usr/local/lib/python3.8/dist-packages/webob/acceptparse.py:1047: DeprecationWarning: The behavior of AcceptValidHeader.best_match is currently being maintained for backward compatibility, but it will be deprecated in the future, as it does not conform to the RFC.
Jul 28 10:37:50.784531 dv-cinder-800431-3-smb devstack@c-api.service[100084]: warnings.warn(
Jul 28 10:37:50.787437 dv-cinder-800431-3-smb devstack@c-api.service[100084]: DEBUG cinder.api.openstack.wsgi [None req-a47cb803-030a-405b-8f93-1c55570f7153 tempest-VolumeQuotasAdminTestJSON-154093798 tempest-VolumeQuotasAdminTestJSON-154093798-project] Calling method 'show' {{(pid=100084) _process_stack /opt/stack/cinder/cinder/api/openstack/wsgi.py:856}}
Jul 28 10:37:50.810051 dv-cinder-800431-3-smb devstack@c-api.service[100084]: /usr/local/lib/python3.8/dist-packages/oslo_context/context.py:105: DeprecationWarning: Policy enforcement is depending on the value of is_admin. This key is deprecated. Please update your policy file to use the standard policy values.
Jul 28 10:37:50.810051 dv-cinder-800431-3-smb devstack@c-api.service[100084]: warnings.warn('Policy enforcement is depending on the value of '
Jul 28 10:37:50.820437 dv-cinder-800431-3-smb devstack@c-api.service[100084]: INFO cinder.volume.api [None req-a47cb803-030a-405b-8f93-1c55570f7153 tempest-VolumeQuotasAdminTestJSON-154093798 tempest-VolumeQuotasAdminTestJSON-154093798-project] Volume info retrieved successfully.
Jul 28 10:37:50.842891 dv-cinder-800431-3-smb devstack@c-api.service[100084]: INFO cinder.api.openstack.wsgi [None req-a47cb803-030a-405b-8f93-1c55570f7153 tempest-VolumeQuotasAdminTestJSON-154093798 tempest-VolumeQuotasAdminTestJSON-154093798-project] http://10.222.0.21/volume/v3/939fda706668459fbe8be109561f246b/volumes/d2defad2-7d44-4e85-a662-b1db36c5a4f0 returned with HTTP 200
Jul 28 10:37:50.853355 dv-cinder-800431-3-smb devstack@c-api.service[100084]: [pid: 100084|app: 0|req: 126/243] 10.222.0.21 () {58 vars in 1325 bytes} [Wed Jul 28 10:37:50 2021] GET /volume/v3/939fda706668459fbe8be109561f246b/volumes/d2defad2-7d44-4e85-a662-b1db36c5a4f0 => generated 917 bytes in 73 msecs (HTTP/1.1 200) 7 headers in 285 bytes (1 switches on core 0)
Jul 28 10:37:50.863712 dv-cinder-800431-3-smb devstack@c-api.service[100084]: INFO cinder.api.openstack.wsgi [None req-047ec9a3-d951-45f6-95b1-4595ad2798a8 tempest-VolumeQuotasAdminTestJSON-1689652237 tempest-VolumeQuotasAdminTestJSON-1689652237-project-admin] GET http://10.222.0.21/volume/v3/161d142af1814d428850ba1127b9b9cf/os-quota-sets/939fda706668459fbe8be109561f246b?usage=True
Jul 28 10:37:50.864318 dv-cinder-800431-3-smb devstack@c-api.service[100084]: DEBUG cinder.api.openstack.wsgi [None req-047ec9a3-d951-45f6-95b1-4595ad2798a8 tempest-VolumeQuotasAdminTestJSON-1689652237 tempest-VolumeQuotasAdminTestJSON-1689652237-project-admin] Empty body provided in request {{(pid=100084) get_body /opt/stack/cinder/cinder/api/openstack/wsgi.py:703}}
Jul 28 10:37:50.864990 dv-cinder-800431-3-smb devstack@c-api.service[100084]: /usr/local/lib/python3.8/dist-packages/webob/acceptparse.py:1047: DeprecationWarning: The behavior of AcceptValidHeader.best_match is currently being maintained for backward compatibility, but it will be deprecated in the future, as it does not conform to the RFC.
Jul 28 10:37:50.864990 dv-cinder-800431-3-smb devstack@c-api.service[100084]: warnings.warn(
Jul 28 10:37:50.865326 dv-cinder-800431-3-smb devstack@c-api.service[100084]: DEBUG cinder.api.openstack.wsgi [None req-047ec9a3-d951-45f6-95b1-4595ad2798a8 tempest-VolumeQuotasAdminTestJSON-1689652237 tempest-VolumeQuotasAdminTestJSON-1689652237-project-admin] Calling method 'show' {{(pid=100084) _process_stack /opt/stack/cinder/cinder/api/openstack/wsgi.py:856}}
Jul 28 10:37:50.919470 dv-cinder-800431-3-smb devstack@c-api.service[100084]: INFO cinder.api.openstack.wsgi [None req-047ec9a3-d951-45f6-95b1-4595ad2798a8 tempest-VolumeQuotasAdminTestJSON-1689652237 tempest-VolumeQuotasAdminTestJSON-1689652237-project-admin] http://10.222.0.21/volume/v3/161d142af1814d428850ba1127b9b9cf/os-quota-sets/939fda706668459fbe8be109561f246b?usage=True returned with HTTP 200
Jul 28 10:37:50.920844 dv-cinder-800431-3-smb devstack@c-api.service[100084]: [pid: 100084|app: 0|req: 127/244] 10.222.0.21 () {58 vars in 1352 bytes} [Wed Jul 28 10:37:50 2021] GET /volume/v3/161d142af1814d428850ba1127b9b9cf/os-quota-sets/939fda706668459fbe8be109561f246b?usage=True => generated 1813 bytes in 66 msecs (HTTP/1.1 200) 7 headers in 286 bytes (1 switches on core 0)
Jul 28 10:37:50.922056 dv-cinder-800431-3-smb devstack@c-api.service[100081]: DEBUG cinder.quota [None req-8a91a858-1a52-4112-a720-a3994269e517 tempest-VolumesMetadataTest-686338722 tempest-VolumesMetadataTest-686338722-project] Created reservations ['d5b1384a-a5f9-4958-ba10-82b139033cdf', '4d764946-0f72-49b8-be9f-3b0c75b68a80', '1864c6f2-ee2a-48f8-b5cc-aa5d11eff3f1', 'eb87d1ed-bb63-4bd7-88bc-150f60ed6ec7'] {{(pid=100081) reserve /opt/stack/cinder/cinder/quota.py:755}}
Jul 28 10:37:50.923997 dv-cinder-800431-3-smb devstack@c-api.service[100081]: DEBUG cinder.volume.api [None req-8a91a858-1a52-4112-a720-a3994269e517 tempest-VolumesMetadataTest-686338722 tempest-VolumesMetadataTest-686338722-project] Task 'cinder.volume.flows.api.create_volume.QuotaReserveTask;volume:create' (b2dac0a7-27b9-47d3-87a6-7e782eed5eb5) transitioned into state 'SUCCESS' from state 'RUNNING' with result '{'reservations': ['d5b1384a-a5f9-4958-ba10-82b139033cdf', '4d764946-0f72-49b8-be9f-3b0c75b68a80', '1864c6f2-ee2a-48f8-b5cc-aa5d11eff3f1', 'eb87d1ed-bb63-4bd7-88bc-150f60ed6ec7']}' {{(pid=100081) _task_receiver /usr/local/lib/python3.8/dist-packages/taskflow/listeners/logging.py:178}}
Jul 28 10:37:50.925978 dv-cinder-800431-3-smb devstack@c-api.service[100081]: DEBUG cinder.volume.api [None req-8a91a858-1a52-4112-a720-a3994269e517 tempest-VolumesMetadataTest-686338722 tempest-VolumesMetadataTest-686338722-project] Task 'cinder.volume.flows.api.create_volume.EntryCreateTask;volume:create' (b02ba474-7f9f-4c73-b2ba-a53f55cb327c) transitioned into state 'RUNNING' from state 'PENDING' {{(pid=100081) _task_receiver /usr/local/lib/python3.8/dist-packages/taskflow/listeners/logging.py:190}}
Jul 28 10:37:50.936975 dv-cinder-800431-3-smb devstack@c-api.service[100084]: INFO cinder.api.openstack.wsgi [None req-2703227d-2627-458e-a467-f0d128b59cbd tempest-VolumeQuotasAdminTestJSON-154093798 tempest-VolumeQuotasAdminTestJSON-154093798-project] DELETE http://10.222.0.21/volume/v3/939fda706668459fbe8be109561f246b/volumes/d2defad2-7d44-4e85-a662-b1db36c5a4f0
Jul 28 10:37:50.938099 dv-cinder-800431-3-smb devstack@c-api.service[100084]: DEBUG cinder.api.openstack.wsgi [None req-2703227d-2627-458e-a467-f0d128b59cbd tempest-VolumeQuotasAdminTestJSON-154093798 tempest-VolumeQuotasAdminTestJSON-154093798-project] Empty body provided in request {{(pid=100084) get_body /opt/stack/cinder/cinder/api/openstack/wsgi.py:703}}
Jul 28 10:37:50.939190 dv-cinder-800431-3-smb devstack@c-api.service[100084]: DEBUG cinder.api.openstack.wsgi [None req-2703227d-2627-458e-a467-f0d128b59cbd tempest-VolumeQuotasAdminTestJSON-154093798 tempest-VolumeQuotasAdminTestJSON-154093798-project] Calling method 'delete' {{(pid=100084) _process_stack /opt/stack/cinder/cinder/api/openstack/wsgi.py:856}}
Jul 28 10:37:50.939525 dv-cinder-800431-3-smb devstack@c-api.service[100084]: INFO cinder.api.v3.volumes [None req-2703227d-2627-458e-a467-f0d128b59cbd tempest-VolumeQuotasAdminTestJSON-154093798 tempest-VolumeQuotasAdminTestJSON-154093798-project] Delete volume with id: d2defad2-7d44-4e85-a662-b1db36c5a4f0
Jul 28 10:37:50.957924 dv-cinder-800431-3-smb devstack@c-api.service[100084]: /usr/local/lib/python3.8/dist-packages/oslo_context/context.py:105: DeprecationWarning: Policy enforcement is depending on the value of is_admin. This key is deprecated. Please update your policy file to use the standard policy values.
Jul 28 10:37:50.957924 dv-cinder-800431-3-smb devstack@c-api.service[100084]: warnings.warn('Policy enforcement is depending on the value of '
Jul 28 10:37:50.959257 dv-cinder-800431-3-smb devstack@c-api.service[100084]: INFO cinder.volume.api [None req-2703227d-2627-458e-a467-f0d128b59cbd tempest-VolumeQuotasAdminTestJSON-154093798 tempest-VolumeQuotasAdminTestJSON-154093798-project] Volume info retrieved successfully.
Jul 28 10:37:50.964441 dv-cinder-800431-3-smb devstack@c-api.service[100081]: DEBUG cinder.volume.api [None req-8a91a858-1a52-4112-a720-a3994269e517 tempest-VolumesMetadataTest-686338722 tempest-VolumesMetadataTest-686338722-project] Task 'cinder.volume.flows.api.create_volume.EntryCreateTask;volume:create' (b02ba474-7f9f-4c73-b2ba-a53f55cb327c) transitioned into state 'SUCCESS' from state 'RUNNING' with result '{'volume_id': '0c94e521-21aa-4c90-bf08-b900a2b391e2', 'volume_properties': VolumeProperties(attach_status='detached',availability_zone='nova',cgsnapshot_id=None,consistencygroup_id=None,display_description=None,display_name='tempest-VolumesMetadataTest-Volume-1117770107',encryption_key_id=None,group_id=None,group_type_id=,metadata={},multiattach=False,project_id='c7b8985773554f9bb18ad25401f01e37',qos_specs=None,replication_status=,reservations=['d5b1384a-a5f9-4958-ba10-82b139033cdf','4d764946-0f72-49b8-be9f-3b0c75b68a80','1864c6f2-ee2a-48f8-b5cc-aa5d11eff3f1','eb87d1ed-bb63-4bd7-88bc-150f60ed6ec7'],size=1,snapshot_id=None,source_replicaid=,source_volid=None,status='creating',user_id='82dec6553fdd48c2886d42ba2902e645',volume_type_id=c2b0a04c-38de-41ed-98c1-c29319f44c32), 'volume': Volume(_name_id=None,admin_metadata=,attach_status='detached',availability_zone='nova',bootable=False,cluster=,cluster_name=None,consistencygroup=,consistencygroup_id=None,created_at=2021-07-28T10:37:50Z,deleted=False,deleted_at=None,display_description=None,display_name='tempest-VolumesMetadataTest-Volume-1117770107',ec2_id=None,encryption_key_id=None,glance_metadata=,group=,group_id=None,host=None,id=0c94e521-21aa-4c90-bf08-b900a2b391e2,launched_at=None,metadata={},migration_status=None,multiattach=False,previous_status=None,project_id='c7b8985773554f9bb18ad25401f01e37',provider_auth=None,provider_geometry=None,provider_id=None,provider_location=None,replication_driver_data=None,replication_extended_status=None,replication_status=None,scheduled_at=None,service_uuid=None,shared_targets=True,size=1,snapshot_id=None,snapshots=,source_volid=None,status='creating',terminated_at=None,updated_at=None,user_id='82dec6553fdd48c2886d42ba2902e645',volume_attachment=,volume_type=VolumeType(c2b0a04c-38de-41ed-98c1-c29319f44c32),volume_type_id=c2b0a04c-38de-41ed-98c1-c29319f44c32)}' {{(pid=100081) _task_receiver /usr/local/lib/python3.8/dist-packages/taskflow/listeners/logging.py:178}}
Jul 28 10:37:50.967200 dv-cinder-800431-3-smb devstack@c-api.service[100081]: DEBUG cinder.volume.api [None req-8a91a858-1a52-4112-a720-a3994269e517 tempest-VolumesMetadataTest-686338722 tempest-VolumesMetadataTest-686338722-project] Task 'cinder.volume.flows.api.create_volume.QuotaCommitTask;volume:create' (68cf9eeb-4fd2-4773-b17f-6d099e7538d1) transitioned into state 'RUNNING' from state 'PENDING' {{(pid=100081) _task_receiver /usr/local/lib/python3.8/dist-packages/taskflow/listeners/logging.py:190}}
Jul 28 10:37:51.000572 dv-cinder-800431-3-smb devstack@c-api.service[100081]: DEBUG cinder.volume.api [None req-8a91a858-1a52-4112-a720-a3994269e517 tempest-VolumesMetadataTest-686338722 tempest-VolumesMetadataTest-686338722-project] Task 'cinder.volume.flows.api.create_volume.QuotaCommitTask;volume:create' (68cf9eeb-4fd2-4773-b17f-6d099e7538d1) transitioned into state 'SUCCESS' from state 'RUNNING' with result '{'volume_properties': VolumeProperties(attach_status='detached',availability_zone='nova',cgsnapshot_id=None,consistencygroup_id=None,display_description=None,display_name='tempest-VolumesMetadataTest-Volume-1117770107',encryption_key_id=None,group_id=None,group_type_id=,metadata={},multiattach=False,project_id='c7b8985773554f9bb18ad25401f01e37',qos_specs=None,replication_status=,reservations=['d5b1384a-a5f9-4958-ba10-82b139033cdf','4d764946-0f72-49b8-be9f-3b0c75b68a80','1864c6f2-ee2a-48f8-b5cc-aa5d11eff3f1','eb87d1ed-bb63-4bd7-88bc-150f60ed6ec7'],size=1,snapshot_id=None,source_replicaid=,source_volid=None,status='creating',user_id='82dec6553fdd48c2886d42ba2902e645',volume_type_id=c2b0a04c-38de-41ed-98c1-c29319f44c32)}' {{(pid=100081) _task_receiver /usr/local/lib/python3.8/dist-packages/taskflow/listeners/logging.py:178}}
Jul 28 10:37:51.002847 dv-cinder-800431-3-smb devstack@c-api.service[100081]: DEBUG cinder.volume.api [None req-8a91a858-1a52-4112-a720-a3994269e517 tempest-VolumesMetadataTest-686338722 tempest-VolumesMetadataTest-686338722-project] Task 'cinder.volume.flows.api.create_volume.VolumeCastTask;volume:create' (5867dad3-e48c-43d8-80d8-674a76dd6de5) transitioned into state 'RUNNING' from state 'PENDING' {{(pid=100081) _task_receiver /usr/local/lib/python3.8/dist-packages/taskflow/listeners/logging.py:190}}
Jul 28 10:37:51.016344 dv-cinder-800431-3-smb devstack@c-api.service[100084]: INFO cinder.volume.api [None req-2703227d-2627-458e-a467-f0d128b59cbd tempest-VolumeQuotasAdminTestJSON-154093798 tempest-VolumeQuotasAdminTestJSON-154093798-project] Delete volume request issued successfully.
Jul 28 10:37:51.017045 dv-cinder-800431-3-smb devstack@c-api.service[100084]: INFO cinder.api.openstack.wsgi [None req-2703227d-2627-458e-a467-f0d128b59cbd tempest-VolumeQuotasAdminTestJSON-154093798 tempest-VolumeQuotasAdminTestJSON-154093798-project] http://10.222.0.21/volume/v3/939fda706668459fbe8be109561f246b/volumes/d2defad2-7d44-4e85-a662-b1db36c5a4f0 returned with HTTP 202
Jul 28 10:37:51.018038 dv-cinder-800431-3-smb devstack@c-api.service[100084]: [pid: 100084|app: 0|req: 128/245] 10.222.0.21 () {58 vars in 1328 bytes} [Wed Jul 28 10:37:50 2021] DELETE /volume/v3/939fda706668459fbe8be109561f246b/volumes/d2defad2-7d44-4e85-a662-b1db36c5a4f0 => generated 0 bytes in 88 msecs (HTTP/1.1 202) 6 headers in 233 bytes (1 switches on core 0)
Jul 28 10:37:51.031079 dv-cinder-800431-3-smb devstack@c-api.service[100081]: DEBUG cinder.volume.api [None req-8a91a858-1a52-4112-a720-a3994269e517 tempest-VolumesMetadataTest-686338722 tempest-VolumesMetadataTest-686338722-project] Task 'cinder.volume.flows.api.create_volume.VolumeCastTask;volume:create' (5867dad3-e48c-43d8-80d8-674a76dd6de5) transitioned into state 'SUCCESS' from state 'RUNNING' with result 'None' {{(pid=100081) _task_receiver /usr/local/lib/python3.8/dist-packages/taskflow/listeners/logging.py:178}}
Jul 28 10:37:51.031869 dv-cinder-800431-3-smb devstack@c-api.service[100084]: INFO cinder.api.openstack.wsgi [None req-536c7cab-4a2c-4a5f-995c-c82d15c920b0 tempest-VolumeQuotasAdminTestJSON-154093798 tempest-VolumeQuotasAdminTestJSON-154093798-project] GET http://10.222.0.21/volume/v3/939fda706668459fbe8be109561f246b/volumes/d2defad2-7d44-4e85-a662-b1db36c5a4f0
Jul 28 10:37:51.032342 dv-cinder-800431-3-smb devstack@c-api.service[100084]: DEBUG cinder.api.openstack.wsgi [None req-536c7cab-4a2c-4a5f-995c-c82d15c920b0 tempest-VolumeQuotasAdminTestJSON-154093798 tempest-VolumeQuotasAdminTestJSON-154093798-project] Empty body provided in request {{(pid=100084) get_body /opt/stack/cinder/cinder/api/openstack/wsgi.py:703}}
Jul 28 10:37:51.032521 dv-cinder-800431-3-smb devstack@c-api.service[100084]: /usr/local/lib/python3.8/dist-packages/webob/acceptparse.py:1047: DeprecationWarning: The behavior of AcceptValidHeader.best_match is currently being maintained for backward compatibility, but it will be deprecated in the future, as it does not conform to the RFC.
Jul 28 10:37:51.032521 dv-cinder-800431-3-smb devstack@c-api.service[100084]: warnings.warn(
Jul 28 10:37:51.032845 dv-cinder-800431-3-smb devstack@c-api.service[100084]: DEBUG cinder.api.openstack.wsgi [None req-536c7cab-4a2c-4a5f-995c-c82d15c920b0 tempest-VolumeQuotasAdminTestJSON-154093798 tempest-VolumeQuotasAdminTestJSON-154093798-project] Calling method 'show' {{(pid=100084) _process_stack /opt/stack/cinder/cinder/api/openstack/wsgi.py:856}}
Jul 28 10:37:51.035367 dv-cinder-800431-3-smb devstack@c-api.service[100081]: DEBUG cinder.volume.api [None req-8a91a858-1a52-4112-a720-a3994269e517 tempest-VolumesMetadataTest-686338722 tempest-VolumesMetadataTest-686338722-project] Flow 'volume_create_api' (15d02100-4d9f-4bea-899c-1e65c4bd9a7c) transitioned into state 'SUCCESS' from state 'RUNNING' {{(pid=100081) _flow_receiver /usr/local/lib/python3.8/dist-packages/taskflow/listeners/logging.py:141}}
Jul 28 10:37:51.037634 dv-cinder-800431-3-smb devstack@c-api.service[100081]: INFO cinder.volume.api [None req-8a91a858-1a52-4112-a720-a3994269e517 tempest-VolumesMetadataTest-686338722 tempest-VolumesMetadataTest-686338722-project] Create volume request issued successfully.
Jul 28 10:37:51.046501 dv-cinder-800431-3-smb devstack@c-api.service[100081]: INFO cinder.api.openstack.wsgi [None req-8a91a858-1a52-4112-a720-a3994269e517 tempest-VolumesMetadataTest-686338722 tempest-VolumesMetadataTest-686338722-project] http://10.222.0.21/volume/v3/c7b8985773554f9bb18ad25401f01e37/volumes returned with HTTP 202
Jul 28 10:37:51.052002 dv-cinder-800431-3-smb devstack@c-api.service[100081]: [pid: 100081|app: 0|req: 118/246] 10.222.0.21 () {60 vars in 1235 bytes} [Wed Jul 28 10:37:50 2021] POST /volume/v3/c7b8985773554f9bb18ad25401f01e37/volumes => generated 819 bytes in 613 msecs (HTTP/1.1 202) 7 headers in 291 bytes (2 switches on core 0)
Jul 28 10:37:51.066078 dv-cinder-800431-3-smb devstack@c-api.service[100084]: /usr/local/lib/python3.8/dist-packages/oslo_context/context.py:105: DeprecationWarning: Policy enforcement is depending on the value of is_admin. This key is deprecated. Please update your policy file to use the standard policy values.
Jul 28 10:37:51.066078 dv-cinder-800431-3-smb devstack@c-api.service[100084]: warnings.warn('Policy enforcement is depending on the value of '
Jul 28 10:37:51.067205 dv-cinder-800431-3-smb devstack@c-api.service[100081]: INFO cinder.api.openstack.wsgi [None req-11f0d9d2-ba57-4f97-b45f-555699a775ea tempest-VolumesMetadataTest-686338722 tempest-VolumesMetadataTest-686338722-project] GET http://10.222.0.21/volume/v3/c7b8985773554f9bb18ad25401f01e37/volumes/0c94e521-21aa-4c90-bf08-b900a2b391e2
Jul 28 10:37:51.068079 dv-cinder-800431-3-smb devstack@c-api.service[100081]: DEBUG cinder.api.openstack.wsgi [None req-11f0d9d2-ba57-4f97-b45f-555699a775ea tempest-VolumesMetadataTest-686338722 tempest-VolumesMetadataTest-686338722-project] Empty body provided in request {{(pid=100081) get_body /opt/stack/cinder/cinder/api/openstack/wsgi.py:703}}
Jul 28 10:37:51.068318 dv-cinder-800431-3-smb devstack@c-api.service[100081]: /usr/local/lib/python3.8/dist-packages/webob/acceptparse.py:1047: DeprecationWarning: The behavior of AcceptValidHeader.best_match is currently being maintained for backward compatibility, but it will be deprecated in the future, as it does not conform to the RFC.
Jul 28 10:37:51.068318 dv-cinder-800431-3-smb devstack@c-api.service[100081]: warnings.warn(
Jul 28 10:37:51.068731 dv-cinder-800431-3-smb devstack@c-api.service[100081]: DEBUG cinder.api.openstack.wsgi [None req-11f0d9d2-ba57-4f97-b45f-555699a775ea tempest-VolumesMetadataTest-686338722 tempest-VolumesMetadataTest-686338722-project] Calling method 'show' {{(pid=100081) _process_stack /opt/stack/cinder/cinder/api/openstack/wsgi.py:856}}
Jul 28 10:37:51.075995 dv-cinder-800431-3-smb devstack@c-api.service[100084]: INFO cinder.volume.api [None req-536c7cab-4a2c-4a5f-995c-c82d15c920b0 tempest-VolumeQuotasAdminTestJSON-154093798 tempest-VolumeQuotasAdminTestJSON-154093798-project] Volume info retrieved successfully.
Jul 28 10:37:51.095658 dv-cinder-800431-3-smb devstack@c-api.service[100084]: INFO cinder.api.openstack.wsgi [None req-536c7cab-4a2c-4a5f-995c-c82d15c920b0 tempest-VolumeQuotasAdminTestJSON-154093798 tempest-VolumeQuotasAdminTestJSON-154093798-project] http://10.222.0.21/volume/v3/939fda706668459fbe8be109561f246b/volumes/d2defad2-7d44-4e85-a662-b1db36c5a4f0 returned with HTTP 200
Jul 28 10:37:51.103020 dv-cinder-800431-3-smb devstack@c-api.service[100081]: /usr/local/lib/python3.8/dist-packages/oslo_context/context.py:105: DeprecationWarning: Policy enforcement is depending on the value of is_admin. This key is deprecated. Please update your policy file to use the standard policy values.
Jul 28 10:37:51.103020 dv-cinder-800431-3-smb devstack@c-api.service[100081]: warnings.warn('Policy enforcement is depending on the value of '
Jul 28 10:37:51.103948 dv-cinder-800431-3-smb devstack@c-api.service[100084]: [pid: 100084|app: 0|req: 129/247] 10.222.0.21 () {58 vars in 1325 bytes} [Wed Jul 28 10:37:51 2021] GET /volume/v3/939fda706668459fbe8be109561f246b/volumes/d2defad2-7d44-4e85-a662-b1db36c5a4f0 => generated 916 bytes in 82 msecs (HTTP/1.1 200) 7 headers in 285 bytes (2 switches on core 0)
Jul 28 10:37:51.117910 dv-cinder-800431-3-smb devstack@c-api.service[100081]: INFO cinder.volume.api [None req-11f0d9d2-ba57-4f97-b45f-555699a775ea tempest-VolumesMetadataTest-686338722 tempest-VolumesMetadataTest-686338722-project] Volume info retrieved successfully.
Jul 28 10:37:51.137097 dv-cinder-800431-3-smb devstack@c-api.service[100081]: INFO cinder.api.openstack.wsgi [None req-11f0d9d2-ba57-4f97-b45f-555699a775ea tempest-VolumesMetadataTest-686338722 tempest-VolumesMetadataTest-686338722-project] http://10.222.0.21/volume/v3/c7b8985773554f9bb18ad25401f01e37/volumes/0c94e521-21aa-4c90-bf08-b900a2b391e2 returned with HTTP 200
Jul 28 10:37:51.138689 dv-cinder-800431-3-smb devstack@c-api.service[100081]: [pid: 100081|app: 0|req: 119/248] 10.222.0.21 () {58 vars in 1325 bytes} [Wed Jul 28 10:37:51 2021] GET /volume/v3/c7b8985773554f9bb18ad25401f01e37/volumes/0c94e521-21aa-4c90-bf08-b900a2b391e2 => generated 887 bytes in 81 msecs (HTTP/1.1 200) 7 headers in 285 bytes (2 switches on core 0)
Jul 28 10:37:51.671002 dv-cinder-800431-3-smb devstack@c-api.service[100084]: INFO cinder.api.openstack.wsgi [None req-a72cebfd-e16f-4251-a164-8cbedce0a6d6 tempest-DeleteServersTestJSON-1583640881 tempest-DeleteServersTestJSON-1583640881-project] POST http://10.222.0.21/volume/v3/fb8f9e05825e47df8038f736ce6ad777/volumes
Jul 28 10:37:51.671444 dv-cinder-800431-3-smb devstack@c-api.service[100084]: /usr/local/lib/python3.8/dist-packages/webob/acceptparse.py:1047: DeprecationWarning: The behavior of AcceptValidHeader.best_match is currently being maintained for backward compatibility, but it will be deprecated in the future, as it does not conform to the RFC.
Jul 28 10:37:51.671444 dv-cinder-800431-3-smb devstack@c-api.service[100084]: warnings.warn(
Jul 28 10:37:51.672339 dv-cinder-800431-3-smb devstack@c-api.service[100084]: DEBUG cinder.api.openstack.wsgi [None req-a72cebfd-e16f-4251-a164-8cbedce0a6d6 tempest-DeleteServersTestJSON-1583640881 tempest-DeleteServersTestJSON-1583640881-project] Action: 'create', calling method: create, body: {"volume": {"size": 1, "display_name": "tempest-DeleteServersTestJSON-volume-625299889"}} {{(pid=100084) _process_stack /opt/stack/cinder/cinder/api/openstack/wsgi.py:854}}
Jul 28 10:37:51.675550 dv-cinder-800431-3-smb devstack@c-api.service[100084]: DEBUG cinder.api.v3.volumes [None req-a72cebfd-e16f-4251-a164-8cbedce0a6d6 tempest-DeleteServersTestJSON-1583640881 tempest-DeleteServersTestJSON-1583640881-project] Create volume request body: {'volume': {'size': 1, 'display_name': 'tempest-DeleteServersTestJSON-volume-625299889'}} {{(pid=100084) create /opt/stack/cinder/cinder/api/v3/volumes.py:290}}
Jul 28 10:37:51.676250 dv-cinder-800431-3-smb devstack@c-api.service[100084]: INFO cinder.api.v3.volumes [None req-a72cebfd-e16f-4251-a164-8cbedce0a6d6 tempest-DeleteServersTestJSON-1583640881 tempest-DeleteServersTestJSON-1583640881-project] Create volume of 1 GB
Jul 28 10:37:51.683808 dv-cinder-800431-3-smb devstack@c-api.service[100084]: INFO cinder.volume.api [None req-a72cebfd-e16f-4251-a164-8cbedce0a6d6 tempest-DeleteServersTestJSON-1583640881 tempest-DeleteServersTestJSON-1583640881-project] Availability Zones retrieved successfully.
Jul 28 10:37:51.709134 dv-cinder-800431-3-smb devstack@c-api.service[100084]: DEBUG cinder.volume.api [None req-a72cebfd-e16f-4251-a164-8cbedce0a6d6 tempest-DeleteServersTestJSON-1583640881 tempest-DeleteServersTestJSON-1583640881-project] Flow 'volume_create_api' (9a5d21f9-4c2e-4398-bff1-27f4278f68f1) transitioned into state 'RUNNING' from state 'PENDING' {{(pid=100084) _flow_receiver /usr/local/lib/python3.8/dist-packages/taskflow/listeners/logging.py:141}}
Jul 28 10:37:51.712746 dv-cinder-800431-3-smb devstack@c-api.service[100084]: DEBUG cinder.volume.api [None req-a72cebfd-e16f-4251-a164-8cbedce0a6d6 tempest-DeleteServersTestJSON-1583640881 tempest-DeleteServersTestJSON-1583640881-project] Task 'cinder.volume.flows.api.create_volume.ExtractVolumeRequestTask;volume:create' (7198eb41-28b4-4d6d-8063-9358a9a2ed8d) transitioned into state 'RUNNING' from state 'PENDING' {{(pid=100084) _task_receiver /usr/local/lib/python3.8/dist-packages/taskflow/listeners/logging.py:190}}
Jul 28 10:37:51.714932 dv-cinder-800431-3-smb devstack@c-api.service[100084]: DEBUG cinder.volume.flows.api.create_volume [None req-a72cebfd-e16f-4251-a164-8cbedce0a6d6 tempest-DeleteServersTestJSON-1583640881 tempest-DeleteServersTestJSON-1583640881-project] Validating volume size '1' using validate_int {{(pid=100084) _extract_size /opt/stack/cinder/cinder/volume/flows/api/create_volume.py:201}}
Jul 28 10:37:51.761334 dv-cinder-800431-3-smb devstack@c-api.service[100084]: DEBUG cinder.volume.api [None req-a72cebfd-e16f-4251-a164-8cbedce0a6d6 tempest-DeleteServersTestJSON-1583640881 tempest-DeleteServersTestJSON-1583640881-project] Task 'cinder.volume.flows.api.create_volume.ExtractVolumeRequestTask;volume:create' (7198eb41-28b4-4d6d-8063-9358a9a2ed8d) transitioned into state 'SUCCESS' from state 'RUNNING' with result '{'size': 1, 'snapshot_id': None, 'source_volid': None, 'volume_type': VolumeType(created_at=2021-07-28T10:27:37Z,deleted=False,deleted_at=None,description='Default Volume Type',extra_specs={},id=c2b0a04c-38de-41ed-98c1-c29319f44c32,is_public=True,name='__DEFAULT__',projects=[],qos_specs=,qos_specs_id=None,updated_at=2021-07-28T10:27:37Z), 'volume_type_id': 'c2b0a04c-38de-41ed-98c1-c29319f44c32', 'encryption_key_id': None, 'qos_specs': None, 'consistencygroup_id': None, 'cgsnapshot_id': None, 'group_id': None, 'replication_status': 'disabled', 'refresh_az': False, 'backup_id': None, 'multiattach': False, 'availability_zones': ['nova']}' {{(pid=100084) _task_receiver /usr/local/lib/python3.8/dist-packages/taskflow/listeners/logging.py:178}}
Jul 28 10:37:51.764289 dv-cinder-800431-3-smb devstack@c-api.service[100084]: DEBUG cinder.volume.api [None req-a72cebfd-e16f-4251-a164-8cbedce0a6d6 tempest-DeleteServersTestJSON-1583640881 tempest-DeleteServersTestJSON-1583640881-project] Task 'cinder.volume.flows.api.create_volume.QuotaReserveTask;volume:create' (b21265bf-936b-4021-a768-01b81fd9de1b) transitioned into state 'RUNNING' from state 'PENDING' {{(pid=100084) _task_receiver /usr/local/lib/python3.8/dist-packages/taskflow/listeners/logging.py:190}}
Jul 28 10:37:51.786418 dv-cinder-800431-3-smb devstack@c-api.service[100081]: INFO cinder.api.openstack.wsgi [None req-7644e2bd-8f83-4c10-a63b-efb0d2474991 tempest-GroupSnapshotsTest-541663889 tempest-GroupSnapshotsTest-541663889-project] GET http://10.222.0.21/volume/v3/c8cdb1f92bdd4066b229965db5f59d5d/volumes/32e10bc4-dd40-43f9-82a0-c6d7809afe9e
Jul 28 10:37:51.787054 dv-cinder-800431-3-smb devstack@c-api.service[100081]: DEBUG cinder.api.openstack.wsgi [None req-7644e2bd-8f83-4c10-a63b-efb0d2474991 tempest-GroupSnapshotsTest-541663889 tempest-GroupSnapshotsTest-541663889-project] Empty body provided in request {{(pid=100081) get_body /opt/stack/cinder/cinder/api/openstack/wsgi.py:703}}
Jul 28 10:37:51.787382 dv-cinder-800431-3-smb devstack@c-api.service[100081]: /usr/local/lib/python3.8/dist-packages/webob/acceptparse.py:1047: DeprecationWarning: The behavior of AcceptValidHeader.best_match is currently being maintained for backward compatibility, but it will be deprecated in the future, as it does not conform to the RFC.
Jul 28 10:37:51.787382 dv-cinder-800431-3-smb devstack@c-api.service[100081]: warnings.warn(
Jul 28 10:37:51.787728 dv-cinder-800431-3-smb devstack@c-api.service[100081]: DEBUG cinder.api.openstack.wsgi [None req-7644e2bd-8f83-4c10-a63b-efb0d2474991 tempest-GroupSnapshotsTest-541663889 tempest-GroupSnapshotsTest-541663889-project] Calling method 'show' {{(pid=100081) _process_stack /opt/stack/cinder/cinder/api/openstack/wsgi.py:856}}
Jul 28 10:37:51.814847 dv-cinder-800431-3-smb devstack@c-api.service[100081]: INFO cinder.api.openstack.wsgi [None req-7644e2bd-8f83-4c10-a63b-efb0d2474991 tempest-GroupSnapshotsTest-541663889 tempest-GroupSnapshotsTest-541663889-project] http://10.222.0.21/volume/v3/c8cdb1f92bdd4066b229965db5f59d5d/volumes/32e10bc4-dd40-43f9-82a0-c6d7809afe9e returned with HTTP 404
Jul 28 10:37:51.816748 dv-cinder-800431-3-smb devstack@c-api.service[100081]: [pid: 100081|app: 0|req: 120/249] 10.222.0.21 () {60 vars in 1366 bytes} [Wed Jul 28 10:37:51 2021] GET /volume/v3/c8cdb1f92bdd4066b229965db5f59d5d/volumes/32e10bc4-dd40-43f9-82a0-c6d7809afe9e => generated 109 bytes in 34 msecs (HTTP/1.1 404) 7 headers in 293 bytes (2 switches on core 0)
Jul 28 10:37:51.827091 dv-cinder-800431-3-smb devstack@c-api.service[100081]: INFO cinder.api.openstack.wsgi [None req-cc802ed0-f910-4ddc-8f82-ae19ade170ea tempest-GroupSnapshotsTest-541663889 tempest-GroupSnapshotsTest-541663889-project] GET http://10.222.0.21/volume/v3/c8cdb1f92bdd4066b229965db5f59d5d/groups/43f10fe2-cebd-4980-b41a-2a7ca004c3ea
Jul 28 10:37:51.827941 dv-cinder-800431-3-smb devstack@c-api.service[100081]: DEBUG cinder.api.openstack.wsgi [None req-cc802ed0-f910-4ddc-8f82-ae19ade170ea tempest-GroupSnapshotsTest-541663889 tempest-GroupSnapshotsTest-541663889-project] Empty body provided in request {{(pid=100081) get_body /opt/stack/cinder/cinder/api/openstack/wsgi.py:703}}
Jul 28 10:37:51.828356 dv-cinder-800431-3-smb devstack@c-api.service[100081]: DEBUG cinder.api.openstack.wsgi [None req-cc802ed0-f910-4ddc-8f82-ae19ade170ea tempest-GroupSnapshotsTest-541663889 tempest-GroupSnapshotsTest-541663889-project] Calling method 'version_select' {{(pid=100081) _process_stack /opt/stack/cinder/cinder/api/openstack/wsgi.py:856}}
Jul 28 10:37:51.828703 dv-cinder-800431-3-smb devstack@c-api.service[100081]: DEBUG cinder.api.v3.groups [None req-cc802ed0-f910-4ddc-8f82-ae19ade170ea tempest-GroupSnapshotsTest-541663889 tempest-GroupSnapshotsTest-541663889-project] show called for member 43f10fe2-cebd-4980-b41a-2a7ca004c3ea {{(pid=100081) show /opt/stack/cinder/cinder/api/v3/groups.py:58}}
Jul 28 10:37:51.844035 dv-cinder-800431-3-smb devstack@c-api.service[100081]: INFO cinder.api.openstack.wsgi [None req-cc802ed0-f910-4ddc-8f82-ae19ade170ea tempest-GroupSnapshotsTest-541663889 tempest-GroupSnapshotsTest-541663889-project] http://10.222.0.21/volume/v3/c8cdb1f92bdd4066b229965db5f59d5d/groups/43f10fe2-cebd-4980-b41a-2a7ca004c3ea returned with HTTP 404
Jul 28 10:37:51.845765 dv-cinder-800431-3-smb devstack@c-api.service[100081]: [pid: 100081|app: 0|req: 121/250] 10.222.0.21 () {60 vars in 1363 bytes} [Wed Jul 28 10:37:51 2021] GET /volume/v3/c8cdb1f92bdd4066b229965db5f59d5d/groups/43f10fe2-cebd-4980-b41a-2a7ca004c3ea => generated 108 bytes in 23 msecs (HTTP/1.1 404) 7 headers in 293 bytes (1 switches on core 0)
Jul 28 10:37:51.853348 dv-cinder-800431-3-smb devstack@c-api.service[100081]: INFO cinder.api.openstack.wsgi [None req-18c72b16-96ae-4024-9fbd-597abfff735b tempest-GroupSnapshotsTest-1432484190 tempest-GroupSnapshotsTest-1432484190-project-admin] DELETE http://10.222.0.21/volume/v3/0045c80c9f4c430cae19e2d13be44c8d/group_types/798d2db6-fcc3-41f6-b551-d5ae60fa01aa
Jul 28 10:37:51.853991 dv-cinder-800431-3-smb devstack@c-api.service[100081]: DEBUG cinder.api.openstack.wsgi [None req-18c72b16-96ae-4024-9fbd-597abfff735b tempest-GroupSnapshotsTest-1432484190 tempest-GroupSnapshotsTest-1432484190-project-admin] Empty body provided in request {{(pid=100081) get_body /opt/stack/cinder/cinder/api/openstack/wsgi.py:703}}
Jul 28 10:37:51.855169 dv-cinder-800431-3-smb devstack@c-api.service[100081]: DEBUG cinder.api.openstack.wsgi [None req-18c72b16-96ae-4024-9fbd-597abfff735b tempest-GroupSnapshotsTest-1432484190 tempest-GroupSnapshotsTest-1432484190-project-admin] Calling method 'version_select' {{(pid=100081) _process_stack /opt/stack/cinder/cinder/api/openstack/wsgi.py:856}}
Jul 28 10:37:51.894090 dv-cinder-800431-3-smb devstack@c-api.service[100081]: INFO cinder.api.openstack.wsgi [None req-18c72b16-96ae-4024-9fbd-597abfff735b tempest-GroupSnapshotsTest-1432484190 tempest-GroupSnapshotsTest-1432484190-project-admin] http://10.222.0.21/volume/v3/0045c80c9f4c430cae19e2d13be44c8d/group_types/798d2db6-fcc3-41f6-b551-d5ae60fa01aa returned with HTTP 202
Jul 28 10:37:51.900980 dv-cinder-800431-3-smb devstack@c-api.service[100081]: [pid: 100081|app: 0|req: 122/251] 10.222.0.21 () {60 vars in 1381 bytes} [Wed Jul 28 10:37:51 2021] DELETE /volume/v3/0045c80c9f4c430cae19e2d13be44c8d/group_types/798d2db6-fcc3-41f6-b551-d5ae60fa01aa => generated 0 bytes in 51 msecs (HTTP/1.1 202) 6 headers in 234 bytes (2 switches on core 0)
Jul 28 10:37:51.907654 dv-cinder-800431-3-smb devstack@c-api.service[100081]: INFO cinder.api.openstack.wsgi [None req-57d2c61c-0438-4d75-b7fd-bb160145f3e9 tempest-GroupSnapshotsTest-541663889 tempest-GroupSnapshotsTest-541663889-project] DELETE http://10.222.0.21/volume/v3/c8cdb1f92bdd4066b229965db5f59d5d/volumes/32e10bc4-dd40-43f9-82a0-c6d7809afe9e
Jul 28 10:37:51.907795 dv-cinder-800431-3-smb devstack@c-api.service[100084]: DEBUG cinder.quota [None req-a72cebfd-e16f-4251-a164-8cbedce0a6d6 tempest-DeleteServersTestJSON-1583640881 tempest-DeleteServersTestJSON-1583640881-project] Created reservations ['f610388b-9721-42c3-af43-4d1ea3f728b3', 'afaae148-c10e-4498-8865-39a2eb05630e', 'd1b5bbfb-f842-46f2-913b-e905af0af45f', '01cb51d4-957b-4303-9f94-31ec13385d21'] {{(pid=100084) reserve /opt/stack/cinder/cinder/quota.py:755}}
Jul 28 10:37:51.908641 dv-cinder-800431-3-smb devstack@c-api.service[100081]: DEBUG cinder.api.openstack.wsgi [None req-57d2c61c-0438-4d75-b7fd-bb160145f3e9 tempest-GroupSnapshotsTest-541663889 tempest-GroupSnapshotsTest-541663889-project] Empty body provided in request {{(pid=100081) get_body /opt/stack/cinder/cinder/api/openstack/wsgi.py:703}}
Jul 28 10:37:51.909297 dv-cinder-800431-3-smb devstack@c-api.service[100081]: DEBUG cinder.api.openstack.wsgi [None req-57d2c61c-0438-4d75-b7fd-bb160145f3e9 tempest-GroupSnapshotsTest-541663889 tempest-GroupSnapshotsTest-541663889-project] Calling method 'delete' {{(pid=100081) _process_stack /opt/stack/cinder/cinder/api/openstack/wsgi.py:856}}
Jul 28 10:37:51.909498 dv-cinder-800431-3-smb devstack@c-api.service[100084]: DEBUG cinder.volume.api [None req-a72cebfd-e16f-4251-a164-8cbedce0a6d6 tempest-DeleteServersTestJSON-1583640881 tempest-DeleteServersTestJSON-1583640881-project] Task 'cinder.volume.flows.api.create_volume.QuotaReserveTask;volume:create' (b21265bf-936b-4021-a768-01b81fd9de1b) transitioned into state 'SUCCESS' from state 'RUNNING' with result '{'reservations': ['f610388b-9721-42c3-af43-4d1ea3f728b3', 'afaae148-c10e-4498-8865-39a2eb05630e', 'd1b5bbfb-f842-46f2-913b-e905af0af45f', '01cb51d4-957b-4303-9f94-31ec13385d21']}' {{(pid=100084) _task_receiver /usr/local/lib/python3.8/dist-packages/taskflow/listeners/logging.py:178}}
Jul 28 10:37:51.910145 dv-cinder-800431-3-smb devstack@c-api.service[100081]: INFO cinder.api.v3.volumes [None req-57d2c61c-0438-4d75-b7fd-bb160145f3e9 tempest-GroupSnapshotsTest-541663889 tempest-GroupSnapshotsTest-541663889-project] Delete volume with id: 32e10bc4-dd40-43f9-82a0-c6d7809afe9e
