Jul 28 10:37:47.443430 dv-cinder-800431-3-smb devstack@c-api.service[100081]: /usr/local/lib/python3.8/dist-packages/webob/acceptparse.py:1047: DeprecationWarning: The behavior of AcceptValidHeader.best_match is currently being maintained for backward compatibility, but it will be deprecated in the future, as it does not conform to the RFC.
Jul 28 10:37:47.443430 dv-cinder-800431-3-smb devstack@c-api.service[100081]: warnings.warn(
Jul 28 10:37:47.443972 dv-cinder-800431-3-smb devstack@c-api.service[100081]: DEBUG cinder.api.openstack.wsgi [None req-7e8c2c86-bff4-4720-b6cc-922779c77cd9 tempest-GroupSnapshotsTest-541663889 tempest-GroupSnapshotsTest-541663889-project] Action: 'create', calling method: version_select, body: {"group_snapshot": {"group_id": "43f10fe2-cebd-4980-b41a-2a7ca004c3ea", "name": "tempest-group_snapshot-654721495"}} {{(pid=100081) _process_stack /opt/stack/cinder/cinder/api/openstack/wsgi.py:854}}
Jul 28 10:37:47.444862 dv-cinder-800431-3-smb devstack@c-api.service[100081]: DEBUG cinder.api.v3.group_snapshots [None req-7e8c2c86-bff4-4720-b6cc-922779c77cd9 tempest-GroupSnapshotsTest-541663889 tempest-GroupSnapshotsTest-541663889-project] Creating new group_snapshot {'group_snapshot': {'group_id': '43f10fe2-cebd-4980-b41a-2a7ca004c3ea', 'name': 'tempest-group_snapshot-654721495'}} {{(pid=100081) create /opt/stack/cinder/cinder/api/v3/group_snapshots.py:154}}
Jul 28 10:37:47.459399 dv-cinder-800431-3-smb devstack@c-api.service[100081]: /usr/local/lib/python3.8/dist-packages/oslo_context/context.py:105: DeprecationWarning: Policy enforcement is depending on the value of is_admin. This key is deprecated. Please update your policy file to use the standard policy values.
Jul 28 10:37:47.459399 dv-cinder-800431-3-smb devstack@c-api.service[100081]: warnings.warn('Policy enforcement is depending on the value of '
Jul 28 10:37:47.470063 dv-cinder-800431-3-smb devstack@c-api.service[100081]: INFO cinder.api.v3.group_snapshots [None req-7e8c2c86-bff4-4720-b6cc-922779c77cd9 tempest-GroupSnapshotsTest-541663889 tempest-GroupSnapshotsTest-541663889-project] Creating group_snapshot tempest-group_snapshot-654721495.
Jul 28 10:37:47.534370 dv-cinder-800431-3-smb devstack@c-api.service[100081]: /usr/local/lib/python3.8/dist-packages/oslo_context/context.py:105: DeprecationWarning: Policy enforcement is depending on the value of is_admin. This key is deprecated. Please update your policy file to use the standard policy values.
Jul 28 10:37:47.534370 dv-cinder-800431-3-smb devstack@c-api.service[100081]: warnings.warn('Policy enforcement is depending on the value of '
Jul 28 10:37:47.624372 dv-cinder-800431-3-smb devstack@c-api.service[100081]: WARNING cinder.quota [None req-7e8c2c86-bff4-4720-b6cc-922779c77cd9 tempest-GroupSnapshotsTest-541663889 tempest-GroupSnapshotsTest-541663889-project] Deprecated: Default quota for resource: gigabytes_tempest-GroupSnapshotsTest-volume-type-2097920511 is set by the default quota flag: quota_gigabytes_tempest-GroupSnapshotsTest-volume-type-2097920511, it is now deprecated. Please use the default quota class for default quota.
Jul 28 10:37:47.625152 dv-cinder-800431-3-smb devstack@c-api.service[100081]: WARNING cinder.quota [None req-7e8c2c86-bff4-4720-b6cc-922779c77cd9 tempest-GroupSnapshotsTest-541663889 tempest-GroupSnapshotsTest-541663889-project] Deprecated: Default quota for resource: snapshots_tempest-GroupSnapshotsTest-volume-type-2097920511 is set by the default quota flag: quota_snapshots_tempest-GroupSnapshotsTest-volume-type-2097920511, it is now deprecated. Please use the default quota class for default quota.
Jul 28 10:37:47.712720 dv-cinder-800431-3-smb devstack@c-api.service[100081]: DEBUG cinder.quota [None req-7e8c2c86-bff4-4720-b6cc-922779c77cd9 tempest-GroupSnapshotsTest-541663889 tempest-GroupSnapshotsTest-541663889-project] Created reservations ['b9acd32a-7ba1-4daa-995d-77ff2592380e', '422091d6-7353-4a81-94a7-c1aaac8252f9', '203ca16e-95a3-402d-a432-d5e89f7cf866', 'c294a2be-fe7c-4a31-8b0f-82be34169247'] {{(pid=100081) reserve /opt/stack/cinder/cinder/quota.py:755}}
Jul 28 10:37:47.798209 dv-cinder-800431-3-smb devstack@c-api.service[100081]: INFO cinder.api.openstack.wsgi [None req-7e8c2c86-bff4-4720-b6cc-922779c77cd9 tempest-GroupSnapshotsTest-541663889 tempest-GroupSnapshotsTest-541663889-project] http://10.222.0.21/volume/v3/c8cdb1f92bdd4066b229965db5f59d5d/group_snapshots returned with HTTP 202
Jul 28 10:37:47.803635 dv-cinder-800431-3-smb devstack@c-api.service[100081]: [pid: 100081|app: 0|req: 100/211] 10.222.0.21 () {62 vars in 1301 bytes} [Wed Jul 28 10:37:47 2021] POST /volume/v3/c8cdb1f92bdd4066b229965db5f59d5d/group_snapshots => generated 167 bytes in 364 msecs (HTTP/1.1 202) 7 headers in 292 bytes (1 switches on core 0)
Jul 28 10:37:47.811142 dv-cinder-800431-3-smb devstack@c-api.service[100084]: INFO cinder.api.openstack.wsgi [None req-5cd850f4-6c12-4f6c-9eab-2f7e66228779 tempest-GroupSnapshotsTest-541663889 tempest-GroupSnapshotsTest-541663889-project] GET http://10.222.0.21/volume/v3/c8cdb1f92bdd4066b229965db5f59d5d/group_snapshots/9cea43fa-47c7-4243-bc8c-fdbd70615725
Jul 28 10:37:47.811934 dv-cinder-800431-3-smb devstack@c-api.service[100084]: DEBUG cinder.api.openstack.wsgi [None req-5cd850f4-6c12-4f6c-9eab-2f7e66228779 tempest-GroupSnapshotsTest-541663889 tempest-GroupSnapshotsTest-541663889-project] Empty body provided in request {{(pid=100084) get_body /opt/stack/cinder/cinder/api/openstack/wsgi.py:703}}
Jul 28 10:37:47.812381 dv-cinder-800431-3-smb devstack@c-api.service[100084]: /usr/local/lib/python3.8/dist-packages/webob/acceptparse.py:1047: DeprecationWarning: The behavior of AcceptValidHeader.best_match is currently being maintained for backward compatibility, but it will be deprecated in the future, as it does not conform to the RFC.
Jul 28 10:37:47.812381 dv-cinder-800431-3-smb devstack@c-api.service[100084]: warnings.warn(
Jul 28 10:37:47.812961 dv-cinder-800431-3-smb devstack@c-api.service[100084]: DEBUG cinder.api.openstack.wsgi [None req-5cd850f4-6c12-4f6c-9eab-2f7e66228779 tempest-GroupSnapshotsTest-541663889 tempest-GroupSnapshotsTest-541663889-project] Calling method 'version_select' {{(pid=100084) _process_stack /opt/stack/cinder/cinder/api/openstack/wsgi.py:856}}
Jul 28 10:37:47.813550 dv-cinder-800431-3-smb devstack@c-api.service[100084]: DEBUG cinder.api.v3.group_snapshots [None req-5cd850f4-6c12-4f6c-9eab-2f7e66228779 tempest-GroupSnapshotsTest-541663889 tempest-GroupSnapshotsTest-541663889-project] show called for member 9cea43fa-47c7-4243-bc8c-fdbd70615725 {{(pid=100084) show /opt/stack/cinder/cinder/api/v3/group_snapshots.py:58}}
Jul 28 10:37:47.827951 dv-cinder-800431-3-smb devstack@c-api.service[100084]: /usr/local/lib/python3.8/dist-packages/oslo_context/context.py:105: DeprecationWarning: Policy enforcement is depending on the value of is_admin. This key is deprecated. Please update your policy file to use the standard policy values.
Jul 28 10:37:47.827951 dv-cinder-800431-3-smb devstack@c-api.service[100084]: warnings.warn('Policy enforcement is depending on the value of '
Jul 28 10:37:47.840341 dv-cinder-800431-3-smb devstack@c-api.service[100084]: INFO cinder.api.openstack.wsgi [None req-5cd850f4-6c12-4f6c-9eab-2f7e66228779 tempest-GroupSnapshotsTest-541663889 tempest-GroupSnapshotsTest-541663889-project] http://10.222.0.21/volume/v3/c8cdb1f92bdd4066b229965db5f59d5d/group_snapshots/9cea43fa-47c7-4243-bc8c-fdbd70615725 returned with HTTP 200
Jul 28 10:37:47.847027 dv-cinder-800431-3-smb devstack@c-api.service[100084]: [pid: 100084|app: 0|req: 112/212] 10.222.0.21 () {60 vars in 1390 bytes} [Wed Jul 28 10:37:47 2021] GET /volume/v3/c8cdb1f92bdd4066b229965db5f59d5d/group_snapshots/9cea43fa-47c7-4243-bc8c-fdbd70615725 => generated 306 bytes in 42 msecs (HTTP/1.1 200) 7 headers in 286 bytes (1 switches on core 0)
Jul 28 10:37:48.177641 dv-cinder-800431-3-smb devstack@c-api.service[100081]: INFO cinder.api.openstack.wsgi [None req-b711a42a-2682-4497-af5a-94eff82ede8c tempest-VolumeQuotasAdminTestJSON-1689652237 tempest-VolumeQuotasAdminTestJSON-1689652237-project-admin] GET http://10.222.0.21/volume/v3/161d142af1814d428850ba1127b9b9cf/os-quota-sets/939fda706668459fbe8be109561f246b
Jul 28 10:37:48.178202 dv-cinder-800431-3-smb devstack@c-api.service[100081]: DEBUG cinder.api.openstack.wsgi [None req-b711a42a-2682-4497-af5a-94eff82ede8c tempest-VolumeQuotasAdminTestJSON-1689652237 tempest-VolumeQuotasAdminTestJSON-1689652237-project-admin] Empty body provided in request {{(pid=100081) get_body /opt/stack/cinder/cinder/api/openstack/wsgi.py:703}}
Jul 28 10:37:48.178619 dv-cinder-800431-3-smb devstack@c-api.service[100081]: /usr/local/lib/python3.8/dist-packages/webob/acceptparse.py:1047: DeprecationWarning: The behavior of AcceptValidHeader.best_match is currently being maintained for backward compatibility, but it will be deprecated in the future, as it does not conform to the RFC.
Jul 28 10:37:48.178619 dv-cinder-800431-3-smb devstack@c-api.service[100081]: warnings.warn(
Jul 28 10:37:48.179270 dv-cinder-800431-3-smb devstack@c-api.service[100081]: DEBUG cinder.api.openstack.wsgi [None req-b711a42a-2682-4497-af5a-94eff82ede8c tempest-VolumeQuotasAdminTestJSON-1689652237 tempest-VolumeQuotasAdminTestJSON-1689652237-project-admin] Calling method 'show' {{(pid=100081) _process_stack /opt/stack/cinder/cinder/api/openstack/wsgi.py:856}}
Jul 28 10:37:48.180627 dv-cinder-800431-3-smb devstack@c-api.service[100081]: /usr/local/lib/python3.8/dist-packages/oslo_context/context.py:105: DeprecationWarning: Policy enforcement is depending on the value of is_admin. This key is deprecated. Please update your policy file to use the standard policy values.
Jul 28 10:37:48.180627 dv-cinder-800431-3-smb devstack@c-api.service[100081]: warnings.warn('Policy enforcement is depending on the value of '
Jul 28 10:37:48.199069 dv-cinder-800431-3-smb devstack@c-api.service[100081]: WARNING cinder.quota [None req-b711a42a-2682-4497-af5a-94eff82ede8c tempest-VolumeQuotasAdminTestJSON-1689652237 tempest-VolumeQuotasAdminTestJSON-1689652237-project-admin] Deprecated: Default quota for resource: backups is set by the default quota flag: quota_backups, it is now deprecated. Please use the default quota class for default quota.
Jul 28 10:37:48.209977 dv-cinder-800431-3-smb devstack@c-api.service[100081]: WARNING cinder.quota [None req-b711a42a-2682-4497-af5a-94eff82ede8c tempest-VolumeQuotasAdminTestJSON-1689652237 tempest-VolumeQuotasAdminTestJSON-1689652237-project-admin] Deprecated: Default quota for resource: backup_gigabytes is set by the default quota flag: quota_backup_gigabytes, it is now deprecated. Please use the default quota class for default quota.
Jul 28 10:37:48.211353 dv-cinder-800431-3-smb devstack@c-api.service[100081]: WARNING cinder.quota [None req-b711a42a-2682-4497-af5a-94eff82ede8c tempest-VolumeQuotasAdminTestJSON-1689652237 tempest-VolumeQuotasAdminTestJSON-1689652237-project-admin] Deprecated: Default quota for resource: volumes_tempest-GroupSnapshotsTest-volume-type-2097920511 is set by the default quota flag: quota_volumes_tempest-GroupSnapshotsTest-volume-type-2097920511, it is now deprecated. Please use the default quota class for default quota.
Jul 28 10:37:48.214653 dv-cinder-800431-3-smb devstack@c-api.service[100081]: WARNING cinder.quota [None req-b711a42a-2682-4497-af5a-94eff82ede8c tempest-VolumeQuotasAdminTestJSON-1689652237 tempest-VolumeQuotasAdminTestJSON-1689652237-project-admin] Deprecated: Default quota for resource: volumes_tempest-GroupSnapshotsTest-volume-type-1414739006 is set by the default quota flag: quota_volumes_tempest-GroupSnapshotsTest-volume-type-1414739006, it is now deprecated. Please use the default quota class for default quota.
Jul 28 10:37:48.215863 dv-cinder-800431-3-smb devstack@c-api.service[100081]: WARNING cinder.quota [None req-b711a42a-2682-4497-af5a-94eff82ede8c tempest-VolumeQuotasAdminTestJSON-1689652237 tempest-VolumeQuotasAdminTestJSON-1689652237-project-admin] Deprecated: Default quota for resource: gigabytes_tempest-GroupSnapshotsTest-volume-type-1414739006 is set by the default quota flag: quota_gigabytes_tempest-GroupSnapshotsTest-volume-type-1414739006, it is now deprecated. Please use the default quota class for default quota.
Jul 28 10:37:48.216729 dv-cinder-800431-3-smb devstack@c-api.service[100081]: WARNING cinder.quota [None req-b711a42a-2682-4497-af5a-94eff82ede8c tempest-VolumeQuotasAdminTestJSON-1689652237 tempest-VolumeQuotasAdminTestJSON-1689652237-project-admin] Deprecated: Default quota for resource: snapshots_tempest-GroupSnapshotsTest-volume-type-1414739006 is set by the default quota flag: quota_snapshots_tempest-GroupSnapshotsTest-volume-type-1414739006, it is now deprecated. Please use the default quota class for default quota.
Jul 28 10:37:48.217612 dv-cinder-800431-3-smb devstack@c-api.service[100081]: WARNING cinder.quota [None req-b711a42a-2682-4497-af5a-94eff82ede8c tempest-VolumeQuotasAdminTestJSON-1689652237 tempest-VolumeQuotasAdminTestJSON-1689652237-project-admin] Deprecated: Default quota for resource: volumes_lvmdriver-1 is set by the default quota flag: quota_volumes_lvmdriver-1, it is now deprecated. Please use the default quota class for default quota.
Jul 28 10:37:48.219279 dv-cinder-800431-3-smb devstack@c-api.service[100081]: WARNING cinder.quota [None req-b711a42a-2682-4497-af5a-94eff82ede8c tempest-VolumeQuotasAdminTestJSON-1689652237 tempest-VolumeQuotasAdminTestJSON-1689652237-project-admin] Deprecated: Default quota for resource: gigabytes_lvmdriver-1 is set by the default quota flag: quota_gigabytes_lvmdriver-1, it is now deprecated. Please use the default quota class for default quota.
Jul 28 10:37:48.220337 dv-cinder-800431-3-smb devstack@c-api.service[100081]: WARNING cinder.quota [None req-b711a42a-2682-4497-af5a-94eff82ede8c tempest-VolumeQuotasAdminTestJSON-1689652237 tempest-VolumeQuotasAdminTestJSON-1689652237-project-admin] Deprecated: Default quota for resource: snapshots_lvmdriver-1 is set by the default quota flag: quota_snapshots_lvmdriver-1, it is now deprecated. Please use the default quota class for default quota.
Jul 28 10:37:48.221869 dv-cinder-800431-3-smb devstack@c-api.service[100081]: WARNING cinder.quota [None req-b711a42a-2682-4497-af5a-94eff82ede8c tempest-VolumeQuotasAdminTestJSON-1689652237 tempest-VolumeQuotasAdminTestJSON-1689652237-project-admin] Deprecated: Default quota for resource: snapshots___DEFAULT__ is set by the default quota flag: quota_snapshots___DEFAULT__, it is now deprecated. Please use the default quota class for default quota.
Jul 28 10:37:48.230630 dv-cinder-800431-3-smb devstack@c-api.service[100081]: INFO cinder.api.openstack.wsgi [None req-b711a42a-2682-4497-af5a-94eff82ede8c tempest-VolumeQuotasAdminTestJSON-1689652237 tempest-VolumeQuotasAdminTestJSON-1689652237-project-admin] http://10.222.0.21/volume/v3/161d142af1814d428850ba1127b9b9cf/os-quota-sets/939fda706668459fbe8be109561f246b returned with HTTP 200
Jul 28 10:37:48.236834 dv-cinder-800431-3-smb devstack@c-api.service[100081]: [pid: 100081|app: 0|req: 101/213] 10.222.0.21 () {58 vars in 1331 bytes} [Wed Jul 28 10:37:48 2021] GET /volume/v3/161d142af1814d428850ba1127b9b9cf/os-quota-sets/939fda706668459fbe8be109561f246b => generated 955 bytes in 218 msecs (HTTP/1.1 200) 7 headers in 285 bytes (1 switches on core 0)
Jul 28 10:37:48.254272 dv-cinder-800431-3-smb devstack@c-api.service[100084]: INFO cinder.api.openstack.wsgi [None req-42f22388-67e5-4d04-837d-1b704ffca0b5 tempest-VolumeQuotasAdminTestJSON-1689652237 tempest-VolumeQuotasAdminTestJSON-1689652237-project-admin] GET http://10.222.0.21/volume/v3/161d142af1814d428850ba1127b9b9cf/os-quota-sets/939fda706668459fbe8be109561f246b/defaults
Jul 28 10:37:48.255880 dv-cinder-800431-3-smb devstack@c-api.service[100084]: DEBUG cinder.api.openstack.wsgi [None req-42f22388-67e5-4d04-837d-1b704ffca0b5 tempest-VolumeQuotasAdminTestJSON-1689652237 tempest-VolumeQuotasAdminTestJSON-1689652237-project-admin] Empty body provided in request {{(pid=100084) get_body /opt/stack/cinder/cinder/api/openstack/wsgi.py:703}}
Jul 28 10:37:48.256267 dv-cinder-800431-3-smb devstack@c-api.service[100084]: /usr/local/lib/python3.8/dist-packages/webob/acceptparse.py:1047: DeprecationWarning: The behavior of AcceptValidHeader.best_match is currently being maintained for backward compatibility, but it will be deprecated in the future, as it does not conform to the RFC.
Jul 28 10:37:48.256267 dv-cinder-800431-3-smb devstack@c-api.service[100084]: warnings.warn(
Jul 28 10:37:48.256928 dv-cinder-800431-3-smb devstack@c-api.service[100084]: DEBUG cinder.api.openstack.wsgi [None req-42f22388-67e5-4d04-837d-1b704ffca0b5 tempest-VolumeQuotasAdminTestJSON-1689652237 tempest-VolumeQuotasAdminTestJSON-1689652237-project-admin] Calling method 'defaults' {{(pid=100084) _process_stack /opt/stack/cinder/cinder/api/openstack/wsgi.py:856}}
Jul 28 10:37:48.271996 dv-cinder-800431-3-smb devstack@c-api.service[100081]: INFO cinder.api.openstack.wsgi [None req-ba59a6aa-c5ea-4ea9-9fa4-da2c4a645969 tempest-VolumeManageAdminTest-72836684 tempest-VolumeManageAdminTest-72836684-project-admin] GET http://10.222.0.21/volume/v3/564bfcc82621480a8d4923b136ad33dc/volumes/ffc98b9a-a706-4c01-992c-14410b8c22ae
Jul 28 10:37:48.272787 dv-cinder-800431-3-smb devstack@c-api.service[100081]: DEBUG cinder.api.openstack.wsgi [None req-ba59a6aa-c5ea-4ea9-9fa4-da2c4a645969 tempest-VolumeManageAdminTest-72836684 tempest-VolumeManageAdminTest-72836684-project-admin] Empty body provided in request {{(pid=100081) get_body /opt/stack/cinder/cinder/api/openstack/wsgi.py:703}}
Jul 28 10:37:48.273544 dv-cinder-800431-3-smb devstack@c-api.service[100081]: DEBUG cinder.api.openstack.wsgi [None req-ba59a6aa-c5ea-4ea9-9fa4-da2c4a645969 tempest-VolumeManageAdminTest-72836684 tempest-VolumeManageAdminTest-72836684-project-admin] Calling method 'show' {{(pid=100081) _process_stack /opt/stack/cinder/cinder/api/openstack/wsgi.py:856}}
Jul 28 10:37:48.283417 dv-cinder-800431-3-smb devstack@c-api.service[100084]: WARNING cinder.quota [None req-42f22388-67e5-4d04-837d-1b704ffca0b5 tempest-VolumeQuotasAdminTestJSON-1689652237 tempest-VolumeQuotasAdminTestJSON-1689652237-project-admin] Deprecated: Default quota for resource: backups is set by the default quota flag: quota_backups, it is now deprecated. Please use the default quota class for default quota.
Jul 28 10:37:48.285706 dv-cinder-800431-3-smb devstack@c-api.service[100084]: WARNING cinder.quota [None req-42f22388-67e5-4d04-837d-1b704ffca0b5 tempest-VolumeQuotasAdminTestJSON-1689652237 tempest-VolumeQuotasAdminTestJSON-1689652237-project-admin] Deprecated: Default quota for resource: backup_gigabytes is set by the default quota flag: quota_backup_gigabytes, it is now deprecated. Please use the default quota class for default quota.
Jul 28 10:37:48.290168 dv-cinder-800431-3-smb devstack@c-api.service[100084]: WARNING cinder.quota [None req-42f22388-67e5-4d04-837d-1b704ffca0b5 tempest-VolumeQuotasAdminTestJSON-1689652237 tempest-VolumeQuotasAdminTestJSON-1689652237-project-admin] Deprecated: Default quota for resource: snapshots_tempest-GroupSnapshotsTest-volume-type-2097920511 is set by the default quota flag: quota_snapshots_tempest-GroupSnapshotsTest-volume-type-2097920511, it is now deprecated. Please use the default quota class for default quota.
Jul 28 10:37:48.293468 dv-cinder-800431-3-smb devstack@c-api.service[100084]: WARNING cinder.quota [None req-42f22388-67e5-4d04-837d-1b704ffca0b5 tempest-VolumeQuotasAdminTestJSON-1689652237 tempest-VolumeQuotasAdminTestJSON-1689652237-project-admin] Deprecated: Default quota for resource: snapshots_tempest-GroupSnapshotsTest-volume-type-968006385 is set by the default quota flag: quota_snapshots_tempest-GroupSnapshotsTest-volume-type-968006385, it is now deprecated. Please use the default quota class for default quota.
Jul 28 10:37:48.297198 dv-cinder-800431-3-smb devstack@c-api.service[100081]: INFO cinder.api.openstack.wsgi [None req-ba59a6aa-c5ea-4ea9-9fa4-da2c4a645969 tempest-VolumeManageAdminTest-72836684 tempest-VolumeManageAdminTest-72836684-project-admin] http://10.222.0.21/volume/v3/564bfcc82621480a8d4923b136ad33dc/volumes/ffc98b9a-a706-4c01-992c-14410b8c22ae returned with HTTP 404
Jul 28 10:37:48.298416 dv-cinder-800431-3-smb devstack@c-api.service[100084]: WARNING cinder.quota [None req-42f22388-67e5-4d04-837d-1b704ffca0b5 tempest-VolumeQuotasAdminTestJSON-1689652237 tempest-VolumeQuotasAdminTestJSON-1689652237-project-admin] Deprecated: Default quota for resource: volumes_lvmdriver-1 is set by the default quota flag: quota_volumes_lvmdriver-1, it is now deprecated. Please use the default quota class for default quota.
Jul 28 10:37:48.299887 dv-cinder-800431-3-smb devstack@c-api.service[100081]: [pid: 100081|app: 0|req: 102/214] 10.222.0.21 () {58 vars in 1325 bytes} [Wed Jul 28 10:37:48 2021] GET /volume/v3/564bfcc82621480a8d4923b136ad33dc/volumes/ffc98b9a-a706-4c01-992c-14410b8c22ae => generated 109 bytes in 40 msecs (HTTP/1.1 404) 7 headers in 292 bytes (1 switches on core 0)
Jul 28 10:37:48.300436 dv-cinder-800431-3-smb devstack@c-api.service[100084]: WARNING cinder.quota [None req-42f22388-67e5-4d04-837d-1b704ffca0b5 tempest-VolumeQuotasAdminTestJSON-1689652237 tempest-VolumeQuotasAdminTestJSON-1689652237-project-admin] Deprecated: Default quota for resource: gigabytes_lvmdriver-1 is set by the default quota flag: quota_gigabytes_lvmdriver-1, it is now deprecated. Please use the default quota class for default quota.
Jul 28 10:37:48.301208 dv-cinder-800431-3-smb devstack@c-api.service[100084]: WARNING cinder.quota [None req-42f22388-67e5-4d04-837d-1b704ffca0b5 tempest-VolumeQuotasAdminTestJSON-1689652237 tempest-VolumeQuotasAdminTestJSON-1689652237-project-admin] Deprecated: Default quota for resource: snapshots_lvmdriver-1 is set by the default quota flag: quota_snapshots_lvmdriver-1, it is now deprecated. Please use the default quota class for default quota.
Jul 28 10:37:48.302567 dv-cinder-800431-3-smb devstack@c-api.service[100084]: WARNING cinder.quota [None req-42f22388-67e5-4d04-837d-1b704ffca0b5 tempest-VolumeQuotasAdminTestJSON-1689652237 tempest-VolumeQuotasAdminTestJSON-1689652237-project-admin] Deprecated: Default quota for resource: snapshots___DEFAULT__ is set by the default quota flag: quota_snapshots___DEFAULT__, it is now deprecated. Please use the default quota class for default quota.
Jul 28 10:37:48.309055 dv-cinder-800431-3-smb devstack@c-api.service[100081]: INFO cinder.api.openstack.wsgi [None req-88bf5920-46a2-4c29-8485-f8b5f403b9e2 tempest-VolumeManageAdminTest-771790865 tempest-VolumeManageAdminTest-771790865-project] DELETE http://10.222.0.21/volume/v3/d92cbc985cfa4c8b8d7dbb0e3521f16f/volumes/1a59c159-7403-4d45-9a0d-22ccc89f2427
Jul 28 10:37:48.309506 dv-cinder-800431-3-smb devstack@c-api.service[100081]: DEBUG cinder.api.openstack.wsgi [None req-88bf5920-46a2-4c29-8485-f8b5f403b9e2 tempest-VolumeManageAdminTest-771790865 tempest-VolumeManageAdminTest-771790865-project] Empty body provided in request {{(pid=100081) get_body /opt/stack/cinder/cinder/api/openstack/wsgi.py:703}}
Jul 28 10:37:48.309914 dv-cinder-800431-3-smb devstack@c-api.service[100081]: DEBUG cinder.api.openstack.wsgi [None req-88bf5920-46a2-4c29-8485-f8b5f403b9e2 tempest-VolumeManageAdminTest-771790865 tempest-VolumeManageAdminTest-771790865-project] Calling method 'delete' {{(pid=100081) _process_stack /opt/stack/cinder/cinder/api/openstack/wsgi.py:856}}
Jul 28 10:37:48.310824 dv-cinder-800431-3-smb devstack@c-api.service[100081]: INFO cinder.api.v3.volumes [None req-88bf5920-46a2-4c29-8485-f8b5f403b9e2 tempest-VolumeManageAdminTest-771790865 tempest-VolumeManageAdminTest-771790865-project] Delete volume with id: 1a59c159-7403-4d45-9a0d-22ccc89f2427
Jul 28 10:37:48.312201 dv-cinder-800431-3-smb devstack@c-api.service[100084]: INFO cinder.api.openstack.wsgi [None req-42f22388-67e5-4d04-837d-1b704ffca0b5 tempest-VolumeQuotasAdminTestJSON-1689652237 tempest-VolumeQuotasAdminTestJSON-1689652237-project-admin] http://10.222.0.21/volume/v3/161d142af1814d428850ba1127b9b9cf/os-quota-sets/939fda706668459fbe8be109561f246b/defaults returned with HTTP 200
Jul 28 10:37:48.313381 dv-cinder-800431-3-smb devstack@c-api.service[100084]: [pid: 100084|app: 0|req: 113/215] 10.222.0.21 () {58 vars in 1358 bytes} [Wed Jul 28 10:37:48 2021] GET /volume/v3/161d142af1814d428850ba1127b9b9cf/os-quota-sets/939fda706668459fbe8be109561f246b/defaults => generated 955 bytes in 68 msecs (HTTP/1.1 200) 7 headers in 285 bytes (1 switches on core 0)
Jul 28 10:37:48.323160 dv-cinder-800431-3-smb devstack@c-api.service[100081]: INFO cinder.api.openstack.wsgi [None req-88bf5920-46a2-4c29-8485-f8b5f403b9e2 tempest-VolumeManageAdminTest-771790865 tempest-VolumeManageAdminTest-771790865-project] http://10.222.0.21/volume/v3/d92cbc985cfa4c8b8d7dbb0e3521f16f/volumes/1a59c159-7403-4d45-9a0d-22ccc89f2427 returned with HTTP 404
Jul 28 10:37:48.324492 dv-cinder-800431-3-smb devstack@c-api.service[100081]: [pid: 100081|app: 0|req: 103/216] 10.222.0.21 () {58 vars in 1328 bytes} [Wed Jul 28 10:37:48 2021] DELETE /volume/v3/d92cbc985cfa4c8b8d7dbb0e3521f16f/volumes/1a59c159-7403-4d45-9a0d-22ccc89f2427 => generated 109 bytes in 20 msecs (HTTP/1.1 404) 7 headers in 292 bytes (2 switches on core 0)
Jul 28 10:37:48.332534 dv-cinder-800431-3-smb devstack@c-api.service[100084]: INFO cinder.api.openstack.wsgi [None req-c9252bc5-9272-4348-9cb5-42c4e79c2a41 tempest-VolumeQuotasAdminTestJSON-1689652237 tempest-VolumeQuotasAdminTestJSON-1689652237-project-admin] PUT http://10.222.0.21/volume/v3/161d142af1814d428850ba1127b9b9cf/os-quota-sets/939fda706668459fbe8be109561f246b
Jul 28 10:37:48.335447 dv-cinder-800431-3-smb devstack@c-api.service[100084]: DEBUG cinder.api.openstack.wsgi [None req-c9252bc5-9272-4348-9cb5-42c4e79c2a41 tempest-VolumeQuotasAdminTestJSON-1689652237 tempest-VolumeQuotasAdminTestJSON-1689652237-project-admin] Action: 'update', calling method: update, body: {"quota_set": {"volumes": 15}} {{(pid=100084) _process_stack /opt/stack/cinder/cinder/api/openstack/wsgi.py:854}}
Jul 28 10:37:48.442071 dv-cinder-800431-3-smb devstack@c-api.service[100084]: INFO cinder.api.openstack.wsgi [None req-c9252bc5-9272-4348-9cb5-42c4e79c2a41 tempest-VolumeQuotasAdminTestJSON-1689652237 tempest-VolumeQuotasAdminTestJSON-1689652237-project-admin] http://10.222.0.21/volume/v3/161d142af1814d428850ba1127b9b9cf/os-quota-sets/939fda706668459fbe8be109561f246b returned with HTTP 200
Jul 28 10:37:48.443339 dv-cinder-800431-3-smb devstack@c-api.service[100084]: [pid: 100084|app: 0|req: 114/217] 10.222.0.21 () {60 vars in 1351 bytes} [Wed Jul 28 10:37:48 2021] PUT /volume/v3/161d142af1814d428850ba1127b9b9cf/os-quota-sets/939fda706668459fbe8be109561f246b => generated 913 bytes in 121 msecs (HTTP/1.1 200) 7 headers in 285 bytes (1 switches on core 0)
Jul 28 10:37:48.461926 dv-cinder-800431-3-smb devstack@c-api.service[100084]: INFO cinder.api.openstack.wsgi [None req-60a28ce2-d25f-49b5-a42f-31c718dae2d9 tempest-VolumeQuotasAdminTestJSON-1689652237 tempest-VolumeQuotasAdminTestJSON-1689652237-project-admin] DELETE http://10.222.0.21/volume/v3/161d142af1814d428850ba1127b9b9cf/os-quota-sets/939fda706668459fbe8be109561f246b
Jul 28 10:37:48.462490 dv-cinder-800431-3-smb devstack@c-api.service[100084]: DEBUG cinder.api.openstack.wsgi [None req-60a28ce2-d25f-49b5-a42f-31c718dae2d9 tempest-VolumeQuotasAdminTestJSON-1689652237 tempest-VolumeQuotasAdminTestJSON-1689652237-project-admin] Empty body provided in request {{(pid=100084) get_body /opt/stack/cinder/cinder/api/openstack/wsgi.py:703}}
Jul 28 10:37:48.462949 dv-cinder-800431-3-smb devstack@c-api.service[100084]: DEBUG cinder.api.openstack.wsgi [None req-60a28ce2-d25f-49b5-a42f-31c718dae2d9 tempest-VolumeQuotasAdminTestJSON-1689652237 tempest-VolumeQuotasAdminTestJSON-1689652237-project-admin] Calling method 'delete' {{(pid=100084) _process_stack /opt/stack/cinder/cinder/api/openstack/wsgi.py:856}}
Jul 28 10:37:48.486922 dv-cinder-800431-3-smb devstack@c-api.service[100084]: INFO cinder.api.openstack.wsgi [None req-60a28ce2-d25f-49b5-a42f-31c718dae2d9 tempest-VolumeQuotasAdminTestJSON-1689652237 tempest-VolumeQuotasAdminTestJSON-1689652237-project-admin] http://10.222.0.21/volume/v3/161d142af1814d428850ba1127b9b9cf/os-quota-sets/939fda706668459fbe8be109561f246b returned with HTTP 200
Jul 28 10:37:48.488009 dv-cinder-800431-3-smb devstack@c-api.service[100084]: [pid: 100084|app: 0|req: 115/218] 10.222.0.21 () {58 vars in 1334 bytes} [Wed Jul 28 10:37:48 2021] DELETE /volume/v3/161d142af1814d428850ba1127b9b9cf/os-quota-sets/939fda706668459fbe8be109561f246b => generated 0 bytes in 38 msecs (HTTP/1.1 200) 7 headers in 283 bytes (1 switches on core 0)
Jul 28 10:37:48.490547 dv-cinder-800431-3-smb devstack@c-api.service[100081]: INFO cinder.api.openstack.wsgi [None req-8f6f7b59-3c30-49ec-b9d5-a336c2c9f7d8 tempest-ExtensionsTestJSON-425733146 tempest-ExtensionsTestJSON-425733146-project] GET http://10.222.0.21/volume/v3/f7d59d8478da4d249b0ef15a6b6990b8/extensions
Jul 28 10:37:48.491165 dv-cinder-800431-3-smb devstack@c-api.service[100081]: DEBUG cinder.api.openstack.wsgi [None req-8f6f7b59-3c30-49ec-b9d5-a336c2c9f7d8 tempest-ExtensionsTestJSON-425733146 tempest-ExtensionsTestJSON-425733146-project] Empty body provided in request {{(pid=100081) get_body /opt/stack/cinder/cinder/api/openstack/wsgi.py:703}}
Jul 28 10:37:48.497353 dv-cinder-800431-3-smb devstack@c-api.service[100084]: INFO cinder.api.openstack.wsgi [None req-3acde884-35b6-4268-8485-b9b624bf9621 tempest-VolumeQuotasAdminTestJSON-1689652237 tempest-VolumeQuotasAdminTestJSON-1689652237-project-admin] GET http://10.222.0.21/volume/v3/161d142af1814d428850ba1127b9b9cf/os-quota-sets/939fda706668459fbe8be109561f246b
Jul 28 10:37:48.497989 dv-cinder-800431-3-smb devstack@c-api.service[100084]: DEBUG cinder.api.openstack.wsgi [None req-3acde884-35b6-4268-8485-b9b624bf9621 tempest-VolumeQuotasAdminTestJSON-1689652237 tempest-VolumeQuotasAdminTestJSON-1689652237-project-admin] Empty body provided in request {{(pid=100084) get_body /opt/stack/cinder/cinder/api/openstack/wsgi.py:703}}
Jul 28 10:37:48.498746 dv-cinder-800431-3-smb devstack@c-api.service[100084]: DEBUG cinder.api.openstack.wsgi [None req-3acde884-35b6-4268-8485-b9b624bf9621 tempest-VolumeQuotasAdminTestJSON-1689652237 tempest-VolumeQuotasAdminTestJSON-1689652237-project-admin] Calling method 'show' {{(pid=100084) _process_stack /opt/stack/cinder/cinder/api/openstack/wsgi.py:856}}
Jul 28 10:37:48.501582 dv-cinder-800431-3-smb devstack@c-api.service[100081]: DEBUG cinder.api.openstack.wsgi [None req-8f6f7b59-3c30-49ec-b9d5-a336c2c9f7d8 tempest-ExtensionsTestJSON-425733146 tempest-ExtensionsTestJSON-425733146-project] Calling method 'index' {{(pid=100081) _process_stack /opt/stack/cinder/cinder/api/openstack/wsgi.py:856}}
Jul 28 10:37:48.502894 dv-cinder-800431-3-smb devstack@c-api.service[100081]: INFO cinder.api.openstack.wsgi [None req-8f6f7b59-3c30-49ec-b9d5-a336c2c9f7d8 tempest-ExtensionsTestJSON-425733146 tempest-ExtensionsTestJSON-425733146-project] http://10.222.0.21/volume/v3/f7d59d8478da4d249b0ef15a6b6990b8/extensions returned with HTTP 200
Jul 28 10:37:48.504022 dv-cinder-800431-3-smb devstack@c-api.service[100081]: [pid: 100081|app: 0|req: 104/219] 10.222.0.21 () {58 vars in 1223 bytes} [Wed Jul 28 10:37:48 2021] GET /volume/v3/f7d59d8478da4d249b0ef15a6b6990b8/extensions => generated 5245 bytes in 142 msecs (HTTP/1.1 200) 7 headers in 286 bytes (2 switches on core 0)
Jul 28 10:37:48.572394 dv-cinder-800431-3-smb devstack@c-api.service[100084]: INFO cinder.api.openstack.wsgi [None req-3acde884-35b6-4268-8485-b9b624bf9621 tempest-VolumeQuotasAdminTestJSON-1689652237 tempest-VolumeQuotasAdminTestJSON-1689652237-project-admin] http://10.222.0.21/volume/v3/161d142af1814d428850ba1127b9b9cf/os-quota-sets/939fda706668459fbe8be109561f246b returned with HTTP 200
Jul 28 10:37:48.574741 dv-cinder-800431-3-smb devstack@c-api.service[100084]: [pid: 100084|app: 0|req: 116/220] 10.222.0.21 () {58 vars in 1331 bytes} [Wed Jul 28 10:37:48 2021] GET /volume/v3/161d142af1814d428850ba1127b9b9cf/os-quota-sets/939fda706668459fbe8be109561f246b => generated 955 bytes in 83 msecs (HTTP/1.1 200) 7 headers in 285 bytes (2 switches on core 0)
Jul 28 10:37:48.584808 dv-cinder-800431-3-smb devstack@c-api.service[100081]: INFO cinder.api.openstack.wsgi [None req-339ae4c4-f350-4624-919c-b84c6f065cdd tempest-VolumeQuotasAdminTestJSON-1689652237 tempest-VolumeQuotasAdminTestJSON-1689652237-project-admin] PUT http://10.222.0.21/volume/v3/161d142af1814d428850ba1127b9b9cf/os-quota-sets/939fda706668459fbe8be109561f246b
Jul 28 10:37:48.585489 dv-cinder-800431-3-smb devstack@c-api.service[100081]: DEBUG cinder.api.openstack.wsgi [None req-339ae4c4-f350-4624-919c-b84c6f065cdd tempest-VolumeQuotasAdminTestJSON-1689652237 tempest-VolumeQuotasAdminTestJSON-1689652237-project-admin] Action: 'update', calling method: update, body: {"quota_set": {"volumes": 10, "per_volume_gigabytes": -1, "snapshots": 10, "gigabytes": 1000, "backups": 10, "backup_gigabytes": 1000}} {{(pid=100081) _process_stack /opt/stack/cinder/cinder/api/openstack/wsgi.py:854}}
Jul 28 10:37:48.835377 dv-cinder-800431-3-smb devstack@c-api.service[100081]: INFO cinder.api.openstack.wsgi [None req-339ae4c4-f350-4624-919c-b84c6f065cdd tempest-VolumeQuotasAdminTestJSON-1689652237 tempest-VolumeQuotasAdminTestJSON-1689652237-project-admin] http://10.222.0.21/volume/v3/161d142af1814d428850ba1127b9b9cf/os-quota-sets/939fda706668459fbe8be109561f246b returned with HTTP 200
Jul 28 10:37:48.836556 dv-cinder-800431-3-smb devstack@c-api.service[100081]: [pid: 100081|app: 0|req: 105/221] 10.222.0.21 () {60 vars in 1352 bytes} [Wed Jul 28 10:37:48 2021] PUT /volume/v3/161d142af1814d428850ba1127b9b9cf/os-quota-sets/939fda706668459fbe8be109561f246b => generated 913 bytes in 257 msecs (HTTP/1.1 200) 7 headers in 285 bytes (1 switches on core 0)
Jul 28 10:37:48.849656 dv-cinder-800431-3-smb devstack@c-api.service[100084]: INFO cinder.api.openstack.wsgi [None req-446c270e-8d6f-487a-97ba-019441ea5243 tempest-VolumeQuotasAdminTestJSON-1689652237 tempest-VolumeQuotasAdminTestJSON-1689652237-project-admin] GET http://10.222.0.21/volume/v3/161d142af1814d428850ba1127b9b9cf/os-quota-sets/939fda706668459fbe8be109561f246b/defaults
Jul 28 10:37:48.852440 dv-cinder-800431-3-smb devstack@c-api.service[100084]: DEBUG cinder.api.openstack.wsgi [None req-446c270e-8d6f-487a-97ba-019441ea5243 tempest-VolumeQuotasAdminTestJSON-1689652237 tempest-VolumeQuotasAdminTestJSON-1689652237-project-admin] Empty body provided in request {{(pid=100084) get_body /opt/stack/cinder/cinder/api/openstack/wsgi.py:703}}
Jul 28 10:37:48.854329 dv-cinder-800431-3-smb devstack@c-api.service[100084]: DEBUG cinder.api.openstack.wsgi [None req-446c270e-8d6f-487a-97ba-019441ea5243 tempest-VolumeQuotasAdminTestJSON-1689652237 tempest-VolumeQuotasAdminTestJSON-1689652237-project-admin] Calling method 'defaults' {{(pid=100084) _process_stack /opt/stack/cinder/cinder/api/openstack/wsgi.py:856}}
Jul 28 10:37:48.854494 dv-cinder-800431-3-smb devstack@c-api.service[100081]: INFO cinder.api.openstack.wsgi [None req-b37bb26d-a983-419d-bc93-94f9826459e7 tempest-GroupSnapshotsTest-541663889 tempest-GroupSnapshotsTest-541663889-project] GET http://10.222.0.21/volume/v3/c8cdb1f92bdd4066b229965db5f59d5d/group_snapshots/9cea43fa-47c7-4243-bc8c-fdbd70615725
Jul 28 10:37:48.855204 dv-cinder-800431-3-smb devstack@c-api.service[100081]: DEBUG cinder.api.openstack.wsgi [None req-b37bb26d-a983-419d-bc93-94f9826459e7 tempest-GroupSnapshotsTest-541663889 tempest-GroupSnapshotsTest-541663889-project] Empty body provided in request {{(pid=100081) get_body /opt/stack/cinder/cinder/api/openstack/wsgi.py:703}}
Jul 28 10:37:48.855640 dv-cinder-800431-3-smb devstack@c-api.service[100081]: DEBUG cinder.api.openstack.wsgi [None req-b37bb26d-a983-419d-bc93-94f9826459e7 tempest-GroupSnapshotsTest-541663889 tempest-GroupSnapshotsTest-541663889-project] Calling method 'version_select' {{(pid=100081) _process_stack /opt/stack/cinder/cinder/api/openstack/wsgi.py:856}}
Jul 28 10:37:48.855993 dv-cinder-800431-3-smb devstack@c-api.service[100081]: DEBUG cinder.api.v3.group_snapshots [None req-b37bb26d-a983-419d-bc93-94f9826459e7 tempest-GroupSnapshotsTest-541663889 tempest-GroupSnapshotsTest-541663889-project] show called for member 9cea43fa-47c7-4243-bc8c-fdbd70615725 {{(pid=100081) show /opt/stack/cinder/cinder/api/v3/group_snapshots.py:58}}
Jul 28 10:37:48.864710 dv-cinder-800431-3-smb devstack@c-api.service[100081]: /usr/local/lib/python3.8/dist-packages/oslo_context/context.py:105: DeprecationWarning: Policy enforcement is depending on the value of is_admin. This key is deprecated. Please update your policy file to use the standard policy values.
Jul 28 10:37:48.864710 dv-cinder-800431-3-smb devstack@c-api.service[100081]: warnings.warn('Policy enforcement is depending on the value of '
Jul 28 10:37:48.872380 dv-cinder-800431-3-smb devstack@c-api.service[100081]: INFO cinder.api.openstack.wsgi [None req-b37bb26d-a983-419d-bc93-94f9826459e7 tempest-GroupSnapshotsTest-541663889 tempest-GroupSnapshotsTest-541663889-project] http://10.222.0.21/volume/v3/c8cdb1f92bdd4066b229965db5f59d5d/group_snapshots/9cea43fa-47c7-4243-bc8c-fdbd70615725 returned with HTTP 200
Jul 28 10:37:48.878321 dv-cinder-800431-3-smb devstack@c-api.service[100081]: [pid: 100081|app: 0|req: 106/222] 10.222.0.21 () {60 vars in 1390 bytes} [Wed Jul 28 10:37:48 2021] GET /volume/v3/c8cdb1f92bdd4066b229965db5f59d5d/group_snapshots/9cea43fa-47c7-4243-bc8c-fdbd70615725 => generated 307 bytes in 26 msecs (HTTP/1.1 200) 7 headers in 286 bytes (2 switches on core 0)
Jul 28 10:37:48.882594 dv-cinder-800431-3-smb devstack@c-api.service[100081]: INFO cinder.api.openstack.wsgi [None req-81179636-a87b-4851-9c12-e29a0c9f3026 tempest-GroupSnapshotsTest-541663889 tempest-GroupSnapshotsTest-541663889-project] GET http://10.222.0.21/volume/v3/c8cdb1f92bdd4066b229965db5f59d5d/snapshots/detail
Jul 28 10:37:48.883042 dv-cinder-800431-3-smb devstack@c-api.service[100081]: DEBUG cinder.api.openstack.wsgi [None req-81179636-a87b-4851-9c12-e29a0c9f3026 tempest-GroupSnapshotsTest-541663889 tempest-GroupSnapshotsTest-541663889-project] Empty body provided in request {{(pid=100081) get_body /opt/stack/cinder/cinder/api/openstack/wsgi.py:703}}
Jul 28 10:37:48.883212 dv-cinder-800431-3-smb devstack@c-api.service[100081]: /usr/local/lib/python3.8/dist-packages/webob/acceptparse.py:1047: DeprecationWarning: The behavior of AcceptValidHeader.best_match is currently being maintained for backward compatibility, but it will be deprecated in the future, as it does not conform to the RFC.
Jul 28 10:37:48.883212 dv-cinder-800431-3-smb devstack@c-api.service[100081]: warnings.warn(
Jul 28 10:37:48.883549 dv-cinder-800431-3-smb devstack@c-api.service[100081]: DEBUG cinder.api.openstack.wsgi [None req-81179636-a87b-4851-9c12-e29a0c9f3026 tempest-GroupSnapshotsTest-541663889 tempest-GroupSnapshotsTest-541663889-project] Calling method 'detail' {{(pid=100081) _process_stack /opt/stack/cinder/cinder/api/openstack/wsgi.py:856}}
Jul 28 10:37:48.885602 dv-cinder-800431-3-smb devstack@c-api.service[100081]: DEBUG cinder.api.api_utils [None req-81179636-a87b-4851-9c12-e29a0c9f3026 tempest-GroupSnapshotsTest-541663889 tempest-GroupSnapshotsTest-541663889-project] Removing options '' from query. {{(pid=100081) remove_invalid_filter_options /opt/stack/cinder/cinder/api/api_utils.py:73}}
Jul 28 10:37:48.888279 dv-cinder-800431-3-smb devstack@c-api.service[100081]: DEBUG cinder.db.sqlalchemy.api [None req-81179636-a87b-4851-9c12-e29a0c9f3026 tempest-GroupSnapshotsTest-541663889 tempest-GroupSnapshotsTest-541663889-project] Building query based on filter {{(pid=100081) _process_snaps_filters /opt/stack/cinder/cinder/db/sqlalchemy/api.py:3138}}
Jul 28 10:37:48.890873 dv-cinder-800431-3-smb devstack@c-api.service[100084]: INFO cinder.api.openstack.wsgi [None req-446c270e-8d6f-487a-97ba-019441ea5243 tempest-VolumeQuotasAdminTestJSON-1689652237 tempest-VolumeQuotasAdminTestJSON-1689652237-project-admin] http://10.222.0.21/volume/v3/161d142af1814d428850ba1127b9b9cf/os-quota-sets/939fda706668459fbe8be109561f246b/defaults returned with HTTP 200
Jul 28 10:37:48.891718 dv-cinder-800431-3-smb devstack@c-api.service[100084]: [pid: 100084|app: 0|req: 117/223] 10.222.0.21 () {58 vars in 1358 bytes} [Wed Jul 28 10:37:48 2021] GET /volume/v3/161d142af1814d428850ba1127b9b9cf/os-quota-sets/939fda706668459fbe8be109561f246b/defaults => generated 955 bytes in 48 msecs (HTTP/1.1 200) 7 headers in 285 bytes (1 switches on core 0)
Jul 28 10:37:48.897562 dv-cinder-800431-3-smb devstack@c-api.service[100081]: INFO cinder.volume.api [None req-81179636-a87b-4851-9c12-e29a0c9f3026 tempest-GroupSnapshotsTest-541663889 tempest-GroupSnapshotsTest-541663889-project] Get all snapshots completed successfully.
Jul 28 10:37:48.903737 dv-cinder-800431-3-smb devstack@c-api.service[100084]: INFO cinder.api.openstack.wsgi [None req-278051fa-027c-4eec-8743-1f5e566e67a4 tempest-VolumeQuotasAdminTestJSON-1689652237 tempest-VolumeQuotasAdminTestJSON-1689652237-project-admin] GET http://10.222.0.21/volume/v3/161d142af1814d428850ba1127b9b9cf/os-quota-sets/939fda706668459fbe8be109561f246b
Jul 28 10:37:48.904449 dv-cinder-800431-3-smb devstack@c-api.service[100084]: DEBUG cinder.api.openstack.wsgi [None req-278051fa-027c-4eec-8743-1f5e566e67a4 tempest-VolumeQuotasAdminTestJSON-1689652237 tempest-VolumeQuotasAdminTestJSON-1689652237-project-admin] Empty body provided in request {{(pid=100084) get_body /opt/stack/cinder/cinder/api/openstack/wsgi.py:703}}
Jul 28 10:37:48.905076 dv-cinder-800431-3-smb devstack@c-api.service[100084]: DEBUG cinder.api.openstack.wsgi [None req-278051fa-027c-4eec-8743-1f5e566e67a4 tempest-VolumeQuotasAdminTestJSON-1689652237 tempest-VolumeQuotasAdminTestJSON-1689652237-project-admin] Calling method 'show' {{(pid=100084) _process_stack /opt/stack/cinder/cinder/api/openstack/wsgi.py:856}}
Jul 28 10:37:48.908976 dv-cinder-800431-3-smb devstack@c-api.service[100081]: /usr/local/lib/python3.8/dist-packages/oslo_context/context.py:105: DeprecationWarning: Policy enforcement is depending on the value of is_admin. This key is deprecated. Please update your policy file to use the standard policy values.
Jul 28 10:37:48.908976 dv-cinder-800431-3-smb devstack@c-api.service[100081]: warnings.warn('Policy enforcement is depending on the value of '
Jul 28 10:37:48.910302 dv-cinder-800431-3-smb devstack@c-api.service[100081]: INFO cinder.api.openstack.wsgi [None req-81179636-a87b-4851-9c12-e29a0c9f3026 tempest-GroupSnapshotsTest-541663889 tempest-GroupSnapshotsTest-541663889-project] http://10.222.0.21/volume/v3/c8cdb1f92bdd4066b229965db5f59d5d/snapshots/detail returned with HTTP 200
Jul 28 10:37:48.911048 dv-cinder-800431-3-smb devstack@c-api.service[100081]: [pid: 100081|app: 0|req: 107/224] 10.222.0.21 () {58 vars in 1241 bytes} [Wed Jul 28 10:37:48 2021] GET /volume/v3/c8cdb1f92bdd4066b229965db5f59d5d/snapshots/detail => generated 519 bytes in 32 msecs (HTTP/1.1 200) 7 headers in 285 bytes (2 switches on core 0)
Jul 28 10:37:48.922253 dv-cinder-800431-3-smb devstack@c-api.service[100081]: INFO cinder.api.openstack.wsgi [None req-e23774a4-6059-47de-b08e-897e4a6bbae9 tempest-GroupSnapshotsTest-541663889 tempest-GroupSnapshotsTest-541663889-project] GET http://10.222.0.21/volume/v3/c8cdb1f92bdd4066b229965db5f59d5d/snapshots/0584b668-bcd8-43ea-82c9-6e0e0df82f44
Jul 28 10:37:48.923709 dv-cinder-800431-3-smb devstack@c-api.service[100081]: DEBUG cinder.api.openstack.wsgi [None req-e23774a4-6059-47de-b08e-897e4a6bbae9 tempest-GroupSnapshotsTest-541663889 tempest-GroupSnapshotsTest-541663889-project] Empty body provided in request {{(pid=100081) get_body /opt/stack/cinder/cinder/api/openstack/wsgi.py:703}}
Jul 28 10:37:48.925419 dv-cinder-800431-3-smb devstack@c-api.service[100081]: /usr/local/lib/python3.8/dist-packages/webob/acceptparse.py:1047: DeprecationWarning: The behavior of AcceptValidHeader.best_match is currently being maintained for backward compatibility, but it will be deprecated in the future, as it does not conform to the RFC.
Jul 28 10:37:48.925419 dv-cinder-800431-3-smb devstack@c-api.service[100081]: warnings.warn(
Jul 28 10:37:48.927127 dv-cinder-800431-3-smb devstack@c-api.service[100081]: DEBUG cinder.api.openstack.wsgi [None req-e23774a4-6059-47de-b08e-897e4a6bbae9 tempest-GroupSnapshotsTest-541663889 tempest-GroupSnapshotsTest-541663889-project] Calling method 'show' {{(pid=100081) _process_stack /opt/stack/cinder/cinder/api/openstack/wsgi.py:856}}
Jul 28 10:37:48.947689 dv-cinder-800431-3-smb devstack@c-api.service[100081]: /usr/local/lib/python3.8/dist-packages/oslo_context/context.py:105: DeprecationWarning: Policy enforcement is depending on the value of is_admin. This key is deprecated. Please update your policy file to use the standard policy values.
Jul 28 10:37:48.947689 dv-cinder-800431-3-smb devstack@c-api.service[100081]: warnings.warn('Policy enforcement is depending on the value of '
Jul 28 10:37:48.949532 dv-cinder-800431-3-smb devstack@c-api.service[100081]: INFO cinder.volume.api [None req-e23774a4-6059-47de-b08e-897e4a6bbae9 tempest-GroupSnapshotsTest-541663889 tempest-GroupSnapshotsTest-541663889-project] Snapshot retrieved successfully.
Jul 28 10:37:48.951326 dv-cinder-800431-3-smb devstack@c-api.service[100081]: INFO cinder.api.openstack.wsgi [None req-e23774a4-6059-47de-b08e-897e4a6bbae9 tempest-GroupSnapshotsTest-541663889 tempest-GroupSnapshotsTest-541663889-project] http://10.222.0.21/volume/v3/c8cdb1f92bdd4066b229965db5f59d5d/snapshots/0584b668-bcd8-43ea-82c9-6e0e0df82f44 returned with HTTP 200
Jul 28 10:37:48.957705 dv-cinder-800431-3-smb devstack@c-api.service[100081]: [pid: 100081|app: 0|req: 108/225] 10.222.0.21 () {58 vars in 1331 bytes} [Wed Jul 28 10:37:48 2021] GET /volume/v3/c8cdb1f92bdd4066b229965db5f59d5d/snapshots/0584b668-bcd8-43ea-82c9-6e0e0df82f44 => generated 516 bytes in 34 msecs (HTTP/1.1 200) 7 headers in 285 bytes (1 switches on core 0)
Jul 28 10:37:48.961879 dv-cinder-800431-3-smb devstack@c-api.service[100081]: INFO cinder.api.openstack.wsgi [None req-58294152-1c4e-4874-94b8-74e4dabf518c tempest-GroupSnapshotsTest-541663889 tempest-GroupSnapshotsTest-541663889-project] GET http://10.222.0.21/volume/v3/c8cdb1f92bdd4066b229965db5f59d5d/group_snapshots/9cea43fa-47c7-4243-bc8c-fdbd70615725
Jul 28 10:37:48.963227 dv-cinder-800431-3-smb devstack@c-api.service[100081]: DEBUG cinder.api.openstack.wsgi [None req-58294152-1c4e-4874-94b8-74e4dabf518c tempest-GroupSnapshotsTest-541663889 tempest-GroupSnapshotsTest-541663889-project] Empty body provided in request {{(pid=100081) get_body /opt/stack/cinder/cinder/api/openstack/wsgi.py:703}}
Jul 28 10:37:48.963409 dv-cinder-800431-3-smb devstack@c-api.service[100081]: /usr/local/lib/python3.8/dist-packages/webob/acceptparse.py:1047: DeprecationWarning: The behavior of AcceptValidHeader.best_match is currently being maintained for backward compatibility, but it will be deprecated in the future, as it does not conform to the RFC.
Jul 28 10:37:48.963409 dv-cinder-800431-3-smb devstack@c-api.service[100081]: warnings.warn(
Jul 28 10:37:48.963760 dv-cinder-800431-3-smb devstack@c-api.service[100081]: DEBUG cinder.api.openstack.wsgi [None req-58294152-1c4e-4874-94b8-74e4dabf518c tempest-GroupSnapshotsTest-541663889 tempest-GroupSnapshotsTest-541663889-project] Calling method 'version_select' {{(pid=100081) _process_stack /opt/stack/cinder/cinder/api/openstack/wsgi.py:856}}
Jul 28 10:37:48.964210 dv-cinder-800431-3-smb devstack@c-api.service[100081]: DEBUG cinder.api.v3.group_snapshots [None req-58294152-1c4e-4874-94b8-74e4dabf518c tempest-GroupSnapshotsTest-541663889 tempest-GroupSnapshotsTest-541663889-project] show called for member 9cea43fa-47c7-4243-bc8c-fdbd70615725 {{(pid=100081) show /opt/stack/cinder/cinder/api/v3/group_snapshots.py:58}}
Jul 28 10:37:48.966813 dv-cinder-800431-3-smb devstack@c-api.service[100084]: INFO cinder.api.openstack.wsgi [None req-278051fa-027c-4eec-8743-1f5e566e67a4 tempest-VolumeQuotasAdminTestJSON-1689652237 tempest-VolumeQuotasAdminTestJSON-1689652237-project-admin] http://10.222.0.21/volume/v3/161d142af1814d428850ba1127b9b9cf/os-quota-sets/939fda706668459fbe8be109561f246b returned with HTTP 200
Jul 28 10:37:48.967651 dv-cinder-800431-3-smb devstack@c-api.service[100084]: [pid: 100084|app: 0|req: 118/226] 10.222.0.21 () {58 vars in 1331 bytes} [Wed Jul 28 10:37:48 2021] GET /volume/v3/161d142af1814d428850ba1127b9b9cf/os-quota-sets/939fda706668459fbe8be109561f246b => generated 955 bytes in 69 msecs (HTTP/1.1 200) 7 headers in 285 bytes (2 switches on core 0)
Jul 28 10:37:48.972591 dv-cinder-800431-3-smb devstack@c-api.service[100081]: /usr/local/lib/python3.8/dist-packages/oslo_context/context.py:105: DeprecationWarning: Policy enforcement is depending on the value of is_admin. This key is deprecated. Please update your policy file to use the standard policy values.
Jul 28 10:37:48.972591 dv-cinder-800431-3-smb devstack@c-api.service[100081]: warnings.warn('Policy enforcement is depending on the value of '
Jul 28 10:37:48.982570 dv-cinder-800431-3-smb devstack@c-api.service[100084]: INFO cinder.api.openstack.wsgi [None req-e745dc62-e310-4611-a591-ebec5e6005e7 tempest-VolumeQuotasAdminTestJSON-1689652237 tempest-VolumeQuotasAdminTestJSON-1689652237-project-admin] GET http://10.222.0.21/volume/v3/161d142af1814d428850ba1127b9b9cf/os-quota-sets/939fda706668459fbe8be109561f246b?usage=True
