Jul 28 10:38:30.852622 dv-cinder-800431-3-iscsi devstack@n-api.service[119120]: DEBUG oslo_concurrency.lockutils [None req-d977c86f-7ec6-4532-bc5a-25046f055013 tempest-VolumesActionsTest-1297967410 tempest-VolumesActionsTest-1297967410-project] Lock "879bb43f-01c6-4672-bf48-025868d9cf22" released by "nova.context.set_target_cell..get_or_set_cached_cell_and_set_connections" :: held 0.001s {{(pid=119120) inner /usr/local/lib/python3.8/dist-packages/oslo_concurrency/lockutils.py:367}}
Jul 28 10:38:30.853653 dv-cinder-800431-3-iscsi devstack@n-api.service[119120]: DEBUG oslo_concurrency.lockutils [None req-d977c86f-7ec6-4532-bc5a-25046f055013 tempest-VolumesActionsTest-1297967410 tempest-VolumesActionsTest-1297967410-project] Lock "879bb43f-01c6-4672-bf48-025868d9cf22" acquired by "nova.context.set_target_cell..get_or_set_cached_cell_and_set_connections" :: waited 0.000s {{(pid=119120) inner /usr/local/lib/python3.8/dist-packages/oslo_concurrency/lockutils.py:355}}
Jul 28 10:38:30.854271 dv-cinder-800431-3-iscsi devstack@n-api.service[119120]: DEBUG oslo_concurrency.lockutils [None req-d977c86f-7ec6-4532-bc5a-25046f055013 tempest-VolumesActionsTest-1297967410 tempest-VolumesActionsTest-1297967410-project] Lock "879bb43f-01c6-4672-bf48-025868d9cf22" released by "nova.context.set_target_cell..get_or_set_cached_cell_and_set_connections" :: held 0.001s {{(pid=119120) inner /usr/local/lib/python3.8/dist-packages/oslo_concurrency/lockutils.py:367}}
Jul 28 10:38:30.908060 dv-cinder-800431-3-iscsi devstack@n-api.service[119121]: DEBUG nova.policy [None req-1667da63-e493-40dc-b600-37dace824db4 tempest-ServerRescueNegativeTestJSON-1435844511 tempest-ServerRescueNegativeTestJSON-1435844511-project] Policy check for os_compute_api:os-extended-server-attributes failed with credentials {'is_admin': False, 'user_id': 'ac6df9a764374ae093f4b8b9c5f9112c', 'user_domain_id': 'default', 'system_scope': None, 'domain_id': None, 'project_id': '02bb4273bddb44d783e4291853ff94bc', 'project_domain_id': 'default', 'roles': ['reader', 'member'], 'is_admin_project': True, 'service_user_id': None, 'service_user_domain_id': None, 'service_project_id': None, 'service_project_domain_id': None, 'service_roles': []} {{(pid=119121) authorize /opt/stack/nova/nova/policy.py:199}}
Jul 28 10:38:30.918067 dv-cinder-800431-3-iscsi devstack@n-api.service[119121]: INFO nova.api.openstack.requestlog [None req-1667da63-e493-40dc-b600-37dace824db4 tempest-ServerRescueNegativeTestJSON-1435844511 tempest-ServerRescueNegativeTestJSON-1435844511-project] 10.222.0.25 "GET /compute/v2.1/servers/6cd28e13-6930-4641-9020-5257ca4327af" status: 200 len: 1522 microversion: 2.1 time: 0.224653
Jul 28 10:38:30.918832 dv-cinder-800431-3-iscsi devstack@n-api.service[119121]: [pid: 119121|app: 0|req: 131/274] 10.222.0.25 () {58 vars in 1236 bytes} [Wed Jul 28 10:38:30 2021] GET /compute/v2.1/servers/6cd28e13-6930-4641-9020-5257ca4327af => generated 1522 bytes in 228 msecs (HTTP/1.1 200) 9 headers in 358 bytes (1 switches on core 0)
Jul 28 10:38:30.924213 dv-cinder-800431-3-iscsi devstack@n-api.service[119121]: DEBUG nova.api.openstack.wsgi [None req-3587506e-54db-42f0-a252-31193a1ec281 tempest-AttachVolumeTestJSON-1703114434 tempest-AttachVolumeTestJSON-1703114434-project] Action: 'action', calling method: >, body: {"os-getConsoleOutput": {}} {{(pid=119121) _process_stack /opt/stack/nova/nova/api/openstack/wsgi.py:511}}
Jul 28 10:38:30.928226 dv-cinder-800431-3-iscsi devstack@n-api.service[119121]: DEBUG nova.compute.api [None req-3587506e-54db-42f0-a252-31193a1ec281 tempest-AttachVolumeTestJSON-1703114434 tempest-AttachVolumeTestJSON-1703114434-project] [instance: 1075c593-6301-4ed9-b795-78c416194982] Fetching instance by UUID {{(pid=119121) get /opt/stack/nova/nova/compute/api.py:2791}}
Jul 28 10:38:30.938132 dv-cinder-800431-3-iscsi devstack@n-api.service[119121]: DEBUG oslo_concurrency.lockutils [None req-3587506e-54db-42f0-a252-31193a1ec281 tempest-AttachVolumeTestJSON-1703114434 tempest-AttachVolumeTestJSON-1703114434-project] Lock "879bb43f-01c6-4672-bf48-025868d9cf22" acquired by "nova.context.set_target_cell..get_or_set_cached_cell_and_set_connections" :: waited 0.000s {{(pid=119121) inner /usr/local/lib/python3.8/dist-packages/oslo_concurrency/lockutils.py:355}}
Jul 28 10:38:30.941983 dv-cinder-800431-3-iscsi devstack@n-api.service[119121]: DEBUG oslo_concurrency.lockutils [None req-3587506e-54db-42f0-a252-31193a1ec281 tempest-AttachVolumeTestJSON-1703114434 tempest-AttachVolumeTestJSON-1703114434-project] Lock "879bb43f-01c6-4672-bf48-025868d9cf22" released by "nova.context.set_target_cell..get_or_set_cached_cell_and_set_connections" :: held 0.003s {{(pid=119121) inner /usr/local/lib/python3.8/dist-packages/oslo_concurrency/lockutils.py:367}}
Jul 28 10:38:30.944201 dv-cinder-800431-3-iscsi devstack@n-api.service[119121]: DEBUG oslo_concurrency.lockutils [None req-3587506e-54db-42f0-a252-31193a1ec281 tempest-AttachVolumeTestJSON-1703114434 tempest-AttachVolumeTestJSON-1703114434-project] Lock "879bb43f-01c6-4672-bf48-025868d9cf22" acquired by "nova.context.set_target_cell..get_or_set_cached_cell_and_set_connections" :: waited 0.000s {{(pid=119121) inner /usr/local/lib/python3.8/dist-packages/oslo_concurrency/lockutils.py:355}}
Jul 28 10:38:30.946878 dv-cinder-800431-3-iscsi devstack@n-api.service[119121]: DEBUG oslo_concurrency.lockutils [None req-3587506e-54db-42f0-a252-31193a1ec281 tempest-AttachVolumeTestJSON-1703114434 tempest-AttachVolumeTestJSON-1703114434-project] Lock "879bb43f-01c6-4672-bf48-025868d9cf22" released by "nova.context.set_target_cell..get_or_set_cached_cell_and_set_connections" :: held 0.003s {{(pid=119121) inner /usr/local/lib/python3.8/dist-packages/oslo_concurrency/lockutils.py:367}}
Jul 28 10:38:31.029061 dv-cinder-800431-3-iscsi devstack@n-api.service[119120]: DEBUG nova.policy [None req-d977c86f-7ec6-4532-bc5a-25046f055013 tempest-VolumesActionsTest-1297967410 tempest-VolumesActionsTest-1297967410-project] Policy check for os_compute_api:os-extended-server-attributes failed with credentials {'is_admin': False, 'user_id': '287bf80d7a0d49e4a049c76ba95ebafd', 'user_domain_id': 'default', 'system_scope': None, 'domain_id': None, 'project_id': '302ffd5aee604675b6633eb88efb3dfb', 'project_domain_id': 'default', 'roles': ['reader', 'member'], 'is_admin_project': True, 'service_user_id': None, 'service_user_domain_id': None, 'service_project_id': None, 'service_project_domain_id': None, 'service_roles': []} {{(pid=119120) authorize /opt/stack/nova/nova/policy.py:199}}
Jul 28 10:38:31.037209 dv-cinder-800431-3-iscsi devstack@n-api.service[119120]: INFO nova.api.openstack.requestlog [None req-d977c86f-7ec6-4532-bc5a-25046f055013 tempest-VolumesActionsTest-1297967410 tempest-VolumesActionsTest-1297967410-project] 10.222.0.25 "GET /compute/v2.1/servers/713a603f-c5ec-4fef-bb27-071aa8601e5c" status: 200 len: 1313 microversion: 2.1 time: 0.200077
Jul 28 10:38:31.038059 dv-cinder-800431-3-iscsi devstack@n-api.service[119120]: [pid: 119120|app: 0|req: 144/275] 10.222.0.25 () {58 vars in 1236 bytes} [Wed Jul 28 10:38:30 2021] GET /compute/v2.1/servers/713a603f-c5ec-4fef-bb27-071aa8601e5c => generated 1313 bytes in 202 msecs (HTTP/1.1 200) 9 headers in 358 bytes (1 switches on core 0)
Jul 28 10:38:31.087200 dv-cinder-800431-3-iscsi devstack@n-api.service[119121]: INFO nova.api.openstack.requestlog [None req-3587506e-54db-42f0-a252-31193a1ec281 tempest-AttachVolumeTestJSON-1703114434 tempest-AttachVolumeTestJSON-1703114434-project] 10.222.0.25 "POST /compute/v2.1/servers/1075c593-6301-4ed9-b795-78c416194982/action" status: 200 len: 28415 microversion: 2.1 time: 0.166029
Jul 28 10:38:31.088785 dv-cinder-800431-3-iscsi devstack@n-api.service[119121]: [pid: 119121|app: 0|req: 132/276] 10.222.0.25 () {60 vars in 1278 bytes} [Wed Jul 28 10:38:30 2021] POST /compute/v2.1/servers/1075c593-6301-4ed9-b795-78c416194982/action => generated 28415 bytes in 168 msecs (HTTP/1.1 200) 9 headers in 359 bytes (1 switches on core 0)
Jul 28 10:38:31.266506 dv-cinder-800431-3-iscsi devstack@n-api.service[119120]: DEBUG nova.api.openstack.wsgi [None req-2a118381-db2e-4760-ac88-6087419d6bfc tempest-AttachVolumeShelveTestJSON-1502420471 tempest-AttachVolumeShelveTestJSON-1502420471-project] Action: 'action', calling method: >, body: {"os-getConsoleOutput": {}} {{(pid=119120) _process_stack /opt/stack/nova/nova/api/openstack/wsgi.py:511}}
Jul 28 10:38:31.268710 dv-cinder-800431-3-iscsi devstack@n-api.service[119120]: DEBUG nova.compute.api [None req-2a118381-db2e-4760-ac88-6087419d6bfc tempest-AttachVolumeShelveTestJSON-1502420471 tempest-AttachVolumeShelveTestJSON-1502420471-project] [instance: cb15fb4f-4ab3-46ff-8a51-9cbc4cc9ce4b] Fetching instance by UUID {{(pid=119120) get /opt/stack/nova/nova/compute/api.py:2791}}
Jul 28 10:38:31.276409 dv-cinder-800431-3-iscsi devstack@n-api.service[119120]: DEBUG oslo_concurrency.lockutils [None req-2a118381-db2e-4760-ac88-6087419d6bfc tempest-AttachVolumeShelveTestJSON-1502420471 tempest-AttachVolumeShelveTestJSON-1502420471-project] Lock "879bb43f-01c6-4672-bf48-025868d9cf22" acquired by "nova.context.set_target_cell..get_or_set_cached_cell_and_set_connections" :: waited 0.000s {{(pid=119120) inner /usr/local/lib/python3.8/dist-packages/oslo_concurrency/lockutils.py:355}}
Jul 28 10:38:31.276841 dv-cinder-800431-3-iscsi devstack@n-api.service[119120]: DEBUG oslo_concurrency.lockutils [None req-2a118381-db2e-4760-ac88-6087419d6bfc tempest-AttachVolumeShelveTestJSON-1502420471 tempest-AttachVolumeShelveTestJSON-1502420471-project] Lock "879bb43f-01c6-4672-bf48-025868d9cf22" released by "nova.context.set_target_cell..get_or_set_cached_cell_and_set_connections" :: held 0.001s {{(pid=119120) inner /usr/local/lib/python3.8/dist-packages/oslo_concurrency/lockutils.py:367}}
Jul 28 10:38:31.277703 dv-cinder-800431-3-iscsi devstack@n-api.service[119120]: DEBUG oslo_concurrency.lockutils [None req-2a118381-db2e-4760-ac88-6087419d6bfc tempest-AttachVolumeShelveTestJSON-1502420471 tempest-AttachVolumeShelveTestJSON-1502420471-project] Lock "879bb43f-01c6-4672-bf48-025868d9cf22" acquired by "nova.context.set_target_cell..get_or_set_cached_cell_and_set_connections" :: waited 0.000s {{(pid=119120) inner /usr/local/lib/python3.8/dist-packages/oslo_concurrency/lockutils.py:355}}
Jul 28 10:38:31.278055 dv-cinder-800431-3-iscsi devstack@n-api.service[119120]: DEBUG oslo_concurrency.lockutils [None req-2a118381-db2e-4760-ac88-6087419d6bfc tempest-AttachVolumeShelveTestJSON-1502420471 tempest-AttachVolumeShelveTestJSON-1502420471-project] Lock "879bb43f-01c6-4672-bf48-025868d9cf22" released by "nova.context.set_target_cell..get_or_set_cached_cell_and_set_connections" :: held 0.000s {{(pid=119120) inner /usr/local/lib/python3.8/dist-packages/oslo_concurrency/lockutils.py:367}}
Jul 28 10:38:31.393322 dv-cinder-800431-3-iscsi devstack@n-api.service[119120]: INFO nova.api.openstack.requestlog [None req-2a118381-db2e-4760-ac88-6087419d6bfc tempest-AttachVolumeShelveTestJSON-1502420471 tempest-AttachVolumeShelveTestJSON-1502420471-project] 10.222.0.25 "POST /compute/v2.1/servers/cb15fb4f-4ab3-46ff-8a51-9cbc4cc9ce4b/action" status: 200 len: 26279 microversion: 2.20 time: 0.130967
Jul 28 10:38:31.393962 dv-cinder-800431-3-iscsi devstack@n-api.service[119120]: [pid: 119120|app: 0|req: 145/277] 10.222.0.25 () {62 vars in 1319 bytes} [Wed Jul 28 10:38:31 2021] POST /compute/v2.1/servers/cb15fb4f-4ab3-46ff-8a51-9cbc4cc9ce4b/action => generated 26279 bytes in 132 msecs (HTTP/1.1 200) 9 headers in 361 bytes (1 switches on core 0)
Jul 28 10:38:31.831452 dv-cinder-800431-3-iscsi devstack@n-api.service[119121]: DEBUG nova.api.openstack.wsgi [None req-56e15485-2a66-49f8-b6cd-9478e807dd88 tempest-AttachVolumeNegativeTest-679413523 tempest-AttachVolumeNegativeTest-679413523-project] Action: 'create', calling method: >, body: {"server": {"name": "tempest-AttachVolumeNegativeTest-server-1528876505", "imageRef": "af8ad66e-855a-451e-af3a-947f95749bea", "flavorRef": "452", "networks": [{"uuid": "62d4883f-dea5-4f88-8684-dde642b6cfa0"}]}} {{(pid=119121) _process_stack /opt/stack/nova/nova/api/openstack/wsgi.py:511}}
Jul 28 10:38:31.916717 dv-cinder-800431-3-iscsi devstack@n-api.service[119120]: DEBUG nova.api.openstack.wsgi [req-05e5cab1-9f03-479d-9b92-3dedd0b0006f req-5dd771da-bacd-45e1-9d05-407f02fa399b service nova] Action: 'create', calling method: >, body: {"events": [{"server_uuid": "713a603f-c5ec-4fef-bb27-071aa8601e5c", "name": "network-vif-plugged", "status": "completed", "tag": "65a0589d-0df9-4460-8592-67b5a197a706"}]} {{(pid=119120) _process_stack /opt/stack/nova/nova/api/openstack/wsgi.py:511}}
Jul 28 10:38:31.917237 dv-cinder-800431-3-iscsi devstack@n-api.service[119121]: DEBUG nova.network.neutron [None req-56e15485-2a66-49f8-b6cd-9478e807dd88 tempest-AttachVolumeNegativeTest-679413523 tempest-AttachVolumeNegativeTest-679413523-project] validate_networks() for [('62d4883f-dea5-4f88-8684-dde642b6cfa0', None, None, None)] {{(pid=119121) validate_networks /opt/stack/nova/nova/network/neutron.py:2255}}
Jul 28 10:38:31.921994 dv-cinder-800431-3-iscsi devstack@n-api.service[119120]: /usr/local/lib/python3.8/dist-packages/oslo_policy/policy.py:1064: UserWarning: Policy os_compute_api:os-server-external-events:create failed scope check. The token used to make the request was project scoped but the policy requires ['system'] scope. This behavior may change in the future where using the intended scope is required
Jul 28 10:38:31.921994 dv-cinder-800431-3-iscsi devstack@n-api.service[119120]: warnings.warn(msg)
Jul 28 10:38:31.959744 dv-cinder-800431-3-iscsi devstack@n-api.service[119120]: DEBUG oslo_concurrency.lockutils [req-05e5cab1-9f03-479d-9b92-3dedd0b0006f req-5dd771da-bacd-45e1-9d05-407f02fa399b service nova] Lock "879bb43f-01c6-4672-bf48-025868d9cf22" acquired by "nova.context.set_target_cell..get_or_set_cached_cell_and_set_connections" :: waited 0.000s {{(pid=119120) inner /usr/local/lib/python3.8/dist-packages/oslo_concurrency/lockutils.py:355}}
Jul 28 10:38:31.960688 dv-cinder-800431-3-iscsi devstack@n-api.service[119120]: DEBUG oslo_concurrency.lockutils [req-05e5cab1-9f03-479d-9b92-3dedd0b0006f req-5dd771da-bacd-45e1-9d05-407f02fa399b service nova] Lock "879bb43f-01c6-4672-bf48-025868d9cf22" released by "nova.context.set_target_cell..get_or_set_cached_cell_and_set_connections" :: held 0.003s {{(pid=119120) inner /usr/local/lib/python3.8/dist-packages/oslo_concurrency/lockutils.py:367}}
Jul 28 10:38:31.992975 dv-cinder-800431-3-iscsi devstack@n-api.service[119120]: INFO nova.api.openstack.compute.server_external_events [req-05e5cab1-9f03-479d-9b92-3dedd0b0006f req-5dd771da-bacd-45e1-9d05-407f02fa399b service nova] Creating event network-vif-plugged:65a0589d-0df9-4460-8592-67b5a197a706 for instance 713a603f-c5ec-4fef-bb27-071aa8601e5c on hv-cinder-80043
Jul 28 10:38:31.999776 dv-cinder-800431-3-iscsi devstack@n-api.service[119120]: INFO nova.api.openstack.requestlog [req-05e5cab1-9f03-479d-9b92-3dedd0b0006f req-5dd771da-bacd-45e1-9d05-407f02fa399b service nova] 10.222.0.25 "POST /compute/v2.1/os-server-external-events" status: 200 len: 183 microversion: 2.1 time: 0.091928
Jul 28 10:38:32.001138 dv-cinder-800431-3-iscsi devstack@n-api.service[119120]: [pid: 119120|app: 0|req: 146/278] 10.222.0.25 () {64 vars in 1318 bytes} [Wed Jul 28 10:38:31 2021] POST /compute/v2.1/os-server-external-events => generated 183 bytes in 96 msecs (HTTP/1.1 200) 9 headers in 357 bytes (2 switches on core 0)
Jul 28 10:38:32.009875 dv-cinder-800431-3-iscsi devstack@n-api.service[119120]: DEBUG nova.api.openstack.wsgi [None req-3af13f05-8b74-4676-b3f1-31f077a94372 tempest-ServerRescueNegativeTestJSON-1435844511 tempest-ServerRescueNegativeTestJSON-1435844511-project] Calling method '>' {{(pid=119120) _process_stack /opt/stack/nova/nova/api/openstack/wsgi.py:513}}
Jul 28 10:38:32.012017 dv-cinder-800431-3-iscsi devstack@n-api.service[119120]: DEBUG nova.compute.api [None req-3af13f05-8b74-4676-b3f1-31f077a94372 tempest-ServerRescueNegativeTestJSON-1435844511 tempest-ServerRescueNegativeTestJSON-1435844511-project] [instance: 6cd28e13-6930-4641-9020-5257ca4327af] Fetching instance by UUID {{(pid=119120) get /opt/stack/nova/nova/compute/api.py:2791}}
Jul 28 10:38:32.023106 dv-cinder-800431-3-iscsi devstack@n-api.service[119120]: DEBUG oslo_concurrency.lockutils [None req-3af13f05-8b74-4676-b3f1-31f077a94372 tempest-ServerRescueNegativeTestJSON-1435844511 tempest-ServerRescueNegativeTestJSON-1435844511-project] Lock "879bb43f-01c6-4672-bf48-025868d9cf22" acquired by "nova.context.set_target_cell..get_or_set_cached_cell_and_set_connections" :: waited 0.000s {{(pid=119120) inner /usr/local/lib/python3.8/dist-packages/oslo_concurrency/lockutils.py:355}}
Jul 28 10:38:32.023763 dv-cinder-800431-3-iscsi devstack@n-api.service[119120]: DEBUG oslo_concurrency.lockutils [None req-3af13f05-8b74-4676-b3f1-31f077a94372 tempest-ServerRescueNegativeTestJSON-1435844511 tempest-ServerRescueNegativeTestJSON-1435844511-project] Lock "879bb43f-01c6-4672-bf48-025868d9cf22" released by "nova.context.set_target_cell..get_or_set_cached_cell_and_set_connections" :: held 0.001s {{(pid=119120) inner /usr/local/lib/python3.8/dist-packages/oslo_concurrency/lockutils.py:367}}
Jul 28 10:38:32.024990 dv-cinder-800431-3-iscsi devstack@n-api.service[119120]: DEBUG oslo_concurrency.lockutils [None req-3af13f05-8b74-4676-b3f1-31f077a94372 tempest-ServerRescueNegativeTestJSON-1435844511 tempest-ServerRescueNegativeTestJSON-1435844511-project] Lock "879bb43f-01c6-4672-bf48-025868d9cf22" acquired by "nova.context.set_target_cell..get_or_set_cached_cell_and_set_connections" :: waited 0.000s {{(pid=119120) inner /usr/local/lib/python3.8/dist-packages/oslo_concurrency/lockutils.py:355}}
Jul 28 10:38:32.037811 dv-cinder-800431-3-iscsi devstack@n-api.service[119120]: DEBUG oslo_concurrency.lockutils [None req-3af13f05-8b74-4676-b3f1-31f077a94372 tempest-ServerRescueNegativeTestJSON-1435844511 tempest-ServerRescueNegativeTestJSON-1435844511-project] Lock "879bb43f-01c6-4672-bf48-025868d9cf22" released by "nova.context.set_target_cell..get_or_set_cached_cell_and_set_connections" :: held 0.001s {{(pid=119120) inner /usr/local/lib/python3.8/dist-packages/oslo_concurrency/lockutils.py:367}}
Jul 28 10:38:32.377804 dv-cinder-800431-3-iscsi devstack@n-api.service[119120]: DEBUG nova.policy [None req-3af13f05-8b74-4676-b3f1-31f077a94372 tempest-ServerRescueNegativeTestJSON-1435844511 tempest-ServerRescueNegativeTestJSON-1435844511-project] Policy check for os_compute_api:os-extended-server-attributes failed with credentials {'is_admin': False, 'user_id': 'ac6df9a764374ae093f4b8b9c5f9112c', 'user_domain_id': 'default', 'system_scope': None, 'domain_id': None, 'project_id': '02bb4273bddb44d783e4291853ff94bc', 'project_domain_id': 'default', 'roles': ['reader', 'member'], 'is_admin_project': True, 'service_user_id': None, 'service_user_domain_id': None, 'service_project_id': None, 'service_project_domain_id': None, 'service_roles': []} {{(pid=119120) authorize /opt/stack/nova/nova/policy.py:199}}
Jul 28 10:38:32.404530 dv-cinder-800431-3-iscsi devstack@n-api.service[119120]: INFO nova.api.openstack.requestlog [None req-3af13f05-8b74-4676-b3f1-31f077a94372 tempest-ServerRescueNegativeTestJSON-1435844511 tempest-ServerRescueNegativeTestJSON-1435844511-project] 10.222.0.25 "GET /compute/v2.1/servers/6cd28e13-6930-4641-9020-5257ca4327af" status: 200 len: 1522 microversion: 2.1 time: 0.401941
Jul 28 10:38:32.425676 dv-cinder-800431-3-iscsi devstack@n-api.service[119120]: [pid: 119120|app: 0|req: 147/279] 10.222.0.25 () {58 vars in 1236 bytes} [Wed Jul 28 10:38:32 2021] GET /compute/v2.1/servers/6cd28e13-6930-4641-9020-5257ca4327af => generated 1522 bytes in 422 msecs (HTTP/1.1 200) 9 headers in 358 bytes (1 switches on core 0)
Jul 28 10:38:32.431106 dv-cinder-800431-3-iscsi devstack@n-api.service[119120]: DEBUG nova.api.openstack.wsgi [None req-56ed5a18-05f1-4f8e-9e71-9b9a6d066d2f tempest-VolumesActionsTest-1297967410 tempest-VolumesActionsTest-1297967410-project] Calling method '>' {{(pid=119120) _process_stack /opt/stack/nova/nova/api/openstack/wsgi.py:513}}
Jul 28 10:38:32.433435 dv-cinder-800431-3-iscsi devstack@n-api.service[119120]: DEBUG nova.compute.api [None req-56ed5a18-05f1-4f8e-9e71-9b9a6d066d2f tempest-VolumesActionsTest-1297967410 tempest-VolumesActionsTest-1297967410-project] [instance: 713a603f-c5ec-4fef-bb27-071aa8601e5c] Fetching instance by UUID {{(pid=119120) get /opt/stack/nova/nova/compute/api.py:2791}}
Jul 28 10:38:32.456698 dv-cinder-800431-3-iscsi devstack@n-api.service[119120]: DEBUG oslo_concurrency.lockutils [None req-56ed5a18-05f1-4f8e-9e71-9b9a6d066d2f tempest-VolumesActionsTest-1297967410 tempest-VolumesActionsTest-1297967410-project] Lock "879bb43f-01c6-4672-bf48-025868d9cf22" acquired by "nova.context.set_target_cell..get_or_set_cached_cell_and_set_connections" :: waited 0.000s {{(pid=119120) inner /usr/local/lib/python3.8/dist-packages/oslo_concurrency/lockutils.py:355}}
Jul 28 10:38:32.457178 dv-cinder-800431-3-iscsi devstack@n-api.service[119120]: DEBUG oslo_concurrency.lockutils [None req-56ed5a18-05f1-4f8e-9e71-9b9a6d066d2f tempest-VolumesActionsTest-1297967410 tempest-VolumesActionsTest-1297967410-project] Lock "879bb43f-01c6-4672-bf48-025868d9cf22" released by "nova.context.set_target_cell..get_or_set_cached_cell_and_set_connections" :: held 0.001s {{(pid=119120) inner /usr/local/lib/python3.8/dist-packages/oslo_concurrency/lockutils.py:367}}
Jul 28 10:38:32.457961 dv-cinder-800431-3-iscsi devstack@n-api.service[119120]: DEBUG oslo_concurrency.lockutils [None req-56ed5a18-05f1-4f8e-9e71-9b9a6d066d2f tempest-VolumesActionsTest-1297967410 tempest-VolumesActionsTest-1297967410-project] Lock "879bb43f-01c6-4672-bf48-025868d9cf22" acquired by "nova.context.set_target_cell..get_or_set_cached_cell_and_set_connections" :: waited 0.000s {{(pid=119120) inner /usr/local/lib/python3.8/dist-packages/oslo_concurrency/lockutils.py:355}}
Jul 28 10:38:32.458393 dv-cinder-800431-3-iscsi devstack@n-api.service[119120]: DEBUG oslo_concurrency.lockutils [None req-56ed5a18-05f1-4f8e-9e71-9b9a6d066d2f tempest-VolumesActionsTest-1297967410 tempest-VolumesActionsTest-1297967410-project] Lock "879bb43f-01c6-4672-bf48-025868d9cf22" released by "nova.context.set_target_cell..get_or_set_cached_cell_and_set_connections" :: held 0.000s {{(pid=119120) inner /usr/local/lib/python3.8/dist-packages/oslo_concurrency/lockutils.py:367}}
Jul 28 10:38:32.604861 dv-cinder-800431-3-iscsi devstack@n-api.service[119121]: DEBUG nova.virt.hardware [None req-56e15485-2a66-49f8-b6cd-9478e807dd88 tempest-AttachVolumeNegativeTest-679413523 tempest-AttachVolumeNegativeTest-679413523-project] Flavor limits 0:0:0 {{(pid=119121) get_cpu_topology_constraints /opt/stack/nova/nova/virt/hardware.py:343}}
Jul 28 10:38:32.605289 dv-cinder-800431-3-iscsi devstack@n-api.service[119121]: DEBUG nova.virt.hardware [None req-56e15485-2a66-49f8-b6cd-9478e807dd88 tempest-AttachVolumeNegativeTest-679413523 tempest-AttachVolumeNegativeTest-679413523-project] Image limits 0:0:0 {{(pid=119121) get_cpu_topology_constraints /opt/stack/nova/nova/virt/hardware.py:347}}
Jul 28 10:38:32.605942 dv-cinder-800431-3-iscsi devstack@n-api.service[119121]: DEBUG nova.virt.hardware [None req-56e15485-2a66-49f8-b6cd-9478e807dd88 tempest-AttachVolumeNegativeTest-679413523 tempest-AttachVolumeNegativeTest-679413523-project] Flavor pref 0:0:0 {{(pid=119121) get_cpu_topology_constraints /opt/stack/nova/nova/virt/hardware.py:383}}
Jul 28 10:38:32.606514 dv-cinder-800431-3-iscsi devstack@n-api.service[119121]: DEBUG nova.virt.hardware [None req-56e15485-2a66-49f8-b6cd-9478e807dd88 tempest-AttachVolumeNegativeTest-679413523 tempest-AttachVolumeNegativeTest-679413523-project] Image pref 0:0:0 {{(pid=119121) get_cpu_topology_constraints /opt/stack/nova/nova/virt/hardware.py:387}}
Jul 28 10:38:32.607108 dv-cinder-800431-3-iscsi devstack@n-api.service[119121]: DEBUG nova.virt.hardware [None req-56e15485-2a66-49f8-b6cd-9478e807dd88 tempest-AttachVolumeNegativeTest-679413523 tempest-AttachVolumeNegativeTest-679413523-project] Chose sockets=0, cores=0, threads=0; limits were sockets=65536, cores=65536, threads=65536 {{(pid=119121) get_cpu_topology_constraints /opt/stack/nova/nova/virt/hardware.py:425}}
Jul 28 10:38:32.620172 dv-cinder-800431-3-iscsi devstack@n-api.service[119120]: DEBUG nova.policy [None req-56ed5a18-05f1-4f8e-9e71-9b9a6d066d2f tempest-VolumesActionsTest-1297967410 tempest-VolumesActionsTest-1297967410-project] Policy check for os_compute_api:os-extended-server-attributes failed with credentials {'is_admin': False, 'user_id': '287bf80d7a0d49e4a049c76ba95ebafd', 'user_domain_id': 'default', 'system_scope': None, 'domain_id': None, 'project_id': '302ffd5aee604675b6633eb88efb3dfb', 'project_domain_id': 'default', 'roles': ['reader', 'member'], 'is_admin_project': True, 'service_user_id': None, 'service_user_domain_id': None, 'service_project_id': None, 'service_project_domain_id': None, 'service_roles': []} {{(pid=119120) authorize /opt/stack/nova/nova/policy.py:199}}
Jul 28 10:38:32.627023 dv-cinder-800431-3-iscsi devstack@n-api.service[119121]: DEBUG oslo_concurrency.lockutils [None req-56e15485-2a66-49f8-b6cd-9478e807dd88 tempest-AttachVolumeNegativeTest-679413523 tempest-AttachVolumeNegativeTest-679413523-project] Lock "00000000-0000-0000-0000-000000000000" acquired by "nova.context.set_target_cell..get_or_set_cached_cell_and_set_connections" :: waited 0.000s {{(pid=119121) inner /usr/local/lib/python3.8/dist-packages/oslo_concurrency/lockutils.py:355}}
Jul 28 10:38:32.627472 dv-cinder-800431-3-iscsi devstack@n-api.service[119121]: DEBUG oslo_concurrency.lockutils [None req-56e15485-2a66-49f8-b6cd-9478e807dd88 tempest-AttachVolumeNegativeTest-679413523 tempest-AttachVolumeNegativeTest-679413523-project] Lock "00000000-0000-0000-0000-000000000000" released by "nova.context.set_target_cell..get_or_set_cached_cell_and_set_connections" :: held 0.001s {{(pid=119121) inner /usr/local/lib/python3.8/dist-packages/oslo_concurrency/lockutils.py:367}}
Jul 28 10:38:32.628153 dv-cinder-800431-3-iscsi devstack@n-api.service[119120]: INFO nova.api.openstack.requestlog [None req-56ed5a18-05f1-4f8e-9e71-9b9a6d066d2f tempest-VolumesActionsTest-1297967410 tempest-VolumesActionsTest-1297967410-project] 10.222.0.25 "GET /compute/v2.1/servers/713a603f-c5ec-4fef-bb27-071aa8601e5c" status: 200 len: 1313 microversion: 2.1 time: 0.201366
Jul 28 10:38:32.628293 dv-cinder-800431-3-iscsi devstack@n-api.service[119121]: DEBUG oslo_concurrency.lockutils [None req-56e15485-2a66-49f8-b6cd-9478e807dd88 tempest-AttachVolumeNegativeTest-679413523 tempest-AttachVolumeNegativeTest-679413523-project] Lock "879bb43f-01c6-4672-bf48-025868d9cf22" acquired by "nova.context.set_target_cell..get_or_set_cached_cell_and_set_connections" :: waited 0.000s {{(pid=119121) inner /usr/local/lib/python3.8/dist-packages/oslo_concurrency/lockutils.py:355}}
Jul 28 10:38:32.628678 dv-cinder-800431-3-iscsi devstack@n-api.service[119121]: DEBUG oslo_concurrency.lockutils [None req-56e15485-2a66-49f8-b6cd-9478e807dd88 tempest-AttachVolumeNegativeTest-679413523 tempest-AttachVolumeNegativeTest-679413523-project] Lock "879bb43f-01c6-4672-bf48-025868d9cf22" released by "nova.context.set_target_cell..get_or_set_cached_cell_and_set_connections" :: held 0.000s {{(pid=119121) inner /usr/local/lib/python3.8/dist-packages/oslo_concurrency/lockutils.py:367}}
Jul 28 10:38:32.628865 dv-cinder-800431-3-iscsi devstack@n-api.service[119120]: [pid: 119120|app: 0|req: 148/280] 10.222.0.25 () {58 vars in 1236 bytes} [Wed Jul 28 10:38:32 2021] GET /compute/v2.1/servers/713a603f-c5ec-4fef-bb27-071aa8601e5c => generated 1313 bytes in 202 msecs (HTTP/1.1 200) 9 headers in 358 bytes (1 switches on core 0)
Jul 28 10:38:32.634467 dv-cinder-800431-3-iscsi devstack@n-api.service[119120]: DEBUG nova.api.openstack.wsgi [None req-83f66ead-37e3-447c-9fec-9dd962301dea tempest-AttachVolumeTestJSON-1703114434 tempest-AttachVolumeTestJSON-1703114434-project] Action: 'action', calling method: >, body: {"os-getConsoleOutput": {}} {{(pid=119120) _process_stack /opt/stack/nova/nova/api/openstack/wsgi.py:511}}
Jul 28 10:38:32.635448 dv-cinder-800431-3-iscsi devstack@n-api.service[119120]: DEBUG nova.compute.api [None req-83f66ead-37e3-447c-9fec-9dd962301dea tempest-AttachVolumeTestJSON-1703114434 tempest-AttachVolumeTestJSON-1703114434-project] [instance: 1075c593-6301-4ed9-b795-78c416194982] Fetching instance by UUID {{(pid=119120) get /opt/stack/nova/nova/compute/api.py:2791}}
Jul 28 10:38:32.642303 dv-cinder-800431-3-iscsi devstack@n-api.service[119120]: DEBUG oslo_concurrency.lockutils [None req-83f66ead-37e3-447c-9fec-9dd962301dea tempest-AttachVolumeTestJSON-1703114434 tempest-AttachVolumeTestJSON-1703114434-project] Lock "879bb43f-01c6-4672-bf48-025868d9cf22" acquired by "nova.context.set_target_cell..get_or_set_cached_cell_and_set_connections" :: waited 0.000s {{(pid=119120) inner /usr/local/lib/python3.8/dist-packages/oslo_concurrency/lockutils.py:355}}
Jul 28 10:38:32.642844 dv-cinder-800431-3-iscsi devstack@n-api.service[119120]: DEBUG oslo_concurrency.lockutils [None req-83f66ead-37e3-447c-9fec-9dd962301dea tempest-AttachVolumeTestJSON-1703114434 tempest-AttachVolumeTestJSON-1703114434-project] Lock "879bb43f-01c6-4672-bf48-025868d9cf22" released by "nova.context.set_target_cell..get_or_set_cached_cell_and_set_connections" :: held 0.001s {{(pid=119120) inner /usr/local/lib/python3.8/dist-packages/oslo_concurrency/lockutils.py:367}}
Jul 28 10:38:32.643896 dv-cinder-800431-3-iscsi devstack@n-api.service[119120]: DEBUG oslo_concurrency.lockutils [None req-83f66ead-37e3-447c-9fec-9dd962301dea tempest-AttachVolumeTestJSON-1703114434 tempest-AttachVolumeTestJSON-1703114434-project] Lock "879bb43f-01c6-4672-bf48-025868d9cf22" acquired by "nova.context.set_target_cell..get_or_set_cached_cell_and_set_connections" :: waited 0.000s {{(pid=119120) inner /usr/local/lib/python3.8/dist-packages/oslo_concurrency/lockutils.py:355}}
Jul 28 10:38:32.644329 dv-cinder-800431-3-iscsi devstack@n-api.service[119120]: DEBUG oslo_concurrency.lockutils [None req-83f66ead-37e3-447c-9fec-9dd962301dea tempest-AttachVolumeTestJSON-1703114434 tempest-AttachVolumeTestJSON-1703114434-project] Lock "879bb43f-01c6-4672-bf48-025868d9cf22" released by "nova.context.set_target_cell..get_or_set_cached_cell_and_set_connections" :: held 0.000s {{(pid=119120) inner /usr/local/lib/python3.8/dist-packages/oslo_concurrency/lockutils.py:367}}
Jul 28 10:38:32.648568 dv-cinder-800431-3-iscsi devstack@n-api.service[119121]: DEBUG nova.quota [None req-56e15485-2a66-49f8-b6cd-9478e807dd88 tempest-AttachVolumeNegativeTest-679413523 tempest-AttachVolumeNegativeTest-679413523-project] Getting quotas for project 306fbc7a4d5e433d938a4bae2209a89a. Resources: {'cores', 'instances', 'ram'} {{(pid=119121) _get_quotas /opt/stack/nova/nova/quota.py:387}}
Jul 28 10:38:32.652811 dv-cinder-800431-3-iscsi devstack@n-api.service[119121]: DEBUG nova.quota [None req-56e15485-2a66-49f8-b6cd-9478e807dd88 tempest-AttachVolumeNegativeTest-679413523 tempest-AttachVolumeNegativeTest-679413523-project] Getting quotas for user 39dc329d6654473e869f8892dbb3e046 and project 306fbc7a4d5e433d938a4bae2209a89a. Resources: {'cores', 'instances', 'ram'} {{(pid=119121) _get_quotas /opt/stack/nova/nova/quota.py:377}}
Jul 28 10:38:32.667708 dv-cinder-800431-3-iscsi devstack@n-api.service[119121]: DEBUG nova.compute.api [None req-56e15485-2a66-49f8-b6cd-9478e807dd88 tempest-AttachVolumeNegativeTest-679413523 tempest-AttachVolumeNegativeTest-679413523-project] Going to run 1 instances... {{(pid=119121) _provision_instances /opt/stack/nova/nova/compute/api.py:1280}}
Jul 28 10:38:32.670318 dv-cinder-800431-3-iscsi devstack@n-api.service[119121]: DEBUG nova.compute.api [None req-56e15485-2a66-49f8-b6cd-9478e807dd88 tempest-AttachVolumeNegativeTest-679413523 tempest-AttachVolumeNegativeTest-679413523-project] [instance: fac711f2-4c32-4273-baa3-89d7f6fa16b9] block_device_mapping [BlockDeviceMapping(attachment_id=,boot_index=0,connection_info=None,created_at=,delete_on_termination=True,deleted=,deleted_at=,destination_type='local',device_name=None,device_type='disk',disk_bus=None,guest_format=None,id=,image_id='af8ad66e-855a-451e-af3a-947f95749bea',instance=,instance_uuid=,no_device=False,snapshot_id=None,source_type='image',tag=None,updated_at=,uuid=,volume_id=None,volume_size=None,volume_type=None)] {{(pid=119121) _bdm_validate_set_size_and_instance /opt/stack/nova/nova/compute/api.py:1685}}
Jul 28 10:38:32.718998 dv-cinder-800431-3-iscsi devstack@n-api.service[119121]: INFO nova.api.openstack.requestlog [None req-56e15485-2a66-49f8-b6cd-9478e807dd88 tempest-AttachVolumeNegativeTest-679413523 tempest-AttachVolumeNegativeTest-679413523-project] 10.222.0.25 "POST /compute/v2.1/servers" status: 202 len: 380 microversion: 2.1 time: 0.891436
Jul 28 10:38:32.719843 dv-cinder-800431-3-iscsi devstack@n-api.service[119121]: [pid: 119121|app: 0|req: 133/281] 10.222.0.25 () {60 vars in 1147 bytes} [Wed Jul 28 10:38:31 2021] POST /compute/v2.1/servers => generated 380 bytes in 893 msecs (HTTP/1.1 202) 10 headers in 451 bytes (2 switches on core 0)
Jul 28 10:38:32.729611 dv-cinder-800431-3-iscsi devstack@n-api.service[119121]: DEBUG nova.api.openstack.wsgi [None req-22143e9d-c55b-4259-a351-b494e1c6b635 tempest-AttachVolumeShelveTestJSON-1502420471 tempest-AttachVolumeShelveTestJSON-1502420471-project] Action: 'action', calling method: >, body: {"os-getConsoleOutput": {}} {{(pid=119121) _process_stack /opt/stack/nova/nova/api/openstack/wsgi.py:511}}
Jul 28 10:38:32.730607 dv-cinder-800431-3-iscsi devstack@n-api.service[119121]: DEBUG nova.compute.api [None req-22143e9d-c55b-4259-a351-b494e1c6b635 tempest-AttachVolumeShelveTestJSON-1502420471 tempest-AttachVolumeShelveTestJSON-1502420471-project] [instance: cb15fb4f-4ab3-46ff-8a51-9cbc4cc9ce4b] Fetching instance by UUID {{(pid=119121) get /opt/stack/nova/nova/compute/api.py:2791}}
Jul 28 10:38:32.736906 dv-cinder-800431-3-iscsi devstack@n-api.service[119121]: DEBUG oslo_concurrency.lockutils [None req-22143e9d-c55b-4259-a351-b494e1c6b635 tempest-AttachVolumeShelveTestJSON-1502420471 tempest-AttachVolumeShelveTestJSON-1502420471-project] Lock "879bb43f-01c6-4672-bf48-025868d9cf22" acquired by "nova.context.set_target_cell..get_or_set_cached_cell_and_set_connections" :: waited 0.000s {{(pid=119121) inner /usr/local/lib/python3.8/dist-packages/oslo_concurrency/lockutils.py:355}}
Jul 28 10:38:32.737297 dv-cinder-800431-3-iscsi devstack@n-api.service[119121]: DEBUG oslo_concurrency.lockutils [None req-22143e9d-c55b-4259-a351-b494e1c6b635 tempest-AttachVolumeShelveTestJSON-1502420471 tempest-AttachVolumeShelveTestJSON-1502420471-project] Lock "879bb43f-01c6-4672-bf48-025868d9cf22" released by "nova.context.set_target_cell..get_or_set_cached_cell_and_set_connections" :: held 0.001s {{(pid=119121) inner /usr/local/lib/python3.8/dist-packages/oslo_concurrency/lockutils.py:367}}
Jul 28 10:38:32.738083 dv-cinder-800431-3-iscsi devstack@n-api.service[119121]: DEBUG oslo_concurrency.lockutils [None req-22143e9d-c55b-4259-a351-b494e1c6b635 tempest-AttachVolumeShelveTestJSON-1502420471 tempest-AttachVolumeShelveTestJSON-1502420471-project] Lock "879bb43f-01c6-4672-bf48-025868d9cf22" acquired by "nova.context.set_target_cell..get_or_set_cached_cell_and_set_connections" :: waited 0.000s {{(pid=119121) inner /usr/local/lib/python3.8/dist-packages/oslo_concurrency/lockutils.py:355}}
Jul 28 10:38:32.738698 dv-cinder-800431-3-iscsi devstack@n-api.service[119121]: DEBUG oslo_concurrency.lockutils [None req-22143e9d-c55b-4259-a351-b494e1c6b635 tempest-AttachVolumeShelveTestJSON-1502420471 tempest-AttachVolumeShelveTestJSON-1502420471-project] Lock "879bb43f-01c6-4672-bf48-025868d9cf22" released by "nova.context.set_target_cell..get_or_set_cached_cell_and_set_connections" :: held 0.000s {{(pid=119121) inner /usr/local/lib/python3.8/dist-packages/oslo_concurrency/lockutils.py:367}}
Jul 28 10:38:33.023357 dv-cinder-800431-3-iscsi devstack@n-api.service[119121]: INFO nova.api.openstack.requestlog [None req-22143e9d-c55b-4259-a351-b494e1c6b635 tempest-AttachVolumeShelveTestJSON-1502420471 tempest-AttachVolumeShelveTestJSON-1502420471-project] 10.222.0.25 "POST /compute/v2.1/servers/cb15fb4f-4ab3-46ff-8a51-9cbc4cc9ce4b/action" status: 200 len: 27322 microversion: 2.20 time: 0.297181
Jul 28 10:38:33.024944 dv-cinder-800431-3-iscsi devstack@n-api.service[119121]: [pid: 119121|app: 0|req: 134/282] 10.222.0.25 () {62 vars in 1319 bytes} [Wed Jul 28 10:38:32 2021] POST /compute/v2.1/servers/cb15fb4f-4ab3-46ff-8a51-9cbc4cc9ce4b/action => generated 27322 bytes in 305 msecs (HTTP/1.1 200) 9 headers in 361 bytes (1 switches on core 0)
Jul 28 10:38:33.030328 dv-cinder-800431-3-iscsi devstack@n-api.service[119121]: DEBUG nova.api.openstack.wsgi [None req-91fa6337-790c-4988-8239-7a702543cdaa tempest-AttachVolumeNegativeTest-679413523 tempest-AttachVolumeNegativeTest-679413523-project] Calling method '>' {{(pid=119121) _process_stack /opt/stack/nova/nova/api/openstack/wsgi.py:513}}
Jul 28 10:38:33.031163 dv-cinder-800431-3-iscsi devstack@n-api.service[119121]: DEBUG nova.compute.api [None req-91fa6337-790c-4988-8239-7a702543cdaa tempest-AttachVolumeNegativeTest-679413523 tempest-AttachVolumeNegativeTest-679413523-project] [instance: fac711f2-4c32-4273-baa3-89d7f6fa16b9] Fetching instance by UUID {{(pid=119121) get /opt/stack/nova/nova/compute/api.py:2791}}
Jul 28 10:38:33.075592 dv-cinder-800431-3-iscsi devstack@n-api.service[119120]: INFO nova.api.openstack.requestlog [None req-83f66ead-37e3-447c-9fec-9dd962301dea tempest-AttachVolumeTestJSON-1703114434 tempest-AttachVolumeTestJSON-1703114434-project] 10.222.0.25 "POST /compute/v2.1/servers/1075c593-6301-4ed9-b795-78c416194982/action" status: 200 len: 28583 microversion: 2.1 time: 0.445569
Jul 28 10:38:33.080375 dv-cinder-800431-3-iscsi devstack@n-api.service[119120]: [pid: 119120|app: 0|req: 149/283] 10.222.0.25 () {60 vars in 1278 bytes} [Wed Jul 28 10:38:32 2021] POST /compute/v2.1/servers/1075c593-6301-4ed9-b795-78c416194982/action => generated 28583 bytes in 451 msecs (HTTP/1.1 200) 9 headers in 359 bytes (1 switches on core 0)
Jul 28 10:38:33.085071 dv-cinder-800431-3-iscsi devstack@n-api.service[119121]: DEBUG nova.policy [None req-91fa6337-790c-4988-8239-7a702543cdaa tempest-AttachVolumeNegativeTest-679413523 tempest-AttachVolumeNegativeTest-679413523-project] Policy check for os_compute_api:os-extended-server-attributes failed with credentials {'is_admin': False, 'user_id': '39dc329d6654473e869f8892dbb3e046', 'user_domain_id': 'default', 'system_scope': None, 'domain_id': None, 'project_id': '306fbc7a4d5e433d938a4bae2209a89a', 'project_domain_id': 'default', 'roles': ['reader', 'member'], 'is_admin_project': True, 'service_user_id': None, 'service_user_domain_id': None, 'service_project_id': None, 'service_project_domain_id': None, 'service_roles': []} {{(pid=119121) authorize /opt/stack/nova/nova/policy.py:199}}
Jul 28 10:38:33.092346 dv-cinder-800431-3-iscsi devstack@n-api.service[119121]: INFO nova.api.openstack.requestlog [None req-91fa6337-790c-4988-8239-7a702543cdaa tempest-AttachVolumeNegativeTest-679413523 tempest-AttachVolumeNegativeTest-679413523-project] 10.222.0.25 "GET /compute/v2.1/servers/fac711f2-4c32-4273-baa3-89d7f6fa16b9" status: 200 len: 1218 microversion: 2.1 time: 0.066028
Jul 28 10:38:33.093051 dv-cinder-800431-3-iscsi devstack@n-api.service[119121]: [pid: 119121|app: 0|req: 135/284] 10.222.0.25 () {58 vars in 1236 bytes} [Wed Jul 28 10:38:33 2021] GET /compute/v2.1/servers/fac711f2-4c32-4273-baa3-89d7f6fa16b9 => generated 1218 bytes in 67 msecs (HTTP/1.1 200) 9 headers in 358 bytes (1 switches on core 0)
Jul 28 10:38:33.441998 dv-cinder-800431-3-iscsi devstack@n-api.service[119120]: DEBUG nova.api.openstack.wsgi [None req-1e39764e-1d3f-48d1-8780-519eaea1bd63 tempest-ServerRescueNegativeTestJSON-1435844511 tempest-ServerRescueNegativeTestJSON-1435844511-project] Calling method '>' {{(pid=119120) _process_stack /opt/stack/nova/nova/api/openstack/wsgi.py:513}}
Jul 28 10:38:33.442797 dv-cinder-800431-3-iscsi devstack@n-api.service[119120]: DEBUG nova.compute.api [None req-1e39764e-1d3f-48d1-8780-519eaea1bd63 tempest-ServerRescueNegativeTestJSON-1435844511 tempest-ServerRescueNegativeTestJSON-1435844511-project] [instance: 6cd28e13-6930-4641-9020-5257ca4327af] Fetching instance by UUID {{(pid=119120) get /opt/stack/nova/nova/compute/api.py:2791}}
Jul 28 10:38:33.450552 dv-cinder-800431-3-iscsi devstack@n-api.service[119120]: DEBUG oslo_concurrency.lockutils [None req-1e39764e-1d3f-48d1-8780-519eaea1bd63 tempest-ServerRescueNegativeTestJSON-1435844511 tempest-ServerRescueNegativeTestJSON-1435844511-project] Lock "879bb43f-01c6-4672-bf48-025868d9cf22" acquired by "nova.context.set_target_cell..get_or_set_cached_cell_and_set_connections" :: waited 0.000s {{(pid=119120) inner /usr/local/lib/python3.8/dist-packages/oslo_concurrency/lockutils.py:355}}
Jul 28 10:38:33.450991 dv-cinder-800431-3-iscsi devstack@n-api.service[119120]: DEBUG oslo_concurrency.lockutils [None req-1e39764e-1d3f-48d1-8780-519eaea1bd63 tempest-ServerRescueNegativeTestJSON-1435844511 tempest-ServerRescueNegativeTestJSON-1435844511-project] Lock "879bb43f-01c6-4672-bf48-025868d9cf22" released by "nova.context.set_target_cell..get_or_set_cached_cell_and_set_connections" :: held 0.001s {{(pid=119120) inner /usr/local/lib/python3.8/dist-packages/oslo_concurrency/lockutils.py:367}}
Jul 28 10:38:33.451763 dv-cinder-800431-3-iscsi devstack@n-api.service[119120]: DEBUG oslo_concurrency.lockutils [None req-1e39764e-1d3f-48d1-8780-519eaea1bd63 tempest-ServerRescueNegativeTestJSON-1435844511 tempest-ServerRescueNegativeTestJSON-1435844511-project] Lock "879bb43f-01c6-4672-bf48-025868d9cf22" acquired by "nova.context.set_target_cell..get_or_set_cached_cell_and_set_connections" :: waited 0.000s {{(pid=119120) inner /usr/local/lib/python3.8/dist-packages/oslo_concurrency/lockutils.py:355}}
Jul 28 10:38:33.452189 dv-cinder-800431-3-iscsi devstack@n-api.service[119120]: DEBUG oslo_concurrency.lockutils [None req-1e39764e-1d3f-48d1-8780-519eaea1bd63 tempest-ServerRescueNegativeTestJSON-1435844511 tempest-ServerRescueNegativeTestJSON-1435844511-project] Lock "879bb43f-01c6-4672-bf48-025868d9cf22" released by "nova.context.set_target_cell..get_or_set_cached_cell_and_set_connections" :: held 0.000s {{(pid=119120) inner /usr/local/lib/python3.8/dist-packages/oslo_concurrency/lockutils.py:367}}
Jul 28 10:38:33.578395 dv-cinder-800431-3-iscsi devstack@n-api.service[119120]: DEBUG nova.policy [None req-1e39764e-1d3f-48d1-8780-519eaea1bd63 tempest-ServerRescueNegativeTestJSON-1435844511 tempest-ServerRescueNegativeTestJSON-1435844511-project] Policy check for os_compute_api:os-extended-server-attributes failed with credentials {'is_admin': False, 'user_id': 'ac6df9a764374ae093f4b8b9c5f9112c', 'user_domain_id': 'default', 'system_scope': None, 'domain_id': None, 'project_id': '02bb4273bddb44d783e4291853ff94bc', 'project_domain_id': 'default', 'roles': ['reader', 'member'], 'is_admin_project': True, 'service_user_id': None, 'service_user_domain_id': None, 'service_project_id': None, 'service_project_domain_id': None, 'service_roles': []} {{(pid=119120) authorize /opt/stack/nova/nova/policy.py:199}}
Jul 28 10:38:33.586418 dv-cinder-800431-3-iscsi devstack@n-api.service[119120]: INFO nova.api.openstack.requestlog [None req-1e39764e-1d3f-48d1-8780-519eaea1bd63 tempest-ServerRescueNegativeTestJSON-1435844511 tempest-ServerRescueNegativeTestJSON-1435844511-project] 10.222.0.25 "GET /compute/v2.1/servers/6cd28e13-6930-4641-9020-5257ca4327af" status: 200 len: 1522 microversion: 2.1 time: 0.149063
Jul 28 10:38:33.586914 dv-cinder-800431-3-iscsi devstack@n-api.service[119120]: [pid: 119120|app: 0|req: 150/285] 10.222.0.25 () {58 vars in 1236 bytes} [Wed Jul 28 10:38:33 2021] GET /compute/v2.1/servers/6cd28e13-6930-4641-9020-5257ca4327af => generated 1522 bytes in 150 msecs (HTTP/1.1 200) 9 headers in 358 bytes (1 switches on core 0)
Jul 28 10:38:33.646606 dv-cinder-800431-3-iscsi devstack@n-api.service[119121]: DEBUG nova.api.openstack.wsgi [None req-c688d9af-3789-40af-803b-bd3880b1b4da tempest-VolumesActionsTest-1297967410 tempest-VolumesActionsTest-1297967410-project] Calling method '>' {{(pid=119121) _process_stack /opt/stack/nova/nova/api/openstack/wsgi.py:513}}
Jul 28 10:38:33.647805 dv-cinder-800431-3-iscsi devstack@n-api.service[119121]: DEBUG nova.compute.api [None req-c688d9af-3789-40af-803b-bd3880b1b4da tempest-VolumesActionsTest-1297967410 tempest-VolumesActionsTest-1297967410-project] [instance: 713a603f-c5ec-4fef-bb27-071aa8601e5c] Fetching instance by UUID {{(pid=119121) get /opt/stack/nova/nova/compute/api.py:2791}}
Jul 28 10:38:33.654524 dv-cinder-800431-3-iscsi devstack@n-api.service[119121]: DEBUG oslo_concurrency.lockutils [None req-c688d9af-3789-40af-803b-bd3880b1b4da tempest-VolumesActionsTest-1297967410 tempest-VolumesActionsTest-1297967410-project] Lock "879bb43f-01c6-4672-bf48-025868d9cf22" acquired by "nova.context.set_target_cell..get_or_set_cached_cell_and_set_connections" :: waited 0.000s {{(pid=119121) inner /usr/local/lib/python3.8/dist-packages/oslo_concurrency/lockutils.py:355}}
Jul 28 10:38:33.654972 dv-cinder-800431-3-iscsi devstack@n-api.service[119121]: DEBUG oslo_concurrency.lockutils [None req-c688d9af-3789-40af-803b-bd3880b1b4da tempest-VolumesActionsTest-1297967410 tempest-VolumesActionsTest-1297967410-project] Lock "879bb43f-01c6-4672-bf48-025868d9cf22" released by "nova.context.set_target_cell..get_or_set_cached_cell_and_set_connections" :: held 0.001s {{(pid=119121) inner /usr/local/lib/python3.8/dist-packages/oslo_concurrency/lockutils.py:367}}
Jul 28 10:38:33.655735 dv-cinder-800431-3-iscsi devstack@n-api.service[119121]: DEBUG oslo_concurrency.lockutils [None req-c688d9af-3789-40af-803b-bd3880b1b4da tempest-VolumesActionsTest-1297967410 tempest-VolumesActionsTest-1297967410-project] Lock "879bb43f-01c6-4672-bf48-025868d9cf22" acquired by "nova.context.set_target_cell..get_or_set_cached_cell_and_set_connections" :: waited 0.000s {{(pid=119121) inner /usr/local/lib/python3.8/dist-packages/oslo_concurrency/lockutils.py:355}}
Jul 28 10:38:33.656355 dv-cinder-800431-3-iscsi devstack@n-api.service[119121]: DEBUG oslo_concurrency.lockutils [None req-c688d9af-3789-40af-803b-bd3880b1b4da tempest-VolumesActionsTest-1297967410 tempest-VolumesActionsTest-1297967410-project] Lock "879bb43f-01c6-4672-bf48-025868d9cf22" released by "nova.context.set_target_cell..get_or_set_cached_cell_and_set_connections" :: held 0.001s {{(pid=119121) inner /usr/local/lib/python3.8/dist-packages/oslo_concurrency/lockutils.py:367}}
Jul 28 10:38:33.788660 dv-cinder-800431-3-iscsi devstack@n-api.service[119121]: DEBUG nova.policy [None req-c688d9af-3789-40af-803b-bd3880b1b4da tempest-VolumesActionsTest-1297967410 tempest-VolumesActionsTest-1297967410-project] Policy check for os_compute_api:os-extended-server-attributes failed with credentials {'is_admin': False, 'user_id': '287bf80d7a0d49e4a049c76ba95ebafd', 'user_domain_id': 'default', 'system_scope': None, 'domain_id': None, 'project_id': '302ffd5aee604675b6633eb88efb3dfb', 'project_domain_id': 'default', 'roles': ['reader', 'member'], 'is_admin_project': True, 'service_user_id': None, 'service_user_domain_id': None, 'service_project_id': None, 'service_project_domain_id': None, 'service_roles': []} {{(pid=119121) authorize /opt/stack/nova/nova/policy.py:199}}
Jul 28 10:38:33.796291 dv-cinder-800431-3-iscsi devstack@n-api.service[119121]: INFO nova.api.openstack.requestlog [None req-c688d9af-3789-40af-803b-bd3880b1b4da tempest-VolumesActionsTest-1297967410 tempest-VolumesActionsTest-1297967410-project] 10.222.0.25 "GET /compute/v2.1/servers/713a603f-c5ec-4fef-bb27-071aa8601e5c" status: 200 len: 1313 microversion: 2.1 time: 0.153854
Jul 28 10:38:33.796871 dv-cinder-800431-3-iscsi devstack@n-api.service[119121]: [pid: 119121|app: 0|req: 136/286] 10.222.0.25 () {58 vars in 1236 bytes} [Wed Jul 28 10:38:33 2021] GET /compute/v2.1/servers/713a603f-c5ec-4fef-bb27-071aa8601e5c => generated 1313 bytes in 155 msecs (HTTP/1.1 200) 9 headers in 358 bytes (1 switches on core 0)
Jul 28 10:38:34.035651 dv-cinder-800431-3-iscsi devstack@n-api.service[119120]: DEBUG nova.api.openstack.wsgi [None req-932c8b44-b1c8-47ab-a513-ba76a0b984b2 tempest-AttachVolumeShelveTestJSON-1502420471 tempest-AttachVolumeShelveTestJSON-1502420471-project] Action: 'action', calling method: >, body: {"os-getConsoleOutput": {}} {{(pid=119120) _process_stack /opt/stack/nova/nova/api/openstack/wsgi.py:511}}
Jul 28 10:38:34.036574 dv-cinder-800431-3-iscsi devstack@n-api.service[119120]: DEBUG nova.compute.api [None req-932c8b44-b1c8-47ab-a513-ba76a0b984b2 tempest-AttachVolumeShelveTestJSON-1502420471 tempest-AttachVolumeShelveTestJSON-1502420471-project] [instance: cb15fb4f-4ab3-46ff-8a51-9cbc4cc9ce4b] Fetching instance by UUID {{(pid=119120) get /opt/stack/nova/nova/compute/api.py:2791}}
Jul 28 10:38:34.043059 dv-cinder-800431-3-iscsi devstack@n-api.service[119120]: DEBUG oslo_concurrency.lockutils [None req-932c8b44-b1c8-47ab-a513-ba76a0b984b2 tempest-AttachVolumeShelveTestJSON-1502420471 tempest-AttachVolumeShelveTestJSON-1502420471-project] Lock "879bb43f-01c6-4672-bf48-025868d9cf22" acquired by "nova.context.set_target_cell..get_or_set_cached_cell_and_set_connections" :: waited 0.000s {{(pid=119120) inner /usr/local/lib/python3.8/dist-packages/oslo_concurrency/lockutils.py:355}}
