Jul 13 08:41:26.306422 dv-cinder-800430-2-smb devstack@c-api.service[106470]: INFO cinder.volume.api [None req-ea79013e-3feb-4744-8c76-fec597c28b2f tempest-VolumeTypesTest-582913591 tempest-VolumeTypesTest-582913591-project] Volume info retrieved successfully.
Jul 13 08:41:26.327399 dv-cinder-800430-2-smb devstack@c-api.service[106471]: INFO cinder.api.openstack.wsgi [None req-46b70feb-2573-4cdb-912f-474aa58551ac tempest-GroupsV314Test-587894458 tempest-GroupsV314Test-587894458-project-admin] http://10.222.0.79/volume/v3/7684159a7f364ed6b218be293413d16d/group_types/133da20e-55ee-45a8-ba6b-286cdbdd4fd7 returned with HTTP 202
Jul 13 08:41:26.333237 dv-cinder-800430-2-smb devstack@c-api.service[106471]: [pid: 106471|app: 0|req: 151/307] 10.222.0.79 () {60 vars in 1381 bytes} [Tue Jul 13 08:41:26 2021] DELETE /volume/v3/7684159a7f364ed6b218be293413d16d/group_types/133da20e-55ee-45a8-ba6b-286cdbdd4fd7 => generated 0 bytes in 35 msecs (HTTP/1.1 202) 6 headers in 234 bytes (1 switches on core 0)
Jul 13 08:41:26.339553 dv-cinder-800430-2-smb devstack@c-api.service[106471]: INFO cinder.api.openstack.wsgi [None req-888e8819-6d52-4380-bef1-fc900859f47f tempest-GroupsV314Test-1147241166 tempest-GroupsV314Test-1147241166-project] DELETE http://10.222.0.79/volume/v3/9810541727d146ccbdaf5c44f4cd8310/volumes/70bbb506-4b62-4c87-b04f-81c61f6ad9a8
Jul 13 08:41:26.339887 dv-cinder-800430-2-smb devstack@c-api.service[106471]: DEBUG cinder.api.openstack.wsgi [None req-888e8819-6d52-4380-bef1-fc900859f47f tempest-GroupsV314Test-1147241166 tempest-GroupsV314Test-1147241166-project] Empty body provided in request {{(pid=106471) get_body /opt/stack/cinder/cinder/api/openstack/wsgi.py:713}}
Jul 13 08:41:26.340309 dv-cinder-800430-2-smb devstack@c-api.service[106471]: DEBUG cinder.api.openstack.wsgi [None req-888e8819-6d52-4380-bef1-fc900859f47f tempest-GroupsV314Test-1147241166 tempest-GroupsV314Test-1147241166-project] Calling method 'delete' {{(pid=106471) _process_stack /opt/stack/cinder/cinder/api/openstack/wsgi.py:866}}
Jul 13 08:41:26.340840 dv-cinder-800430-2-smb devstack@c-api.service[106471]: INFO cinder.api.v3.volumes [None req-888e8819-6d52-4380-bef1-fc900859f47f tempest-GroupsV314Test-1147241166 tempest-GroupsV314Test-1147241166-project] Delete volume with id: 70bbb506-4b62-4c87-b04f-81c61f6ad9a8
Jul 13 08:41:26.352119 dv-cinder-800430-2-smb devstack@c-api.service[106470]: INFO cinder.volume.api [None req-ea79013e-3feb-4744-8c76-fec597c28b2f tempest-VolumeTypesTest-582913591 tempest-VolumeTypesTest-582913591-project] Delete volume request issued successfully.
Jul 13 08:41:26.352621 dv-cinder-800430-2-smb devstack@c-api.service[106470]: INFO cinder.api.openstack.wsgi [None req-ea79013e-3feb-4744-8c76-fec597c28b2f tempest-VolumeTypesTest-582913591 tempest-VolumeTypesTest-582913591-project] http://10.222.0.79/volume/v3/92adf1fc1b9a4579828572d02791b03c/volumes/ff6a6f52-066f-4bce-a5a5-b4bcac409902 returned with HTTP 202
Jul 13 08:41:26.357927 dv-cinder-800430-2-smb devstack@c-api.service[106470]: [pid: 106470|app: 0|req: 157/308] 10.222.0.79 () {58 vars in 1328 bytes} [Tue Jul 13 08:41:26 2021] DELETE /volume/v3/92adf1fc1b9a4579828572d02791b03c/volumes/ff6a6f52-066f-4bce-a5a5-b4bcac409902 => generated 0 bytes in 77 msecs (HTTP/1.1 202) 6 headers in 233 bytes (1 switches on core 0)
Jul 13 08:41:26.359129 dv-cinder-800430-2-smb devstack@c-api.service[106470]: INFO cinder.api.openstack.wsgi [None req-ea79013e-3feb-4744-8c76-fec597c28b2f tempest-VolumeTypesTest-582913591 tempest-VolumeTypesTest-582913591-project] GET http://10.222.0.79/volume//
Jul 13 08:41:26.359966 dv-cinder-800430-2-smb devstack@c-api.service[106470]: DEBUG cinder.api.openstack.wsgi [None req-ea79013e-3feb-4744-8c76-fec597c28b2f tempest-VolumeTypesTest-582913591 tempest-VolumeTypesTest-582913591-project] Empty body provided in request {{(pid=106470) get_body /opt/stack/cinder/cinder/api/openstack/wsgi.py:713}}
Jul 13 08:41:26.360250 dv-cinder-800430-2-smb devstack@c-api.service[106470]: /usr/local/lib/python3.8/dist-packages/webob/acceptparse.py:1047: DeprecationWarning: The behavior of AcceptValidHeader.best_match is currently being maintained for backward compatibility, but it will be deprecated in the future, as it does not conform to the RFC.
Jul 13 08:41:26.360250 dv-cinder-800430-2-smb devstack@c-api.service[106470]: warnings.warn(
Jul 13 08:41:26.361307 dv-cinder-800430-2-smb devstack@c-api.service[106470]: DEBUG cinder.api.openstack.wsgi [None req-ea79013e-3feb-4744-8c76-fec597c28b2f tempest-VolumeTypesTest-582913591 tempest-VolumeTypesTest-582913591-project] Calling method 'all' {{(pid=106470) _process_stack /opt/stack/cinder/cinder/api/openstack/wsgi.py:866}}
Jul 13 08:41:26.363650 dv-cinder-800430-2-smb devstack@c-api.service[106470]: INFO cinder.api.openstack.wsgi [None req-ea79013e-3feb-4744-8c76-fec597c28b2f tempest-VolumeTypesTest-582913591 tempest-VolumeTypesTest-582913591-project] http://10.222.0.79/volume// returned with HTTP 300
Jul 13 08:41:26.372784 dv-cinder-800430-2-smb devstack@c-api.service[106471]: INFO cinder.api.openstack.wsgi [None req-888e8819-6d52-4380-bef1-fc900859f47f tempest-GroupsV314Test-1147241166 tempest-GroupsV314Test-1147241166-project] http://10.222.0.79/volume/v3/9810541727d146ccbdaf5c44f4cd8310/volumes/70bbb506-4b62-4c87-b04f-81c61f6ad9a8 returned with HTTP 404
Jul 13 08:41:26.375859 dv-cinder-800430-2-smb devstack@c-api.service[106470]: [pid: 106470|app: 0|req: 158/309] 10.222.0.79 () {58 vars in 1300 bytes} [Tue Jul 13 08:41:26 2021] GET /volume/ => generated 754 bytes in 17 msecs (HTTP/1.1 300) 5 headers in 169 bytes (1 switches on core 0)
Jul 13 08:41:26.379522 dv-cinder-800430-2-smb devstack@c-api.service[106471]: [pid: 106471|app: 0|req: 152/310] 10.222.0.79 () {58 vars in 1328 bytes} [Tue Jul 13 08:41:26 2021] DELETE /volume/v3/9810541727d146ccbdaf5c44f4cd8310/volumes/70bbb506-4b62-4c87-b04f-81c61f6ad9a8 => generated 109 bytes in 42 msecs (HTTP/1.1 404) 7 headers in 292 bytes (1 switches on core 0)
Jul 13 08:41:26.380836 dv-cinder-800430-2-smb devstack@c-api.service[106470]: INFO cinder.api.openstack.wsgi [None req-935e95d4-9206-4d96-9b68-9fb22601f1d8 tempest-VolumeTypesTest-582913591 tempest-VolumeTypesTest-582913591-project] GET http://10.222.0.79/volume/v3/92adf1fc1b9a4579828572d02791b03c/volumes/ff6a6f52-066f-4bce-a5a5-b4bcac409902
Jul 13 08:41:26.381291 dv-cinder-800430-2-smb devstack@c-api.service[106470]: DEBUG cinder.api.openstack.wsgi [None req-935e95d4-9206-4d96-9b68-9fb22601f1d8 tempest-VolumeTypesTest-582913591 tempest-VolumeTypesTest-582913591-project] Empty body provided in request {{(pid=106470) get_body /opt/stack/cinder/cinder/api/openstack/wsgi.py:713}}
Jul 13 08:41:26.381708 dv-cinder-800430-2-smb devstack@c-api.service[106470]: DEBUG cinder.api.openstack.wsgi [None req-935e95d4-9206-4d96-9b68-9fb22601f1d8 tempest-VolumeTypesTest-582913591 tempest-VolumeTypesTest-582913591-project] Calling method 'show' {{(pid=106470) _process_stack /opt/stack/cinder/cinder/api/openstack/wsgi.py:866}}
Jul 13 08:41:26.392404 dv-cinder-800430-2-smb devstack@c-api.service[106471]: INFO cinder.api.openstack.wsgi [req-52fa29b8-64eb-4fc6-b06e-f67add963219 req-0393738a-2245-4a62-ba6d-631f1da96b27 tempest-AttachVolumeNegativeTest-1234357333 tempest-AttachVolumeNegativeTest-1234357333-project] POST http://10.222.0.79/volume/v3/5e203e16c04e4b75b53074e6d837b4e6/attachments
Jul 13 08:41:26.393398 dv-cinder-800430-2-smb devstack@c-api.service[106471]: DEBUG cinder.api.openstack.wsgi [req-52fa29b8-64eb-4fc6-b06e-f67add963219 req-0393738a-2245-4a62-ba6d-631f1da96b27 tempest-AttachVolumeNegativeTest-1234357333 tempest-AttachVolumeNegativeTest-1234357333-project] Action: 'create', calling method: version_select, body: {"attachment": {"volume_uuid": "ca30f406-e691-4e16-896d-ed326dc4b0d9", "instance_uuid": "1658546f-17c9-423d-83b4-b3aea6836d1d", "connector": null}} {{(pid=106471) _process_stack /opt/stack/cinder/cinder/api/openstack/wsgi.py:864}}
Jul 13 08:41:26.405395 dv-cinder-800430-2-smb devstack@c-api.service[106470]: /usr/local/lib/python3.8/dist-packages/oslo_context/context.py:105: DeprecationWarning: Policy enforcement is depending on the value of is_admin. This key is deprecated. Please update your policy file to use the standard policy values.
Jul 13 08:41:26.405395 dv-cinder-800430-2-smb devstack@c-api.service[106470]: warnings.warn('Policy enforcement is depending on the value of '
Jul 13 08:41:26.410677 dv-cinder-800430-2-smb devstack@c-api.service[106471]: /usr/local/lib/python3.8/dist-packages/oslo_context/context.py:105: DeprecationWarning: Policy enforcement is depending on the value of is_admin. This key is deprecated. Please update your policy file to use the standard policy values.
Jul 13 08:41:26.410677 dv-cinder-800430-2-smb devstack@c-api.service[106471]: warnings.warn('Policy enforcement is depending on the value of '
Jul 13 08:41:26.414330 dv-cinder-800430-2-smb devstack@c-api.service[106470]: INFO cinder.volume.api [None req-935e95d4-9206-4d96-9b68-9fb22601f1d8 tempest-VolumeTypesTest-582913591 tempest-VolumeTypesTest-582913591-project] Volume info retrieved successfully.
Jul 13 08:41:26.437322 dv-cinder-800430-2-smb devstack@c-api.service[106470]: INFO cinder.api.openstack.wsgi [None req-935e95d4-9206-4d96-9b68-9fb22601f1d8 tempest-VolumeTypesTest-582913591 tempest-VolumeTypesTest-582913591-project] http://10.222.0.79/volume/v3/92adf1fc1b9a4579828572d02791b03c/volumes/ff6a6f52-066f-4bce-a5a5-b4bcac409902 returned with HTTP 200
Jul 13 08:41:26.439473 dv-cinder-800430-2-smb devstack@c-api.service[106470]: [pid: 106470|app: 0|req: 159/311] 10.222.0.79 () {58 vars in 1325 bytes} [Tue Jul 13 08:41:26 2021] GET /volume/v3/92adf1fc1b9a4579828572d02791b03c/volumes/ff6a6f52-066f-4bce-a5a5-b4bcac409902 => generated 940 bytes in 63 msecs (HTTP/1.1 200) 7 headers in 285 bytes (1 switches on core 0)
Jul 13 08:41:26.459864 dv-cinder-800430-2-smb devstack@c-api.service[106470]: INFO cinder.api.openstack.wsgi [None req-af26b801-7354-4610-81c8-a3b392ed8180 tempest-GroupsV314Test-587894458 tempest-GroupsV314Test-587894458-project-admin] DELETE http://10.222.0.79/volume/v3/7684159a7f364ed6b218be293413d16d/types/566aba63-d5c2-4dd5-b5e7-76aa2cf9283d
Jul 13 08:41:26.460436 dv-cinder-800430-2-smb devstack@c-api.service[106470]: DEBUG cinder.api.openstack.wsgi [None req-af26b801-7354-4610-81c8-a3b392ed8180 tempest-GroupsV314Test-587894458 tempest-GroupsV314Test-587894458-project-admin] Empty body provided in request {{(pid=106470) get_body /opt/stack/cinder/cinder/api/openstack/wsgi.py:713}}
Jul 13 08:41:26.460988 dv-cinder-800430-2-smb devstack@c-api.service[106470]: /usr/local/lib/python3.8/dist-packages/webob/acceptparse.py:1047: DeprecationWarning: The behavior of AcceptValidHeader.best_match is currently being maintained for backward compatibility, but it will be deprecated in the future, as it does not conform to the RFC.
Jul 13 08:41:26.460988 dv-cinder-800430-2-smb devstack@c-api.service[106470]: warnings.warn(
Jul 13 08:41:26.461475 dv-cinder-800430-2-smb devstack@c-api.service[106470]: DEBUG cinder.api.openstack.wsgi [None req-af26b801-7354-4610-81c8-a3b392ed8180 tempest-GroupsV314Test-587894458 tempest-GroupsV314Test-587894458-project-admin] Calling method '_delete' {{(pid=106470) _process_stack /opt/stack/cinder/cinder/api/openstack/wsgi.py:866}}
Jul 13 08:41:26.515261 dv-cinder-800430-2-smb devstack@c-api.service[106471]: INFO cinder.api.openstack.wsgi [req-52fa29b8-64eb-4fc6-b06e-f67add963219 req-0393738a-2245-4a62-ba6d-631f1da96b27 tempest-AttachVolumeNegativeTest-1234357333 tempest-AttachVolumeNegativeTest-1234357333-project] http://10.222.0.79/volume/v3/5e203e16c04e4b75b53074e6d837b4e6/attachments returned with HTTP 200
Jul 13 08:41:26.516868 dv-cinder-800430-2-smb devstack@c-api.service[106471]: [pid: 106471|app: 0|req: 153/312] 10.222.0.79 () {66 vars in 1575 bytes} [Tue Jul 13 08:41:26 2021] POST /volume/v3/5e203e16c04e4b75b53074e6d837b4e6/attachments => generated 273 bytes in 139 msecs (HTTP/1.1 200) 7 headers in 286 bytes (1 switches on core 0)
Jul 13 08:41:26.546496 dv-cinder-800430-2-smb devstack@c-api.service[106470]: INFO cinder.api.openstack.wsgi [None req-af26b801-7354-4610-81c8-a3b392ed8180 tempest-GroupsV314Test-587894458 tempest-GroupsV314Test-587894458-project-admin] http://10.222.0.79/volume/v3/7684159a7f364ed6b218be293413d16d/types/566aba63-d5c2-4dd5-b5e7-76aa2cf9283d returned with HTTP 202
Jul 13 08:41:26.547380 dv-cinder-800430-2-smb devstack@c-api.service[106470]: [pid: 106470|app: 0|req: 160/313] 10.222.0.79 () {58 vars in 1322 bytes} [Tue Jul 13 08:41:26 2021] DELETE /volume/v3/7684159a7f364ed6b218be293413d16d/types/566aba63-d5c2-4dd5-b5e7-76aa2cf9283d => generated 0 bytes in 98 msecs (HTTP/1.1 202) 6 headers in 233 bytes (1 switches on core 0)
Jul 13 08:41:26.556162 dv-cinder-800430-2-smb devstack@c-api.service[106471]: INFO cinder.api.openstack.wsgi [None req-4e8a5e67-a3af-4c91-a050-9baabfaaffea tempest-GroupsV314Test-587894458 tempest-GroupsV314Test-587894458-project-admin] GET http://10.222.0.79/volume/v3/7684159a7f364ed6b218be293413d16d/types/566aba63-d5c2-4dd5-b5e7-76aa2cf9283d
Jul 13 08:41:26.558143 dv-cinder-800430-2-smb devstack@c-api.service[106471]: DEBUG cinder.api.openstack.wsgi [None req-4e8a5e67-a3af-4c91-a050-9baabfaaffea tempest-GroupsV314Test-587894458 tempest-GroupsV314Test-587894458-project-admin] Empty body provided in request {{(pid=106471) get_body /opt/stack/cinder/cinder/api/openstack/wsgi.py:713}}
Jul 13 08:41:26.558336 dv-cinder-800430-2-smb devstack@c-api.service[106471]: /usr/local/lib/python3.8/dist-packages/webob/acceptparse.py:1047: DeprecationWarning: The behavior of AcceptValidHeader.best_match is currently being maintained for backward compatibility, but it will be deprecated in the future, as it does not conform to the RFC.
Jul 13 08:41:26.558336 dv-cinder-800430-2-smb devstack@c-api.service[106471]: warnings.warn(
Jul 13 08:41:26.558646 dv-cinder-800430-2-smb devstack@c-api.service[106471]: DEBUG cinder.api.openstack.wsgi [None req-4e8a5e67-a3af-4c91-a050-9baabfaaffea tempest-GroupsV314Test-587894458 tempest-GroupsV314Test-587894458-project-admin] Calling method 'show' {{(pid=106471) _process_stack /opt/stack/cinder/cinder/api/openstack/wsgi.py:866}}
Jul 13 08:41:26.566217 dv-cinder-800430-2-smb devstack@c-api.service[106471]: INFO cinder.api.openstack.wsgi [None req-4e8a5e67-a3af-4c91-a050-9baabfaaffea tempest-GroupsV314Test-587894458 tempest-GroupsV314Test-587894458-project-admin] http://10.222.0.79/volume/v3/7684159a7f364ed6b218be293413d16d/types/566aba63-d5c2-4dd5-b5e7-76aa2cf9283d returned with HTTP 404
Jul 13 08:41:26.566407 dv-cinder-800430-2-smb devstack@c-api.service[106470]: INFO cinder.api.openstack.wsgi [None req-d098b7cb-f546-488a-9d84-48ece59957b0 tempest-AttachVolumeNegativeTest-1234357333 tempest-AttachVolumeNegativeTest-1234357333-project] GET http://10.222.0.79/volume/v3/5e203e16c04e4b75b53074e6d837b4e6/volumes/ca30f406-e691-4e16-896d-ed326dc4b0d9
Jul 13 08:41:26.566407 dv-cinder-800430-2-smb devstack@c-api.service[106470]: DEBUG cinder.api.openstack.wsgi [None req-d098b7cb-f546-488a-9d84-48ece59957b0 tempest-AttachVolumeNegativeTest-1234357333 tempest-AttachVolumeNegativeTest-1234357333-project] Empty body provided in request {{(pid=106470) get_body /opt/stack/cinder/cinder/api/openstack/wsgi.py:713}}
Jul 13 08:41:26.566872 dv-cinder-800430-2-smb devstack@c-api.service[106470]: DEBUG cinder.api.openstack.wsgi [None req-d098b7cb-f546-488a-9d84-48ece59957b0 tempest-AttachVolumeNegativeTest-1234357333 tempest-AttachVolumeNegativeTest-1234357333-project] Calling method 'show' {{(pid=106470) _process_stack /opt/stack/cinder/cinder/api/openstack/wsgi.py:866}}
Jul 13 08:41:26.568776 dv-cinder-800430-2-smb devstack@c-api.service[106471]: [pid: 106471|app: 0|req: 154/314] 10.222.0.79 () {58 vars in 1319 bytes} [Tue Jul 13 08:41:26 2021] GET /volume/v3/7684159a7f364ed6b218be293413d16d/types/566aba63-d5c2-4dd5-b5e7-76aa2cf9283d => generated 114 bytes in 18 msecs (HTTP/1.1 404) 7 headers in 292 bytes (1 switches on core 0)
Jul 13 08:41:26.588133 dv-cinder-800430-2-smb devstack@c-api.service[106470]: /usr/local/lib/python3.8/dist-packages/oslo_context/context.py:105: DeprecationWarning: Policy enforcement is depending on the value of is_admin. This key is deprecated. Please update your policy file to use the standard policy values.
Jul 13 08:41:26.588133 dv-cinder-800430-2-smb devstack@c-api.service[106470]: warnings.warn('Policy enforcement is depending on the value of '
Jul 13 08:41:26.597757 dv-cinder-800430-2-smb devstack@c-api.service[106470]: INFO cinder.volume.api [None req-d098b7cb-f546-488a-9d84-48ece59957b0 tempest-AttachVolumeNegativeTest-1234357333 tempest-AttachVolumeNegativeTest-1234357333-project] Volume info retrieved successfully.
Jul 13 08:41:26.603170 dv-cinder-800430-2-smb devstack@c-api.service[106471]: INFO cinder.api.openstack.wsgi [None req-4e8a5e67-a3af-4c91-a050-9baabfaaffea tempest-GroupsV314Test-587894458 tempest-GroupsV314Test-587894458-project-admin] GET http://10.222.0.79/volume//
Jul 13 08:41:26.603698 dv-cinder-800430-2-smb devstack@c-api.service[106471]: DEBUG cinder.api.openstack.wsgi [None req-4e8a5e67-a3af-4c91-a050-9baabfaaffea tempest-GroupsV314Test-587894458 tempest-GroupsV314Test-587894458-project-admin] Empty body provided in request {{(pid=106471) get_body /opt/stack/cinder/cinder/api/openstack/wsgi.py:713}}
Jul 13 08:41:26.604243 dv-cinder-800430-2-smb devstack@c-api.service[106471]: DEBUG cinder.api.openstack.wsgi [None req-4e8a5e67-a3af-4c91-a050-9baabfaaffea tempest-GroupsV314Test-587894458 tempest-GroupsV314Test-587894458-project-admin] Calling method 'all' {{(pid=106471) _process_stack /opt/stack/cinder/cinder/api/openstack/wsgi.py:866}}
Jul 13 08:41:26.605419 dv-cinder-800430-2-smb devstack@c-api.service[106471]: INFO cinder.api.openstack.wsgi [None req-4e8a5e67-a3af-4c91-a050-9baabfaaffea tempest-GroupsV314Test-587894458 tempest-GroupsV314Test-587894458-project-admin] http://10.222.0.79/volume// returned with HTTP 300
Jul 13 08:41:26.606194 dv-cinder-800430-2-smb devstack@c-api.service[106471]: [pid: 106471|app: 0|req: 155/315] 10.222.0.63 () {56 vars in 1099 bytes} [Tue Jul 13 08:41:26 2021] GET /volume/ => generated 754 bytes in 4 msecs (HTTP/1.1 300) 5 headers in 169 bytes (2 switches on core 0)
Jul 13 08:41:26.613724 dv-cinder-800430-2-smb devstack@c-api.service[106470]: /usr/local/lib/python3.8/dist-packages/oslo_context/context.py:105: DeprecationWarning: Policy enforcement is depending on the value of is_admin. This key is deprecated. Please update your policy file to use the standard policy values.
Jul 13 08:41:26.613724 dv-cinder-800430-2-smb devstack@c-api.service[106470]: warnings.warn('Policy enforcement is depending on the value of '
Jul 13 08:41:26.625858 dv-cinder-800430-2-smb devstack@c-api.service[106471]: INFO cinder.api.openstack.wsgi [req-52fa29b8-64eb-4fc6-b06e-f67add963219 req-40440378-d9ac-422c-bbf8-9ba62aa8a2d0 tempest-AttachVolumeNegativeTest-1234357333 tempest-AttachVolumeNegativeTest-1234357333-project] GET http://10.222.0.79/volume/v3/5e203e16c04e4b75b53074e6d837b4e6/volumes/ca30f406-e691-4e16-896d-ed326dc4b0d9
Jul 13 08:41:26.626358 dv-cinder-800430-2-smb devstack@c-api.service[106470]: INFO cinder.api.openstack.wsgi [None req-d098b7cb-f546-488a-9d84-48ece59957b0 tempest-AttachVolumeNegativeTest-1234357333 tempest-AttachVolumeNegativeTest-1234357333-project] http://10.222.0.79/volume/v3/5e203e16c04e4b75b53074e6d837b4e6/volumes/ca30f406-e691-4e16-896d-ed326dc4b0d9 returned with HTTP 200
Jul 13 08:41:26.627689 dv-cinder-800430-2-smb devstack@c-api.service[106471]: DEBUG cinder.api.openstack.wsgi [req-52fa29b8-64eb-4fc6-b06e-f67add963219 req-40440378-d9ac-422c-bbf8-9ba62aa8a2d0 tempest-AttachVolumeNegativeTest-1234357333 tempest-AttachVolumeNegativeTest-1234357333-project] Empty body provided in request {{(pid=106471) get_body /opt/stack/cinder/cinder/api/openstack/wsgi.py:713}}
Jul 13 08:41:26.637118 dv-cinder-800430-2-smb devstack@c-api.service[106471]: DEBUG cinder.api.openstack.wsgi [req-52fa29b8-64eb-4fc6-b06e-f67add963219 req-40440378-d9ac-422c-bbf8-9ba62aa8a2d0 tempest-AttachVolumeNegativeTest-1234357333 tempest-AttachVolumeNegativeTest-1234357333-project] Calling method 'show' {{(pid=106471) _process_stack /opt/stack/cinder/cinder/api/openstack/wsgi.py:866}}
Jul 13 08:41:26.638147 dv-cinder-800430-2-smb devstack@c-api.service[106470]: [pid: 106470|app: 0|req: 161/316] 10.222.0.79 () {58 vars in 1325 bytes} [Tue Jul 13 08:41:26 2021] GET /volume/v3/5e203e16c04e4b75b53074e6d837b4e6/volumes/ca30f406-e691-4e16-896d-ed326dc4b0d9 => generated 916 bytes in 76 msecs (HTTP/1.1 200) 7 headers in 285 bytes (1 switches on core 0)
Jul 13 08:41:26.648075 dv-cinder-800430-2-smb devstack@c-api.service[106471]: /usr/local/lib/python3.8/dist-packages/oslo_context/context.py:105: DeprecationWarning: Policy enforcement is depending on the value of is_admin. This key is deprecated. Please update your policy file to use the standard policy values.
Jul 13 08:41:26.648075 dv-cinder-800430-2-smb devstack@c-api.service[106471]: warnings.warn('Policy enforcement is depending on the value of '
Jul 13 08:41:26.663274 dv-cinder-800430-2-smb devstack@c-api.service[106471]: INFO cinder.volume.api [req-52fa29b8-64eb-4fc6-b06e-f67add963219 req-40440378-d9ac-422c-bbf8-9ba62aa8a2d0 tempest-AttachVolumeNegativeTest-1234357333 tempest-AttachVolumeNegativeTest-1234357333-project] Volume info retrieved successfully.
Jul 13 08:41:26.691612 dv-cinder-800430-2-smb devstack@c-api.service[106471]: /usr/local/lib/python3.8/dist-packages/oslo_context/context.py:105: DeprecationWarning: Policy enforcement is depending on the value of is_admin. This key is deprecated. Please update your policy file to use the standard policy values.
Jul 13 08:41:26.691612 dv-cinder-800430-2-smb devstack@c-api.service[106471]: warnings.warn('Policy enforcement is depending on the value of '
Jul 13 08:41:26.703330 dv-cinder-800430-2-smb devstack@c-api.service[106471]: INFO cinder.api.openstack.wsgi [req-52fa29b8-64eb-4fc6-b06e-f67add963219 req-40440378-d9ac-422c-bbf8-9ba62aa8a2d0 tempest-AttachVolumeNegativeTest-1234357333 tempest-AttachVolumeNegativeTest-1234357333-project] http://10.222.0.79/volume/v3/5e203e16c04e4b75b53074e6d837b4e6/volumes/ca30f406-e691-4e16-896d-ed326dc4b0d9 returned with HTTP 200
Jul 13 08:41:26.704204 dv-cinder-800430-2-smb devstack@c-api.service[106471]: [pid: 106471|app: 0|req: 156/317] 10.222.0.63 () {60 vars in 1413 bytes} [Tue Jul 13 08:41:26 2021] GET /volume/v3/5e203e16c04e4b75b53074e6d837b4e6/volumes/ca30f406-e691-4e16-896d-ed326dc4b0d9 => generated 1015 bytes in 84 msecs (HTTP/1.1 200) 7 headers in 287 bytes (1 switches on core 0)
Jul 13 08:41:26.737257 dv-cinder-800430-2-smb devstack@c-api.service[106470]: INFO cinder.api.openstack.wsgi [req-52fa29b8-64eb-4fc6-b06e-f67add963219 req-4c780b7f-c162-4180-9b1a-3e21ce808102 tempest-AttachVolumeNegativeTest-1234357333 tempest-AttachVolumeNegativeTest-1234357333-project] PUT http://10.222.0.79/volume/v3/5e203e16c04e4b75b53074e6d837b4e6/attachments/184add1c-f0cc-4933-b408-ee74980bfa2a
Jul 13 08:41:26.737692 dv-cinder-800430-2-smb devstack@c-api.service[106470]: /usr/local/lib/python3.8/dist-packages/webob/acceptparse.py:1047: DeprecationWarning: The behavior of AcceptValidHeader.best_match is currently being maintained for backward compatibility, but it will be deprecated in the future, as it does not conform to the RFC.
Jul 13 08:41:26.737692 dv-cinder-800430-2-smb devstack@c-api.service[106470]: warnings.warn(
Jul 13 08:41:26.738167 dv-cinder-800430-2-smb devstack@c-api.service[106470]: DEBUG cinder.api.openstack.wsgi [req-52fa29b8-64eb-4fc6-b06e-f67add963219 req-4c780b7f-c162-4180-9b1a-3e21ce808102 tempest-AttachVolumeNegativeTest-1234357333 tempest-AttachVolumeNegativeTest-1234357333-project] Action: 'update', calling method: version_select, body: {"attachment": {"connector": {"platform": "AMD64", "os_type": "win32", "ip": "10.222.0.63", "host": "hv-cinder-80043", "multipath": false, "initiator": "iqn.1991-05.com.microsoft:hv-cinder-80043", "mountpoint": "/dev/sdb"}}} {{(pid=106470) _process_stack /opt/stack/cinder/cinder/api/openstack/wsgi.py:864}}
Jul 13 08:41:26.764498 dv-cinder-800430-2-smb devstack@c-api.service[106470]: /usr/local/lib/python3.8/dist-packages/tenacity/__init__.py:333: DeprecationWarning: "retry" function must accept single "retry_state" parameter, please update tooz._retry.retry..
Jul 13 08:41:26.764498 dv-cinder-800430-2-smb devstack@c-api.service[106470]: return self(f, *args, **kw)
Jul 13 08:41:26.764961 dv-cinder-800430-2-smb devstack@c-api.service[106470]: DEBUG cinder.coordination [req-52fa29b8-64eb-4fc6-b06e-f67add963219 req-4c780b7f-c162-4180-9b1a-3e21ce808102 tempest-AttachVolumeNegativeTest-1234357333 tempest-AttachVolumeNegativeTest-1234357333-project] Lock "b'cinder-attachment_update-ca30f406-e691-4e16-896d-ed326dc4b0d9-hv-cinder-80043'" acquired by "attachment_update" :: waited 0.010s {{(pid=106470) _synchronized /opt/stack/cinder/cinder/coordination.py:146}}
Jul 13 08:41:26.767533 dv-cinder-800430-2-smb devstack@c-api.service[106470]: /usr/local/lib/python3.8/dist-packages/oslo_context/context.py:105: DeprecationWarning: Policy enforcement is depending on the value of is_admin. This key is deprecated. Please update your policy file to use the standard policy values.
Jul 13 08:41:26.767533 dv-cinder-800430-2-smb devstack@c-api.service[106470]: warnings.warn('Policy enforcement is depending on the value of '
Jul 13 08:41:26.939699 dv-cinder-800430-2-smb devstack@c-api.service[106470]: DEBUG cinder.coordination [req-52fa29b8-64eb-4fc6-b06e-f67add963219 req-4c780b7f-c162-4180-9b1a-3e21ce808102 tempest-AttachVolumeNegativeTest-1234357333 tempest-AttachVolumeNegativeTest-1234357333-project] Lock "b'cinder-attachment_update-ca30f406-e691-4e16-896d-ed326dc4b0d9-hv-cinder-80043'" released by "attachment_update" :: held 0.175s {{(pid=106470) _synchronized /opt/stack/cinder/cinder/coordination.py:158}}
Jul 13 08:41:26.940329 dv-cinder-800430-2-smb devstack@c-api.service[106470]: INFO cinder.api.openstack.wsgi [req-52fa29b8-64eb-4fc6-b06e-f67add963219 req-4c780b7f-c162-4180-9b1a-3e21ce808102 tempest-AttachVolumeNegativeTest-1234357333 tempest-AttachVolumeNegativeTest-1234357333-project] http://10.222.0.79/volume/v3/5e203e16c04e4b75b53074e6d837b4e6/attachments/184add1c-f0cc-4933-b408-ee74980bfa2a returned with HTTP 200
Jul 13 08:41:26.941616 dv-cinder-800430-2-smb devstack@c-api.service[106470]: [pid: 106470|app: 0|req: 162/318] 10.222.0.63 () {64 vars in 1478 bytes} [Tue Jul 13 08:41:26 2021] PUT /volume/v3/5e203e16c04e4b75b53074e6d837b4e6/attachments/184add1c-f0cc-4933-b408-ee74980bfa2a => generated 652 bytes in 209 msecs (HTTP/1.1 200) 7 headers in 286 bytes (1 switches on core 0)
Jul 13 08:41:26.948830 dv-cinder-800430-2-smb devstack@c-api.service[106471]: INFO cinder.api.openstack.wsgi [None req-dd2f765a-2a8e-4118-b085-605477cd80e8 tempest-SnapshotsActionsTest-1915817208 tempest-SnapshotsActionsTest-1915817208-project] GET http://10.222.0.79/volume/v3/57d634acdd8c4041918ca0c4b2e26812/volumes/14202039-9a0e-4ef0-9383-20581c829e6c
Jul 13 08:41:26.951243 dv-cinder-800430-2-smb devstack@c-api.service[106471]: DEBUG cinder.api.openstack.wsgi [None req-dd2f765a-2a8e-4118-b085-605477cd80e8 tempest-SnapshotsActionsTest-1915817208 tempest-SnapshotsActionsTest-1915817208-project] Empty body provided in request {{(pid=106471) get_body /opt/stack/cinder/cinder/api/openstack/wsgi.py:713}}
Jul 13 08:41:26.951678 dv-cinder-800430-2-smb devstack@c-api.service[106471]: /usr/local/lib/python3.8/dist-packages/webob/acceptparse.py:1047: DeprecationWarning: The behavior of AcceptValidHeader.best_match is currently being maintained for backward compatibility, but it will be deprecated in the future, as it does not conform to the RFC.
Jul 13 08:41:26.951678 dv-cinder-800430-2-smb devstack@c-api.service[106471]: warnings.warn(
Jul 13 08:41:26.953609 dv-cinder-800430-2-smb devstack@c-api.service[106471]: DEBUG cinder.api.openstack.wsgi [None req-dd2f765a-2a8e-4118-b085-605477cd80e8 tempest-SnapshotsActionsTest-1915817208 tempest-SnapshotsActionsTest-1915817208-project] Calling method 'show' {{(pid=106471) _process_stack /opt/stack/cinder/cinder/api/openstack/wsgi.py:866}}
Jul 13 08:41:26.968296 dv-cinder-800430-2-smb devstack@c-api.service[106471]: /usr/local/lib/python3.8/dist-packages/oslo_context/context.py:105: DeprecationWarning: Policy enforcement is depending on the value of is_admin. This key is deprecated. Please update your policy file to use the standard policy values.
Jul 13 08:41:26.968296 dv-cinder-800430-2-smb devstack@c-api.service[106471]: warnings.warn('Policy enforcement is depending on the value of '
Jul 13 08:41:26.976011 dv-cinder-800430-2-smb devstack@c-api.service[106471]: INFO cinder.volume.api [None req-dd2f765a-2a8e-4118-b085-605477cd80e8 tempest-SnapshotsActionsTest-1915817208 tempest-SnapshotsActionsTest-1915817208-project] Volume info retrieved successfully.
Jul 13 08:41:26.993987 dv-cinder-800430-2-smb devstack@c-api.service[106471]: INFO cinder.api.openstack.wsgi [None req-dd2f765a-2a8e-4118-b085-605477cd80e8 tempest-SnapshotsActionsTest-1915817208 tempest-SnapshotsActionsTest-1915817208-project] http://10.222.0.79/volume/v3/57d634acdd8c4041918ca0c4b2e26812/volumes/14202039-9a0e-4ef0-9383-20581c829e6c returned with HTTP 200
Jul 13 08:41:26.995022 dv-cinder-800430-2-smb devstack@c-api.service[106471]: [pid: 106471|app: 0|req: 157/319] 10.222.0.79 () {58 vars in 1325 bytes} [Tue Jul 13 08:41:26 2021] GET /volume/v3/57d634acdd8c4041918ca0c4b2e26812/volumes/14202039-9a0e-4ef0-9383-20581c829e6c => generated 913 bytes in 51 msecs (HTTP/1.1 200) 7 headers in 285 bytes (1 switches on core 0)
Jul 13 08:41:27.010098 dv-cinder-800430-2-smb devstack@c-api.service[106470]: INFO cinder.api.openstack.wsgi [None req-532f0280-c68c-4ab0-8c43-57eba6a5ffd1 tempest-SnapshotsActionsTest-1915817208 tempest-SnapshotsActionsTest-1915817208-project] POST http://10.222.0.79/volume/v3/57d634acdd8c4041918ca0c4b2e26812/snapshots
Jul 13 08:41:27.010489 dv-cinder-800430-2-smb devstack@c-api.service[106470]: /usr/local/lib/python3.8/dist-packages/webob/acceptparse.py:1047: DeprecationWarning: The behavior of AcceptValidHeader.best_match is currently being maintained for backward compatibility, but it will be deprecated in the future, as it does not conform to the RFC.
Jul 13 08:41:27.010489 dv-cinder-800430-2-smb devstack@c-api.service[106470]: warnings.warn(
Jul 13 08:41:27.010857 dv-cinder-800430-2-smb devstack@c-api.service[106470]: DEBUG cinder.api.openstack.wsgi [None req-532f0280-c68c-4ab0-8c43-57eba6a5ffd1 tempest-SnapshotsActionsTest-1915817208 tempest-SnapshotsActionsTest-1915817208-project] Action: 'create', calling method: create, body: {"snapshot": {"volume_id": "14202039-9a0e-4ef0-9383-20581c829e6c", "name": "tempest-SnapshotsActionsTest-Snapshot-931241267"}} {{(pid=106470) _process_stack /opt/stack/cinder/cinder/api/openstack/wsgi.py:864}}
Jul 13 08:41:27.027599 dv-cinder-800430-2-smb devstack@c-api.service[106470]: /usr/local/lib/python3.8/dist-packages/oslo_context/context.py:105: DeprecationWarning: Policy enforcement is depending on the value of is_admin. This key is deprecated. Please update your policy file to use the standard policy values.
Jul 13 08:41:27.027599 dv-cinder-800430-2-smb devstack@c-api.service[106470]: warnings.warn('Policy enforcement is depending on the value of '
Jul 13 08:41:27.028690 dv-cinder-800430-2-smb devstack@c-api.service[106470]: INFO cinder.volume.api [None req-532f0280-c68c-4ab0-8c43-57eba6a5ffd1 tempest-SnapshotsActionsTest-1915817208 tempest-SnapshotsActionsTest-1915817208-project] Volume info retrieved successfully.
Jul 13 08:41:27.029010 dv-cinder-800430-2-smb devstack@c-api.service[106470]: INFO cinder.api.v2.snapshots [None req-532f0280-c68c-4ab0-8c43-57eba6a5ffd1 tempest-SnapshotsActionsTest-1915817208 tempest-SnapshotsActionsTest-1915817208-project] Create snapshot from volume 14202039-9a0e-4ef0-9383-20581c829e6c
Jul 13 08:41:27.090938 dv-cinder-800430-2-smb devstack@c-api.service[106470]: DEBUG cinder.quota [None req-532f0280-c68c-4ab0-8c43-57eba6a5ffd1 tempest-SnapshotsActionsTest-1915817208 tempest-SnapshotsActionsTest-1915817208-project] Created reservations ['7fb2b25b-f783-4ab4-9d6d-3cfa98917827', 'e1504ba8-3d24-403e-83c1-180d5b956322', 'adfc1247-7c46-4d6d-b249-8d26dbe21dba', '7d3d73a4-85a4-4b94-b37a-85f9f7dd25a6'] {{(pid=106470) reserve /opt/stack/cinder/cinder/quota.py:755}}
Jul 13 08:41:27.171047 dv-cinder-800430-2-smb devstack@c-api.service[106470]: INFO cinder.volume.api [None req-532f0280-c68c-4ab0-8c43-57eba6a5ffd1 tempest-SnapshotsActionsTest-1915817208 tempest-SnapshotsActionsTest-1915817208-project] Snapshot create request issued successfully.
Jul 13 08:41:27.172135 dv-cinder-800430-2-smb devstack@c-api.service[106470]: INFO cinder.api.openstack.wsgi [None req-532f0280-c68c-4ab0-8c43-57eba6a5ffd1 tempest-SnapshotsActionsTest-1915817208 tempest-SnapshotsActionsTest-1915817208-project] http://10.222.0.79/volume/v3/57d634acdd8c4041918ca0c4b2e26812/snapshots returned with HTTP 202
Jul 13 08:41:27.178465 dv-cinder-800430-2-smb devstack@c-api.service[106470]: [pid: 106470|app: 0|req: 163/320] 10.222.0.79 () {60 vars in 1242 bytes} [Tue Jul 13 08:41:27 2021] POST /volume/v3/57d634acdd8c4041918ca0c4b2e26812/snapshots => generated 306 bytes in 168 msecs (HTTP/1.1 202) 7 headers in 291 bytes (1 switches on core 0)
Jul 13 08:41:27.184654 dv-cinder-800430-2-smb devstack@c-api.service[106471]: INFO cinder.api.openstack.wsgi [None req-552590de-ba47-4474-8b93-f6bc91c02bfe tempest-SnapshotsActionsTest-1915817208 tempest-SnapshotsActionsTest-1915817208-project] GET http://10.222.0.79/volume/v3/57d634acdd8c4041918ca0c4b2e26812/snapshots/9d3e5adf-a7f0-49f0-928e-8b75eb489996
Jul 13 08:41:27.185832 dv-cinder-800430-2-smb devstack@c-api.service[106471]: DEBUG cinder.api.openstack.wsgi [None req-552590de-ba47-4474-8b93-f6bc91c02bfe tempest-SnapshotsActionsTest-1915817208 tempest-SnapshotsActionsTest-1915817208-project] Empty body provided in request {{(pid=106471) get_body /opt/stack/cinder/cinder/api/openstack/wsgi.py:713}}
Jul 13 08:41:27.186905 dv-cinder-800430-2-smb devstack@c-api.service[106471]: /usr/local/lib/python3.8/dist-packages/webob/acceptparse.py:1047: DeprecationWarning: The behavior of AcceptValidHeader.best_match is currently being maintained for backward compatibility, but it will be deprecated in the future, as it does not conform to the RFC.
Jul 13 08:41:27.186905 dv-cinder-800430-2-smb devstack@c-api.service[106471]: warnings.warn(
Jul 13 08:41:27.187574 dv-cinder-800430-2-smb devstack@c-api.service[106471]: DEBUG cinder.api.openstack.wsgi [None req-552590de-ba47-4474-8b93-f6bc91c02bfe tempest-SnapshotsActionsTest-1915817208 tempest-SnapshotsActionsTest-1915817208-project] Calling method 'show' {{(pid=106471) _process_stack /opt/stack/cinder/cinder/api/openstack/wsgi.py:866}}
Jul 13 08:41:27.198178 dv-cinder-800430-2-smb devstack@c-api.service[106471]: /usr/local/lib/python3.8/dist-packages/oslo_context/context.py:105: DeprecationWarning: Policy enforcement is depending on the value of is_admin. This key is deprecated. Please update your policy file to use the standard policy values.
Jul 13 08:41:27.198178 dv-cinder-800430-2-smb devstack@c-api.service[106471]: warnings.warn('Policy enforcement is depending on the value of '
Jul 13 08:41:27.199408 dv-cinder-800430-2-smb devstack@c-api.service[106471]: INFO cinder.volume.api [None req-552590de-ba47-4474-8b93-f6bc91c02bfe tempest-SnapshotsActionsTest-1915817208 tempest-SnapshotsActionsTest-1915817208-project] Snapshot retrieved successfully.
Jul 13 08:41:27.201349 dv-cinder-800430-2-smb devstack@c-api.service[106471]: INFO cinder.api.openstack.wsgi [None req-552590de-ba47-4474-8b93-f6bc91c02bfe tempest-SnapshotsActionsTest-1915817208 tempest-SnapshotsActionsTest-1915817208-project] http://10.222.0.79/volume/v3/57d634acdd8c4041918ca0c4b2e26812/snapshots/9d3e5adf-a7f0-49f0-928e-8b75eb489996 returned with HTTP 200
Jul 13 08:41:27.206756 dv-cinder-800430-2-smb devstack@c-api.service[106471]: [pid: 106471|app: 0|req: 158/321] 10.222.0.79 () {58 vars in 1331 bytes} [Tue Jul 13 08:41:27 2021] GET /volume/v3/57d634acdd8c4041918ca0c4b2e26812/snapshots/9d3e5adf-a7f0-49f0-928e-8b75eb489996 => generated 438 bytes in 23 msecs (HTTP/1.1 200) 7 headers in 285 bytes (1 switches on core 0)
Jul 13 08:41:27.465458 dv-cinder-800430-2-smb devstack@c-api.service[106470]: INFO cinder.api.openstack.wsgi [None req-b9b38fb2-e50a-4f04-8d9f-9509151b7006 tempest-VolumeTypesTest-582913591 tempest-VolumeTypesTest-582913591-project] GET http://10.222.0.79/volume/v3/92adf1fc1b9a4579828572d02791b03c/volumes/ff6a6f52-066f-4bce-a5a5-b4bcac409902
Jul 13 08:41:27.465962 dv-cinder-800430-2-smb devstack@c-api.service[106470]: DEBUG cinder.api.openstack.wsgi [None req-b9b38fb2-e50a-4f04-8d9f-9509151b7006 tempest-VolumeTypesTest-582913591 tempest-VolumeTypesTest-582913591-project] Empty body provided in request {{(pid=106470) get_body /opt/stack/cinder/cinder/api/openstack/wsgi.py:713}}
Jul 13 08:41:27.466128 dv-cinder-800430-2-smb devstack@c-api.service[106470]: /usr/local/lib/python3.8/dist-packages/webob/acceptparse.py:1047: DeprecationWarning: The behavior of AcceptValidHeader.best_match is currently being maintained for backward compatibility, but it will be deprecated in the future, as it does not conform to the RFC.
Jul 13 08:41:27.466128 dv-cinder-800430-2-smb devstack@c-api.service[106470]: warnings.warn(
Jul 13 08:41:27.466493 dv-cinder-800430-2-smb devstack@c-api.service[106470]: DEBUG cinder.api.openstack.wsgi [None req-b9b38fb2-e50a-4f04-8d9f-9509151b7006 tempest-VolumeTypesTest-582913591 tempest-VolumeTypesTest-582913591-project] Calling method 'show' {{(pid=106470) _process_stack /opt/stack/cinder/cinder/api/openstack/wsgi.py:866}}
Jul 13 08:41:27.490203 dv-cinder-800430-2-smb devstack@c-api.service[106470]: INFO cinder.api.openstack.wsgi [None req-b9b38fb2-e50a-4f04-8d9f-9509151b7006 tempest-VolumeTypesTest-582913591 tempest-VolumeTypesTest-582913591-project] http://10.222.0.79/volume/v3/92adf1fc1b9a4579828572d02791b03c/volumes/ff6a6f52-066f-4bce-a5a5-b4bcac409902 returned with HTTP 404
Jul 13 08:41:27.493002 dv-cinder-800430-2-smb devstack@c-api.service[106470]: [pid: 106470|app: 0|req: 164/322] 10.222.0.79 () {58 vars in 1325 bytes} [Tue Jul 13 08:41:27 2021] GET /volume/v3/92adf1fc1b9a4579828572d02791b03c/volumes/ff6a6f52-066f-4bce-a5a5-b4bcac409902 => generated 109 bytes in 41 msecs (HTTP/1.1 404) 7 headers in 292 bytes (1 switches on core 0)
Jul 13 08:41:27.502227 dv-cinder-800430-2-smb devstack@c-api.service[106471]: INFO cinder.api.openstack.wsgi [None req-3e29cfd0-d164-478a-8110-ebef9d32592d tempest-VolumeTypesTest-649826439 tempest-VolumeTypesTest-649826439-project-admin] DELETE http://10.222.0.79/volume/v3/e94e243d87b842138a93225925a8c05f/types/558bf6ca-12a8-4dec-bdc8-278e53a683f9
Jul 13 08:41:27.502688 dv-cinder-800430-2-smb devstack@c-api.service[106471]: DEBUG cinder.api.openstack.wsgi [None req-3e29cfd0-d164-478a-8110-ebef9d32592d tempest-VolumeTypesTest-649826439 tempest-VolumeTypesTest-649826439-project-admin] Empty body provided in request {{(pid=106471) get_body /opt/stack/cinder/cinder/api/openstack/wsgi.py:713}}
Jul 13 08:41:27.503000 dv-cinder-800430-2-smb devstack@c-api.service[106471]: /usr/local/lib/python3.8/dist-packages/webob/acceptparse.py:1047: DeprecationWarning: The behavior of AcceptValidHeader.best_match is currently being maintained for backward compatibility, but it will be deprecated in the future, as it does not conform to the RFC.
Jul 13 08:41:27.503000 dv-cinder-800430-2-smb devstack@c-api.service[106471]: warnings.warn(
Jul 13 08:41:27.503568 dv-cinder-800430-2-smb devstack@c-api.service[106471]: DEBUG cinder.api.openstack.wsgi [None req-3e29cfd0-d164-478a-8110-ebef9d32592d tempest-VolumeTypesTest-649826439 tempest-VolumeTypesTest-649826439-project-admin] Calling method '_delete' {{(pid=106471) _process_stack /opt/stack/cinder/cinder/api/openstack/wsgi.py:866}}
Jul 13 08:41:27.563575 dv-cinder-800430-2-smb devstack@c-api.service[106471]: INFO cinder.api.openstack.wsgi [None req-3e29cfd0-d164-478a-8110-ebef9d32592d tempest-VolumeTypesTest-649826439 tempest-VolumeTypesTest-649826439-project-admin] http://10.222.0.79/volume/v3/e94e243d87b842138a93225925a8c05f/types/558bf6ca-12a8-4dec-bdc8-278e53a683f9 returned with HTTP 202
Jul 13 08:41:27.565260 dv-cinder-800430-2-smb devstack@c-api.service[106471]: [pid: 106471|app: 0|req: 159/323] 10.222.0.79 () {58 vars in 1322 bytes} [Tue Jul 13 08:41:27 2021] DELETE /volume/v3/e94e243d87b842138a93225925a8c05f/types/558bf6ca-12a8-4dec-bdc8-278e53a683f9 => generated 0 bytes in 68 msecs (HTTP/1.1 202) 6 headers in 233 bytes (1 switches on core 0)
Jul 13 08:41:27.572786 dv-cinder-800430-2-smb devstack@c-api.service[106470]: INFO cinder.api.openstack.wsgi [None req-48c05c5d-09fe-4aa9-adc4-b4562ac43092 tempest-VolumeTypesTest-649826439 tempest-VolumeTypesTest-649826439-project-admin] GET http://10.222.0.79/volume/v3/e94e243d87b842138a93225925a8c05f/types/558bf6ca-12a8-4dec-bdc8-278e53a683f9
Jul 13 08:41:27.573069 dv-cinder-800430-2-smb devstack@c-api.service[106470]: DEBUG cinder.api.openstack.wsgi [None req-48c05c5d-09fe-4aa9-adc4-b4562ac43092 tempest-VolumeTypesTest-649826439 tempest-VolumeTypesTest-649826439-project-admin] Empty body provided in request {{(pid=106470) get_body /opt/stack/cinder/cinder/api/openstack/wsgi.py:713}}
Jul 13 08:41:27.573493 dv-cinder-800430-2-smb devstack@c-api.service[106470]: DEBUG cinder.api.openstack.wsgi [None req-48c05c5d-09fe-4aa9-adc4-b4562ac43092 tempest-VolumeTypesTest-649826439 tempest-VolumeTypesTest-649826439-project-admin] Calling method 'show' {{(pid=106470) _process_stack /opt/stack/cinder/cinder/api/openstack/wsgi.py:866}}
Jul 13 08:41:27.578307 dv-cinder-800430-2-smb devstack@c-api.service[106470]: INFO cinder.api.openstack.wsgi [None req-48c05c5d-09fe-4aa9-adc4-b4562ac43092 tempest-VolumeTypesTest-649826439 tempest-VolumeTypesTest-649826439-project-admin] http://10.222.0.79/volume/v3/e94e243d87b842138a93225925a8c05f/types/558bf6ca-12a8-4dec-bdc8-278e53a683f9 returned with HTTP 404
Jul 13 08:41:27.579527 dv-cinder-800430-2-smb devstack@c-api.service[106470]: [pid: 106470|app: 0|req: 165/324] 10.222.0.79 () {58 vars in 1319 bytes} [Tue Jul 13 08:41:27 2021] GET /volume/v3/e94e243d87b842138a93225925a8c05f/types/558bf6ca-12a8-4dec-bdc8-278e53a683f9 => generated 114 bytes in 11 msecs (HTTP/1.1 404) 7 headers in 292 bytes (1 switches on core 0)
Jul 13 08:41:27.588492 dv-cinder-800430-2-smb devstack@c-api.service[106471]: INFO cinder.api.openstack.wsgi [None req-0956eb7f-0b0c-4e87-b8f6-a17576faf124 tempest-VolumeTypesTest-649826439 tempest-VolumeTypesTest-649826439-project-admin] DELETE http://10.222.0.79/volume/v3/e94e243d87b842138a93225925a8c05f/types/18fc8e0f-7675-4d15-8180-4cee9cd6bc19
Jul 13 08:41:27.589290 dv-cinder-800430-2-smb devstack@c-api.service[106471]: DEBUG cinder.api.openstack.wsgi [None req-0956eb7f-0b0c-4e87-b8f6-a17576faf124 tempest-VolumeTypesTest-649826439 tempest-VolumeTypesTest-649826439-project-admin] Empty body provided in request {{(pid=106471) get_body /opt/stack/cinder/cinder/api/openstack/wsgi.py:713}}
Jul 13 08:41:27.590071 dv-cinder-800430-2-smb devstack@c-api.service[106471]: DEBUG cinder.api.openstack.wsgi [None req-0956eb7f-0b0c-4e87-b8f6-a17576faf124 tempest-VolumeTypesTest-649826439 tempest-VolumeTypesTest-649826439-project-admin] Calling method '_delete' {{(pid=106471) _process_stack /opt/stack/cinder/cinder/api/openstack/wsgi.py:866}}
Jul 13 08:41:27.644242 dv-cinder-800430-2-smb devstack@c-api.service[106470]: INFO cinder.api.openstack.wsgi [None req-551e185e-b31e-4826-8732-5718f05de7d6 tempest-AttachVolumeNegativeTest-1234357333 tempest-AttachVolumeNegativeTest-1234357333-project] GET http://10.222.0.79/volume/v3/5e203e16c04e4b75b53074e6d837b4e6/volumes/ca30f406-e691-4e16-896d-ed326dc4b0d9
Jul 13 08:41:27.644956 dv-cinder-800430-2-smb devstack@c-api.service[106470]: DEBUG cinder.api.openstack.wsgi [None req-551e185e-b31e-4826-8732-5718f05de7d6 tempest-AttachVolumeNegativeTest-1234357333 tempest-AttachVolumeNegativeTest-1234357333-project] Empty body provided in request {{(pid=106470) get_body /opt/stack/cinder/cinder/api/openstack/wsgi.py:713}}
Jul 13 08:41:27.645508 dv-cinder-800430-2-smb devstack@c-api.service[106470]: DEBUG cinder.api.openstack.wsgi [None req-551e185e-b31e-4826-8732-5718f05de7d6 tempest-AttachVolumeNegativeTest-1234357333 tempest-AttachVolumeNegativeTest-1234357333-project] Calling method 'show' {{(pid=106470) _process_stack /opt/stack/cinder/cinder/api/openstack/wsgi.py:866}}
Jul 13 08:41:27.651061 dv-cinder-800430-2-smb devstack@c-api.service[106471]: INFO cinder.api.openstack.wsgi [None req-0956eb7f-0b0c-4e87-b8f6-a17576faf124 tempest-VolumeTypesTest-649826439 tempest-VolumeTypesTest-649826439-project-admin] http://10.222.0.79/volume/v3/e94e243d87b842138a93225925a8c05f/types/18fc8e0f-7675-4d15-8180-4cee9cd6bc19 returned with HTTP 202
Jul 13 08:41:27.654397 dv-cinder-800430-2-smb devstack@c-api.service[106471]: [pid: 106471|app: 0|req: 160/325] 10.222.0.79 () {58 vars in 1322 bytes} [Tue Jul 13 08:41:27 2021] DELETE /volume/v3/e94e243d87b842138a93225925a8c05f/types/18fc8e0f-7675-4d15-8180-4cee9cd6bc19 => generated 0 bytes in 71 msecs (HTTP/1.1 202) 6 headers in 233 bytes (2 switches on core 0)
Jul 13 08:41:27.660156 dv-cinder-800430-2-smb devstack@c-api.service[106471]: INFO cinder.api.openstack.wsgi [None req-0d8a1ff8-35bc-473c-a6eb-1f8566d61c1a tempest-VolumeTypesTest-649826439 tempest-VolumeTypesTest-649826439-project-admin] GET http://10.222.0.79/volume/v3/e94e243d87b842138a93225925a8c05f/types/18fc8e0f-7675-4d15-8180-4cee9cd6bc19
Jul 13 08:41:27.660724 dv-cinder-800430-2-smb devstack@c-api.service[106471]: DEBUG cinder.api.openstack.wsgi [None req-0d8a1ff8-35bc-473c-a6eb-1f8566d61c1a tempest-VolumeTypesTest-649826439 tempest-VolumeTypesTest-649826439-project-admin] Empty body provided in request {{(pid=106471) get_body /opt/stack/cinder/cinder/api/openstack/wsgi.py:713}}
Jul 13 08:41:27.661179 dv-cinder-800430-2-smb devstack@c-api.service[106471]: DEBUG cinder.api.openstack.wsgi [None req-0d8a1ff8-35bc-473c-a6eb-1f8566d61c1a tempest-VolumeTypesTest-649826439 tempest-VolumeTypesTest-649826439-project-admin] Calling method 'show' {{(pid=106471) _process_stack /opt/stack/cinder/cinder/api/openstack/wsgi.py:866}}
Jul 13 08:41:27.661841 dv-cinder-800430-2-smb devstack@c-api.service[106470]: /usr/local/lib/python3.8/dist-packages/oslo_context/context.py:105: DeprecationWarning: Policy enforcement is depending on the value of is_admin. This key is deprecated. Please update your policy file to use the standard policy values.
Jul 13 08:41:27.661841 dv-cinder-800430-2-smb devstack@c-api.service[106470]: warnings.warn('Policy enforcement is depending on the value of '
Jul 13 08:41:27.666629 dv-cinder-800430-2-smb devstack@c-api.service[106471]: INFO cinder.api.openstack.wsgi [None req-0d8a1ff8-35bc-473c-a6eb-1f8566d61c1a tempest-VolumeTypesTest-649826439 tempest-VolumeTypesTest-649826439-project-admin] http://10.222.0.79/volume/v3/e94e243d87b842138a93225925a8c05f/types/18fc8e0f-7675-4d15-8180-4cee9cd6bc19 returned with HTTP 404
Jul 13 08:41:27.667695 dv-cinder-800430-2-smb devstack@c-api.service[106471]: [pid: 106471|app: 0|req: 161/326] 10.222.0.79 () {58 vars in 1319 bytes} [Tue Jul 13 08:41:27 2021] GET /volume/v3/e94e243d87b842138a93225925a8c05f/types/18fc8e0f-7675-4d15-8180-4cee9cd6bc19 => generated 114 bytes in 11 msecs (HTTP/1.1 404) 7 headers in 292 bytes (1 switches on core 0)
Jul 13 08:41:27.672784 dv-cinder-800430-2-smb devstack@c-api.service[106470]: INFO cinder.volume.api [None req-551e185e-b31e-4826-8732-5718f05de7d6 tempest-AttachVolumeNegativeTest-1234357333 tempest-AttachVolumeNegativeTest-1234357333-project] Volume info retrieved successfully.
Jul 13 08:41:27.685006 dv-cinder-800430-2-smb devstack@c-api.service[106470]: /usr/local/lib/python3.8/dist-packages/oslo_context/context.py:105: DeprecationWarning: Policy enforcement is depending on the value of is_admin. This key is deprecated. Please update your policy file to use the standard policy values.
Jul 13 08:41:27.685006 dv-cinder-800430-2-smb devstack@c-api.service[106470]: warnings.warn('Policy enforcement is depending on the value of '
Jul 13 08:41:27.699300 dv-cinder-800430-2-smb devstack@c-api.service[106470]: INFO cinder.api.openstack.wsgi [None req-551e185e-b31e-4826-8732-5718f05de7d6 tempest-AttachVolumeNegativeTest-1234357333 tempest-AttachVolumeNegativeTest-1234357333-project] http://10.222.0.79/volume/v3/5e203e16c04e4b75b53074e6d837b4e6/volumes/ca30f406-e691-4e16-896d-ed326dc4b0d9 returned with HTTP 200
Jul 13 08:41:27.708169 dv-cinder-800430-2-smb devstack@c-api.service[106470]: [pid: 106470|app: 0|req: 166/327] 10.222.0.79 () {58 vars in 1325 bytes} [Tue Jul 13 08:41:27 2021] GET /volume/v3/5e203e16c04e4b75b53074e6d837b4e6/volumes/ca30f406-e691-4e16-896d-ed326dc4b0d9 => generated 917 bytes in 60 msecs (HTTP/1.1 200) 7 headers in 285 bytes (1 switches on core 0)
Jul 13 08:41:27.928619 dv-cinder-800430-2-smb devstack@c-api.service[106471]: INFO cinder.api.openstack.wsgi [req-52fa29b8-64eb-4fc6-b06e-f67add963219 req-2522f8d3-4407-4499-b9ab-14e927edf9e4 tempest-AttachVolumeNegativeTest-1234357333 tempest-AttachVolumeNegativeTest-1234357333-project] POST http://10.222.0.79/volume/v3/5e203e16c04e4b75b53074e6d837b4e6/attachments/184add1c-f0cc-4933-b408-ee74980bfa2a/action
