Jul 13 08:41:11.862517 dv-cinder-800430-2-smb devstack@c-api.service[106471]: DEBUG cinder.api.v3.groups [None req-458b101c-ba73-43f5-8a9c-ebb7f4c9868b tempest-GroupsTest-1179464381 tempest-GroupsTest-1179464381-project] Creating new group {'group': {'group_type': '8f617d57-8535-4602-9947-aa8c1788a570', 'volume_types': ['4cc5b9f1-e024-4ad7-858e-f312d08f43c1'], 'name': 'tempest-GroupsTest-Group-292247120'}} {{(pid=106471) create /opt/stack/cinder/cinder/api/v3/groups.py:190}}
Jul 13 08:41:11.869962 dv-cinder-800430-2-smb devstack@c-api.service[106471]: INFO cinder.api.v3.groups [None req-458b101c-ba73-43f5-8a9c-ebb7f4c9868b tempest-GroupsTest-1179464381 tempest-GroupsTest-1179464381-project] Creating group tempest-GroupsTest-Group-292247120.
Jul 13 08:41:11.873880 dv-cinder-800430-2-smb devstack@c-api.service[106470]: DEBUG cinder.volume.api [None req-9d210028-b119-42e6-949d-ab3ffaf6bda0 tempest-VolumeQuotasNegativeTestJSON-753464401 tempest-VolumeQuotasNegativeTestJSON-753464401-project] Task 'cinder.volume.flows.api.create_volume.QuotaReserveTask;volume:create' (11666011-4fd4-4fd0-b4ef-570e94062604) transitioned into state 'REVERTING' from state 'FAILURE' {{(pid=106470) _task_receiver /usr/local/lib/python3.8/dist-packages/taskflow/listeners/logging.py:190}}
Jul 13 08:41:11.876018 dv-cinder-800430-2-smb devstack@c-api.service[106470]: WARNING cinder.volume.api [None req-9d210028-b119-42e6-949d-ab3ffaf6bda0 tempest-VolumeQuotasNegativeTestJSON-753464401 tempest-VolumeQuotasNegativeTestJSON-753464401-project] Task 'cinder.volume.flows.api.create_volume.QuotaReserveTask;volume:create' (11666011-4fd4-4fd0-b4ef-570e94062604) transitioned into state 'REVERTED' from state 'REVERTING' with result 'None'
Jul 13 08:41:11.880460 dv-cinder-800430-2-smb devstack@c-api.service[106470]: DEBUG cinder.volume.api [None req-9d210028-b119-42e6-949d-ab3ffaf6bda0 tempest-VolumeQuotasNegativeTestJSON-753464401 tempest-VolumeQuotasNegativeTestJSON-753464401-project] Task 'cinder.volume.flows.api.create_volume.ExtractVolumeRequestTask;volume:create' (854bcd68-70c3-437a-ba92-f04b59bb01e4) transitioned into state 'REVERTING' from state 'SUCCESS' {{(pid=106470) _task_receiver /usr/local/lib/python3.8/dist-packages/taskflow/listeners/logging.py:190}}
Jul 13 08:41:11.886070 dv-cinder-800430-2-smb devstack@c-api.service[106470]: WARNING cinder.volume.api [None req-9d210028-b119-42e6-949d-ab3ffaf6bda0 tempest-VolumeQuotasNegativeTestJSON-753464401 tempest-VolumeQuotasNegativeTestJSON-753464401-project] Task 'cinder.volume.flows.api.create_volume.ExtractVolumeRequestTask;volume:create' (854bcd68-70c3-437a-ba92-f04b59bb01e4) transitioned into state 'REVERTED' from state 'REVERTING' with result 'None'
Jul 13 08:41:11.888732 dv-cinder-800430-2-smb devstack@c-api.service[106470]: WARNING cinder.volume.api [None req-9d210028-b119-42e6-949d-ab3ffaf6bda0 tempest-VolumeQuotasNegativeTestJSON-753464401 tempest-VolumeQuotasNegativeTestJSON-753464401-project] Flow 'volume_create_api' (fd851b13-64f7-4017-ad6b-218a682f1383) transitioned into state 'REVERTED' from state 'RUNNING'
Jul 13 08:41:11.889342 dv-cinder-800430-2-smb devstack@c-api.service[106470]: INFO cinder.api.middleware.fault [None req-9d210028-b119-42e6-949d-ab3ffaf6bda0 tempest-VolumeQuotasNegativeTestJSON-753464401 tempest-VolumeQuotasNegativeTestJSON-753464401-project] http://10.222.0.79/volume/v3/e7ecd1464abf43829825dfd35949b6ee/volumes returned with HTTP 413
Jul 13 08:41:11.893393 dv-cinder-800430-2-smb devstack@c-api.service[106470]: [pid: 106470|app: 0|req: 73/155] 10.222.0.79 () {60 vars in 1235 bytes} [Tue Jul 13 08:41:11 2021] POST /volume/v3/e7ecd1464abf43829825dfd35949b6ee/volumes => generated 150 bytes in 212 msecs (HTTP/1.1 413) 8 headers in 323 bytes (1 switches on core 0)
Jul 13 08:41:11.908074 dv-cinder-800430-2-smb devstack@c-api.service[106470]: INFO cinder.api.openstack.wsgi [None req-941db42d-374c-4a7e-91d5-013020839d32 tempest-VolumeQuotasAdminTestJSON-880647373 tempest-VolumeQuotasAdminTestJSON-880647373-project-admin] GET http://10.222.0.79/volume/v3/91d5b1afae9b4211ac00961baa540d77/volumes/5ccc9614-59ba-4e06-be29-191a2d168b03
Jul 13 08:41:11.908577 dv-cinder-800430-2-smb devstack@c-api.service[106470]: DEBUG cinder.api.openstack.wsgi [None req-941db42d-374c-4a7e-91d5-013020839d32 tempest-VolumeQuotasAdminTestJSON-880647373 tempest-VolumeQuotasAdminTestJSON-880647373-project-admin] Empty body provided in request {{(pid=106470) get_body /opt/stack/cinder/cinder/api/openstack/wsgi.py:713}}
Jul 13 08:41:11.908837 dv-cinder-800430-2-smb devstack@c-api.service[106470]: /usr/local/lib/python3.8/dist-packages/webob/acceptparse.py:1047: DeprecationWarning: The behavior of AcceptValidHeader.best_match is currently being maintained for backward compatibility, but it will be deprecated in the future, as it does not conform to the RFC.
Jul 13 08:41:11.908837 dv-cinder-800430-2-smb devstack@c-api.service[106470]: warnings.warn(
Jul 13 08:41:11.910411 dv-cinder-800430-2-smb devstack@c-api.service[106470]: DEBUG cinder.api.openstack.wsgi [None req-941db42d-374c-4a7e-91d5-013020839d32 tempest-VolumeQuotasAdminTestJSON-880647373 tempest-VolumeQuotasAdminTestJSON-880647373-project-admin] Calling method 'show' {{(pid=106470) _process_stack /opt/stack/cinder/cinder/api/openstack/wsgi.py:866}}
Jul 13 08:41:11.913338 dv-cinder-800430-2-smb devstack@c-api.service[106471]: DEBUG cinder.volume.api [None req-458b101c-ba73-43f5-8a9c-ebb7f4c9868b tempest-GroupsTest-1179464381 tempest-GroupsTest-1179464381-project] Availability zone cache updated, next update will occur around 2021-07-13 09:41:11.912480. {{(pid=106471) list_availability_zones /opt/stack/cinder/cinder/volume/api.py:148}}
Jul 13 08:41:11.913893 dv-cinder-800430-2-smb devstack@c-api.service[106471]: INFO cinder.volume.api [None req-458b101c-ba73-43f5-8a9c-ebb7f4c9868b tempest-GroupsTest-1179464381 tempest-GroupsTest-1179464381-project] Availability Zones retrieved successfully.
Jul 13 08:41:11.941428 dv-cinder-800430-2-smb devstack@c-api.service[106470]: INFO cinder.api.openstack.wsgi [None req-941db42d-374c-4a7e-91d5-013020839d32 tempest-VolumeQuotasAdminTestJSON-880647373 tempest-VolumeQuotasAdminTestJSON-880647373-project-admin] http://10.222.0.79/volume/v3/91d5b1afae9b4211ac00961baa540d77/volumes/5ccc9614-59ba-4e06-be29-191a2d168b03 returned with HTTP 404
Jul 13 08:41:11.943105 dv-cinder-800430-2-smb devstack@c-api.service[106471]: DEBUG cinder.quota [None req-458b101c-ba73-43f5-8a9c-ebb7f4c9868b tempest-GroupsTest-1179464381 tempest-GroupsTest-1179464381-project] Created reservations ['99f43f78-085f-41e0-a39c-36ba8325d615'] {{(pid=106471) reserve /opt/stack/cinder/cinder/quota.py:755}}
Jul 13 08:41:11.945013 dv-cinder-800430-2-smb devstack@c-api.service[106470]: [pid: 106470|app: 0|req: 74/156] 10.222.0.79 () {58 vars in 1325 bytes} [Tue Jul 13 08:41:11 2021] GET /volume/v3/91d5b1afae9b4211ac00961baa540d77/volumes/5ccc9614-59ba-4e06-be29-191a2d168b03 => generated 109 bytes in 51 msecs (HTTP/1.1 404) 7 headers in 292 bytes (1 switches on core 0)
Jul 13 08:41:11.960241 dv-cinder-800430-2-smb devstack@c-api.service[106470]: INFO cinder.api.openstack.wsgi [None req-2320de1d-008e-44ed-a2c6-7ad92c8bb0a4 tempest-VolumeQuotasNegativeTestJSON-533470544 tempest-VolumeQuotasNegativeTestJSON-533470544-project-admin] PUT http://10.222.0.79/volume/v3/1545149f38ce41f18588e73efd52ba51/os-quota-sets/e7ecd1464abf43829825dfd35949b6ee
Jul 13 08:41:11.960241 dv-cinder-800430-2-smb devstack@c-api.service[106470]: DEBUG cinder.api.openstack.wsgi [None req-2320de1d-008e-44ed-a2c6-7ad92c8bb0a4 tempest-VolumeQuotasNegativeTestJSON-533470544 tempest-VolumeQuotasNegativeTestJSON-533470544-project-admin] Action: 'update', calling method: update, body: {"quota_set": {"gigabytes": 1}} {{(pid=106470) _process_stack /opt/stack/cinder/cinder/api/openstack/wsgi.py:864}}
Jul 13 08:41:11.984402 dv-cinder-800430-2-smb devstack@c-api.service[106470]: /usr/local/lib/python3.8/dist-packages/oslo_context/context.py:105: DeprecationWarning: Policy enforcement is depending on the value of is_admin. This key is deprecated. Please update your policy file to use the standard policy values.
Jul 13 08:41:11.984402 dv-cinder-800430-2-smb devstack@c-api.service[106470]: warnings.warn('Policy enforcement is depending on the value of '
Jul 13 08:41:12.008257 dv-cinder-800430-2-smb devstack@c-api.service[106471]: INFO cinder.api.openstack.wsgi [None req-458b101c-ba73-43f5-8a9c-ebb7f4c9868b tempest-GroupsTest-1179464381 tempest-GroupsTest-1179464381-project] http://10.222.0.79/volume/v3/59231ccd242943b5890691f8aefb17ee/groups returned with HTTP 202
Jul 13 08:41:12.010396 dv-cinder-800430-2-smb devstack@c-api.service[106471]: [pid: 106471|app: 0|req: 83/157] 10.222.0.79 () {62 vars in 1274 bytes} [Tue Jul 13 08:41:11 2021] POST /volume/v3/59231ccd242943b5890691f8aefb17ee/groups => generated 103 bytes in 157 msecs (HTTP/1.1 202) 7 headers in 292 bytes (2 switches on core 0)
Jul 13 08:41:12.021342 dv-cinder-800430-2-smb devstack@c-api.service[106471]: INFO cinder.api.openstack.wsgi [None req-7c1e2778-fd57-4392-9a41-c07fd6c6a057 tempest-VolumeQuotasAdminTestJSON-880647373 tempest-VolumeQuotasAdminTestJSON-880647373-project-admin] GET http://10.222.0.79/volume/v3/91d5b1afae9b4211ac00961baa540d77/os-quota-sets/91d5b1afae9b4211ac00961baa540d77?usage=True
Jul 13 08:41:12.022166 dv-cinder-800430-2-smb devstack@c-api.service[106471]: DEBUG cinder.api.openstack.wsgi [None req-7c1e2778-fd57-4392-9a41-c07fd6c6a057 tempest-VolumeQuotasAdminTestJSON-880647373 tempest-VolumeQuotasAdminTestJSON-880647373-project-admin] Empty body provided in request {{(pid=106471) get_body /opt/stack/cinder/cinder/api/openstack/wsgi.py:713}}
Jul 13 08:41:12.023117 dv-cinder-800430-2-smb devstack@c-api.service[106471]: /usr/local/lib/python3.8/dist-packages/webob/acceptparse.py:1047: DeprecationWarning: The behavior of AcceptValidHeader.best_match is currently being maintained for backward compatibility, but it will be deprecated in the future, as it does not conform to the RFC.
Jul 13 08:41:12.023117 dv-cinder-800430-2-smb devstack@c-api.service[106471]: warnings.warn(
Jul 13 08:41:12.024151 dv-cinder-800430-2-smb devstack@c-api.service[106471]: DEBUG cinder.api.openstack.wsgi [None req-7c1e2778-fd57-4392-9a41-c07fd6c6a057 tempest-VolumeQuotasAdminTestJSON-880647373 tempest-VolumeQuotasAdminTestJSON-880647373-project-admin] Calling method 'show' {{(pid=106471) _process_stack /opt/stack/cinder/cinder/api/openstack/wsgi.py:866}}
Jul 13 08:41:12.026066 dv-cinder-800430-2-smb devstack@c-api.service[106471]: /usr/local/lib/python3.8/dist-packages/oslo_context/context.py:105: DeprecationWarning: Policy enforcement is depending on the value of is_admin. This key is deprecated. Please update your policy file to use the standard policy values.
Jul 13 08:41:12.026066 dv-cinder-800430-2-smb devstack@c-api.service[106471]: warnings.warn('Policy enforcement is depending on the value of '
Jul 13 08:41:12.050610 dv-cinder-800430-2-smb devstack@c-api.service[106470]: WARNING cinder.quota [None req-2320de1d-008e-44ed-a2c6-7ad92c8bb0a4 tempest-VolumeQuotasNegativeTestJSON-533470544 tempest-VolumeQuotasNegativeTestJSON-533470544-project-admin] Deprecated: Default quota for resource: volumes_tempest-GroupsTest-volume-type-639732837 is set by the default quota flag: quota_volumes_tempest-GroupsTest-volume-type-639732837, it is now deprecated. Please use the default quota class for default quota.
Jul 13 08:41:12.052243 dv-cinder-800430-2-smb devstack@c-api.service[106470]: WARNING cinder.quota [None req-2320de1d-008e-44ed-a2c6-7ad92c8bb0a4 tempest-VolumeQuotasNegativeTestJSON-533470544 tempest-VolumeQuotasNegativeTestJSON-533470544-project-admin] Deprecated: Default quota for resource: gigabytes_tempest-GroupsTest-volume-type-639732837 is set by the default quota flag: quota_gigabytes_tempest-GroupsTest-volume-type-639732837, it is now deprecated. Please use the default quota class for default quota.
Jul 13 08:41:12.053434 dv-cinder-800430-2-smb devstack@c-api.service[106470]: WARNING cinder.quota [None req-2320de1d-008e-44ed-a2c6-7ad92c8bb0a4 tempest-VolumeQuotasNegativeTestJSON-533470544 tempest-VolumeQuotasNegativeTestJSON-533470544-project-admin] Deprecated: Default quota for resource: snapshots_tempest-GroupsTest-volume-type-639732837 is set by the default quota flag: quota_snapshots_tempest-GroupsTest-volume-type-639732837, it is now deprecated. Please use the default quota class for default quota.
Jul 13 08:41:12.057821 dv-cinder-800430-2-smb devstack@c-api.service[106471]: WARNING cinder.quota [None req-7c1e2778-fd57-4392-9a41-c07fd6c6a057 tempest-VolumeQuotasAdminTestJSON-880647373 tempest-VolumeQuotasAdminTestJSON-880647373-project-admin] Deprecated: Default quota for resource: volumes_tempest-GroupsTest-volume-type-639732837 is set by the default quota flag: quota_volumes_tempest-GroupsTest-volume-type-639732837, it is now deprecated. Please use the default quota class for default quota.
Jul 13 08:41:12.059132 dv-cinder-800430-2-smb devstack@c-api.service[106471]: WARNING cinder.quota [None req-7c1e2778-fd57-4392-9a41-c07fd6c6a057 tempest-VolumeQuotasAdminTestJSON-880647373 tempest-VolumeQuotasAdminTestJSON-880647373-project-admin] Deprecated: Default quota for resource: gigabytes_tempest-GroupsTest-volume-type-639732837 is set by the default quota flag: quota_gigabytes_tempest-GroupsTest-volume-type-639732837, it is now deprecated. Please use the default quota class for default quota.
Jul 13 08:41:12.060168 dv-cinder-800430-2-smb devstack@c-api.service[106471]: WARNING cinder.quota [None req-7c1e2778-fd57-4392-9a41-c07fd6c6a057 tempest-VolumeQuotasAdminTestJSON-880647373 tempest-VolumeQuotasAdminTestJSON-880647373-project-admin] Deprecated: Default quota for resource: snapshots_tempest-GroupsTest-volume-type-639732837 is set by the default quota flag: quota_snapshots_tempest-GroupsTest-volume-type-639732837, it is now deprecated. Please use the default quota class for default quota.
Jul 13 08:41:12.070430 dv-cinder-800430-2-smb devstack@c-api.service[106470]: INFO cinder.api.openstack.wsgi [None req-2320de1d-008e-44ed-a2c6-7ad92c8bb0a4 tempest-VolumeQuotasNegativeTestJSON-533470544 tempest-VolumeQuotasNegativeTestJSON-533470544-project-admin] http://10.222.0.79/volume/v3/1545149f38ce41f18588e73efd52ba51/os-quota-sets/e7ecd1464abf43829825dfd35949b6ee returned with HTTP 200
Jul 13 08:41:12.072587 dv-cinder-800430-2-smb devstack@c-api.service[106470]: [pid: 106470|app: 0|req: 75/158] 10.222.0.79 () {60 vars in 1351 bytes} [Tue Jul 13 08:41:11 2021] PUT /volume/v3/1545149f38ce41f18588e73efd52ba51/os-quota-sets/e7ecd1464abf43829825dfd35949b6ee => generated 662 bytes in 127 msecs (HTTP/1.1 200) 7 headers in 285 bytes (1 switches on core 0)
Jul 13 08:41:12.077531 dv-cinder-800430-2-smb devstack@c-api.service[106470]: INFO cinder.api.openstack.wsgi [None req-9e2ca8cb-3191-441a-b06c-ed8b8aaf90b6 tempest-GroupsTest-1179464381 tempest-GroupsTest-1179464381-project] GET http://10.222.0.79/volume/v3/59231ccd242943b5890691f8aefb17ee/groups/65f3e8f8-0f9a-48a0-8eb4-f13cfdc95c7e
Jul 13 08:41:12.078326 dv-cinder-800430-2-smb devstack@c-api.service[106470]: DEBUG cinder.api.openstack.wsgi [None req-9e2ca8cb-3191-441a-b06c-ed8b8aaf90b6 tempest-GroupsTest-1179464381 tempest-GroupsTest-1179464381-project] Empty body provided in request {{(pid=106470) get_body /opt/stack/cinder/cinder/api/openstack/wsgi.py:713}}
Jul 13 08:41:12.079098 dv-cinder-800430-2-smb devstack@c-api.service[106470]: DEBUG cinder.api.openstack.wsgi [None req-9e2ca8cb-3191-441a-b06c-ed8b8aaf90b6 tempest-GroupsTest-1179464381 tempest-GroupsTest-1179464381-project] Calling method 'version_select' {{(pid=106470) _process_stack /opt/stack/cinder/cinder/api/openstack/wsgi.py:866}}
Jul 13 08:41:12.079823 dv-cinder-800430-2-smb devstack@c-api.service[106470]: DEBUG cinder.api.v3.groups [None req-9e2ca8cb-3191-441a-b06c-ed8b8aaf90b6 tempest-GroupsTest-1179464381 tempest-GroupsTest-1179464381-project] show called for member 65f3e8f8-0f9a-48a0-8eb4-f13cfdc95c7e {{(pid=106470) show /opt/stack/cinder/cinder/api/v3/groups.py:58}}
Jul 13 08:41:12.086440 dv-cinder-800430-2-smb devstack@c-api.service[106470]: /usr/local/lib/python3.8/dist-packages/oslo_context/context.py:105: DeprecationWarning: Policy enforcement is depending on the value of is_admin. This key is deprecated. Please update your policy file to use the standard policy values.
Jul 13 08:41:12.086440 dv-cinder-800430-2-smb devstack@c-api.service[106470]: warnings.warn('Policy enforcement is depending on the value of '
Jul 13 08:41:12.104637 dv-cinder-800430-2-smb devstack@c-api.service[106470]: INFO cinder.api.openstack.wsgi [None req-9e2ca8cb-3191-441a-b06c-ed8b8aaf90b6 tempest-GroupsTest-1179464381 tempest-GroupsTest-1179464381-project] http://10.222.0.79/volume/v3/59231ccd242943b5890691f8aefb17ee/groups/65f3e8f8-0f9a-48a0-8eb4-f13cfdc95c7e returned with HTTP 200
Jul 13 08:41:12.107248 dv-cinder-800430-2-smb devstack@c-api.service[106470]: [pid: 106470|app: 0|req: 76/159] 10.222.0.79 () {60 vars in 1363 bytes} [Tue Jul 13 08:41:12 2021] GET /volume/v3/59231ccd242943b5890691f8aefb17ee/groups/65f3e8f8-0f9a-48a0-8eb4-f13cfdc95c7e => generated 331 bytes in 34 msecs (HTTP/1.1 200) 7 headers in 286 bytes (1 switches on core 0)
Jul 13 08:41:12.113075 dv-cinder-800430-2-smb devstack@c-api.service[106471]: INFO cinder.api.openstack.wsgi [None req-7c1e2778-fd57-4392-9a41-c07fd6c6a057 tempest-VolumeQuotasAdminTestJSON-880647373 tempest-VolumeQuotasAdminTestJSON-880647373-project-admin] http://10.222.0.79/volume/v3/91d5b1afae9b4211ac00961baa540d77/os-quota-sets/91d5b1afae9b4211ac00961baa540d77?usage=True returned with HTTP 200
Jul 13 08:41:12.113410 dv-cinder-800430-2-smb devstack@c-api.service[106470]: INFO cinder.api.openstack.wsgi [None req-8792c65d-80a2-4bde-935c-9342c767de8f tempest-VolumeQuotasNegativeTestJSON-753464401 tempest-VolumeQuotasNegativeTestJSON-753464401-project] POST http://10.222.0.79/volume/v3/e7ecd1464abf43829825dfd35949b6ee/volumes/894b12c6-3f4a-4645-8906-c4b59c978094/action
Jul 13 08:41:12.113870 dv-cinder-800430-2-smb devstack@c-api.service[106471]: [pid: 106471|app: 0|req: 84/160] 10.222.0.79 () {58 vars in 1352 bytes} [Tue Jul 13 08:41:12 2021] GET /volume/v3/91d5b1afae9b4211ac00961baa540d77/os-quota-sets/91d5b1afae9b4211ac00961baa540d77?usage=True => generated 1449 bytes in 103 msecs (HTTP/1.1 200) 7 headers in 286 bytes (1 switches on core 0)
Jul 13 08:41:12.114283 dv-cinder-800430-2-smb devstack@c-api.service[106470]: /usr/local/lib/python3.8/dist-packages/webob/acceptparse.py:1047: DeprecationWarning: The behavior of AcceptValidHeader.best_match is currently being maintained for backward compatibility, but it will be deprecated in the future, as it does not conform to the RFC.
Jul 13 08:41:12.114283 dv-cinder-800430-2-smb devstack@c-api.service[106470]: warnings.warn(
Jul 13 08:41:12.115085 dv-cinder-800430-2-smb devstack@c-api.service[106470]: DEBUG cinder.api.openstack.wsgi [None req-8792c65d-80a2-4bde-935c-9342c767de8f tempest-VolumeQuotasNegativeTestJSON-753464401 tempest-VolumeQuotasNegativeTestJSON-753464401-project] Action body: b'{"os-extend": {"new_size": 2}}' {{(pid=106470) get_method /opt/stack/cinder/cinder/api/openstack/wsgi.py:981}}
Jul 13 08:41:12.115618 dv-cinder-800430-2-smb devstack@c-api.service[106470]: DEBUG cinder.api.openstack.wsgi [None req-8792c65d-80a2-4bde-935c-9342c767de8f tempest-VolumeQuotasNegativeTestJSON-753464401 tempest-VolumeQuotasNegativeTestJSON-753464401-project] Action: 'action', calling method: _extend, body: {"os-extend": {"new_size": 2}} {{(pid=106470) _process_stack /opt/stack/cinder/cinder/api/openstack/wsgi.py:864}}
Jul 13 08:41:12.133283 dv-cinder-800430-2-smb devstack@c-api.service[106470]: /usr/local/lib/python3.8/dist-packages/oslo_context/context.py:105: DeprecationWarning: Policy enforcement is depending on the value of is_admin. This key is deprecated. Please update your policy file to use the standard policy values.
Jul 13 08:41:12.133283 dv-cinder-800430-2-smb devstack@c-api.service[106470]: warnings.warn('Policy enforcement is depending on the value of '
Jul 13 08:41:12.135304 dv-cinder-800430-2-smb devstack@c-api.service[106470]: INFO cinder.volume.api [None req-8792c65d-80a2-4bde-935c-9342c767de8f tempest-VolumeQuotasNegativeTestJSON-753464401 tempest-VolumeQuotasNegativeTestJSON-753464401-project] Volume info retrieved successfully.
Jul 13 08:41:12.135638 dv-cinder-800430-2-smb devstack@c-api.service[106471]: INFO cinder.api.openstack.wsgi [None req-e14d2cc2-e818-4135-aa7e-e2f13172913f tempest-VolumeQuotasAdminTestJSON-880647373 tempest-VolumeQuotasAdminTestJSON-880647373-project-admin] PUT http://10.222.0.79/volume/v3/91d5b1afae9b4211ac00961baa540d77/os-quota-sets/c3530376bdc04afbbf80387e590f464e
Jul 13 08:41:12.136438 dv-cinder-800430-2-smb devstack@c-api.service[106471]: DEBUG cinder.api.openstack.wsgi [None req-e14d2cc2-e818-4135-aa7e-e2f13172913f tempest-VolumeQuotasAdminTestJSON-880647373 tempest-VolumeQuotasAdminTestJSON-880647373-project-admin] Action: 'update', calling method: update, body: {"quota_set": {"gigabytes": 1009, "volumes": 11, "snapshots": 11, "backups": 11, "backup_gigabytes": 1009, "per_volume_gigabytes": 1009}} {{(pid=106471) _process_stack /opt/stack/cinder/cinder/api/openstack/wsgi.py:864}}
Jul 13 08:41:12.256071 dv-cinder-800430-2-smb devstack@c-api.service[106470]: ERROR cinder.volume.api [None req-8792c65d-80a2-4bde-935c-9342c767de8f tempest-VolumeQuotasNegativeTestJSON-753464401 tempest-VolumeQuotasNegativeTestJSON-753464401-project] Quota exceeded for e7ecd1464abf43829825dfd35949b6ee, tried to extend volume by 1G, (1G of 1G already consumed).: cinder.exception.OverQuota: Quota exceeded for resources: ['gigabytes']
Jul 13 08:41:12.274519 dv-cinder-800430-2-smb devstack@c-api.service[106470]: INFO cinder.api.middleware.fault [None req-8792c65d-80a2-4bde-935c-9342c767de8f tempest-VolumeQuotasNegativeTestJSON-753464401 tempest-VolumeQuotasNegativeTestJSON-753464401-project] http://10.222.0.79/volume/v3/e7ecd1464abf43829825dfd35949b6ee/volumes/894b12c6-3f4a-4645-8906-c4b59c978094/action returned with HTTP 413
Jul 13 08:41:12.276967 dv-cinder-800430-2-smb devstack@c-api.service[106470]: [pid: 106470|app: 0|req: 77/161] 10.222.0.79 () {60 vars in 1367 bytes} [Tue Jul 13 08:41:12 2021] POST /volume/v3/e7ecd1464abf43829825dfd35949b6ee/volumes/894b12c6-3f4a-4645-8906-c4b59c978094/action => generated 208 bytes in 169 msecs (HTTP/1.1 413) 8 headers in 323 bytes (1 switches on core 0)
Jul 13 08:41:12.292546 dv-cinder-800430-2-smb devstack@c-api.service[106470]: INFO cinder.api.openstack.wsgi [None req-37c10cec-32db-4218-aefc-40df45c8fe56 tempest-VolumeQuotasNegativeTestJSON-753464401 tempest-VolumeQuotasNegativeTestJSON-753464401-project] DELETE http://10.222.0.79/volume/v3/e7ecd1464abf43829825dfd35949b6ee/volumes/894b12c6-3f4a-4645-8906-c4b59c978094
Jul 13 08:41:12.294718 dv-cinder-800430-2-smb devstack@c-api.service[106470]: DEBUG cinder.api.openstack.wsgi [None req-37c10cec-32db-4218-aefc-40df45c8fe56 tempest-VolumeQuotasNegativeTestJSON-753464401 tempest-VolumeQuotasNegativeTestJSON-753464401-project] Empty body provided in request {{(pid=106470) get_body /opt/stack/cinder/cinder/api/openstack/wsgi.py:713}}
Jul 13 08:41:12.295135 dv-cinder-800430-2-smb devstack@c-api.service[106470]: /usr/local/lib/python3.8/dist-packages/webob/acceptparse.py:1047: DeprecationWarning: The behavior of AcceptValidHeader.best_match is currently being maintained for backward compatibility, but it will be deprecated in the future, as it does not conform to the RFC.
Jul 13 08:41:12.295135 dv-cinder-800430-2-smb devstack@c-api.service[106470]: warnings.warn(
Jul 13 08:41:12.295724 dv-cinder-800430-2-smb devstack@c-api.service[106470]: DEBUG cinder.api.openstack.wsgi [None req-37c10cec-32db-4218-aefc-40df45c8fe56 tempest-VolumeQuotasNegativeTestJSON-753464401 tempest-VolumeQuotasNegativeTestJSON-753464401-project] Calling method 'delete' {{(pid=106470) _process_stack /opt/stack/cinder/cinder/api/openstack/wsgi.py:866}}
Jul 13 08:41:12.296652 dv-cinder-800430-2-smb devstack@c-api.service[106470]: INFO cinder.api.v3.volumes [None req-37c10cec-32db-4218-aefc-40df45c8fe56 tempest-VolumeQuotasNegativeTestJSON-753464401 tempest-VolumeQuotasNegativeTestJSON-753464401-project] Delete volume with id: 894b12c6-3f4a-4645-8906-c4b59c978094
Jul 13 08:41:12.344573 dv-cinder-800430-2-smb devstack@c-api.service[106470]: /usr/local/lib/python3.8/dist-packages/oslo_context/context.py:105: DeprecationWarning: Policy enforcement is depending on the value of is_admin. This key is deprecated. Please update your policy file to use the standard policy values.
Jul 13 08:41:12.344573 dv-cinder-800430-2-smb devstack@c-api.service[106470]: warnings.warn('Policy enforcement is depending on the value of '
Jul 13 08:41:12.347496 dv-cinder-800430-2-smb devstack@c-api.service[106470]: INFO cinder.volume.api [None req-37c10cec-32db-4218-aefc-40df45c8fe56 tempest-VolumeQuotasNegativeTestJSON-753464401 tempest-VolumeQuotasNegativeTestJSON-753464401-project] Volume info retrieved successfully.
Jul 13 08:41:12.407034 dv-cinder-800430-2-smb devstack@c-api.service[106470]: INFO cinder.volume.api [None req-37c10cec-32db-4218-aefc-40df45c8fe56 tempest-VolumeQuotasNegativeTestJSON-753464401 tempest-VolumeQuotasNegativeTestJSON-753464401-project] Delete volume request issued successfully.
Jul 13 08:41:12.407459 dv-cinder-800430-2-smb devstack@c-api.service[106470]: INFO cinder.api.openstack.wsgi [None req-37c10cec-32db-4218-aefc-40df45c8fe56 tempest-VolumeQuotasNegativeTestJSON-753464401 tempest-VolumeQuotasNegativeTestJSON-753464401-project] http://10.222.0.79/volume/v3/e7ecd1464abf43829825dfd35949b6ee/volumes/894b12c6-3f4a-4645-8906-c4b59c978094 returned with HTTP 202
Jul 13 08:41:12.414841 dv-cinder-800430-2-smb devstack@c-api.service[106470]: [pid: 106470|app: 0|req: 78/162] 10.222.0.79 () {58 vars in 1328 bytes} [Tue Jul 13 08:41:12 2021] DELETE /volume/v3/e7ecd1464abf43829825dfd35949b6ee/volumes/894b12c6-3f4a-4645-8906-c4b59c978094 => generated 0 bytes in 133 msecs (HTTP/1.1 202) 6 headers in 233 bytes (2 switches on core 0)
Jul 13 08:41:12.442278 dv-cinder-800430-2-smb devstack@c-api.service[106471]: INFO cinder.api.openstack.wsgi [None req-e14d2cc2-e818-4135-aa7e-e2f13172913f tempest-VolumeQuotasAdminTestJSON-880647373 tempest-VolumeQuotasAdminTestJSON-880647373-project-admin] http://10.222.0.79/volume/v3/91d5b1afae9b4211ac00961baa540d77/os-quota-sets/c3530376bdc04afbbf80387e590f464e returned with HTTP 200
Jul 13 08:41:12.449881 dv-cinder-800430-2-smb devstack@c-api.service[106471]: [pid: 106471|app: 0|req: 85/163] 10.222.0.79 () {60 vars in 1352 bytes} [Tue Jul 13 08:41:12 2021] PUT /volume/v3/91d5b1afae9b4211ac00961baa540d77/os-quota-sets/c3530376bdc04afbbf80387e590f464e => generated 668 bytes in 315 msecs (HTTP/1.1 200) 7 headers in 285 bytes (1 switches on core 0)
Jul 13 08:41:12.457345 dv-cinder-800430-2-smb devstack@c-api.service[106471]: INFO cinder.api.openstack.wsgi [None req-b848902a-88d1-4606-b2ac-999281c687e4 tempest-VolumeQuotasAdminTestJSON-880647373 tempest-VolumeQuotasAdminTestJSON-880647373-project-admin] PUT http://10.222.0.79/volume/v3/91d5b1afae9b4211ac00961baa540d77/os-quota-sets/c3530376bdc04afbbf80387e590f464e
Jul 13 08:41:12.458366 dv-cinder-800430-2-smb devstack@c-api.service[106471]: DEBUG cinder.api.openstack.wsgi [None req-b848902a-88d1-4606-b2ac-999281c687e4 tempest-VolumeQuotasAdminTestJSON-880647373 tempest-VolumeQuotasAdminTestJSON-880647373-project-admin] Action: 'update', calling method: update, body: {"quota_set": {"volumes": 10, "per_volume_gigabytes": -1, "snapshots": 10, "gigabytes": 1000, "backups": 10, "backup_gigabytes": 1000}} {{(pid=106471) _process_stack /opt/stack/cinder/cinder/api/openstack/wsgi.py:864}}
Jul 13 08:41:12.459636 dv-cinder-800430-2-smb devstack@c-api.service[106470]: INFO cinder.api.openstack.wsgi [None req-b042e846-6ea3-4068-bbf7-9a5f158d7018 tempest-VolumeQuotasNegativeTestJSON-753464401 tempest-VolumeQuotasNegativeTestJSON-753464401-project] GET http://10.222.0.79/volume/v3/e7ecd1464abf43829825dfd35949b6ee/volumes/894b12c6-3f4a-4645-8906-c4b59c978094
Jul 13 08:41:12.465530 dv-cinder-800430-2-smb devstack@c-api.service[106470]: DEBUG cinder.api.openstack.wsgi [None req-b042e846-6ea3-4068-bbf7-9a5f158d7018 tempest-VolumeQuotasNegativeTestJSON-753464401 tempest-VolumeQuotasNegativeTestJSON-753464401-project] Empty body provided in request {{(pid=106470) get_body /opt/stack/cinder/cinder/api/openstack/wsgi.py:713}}
Jul 13 08:41:12.466482 dv-cinder-800430-2-smb devstack@c-api.service[106470]: /usr/local/lib/python3.8/dist-packages/webob/acceptparse.py:1047: DeprecationWarning: The behavior of AcceptValidHeader.best_match is currently being maintained for backward compatibility, but it will be deprecated in the future, as it does not conform to the RFC.
Jul 13 08:41:12.466482 dv-cinder-800430-2-smb devstack@c-api.service[106470]: warnings.warn(
Jul 13 08:41:12.467657 dv-cinder-800430-2-smb devstack@c-api.service[106470]: DEBUG cinder.api.openstack.wsgi [None req-b042e846-6ea3-4068-bbf7-9a5f158d7018 tempest-VolumeQuotasNegativeTestJSON-753464401 tempest-VolumeQuotasNegativeTestJSON-753464401-project] Calling method 'show' {{(pid=106470) _process_stack /opt/stack/cinder/cinder/api/openstack/wsgi.py:866}}
Jul 13 08:41:12.515681 dv-cinder-800430-2-smb devstack@c-api.service[106470]: /usr/local/lib/python3.8/dist-packages/oslo_context/context.py:105: DeprecationWarning: Policy enforcement is depending on the value of is_admin. This key is deprecated. Please update your policy file to use the standard policy values.
Jul 13 08:41:12.515681 dv-cinder-800430-2-smb devstack@c-api.service[106470]: warnings.warn('Policy enforcement is depending on the value of '
Jul 13 08:41:12.535305 dv-cinder-800430-2-smb devstack@c-api.service[106470]: INFO cinder.volume.api [None req-b042e846-6ea3-4068-bbf7-9a5f158d7018 tempest-VolumeQuotasNegativeTestJSON-753464401 tempest-VolumeQuotasNegativeTestJSON-753464401-project] Volume info retrieved successfully.
Jul 13 08:41:12.577370 dv-cinder-800430-2-smb devstack@c-api.service[106470]: INFO cinder.api.openstack.wsgi [None req-b042e846-6ea3-4068-bbf7-9a5f158d7018 tempest-VolumeQuotasNegativeTestJSON-753464401 tempest-VolumeQuotasNegativeTestJSON-753464401-project] http://10.222.0.79/volume/v3/e7ecd1464abf43829825dfd35949b6ee/volumes/894b12c6-3f4a-4645-8906-c4b59c978094 returned with HTTP 200
Jul 13 08:41:12.590602 dv-cinder-800430-2-smb devstack@c-api.service[106470]: [pid: 106470|app: 0|req: 79/164] 10.222.0.79 () {58 vars in 1325 bytes} [Tue Jul 13 08:41:12 2021] GET /volume/v3/e7ecd1464abf43829825dfd35949b6ee/volumes/894b12c6-3f4a-4645-8906-c4b59c978094 => generated 919 bytes in 174 msecs (HTTP/1.1 200) 7 headers in 285 bytes (1 switches on core 0)
Jul 13 08:41:12.783477 dv-cinder-800430-2-smb devstack@c-api.service[106471]: INFO cinder.api.openstack.wsgi [None req-b848902a-88d1-4606-b2ac-999281c687e4 tempest-VolumeQuotasAdminTestJSON-880647373 tempest-VolumeQuotasAdminTestJSON-880647373-project-admin] http://10.222.0.79/volume/v3/91d5b1afae9b4211ac00961baa540d77/os-quota-sets/c3530376bdc04afbbf80387e590f464e returned with HTTP 200
Jul 13 08:41:12.787287 dv-cinder-800430-2-smb devstack@c-api.service[106471]: [pid: 106471|app: 0|req: 86/165] 10.222.0.79 () {60 vars in 1352 bytes} [Tue Jul 13 08:41:12 2021] PUT /volume/v3/91d5b1afae9b4211ac00961baa540d77/os-quota-sets/c3530376bdc04afbbf80387e590f464e => generated 666 bytes in 334 msecs (HTTP/1.1 200) 7 headers in 285 bytes (1 switches on core 0)
Jul 13 08:41:12.796243 dv-cinder-800430-2-smb devstack@c-api.service[106470]: INFO cinder.api.openstack.wsgi [None req-234b3369-f4d2-4cd0-a4d9-27b9524160c3 tempest-VolumeQuotasAdminTestJSON-1578268169 tempest-VolumeQuotasAdminTestJSON-1578268169-project] DELETE http://10.222.0.79/volume/v3/c3530376bdc04afbbf80387e590f464e/volumes/5ccc9614-59ba-4e06-be29-191a2d168b03
Jul 13 08:41:12.796933 dv-cinder-800430-2-smb devstack@c-api.service[106470]: DEBUG cinder.api.openstack.wsgi [None req-234b3369-f4d2-4cd0-a4d9-27b9524160c3 tempest-VolumeQuotasAdminTestJSON-1578268169 tempest-VolumeQuotasAdminTestJSON-1578268169-project] Empty body provided in request {{(pid=106470) get_body /opt/stack/cinder/cinder/api/openstack/wsgi.py:713}}
Jul 13 08:41:12.797277 dv-cinder-800430-2-smb devstack@c-api.service[106470]: /usr/local/lib/python3.8/dist-packages/webob/acceptparse.py:1047: DeprecationWarning: The behavior of AcceptValidHeader.best_match is currently being maintained for backward compatibility, but it will be deprecated in the future, as it does not conform to the RFC.
Jul 13 08:41:12.797277 dv-cinder-800430-2-smb devstack@c-api.service[106470]: warnings.warn(
Jul 13 08:41:12.797964 dv-cinder-800430-2-smb devstack@c-api.service[106470]: DEBUG cinder.api.openstack.wsgi [None req-234b3369-f4d2-4cd0-a4d9-27b9524160c3 tempest-VolumeQuotasAdminTestJSON-1578268169 tempest-VolumeQuotasAdminTestJSON-1578268169-project] Calling method 'delete' {{(pid=106470) _process_stack /opt/stack/cinder/cinder/api/openstack/wsgi.py:866}}
Jul 13 08:41:12.798660 dv-cinder-800430-2-smb devstack@c-api.service[106470]: INFO cinder.api.v3.volumes [None req-234b3369-f4d2-4cd0-a4d9-27b9524160c3 tempest-VolumeQuotasAdminTestJSON-1578268169 tempest-VolumeQuotasAdminTestJSON-1578268169-project] Delete volume with id: 5ccc9614-59ba-4e06-be29-191a2d168b03
Jul 13 08:41:12.811844 dv-cinder-800430-2-smb devstack@c-api.service[106470]: INFO cinder.api.openstack.wsgi [None req-234b3369-f4d2-4cd0-a4d9-27b9524160c3 tempest-VolumeQuotasAdminTestJSON-1578268169 tempest-VolumeQuotasAdminTestJSON-1578268169-project] http://10.222.0.79/volume/v3/c3530376bdc04afbbf80387e590f464e/volumes/5ccc9614-59ba-4e06-be29-191a2d168b03 returned with HTTP 404
Jul 13 08:41:12.813900 dv-cinder-800430-2-smb devstack@c-api.service[106470]: [pid: 106470|app: 0|req: 80/166] 10.222.0.79 () {58 vars in 1328 bytes} [Tue Jul 13 08:41:12 2021] DELETE /volume/v3/c3530376bdc04afbbf80387e590f464e/volumes/5ccc9614-59ba-4e06-be29-191a2d168b03 => generated 109 bytes in 23 msecs (HTTP/1.1 404) 7 headers in 292 bytes (1 switches on core 0)
Jul 13 08:41:12.821387 dv-cinder-800430-2-smb devstack@c-api.service[106471]: INFO cinder.api.openstack.wsgi [None req-ac622405-548d-4ffa-a180-de676b4ccb0e tempest-VolumeQuotasAdminTestJSON-1578268169 tempest-VolumeQuotasAdminTestJSON-1578268169-project] DELETE http://10.222.0.79/volume/v3/c3530376bdc04afbbf80387e590f464e/volumes/e721655c-91d3-408e-b0b7-4e49a1f1de00
Jul 13 08:41:12.823670 dv-cinder-800430-2-smb devstack@c-api.service[106471]: DEBUG cinder.api.openstack.wsgi [None req-ac622405-548d-4ffa-a180-de676b4ccb0e tempest-VolumeQuotasAdminTestJSON-1578268169 tempest-VolumeQuotasAdminTestJSON-1578268169-project] Empty body provided in request {{(pid=106471) get_body /opt/stack/cinder/cinder/api/openstack/wsgi.py:713}}
Jul 13 08:41:12.824440 dv-cinder-800430-2-smb devstack@c-api.service[106471]: DEBUG cinder.api.openstack.wsgi [None req-ac622405-548d-4ffa-a180-de676b4ccb0e tempest-VolumeQuotasAdminTestJSON-1578268169 tempest-VolumeQuotasAdminTestJSON-1578268169-project] Calling method 'delete' {{(pid=106471) _process_stack /opt/stack/cinder/cinder/api/openstack/wsgi.py:866}}
Jul 13 08:41:12.825307 dv-cinder-800430-2-smb devstack@c-api.service[106471]: INFO cinder.api.v3.volumes [None req-ac622405-548d-4ffa-a180-de676b4ccb0e tempest-VolumeQuotasAdminTestJSON-1578268169 tempest-VolumeQuotasAdminTestJSON-1578268169-project] Delete volume with id: e721655c-91d3-408e-b0b7-4e49a1f1de00
Jul 13 08:41:12.839662 dv-cinder-800430-2-smb devstack@c-api.service[106471]: INFO cinder.api.openstack.wsgi [None req-ac622405-548d-4ffa-a180-de676b4ccb0e tempest-VolumeQuotasAdminTestJSON-1578268169 tempest-VolumeQuotasAdminTestJSON-1578268169-project] http://10.222.0.79/volume/v3/c3530376bdc04afbbf80387e590f464e/volumes/e721655c-91d3-408e-b0b7-4e49a1f1de00 returned with HTTP 404
Jul 13 08:41:12.841102 dv-cinder-800430-2-smb devstack@c-api.service[106471]: [pid: 106471|app: 0|req: 87/167] 10.222.0.79 () {58 vars in 1328 bytes} [Tue Jul 13 08:41:12 2021] DELETE /volume/v3/c3530376bdc04afbbf80387e590f464e/volumes/e721655c-91d3-408e-b0b7-4e49a1f1de00 => generated 109 bytes in 24 msecs (HTTP/1.1 404) 7 headers in 292 bytes (2 switches on core 0)
Jul 13 08:41:13.121306 dv-cinder-800430-2-smb devstack@c-api.service[106470]: INFO cinder.api.openstack.wsgi [None req-7dae6277-ffc3-4403-9754-fdf6ae2064de tempest-GroupsTest-1179464381 tempest-GroupsTest-1179464381-project] GET http://10.222.0.79/volume/v3/59231ccd242943b5890691f8aefb17ee/groups/65f3e8f8-0f9a-48a0-8eb4-f13cfdc95c7e
Jul 13 08:41:13.122261 dv-cinder-800430-2-smb devstack@c-api.service[106470]: DEBUG cinder.api.openstack.wsgi [None req-7dae6277-ffc3-4403-9754-fdf6ae2064de tempest-GroupsTest-1179464381 tempest-GroupsTest-1179464381-project] Empty body provided in request {{(pid=106470) get_body /opt/stack/cinder/cinder/api/openstack/wsgi.py:713}}
Jul 13 08:41:13.122870 dv-cinder-800430-2-smb devstack@c-api.service[106470]: DEBUG cinder.api.openstack.wsgi [None req-7dae6277-ffc3-4403-9754-fdf6ae2064de tempest-GroupsTest-1179464381 tempest-GroupsTest-1179464381-project] Calling method 'version_select' {{(pid=106470) _process_stack /opt/stack/cinder/cinder/api/openstack/wsgi.py:866}}
Jul 13 08:41:13.123292 dv-cinder-800430-2-smb devstack@c-api.service[106470]: DEBUG cinder.api.v3.groups [None req-7dae6277-ffc3-4403-9754-fdf6ae2064de tempest-GroupsTest-1179464381 tempest-GroupsTest-1179464381-project] show called for member 65f3e8f8-0f9a-48a0-8eb4-f13cfdc95c7e {{(pid=106470) show /opt/stack/cinder/cinder/api/v3/groups.py:58}}
Jul 13 08:41:13.132375 dv-cinder-800430-2-smb devstack@c-api.service[106470]: /usr/local/lib/python3.8/dist-packages/oslo_context/context.py:105: DeprecationWarning: Policy enforcement is depending on the value of is_admin. This key is deprecated. Please update your policy file to use the standard policy values.
Jul 13 08:41:13.132375 dv-cinder-800430-2-smb devstack@c-api.service[106470]: warnings.warn('Policy enforcement is depending on the value of '
Jul 13 08:41:13.164951 dv-cinder-800430-2-smb devstack@c-api.service[106470]: INFO cinder.api.openstack.wsgi [None req-7dae6277-ffc3-4403-9754-fdf6ae2064de tempest-GroupsTest-1179464381 tempest-GroupsTest-1179464381-project] http://10.222.0.79/volume/v3/59231ccd242943b5890691f8aefb17ee/groups/65f3e8f8-0f9a-48a0-8eb4-f13cfdc95c7e returned with HTTP 200
Jul 13 08:41:13.181541 dv-cinder-800430-2-smb devstack@c-api.service[106471]: INFO cinder.api.openstack.wsgi [None req-56dc6036-59d4-4841-917c-559a08096e05 tempest-GroupsTest-1179464381 tempest-GroupsTest-1179464381-project] POST http://10.222.0.79/volume/v3/59231ccd242943b5890691f8aefb17ee/volumes
Jul 13 08:41:13.183253 dv-cinder-800430-2-smb devstack@c-api.service[106471]: DEBUG cinder.api.openstack.wsgi [None req-56dc6036-59d4-4841-917c-559a08096e05 tempest-GroupsTest-1179464381 tempest-GroupsTest-1179464381-project] Action: 'create', calling method: create, body: {"volume": {"volume_type": "4cc5b9f1-e024-4ad7-858e-f312d08f43c1", "group_id": "65f3e8f8-0f9a-48a0-8eb4-f13cfdc95c7e", "size": 1, "name": "tempest-GroupsTest-Volume-1077968369"}} {{(pid=106471) _process_stack /opt/stack/cinder/cinder/api/openstack/wsgi.py:864}}
Jul 13 08:41:13.184535 dv-cinder-800430-2-smb devstack@c-api.service[106471]: DEBUG cinder.api.v3.volumes [None req-56dc6036-59d4-4841-917c-559a08096e05 tempest-GroupsTest-1179464381 tempest-GroupsTest-1179464381-project] Create volume request body: {'volume': {'volume_type': '4cc5b9f1-e024-4ad7-858e-f312d08f43c1', 'group_id': '65f3e8f8-0f9a-48a0-8eb4-f13cfdc95c7e', 'size': 1, 'name': 'tempest-GroupsTest-Volume-1077968369'}} {{(pid=106471) create /opt/stack/cinder/cinder/api/v3/volumes.py:289}}
Jul 13 08:41:13.191461 dv-cinder-800430-2-smb devstack@c-api.service[106470]: [pid: 106470|app: 0|req: 81/168] 10.222.0.79 () {60 vars in 1363 bytes} [Tue Jul 13 08:41:13 2021] GET /volume/v3/59231ccd242943b5890691f8aefb17ee/groups/65f3e8f8-0f9a-48a0-8eb4-f13cfdc95c7e => generated 332 bytes in 76 msecs (HTTP/1.1 200) 7 headers in 286 bytes (1 switches on core 0)
Jul 13 08:41:13.218551 dv-cinder-800430-2-smb devstack@c-api.service[106471]: /usr/local/lib/python3.8/dist-packages/oslo_context/context.py:105: DeprecationWarning: Policy enforcement is depending on the value of is_admin. This key is deprecated. Please update your policy file to use the standard policy values.
Jul 13 08:41:13.218551 dv-cinder-800430-2-smb devstack@c-api.service[106471]: warnings.warn('Policy enforcement is depending on the value of '
Jul 13 08:41:13.222302 dv-cinder-800430-2-smb devstack@c-api.service[106471]: INFO cinder.api.v3.volumes [None req-56dc6036-59d4-4841-917c-559a08096e05 tempest-GroupsTest-1179464381 tempest-GroupsTest-1179464381-project] Create volume of 1 GB
Jul 13 08:41:13.244803 dv-cinder-800430-2-smb devstack@c-api.service[106471]: INFO cinder.volume.api [None req-56dc6036-59d4-4841-917c-559a08096e05 tempest-GroupsTest-1179464381 tempest-GroupsTest-1179464381-project] Availability Zones retrieved successfully.
Jul 13 08:41:13.282558 dv-cinder-800430-2-smb devstack@c-api.service[106471]: DEBUG cinder.volume.api [None req-56dc6036-59d4-4841-917c-559a08096e05 tempest-GroupsTest-1179464381 tempest-GroupsTest-1179464381-project] Flow 'volume_create_api' (377f7616-262e-44b0-b57a-dc8e85827d71) transitioned into state 'RUNNING' from state 'PENDING' {{(pid=106471) _flow_receiver /usr/local/lib/python3.8/dist-packages/taskflow/listeners/logging.py:141}}
Jul 13 08:41:13.292979 dv-cinder-800430-2-smb devstack@c-api.service[106471]: DEBUG cinder.volume.api [None req-56dc6036-59d4-4841-917c-559a08096e05 tempest-GroupsTest-1179464381 tempest-GroupsTest-1179464381-project] Task 'cinder.volume.flows.api.create_volume.ExtractVolumeRequestTask;volume:create' (c06dbbdc-040b-414f-9a42-f1c7dfdb5172) transitioned into state 'RUNNING' from state 'PENDING' {{(pid=106471) _task_receiver /usr/local/lib/python3.8/dist-packages/taskflow/listeners/logging.py:190}}
Jul 13 08:41:13.296138 dv-cinder-800430-2-smb devstack@c-api.service[106471]: /usr/local/lib/python3.8/dist-packages/oslo_context/context.py:105: DeprecationWarning: Policy enforcement is depending on the value of is_admin. This key is deprecated. Please update your policy file to use the standard policy values.
Jul 13 08:41:13.296138 dv-cinder-800430-2-smb devstack@c-api.service[106471]: warnings.warn('Policy enforcement is depending on the value of '
Jul 13 08:41:13.299692 dv-cinder-800430-2-smb devstack@c-api.service[106471]: DEBUG cinder.volume.flows.api.create_volume [None req-56dc6036-59d4-4841-917c-559a08096e05 tempest-GroupsTest-1179464381 tempest-GroupsTest-1179464381-project] Validating volume size '1' using validate_int {{(pid=106471) _extract_size /opt/stack/cinder/cinder/volume/flows/api/create_volume.py:201}}
Jul 13 08:41:13.351795 dv-cinder-800430-2-smb devstack@c-api.service[106471]: DEBUG cinder.volume.api [None req-56dc6036-59d4-4841-917c-559a08096e05 tempest-GroupsTest-1179464381 tempest-GroupsTest-1179464381-project] Task 'cinder.volume.flows.api.create_volume.ExtractVolumeRequestTask;volume:create' (c06dbbdc-040b-414f-9a42-f1c7dfdb5172) transitioned into state 'SUCCESS' from state 'RUNNING' with result '{'size': 1, 'snapshot_id': None, 'source_volid': None, 'volume_type': VolumeType(created_at=2021-07-13T08:41:12Z,deleted=False,deleted_at=None,description=None,extra_specs={},id=4cc5b9f1-e024-4ad7-858e-f312d08f43c1,is_public=True,name='tempest-GroupsTest-volume-type-639732837',projects=[],qos_specs=,qos_specs_id=None,updated_at=None), 'volume_type_id': '4cc5b9f1-e024-4ad7-858e-f312d08f43c1', 'encryption_key_id': None, 'qos_specs': None, 'consistencygroup_id': None, 'cgsnapshot_id': None, 'group_id': '65f3e8f8-0f9a-48a0-8eb4-f13cfdc95c7e', 'replication_status': 'disabled', 'refresh_az': False, 'backup_id': None, 'multiattach': False, 'availability_zones': ['nova']}' {{(pid=106471) _task_receiver /usr/local/lib/python3.8/dist-packages/taskflow/listeners/logging.py:178}}
Jul 13 08:41:13.361947 dv-cinder-800430-2-smb devstack@c-api.service[106471]: DEBUG cinder.volume.api [None req-56dc6036-59d4-4841-917c-559a08096e05 tempest-GroupsTest-1179464381 tempest-GroupsTest-1179464381-project] Task 'cinder.volume.flows.api.create_volume.QuotaReserveTask;volume:create' (959bd254-37bc-46a0-921c-19f7a789c3ed) transitioned into state 'RUNNING' from state 'PENDING' {{(pid=106471) _task_receiver /usr/local/lib/python3.8/dist-packages/taskflow/listeners/logging.py:190}}
Jul 13 08:41:13.515802 dv-cinder-800430-2-smb devstack@c-api.service[106471]: DEBUG cinder.quota [None req-56dc6036-59d4-4841-917c-559a08096e05 tempest-GroupsTest-1179464381 tempest-GroupsTest-1179464381-project] Created reservations ['0113a271-790e-421d-a993-0540a26358b3', 'a02c7d6a-d574-4dde-9a4d-e460f71132bb', 'b69c4a26-da72-4802-a963-01247496356a', '09b058db-c916-4ae4-9a01-90d253ae6e1c'] {{(pid=106471) reserve /opt/stack/cinder/cinder/quota.py:755}}
Jul 13 08:41:13.519376 dv-cinder-800430-2-smb devstack@c-api.service[106471]: DEBUG cinder.volume.api [None req-56dc6036-59d4-4841-917c-559a08096e05 tempest-GroupsTest-1179464381 tempest-GroupsTest-1179464381-project] Task 'cinder.volume.flows.api.create_volume.QuotaReserveTask;volume:create' (959bd254-37bc-46a0-921c-19f7a789c3ed) transitioned into state 'SUCCESS' from state 'RUNNING' with result '{'reservations': ['0113a271-790e-421d-a993-0540a26358b3', 'a02c7d6a-d574-4dde-9a4d-e460f71132bb', 'b69c4a26-da72-4802-a963-01247496356a', '09b058db-c916-4ae4-9a01-90d253ae6e1c']}' {{(pid=106471) _task_receiver /usr/local/lib/python3.8/dist-packages/taskflow/listeners/logging.py:178}}
Jul 13 08:41:13.522713 dv-cinder-800430-2-smb devstack@c-api.service[106471]: DEBUG cinder.volume.api [None req-56dc6036-59d4-4841-917c-559a08096e05 tempest-GroupsTest-1179464381 tempest-GroupsTest-1179464381-project] Task 'cinder.volume.flows.api.create_volume.EntryCreateTask;volume:create' (e4e2856c-a9ca-4247-be5e-ee3a6e628712) transitioned into state 'RUNNING' from state 'PENDING' {{(pid=106471) _task_receiver /usr/local/lib/python3.8/dist-packages/taskflow/listeners/logging.py:190}}
Jul 13 08:41:13.582739 dv-cinder-800430-2-smb devstack@c-api.service[106471]: DEBUG cinder.volume.api [None req-56dc6036-59d4-4841-917c-559a08096e05 tempest-GroupsTest-1179464381 tempest-GroupsTest-1179464381-project] Task 'cinder.volume.flows.api.create_volume.EntryCreateTask;volume:create' (e4e2856c-a9ca-4247-be5e-ee3a6e628712) transitioned into state 'SUCCESS' from state 'RUNNING' with result '{'volume_id': '3a4829bd-d9d3-4e3b-813c-348ae1cc0b00', 'volume_properties': VolumeProperties(attach_status='detached',availability_zone='nova',cgsnapshot_id=None,consistencygroup_id=None,display_description=None,display_name='tempest-GroupsTest-Volume-1077968369',encryption_key_id=None,group_id=65f3e8f8-0f9a-48a0-8eb4-f13cfdc95c7e,group_type_id=,metadata={},multiattach=False,project_id='59231ccd242943b5890691f8aefb17ee',qos_specs=None,replication_status=,reservations=['0113a271-790e-421d-a993-0540a26358b3','a02c7d6a-d574-4dde-9a4d-e460f71132bb','b69c4a26-da72-4802-a963-01247496356a','09b058db-c916-4ae4-9a01-90d253ae6e1c'],size=1,snapshot_id=None,source_replicaid=,source_volid=None,status='creating',user_id='8a83993ab843463788a7219103950fef',volume_type_id=4cc5b9f1-e024-4ad7-858e-f312d08f43c1), 'volume': Volume(_name_id=None,admin_metadata=,attach_status='detached',availability_zone='nova',bootable=False,cluster=,cluster_name=None,consistencygroup=,consistencygroup_id=None,created_at=2021-07-13T08:41:13Z,deleted=False,deleted_at=None,display_description=None,display_name='tempest-GroupsTest-Volume-1077968369',ec2_id=None,encryption_key_id=None,glance_metadata=,group=,group_id=65f3e8f8-0f9a-48a0-8eb4-f13cfdc95c7e,host=None,id=3a4829bd-d9d3-4e3b-813c-348ae1cc0b00,launched_at=None,metadata={},migration_status=None,multiattach=False,previous_status=None,project_id='59231ccd242943b5890691f8aefb17ee',provider_auth=None,provider_geometry=None,provider_id=None,provider_location=None,replication_driver_data=None,replication_extended_status=None,replication_status=None,scheduled_at=None,service_uuid=None,shared_targets=True,size=1,snapshot_id=None,snapshots=,source_volid=None,status='creating',terminated_at=None,updated_at=None,user_id='8a83993ab843463788a7219103950fef',volume_attachment=,volume_type=VolumeType(4cc5b9f1-e024-4ad7-858e-f312d08f43c1),volume_type_id=4cc5b9f1-e024-4ad7-858e-f312d08f43c1)}' {{(pid=106471) _task_receiver /usr/local/lib/python3.8/dist-packages/taskflow/listeners/logging.py:178}}
Jul 13 08:41:13.594788 dv-cinder-800430-2-smb devstack@c-api.service[106470]: INFO cinder.api.openstack.wsgi [None req-c3aeb1c3-4359-4d92-9a79-8026d8e17102 tempest-VolumeQuotasNegativeTestJSON-753464401 tempest-VolumeQuotasNegativeTestJSON-753464401-project] GET http://10.222.0.79/volume/v3/e7ecd1464abf43829825dfd35949b6ee/volumes/894b12c6-3f4a-4645-8906-c4b59c978094
Jul 13 08:41:13.595236 dv-cinder-800430-2-smb devstack@c-api.service[106470]: DEBUG cinder.api.openstack.wsgi [None req-c3aeb1c3-4359-4d92-9a79-8026d8e17102 tempest-VolumeQuotasNegativeTestJSON-753464401 tempest-VolumeQuotasNegativeTestJSON-753464401-project] Empty body provided in request {{(pid=106470) get_body /opt/stack/cinder/cinder/api/openstack/wsgi.py:713}}
Jul 13 08:41:13.595785 dv-cinder-800430-2-smb devstack@c-api.service[106470]: /usr/local/lib/python3.8/dist-packages/webob/acceptparse.py:1047: DeprecationWarning: The behavior of AcceptValidHeader.best_match is currently being maintained for backward compatibility, but it will be deprecated in the future, as it does not conform to the RFC.
Jul 13 08:41:13.595785 dv-cinder-800430-2-smb devstack@c-api.service[106470]: warnings.warn(
