Jul 13 08:42:07.530697 dv-cinder-800430-2-iscsi neutron-server[99635]: DEBUG neutron.api.rpc.handlers.l3_rpc [None req-15b2cd83-8038-4beb-aca0-edb4b2446720 None None] Updating router d2412221-8c6d-4d9b-8878-456f497f64f5 port d568e704-3d0e-4221-a53a-0ea84cf0fc38 binding host dv-cinder-800430-2-iscsi {{(pid=99635) _ensure_host_set_on_port /opt/stack/neutron/neutron/api/rpc/handlers/l3_rpc.py:205}}
Jul 13 08:42:07.570315 dv-cinder-800430-2-iscsi neutron-server[99634]: DEBUG neutron_lib.callbacks.manager [None req-63359cc7-d188-4867-918d-1aa970dc2bd0 None None] Notify callbacks ['neutron.plugins.ml2.plugin.SecurityGroupDbMixin._ensure_default_security_group_handler-540266'] for port, before_update {{(pid=99634) _notify_loop /usr/local/lib/python3.8/dist-packages/neutron_lib/callbacks/manager.py:192}}
Jul 13 08:42:07.571276 dv-cinder-800430-2-iscsi neutron-server[99635]: DEBUG neutron_lib.callbacks.manager [None req-15b2cd83-8038-4beb-aca0-edb4b2446720 None None] Notify callbacks ['neutron.plugins.ml2.plugin.SecurityGroupDbMixin._ensure_default_security_group_handler-540266'] for port, before_update {{(pid=99635) _notify_loop /usr/local/lib/python3.8/dist-packages/neutron_lib/callbacks/manager.py:192}}
Jul 13 08:42:07.636737 dv-cinder-800430-2-iscsi neutron-server[99634]: DEBUG neutron.plugins.ml2.db [None req-63359cc7-d188-4867-918d-1aa970dc2bd0 None None] For port 5ac6986e-d97f-4047-8a9a-b0da8e293bbf, host dv-cinder-800430-2-iscsi, got binding levels [PortBindingLevel(driver='openvswitch',host='dv-cinder-800430-2-iscsi',level=0,port_id=5ac6986e-d97f-4047-8a9a-b0da8e293bbf,segment=NetworkSegment(50379d46-f000-4d83-b3db-70d3a7516200),segment_id=50379d46-f000-4d83-b3db-70d3a7516200)] {{(pid=99634) get_binding_level_objs /opt/stack/neutron/neutron/plugins/ml2/db.py:74}}
Jul 13 08:42:07.642417 dv-cinder-800430-2-iscsi neutron-server[99634]: DEBUG neutron_lib.callbacks.manager [None req-63359cc7-d188-4867-918d-1aa970dc2bd0 None None] Notify callbacks ['neutron.plugins.ml2.plugin.SecurityGroupServerNotifierRpcMixin._notify_sg_on_port_after_create_and_update-540203', 'neutron.plugins.ml2.ovo_rpc._ObjectChangeHandler.handle_payload_event-2007986', 'neutron.api.rpc.agentnotifiers.dhcp_rpc_agent_api.DhcpAgentNotifyAPI._native_event_send_dhcp_notification_payload-1670599', 'neutron.db.l3_db.L3RpcNotifierMixin._notify_gateway_port_ip_changed-8741018602334', 'neutron.db.l3_dvrscheduler_db._notify_l3_agent_port_update-8741018178286', 'neutron.db.l3_hascheduler_db._notify_l3_agent_ha_port_update-8741018179076'] for port, after_update {{(pid=99634) _notify_loop /usr/local/lib/python3.8/dist-packages/neutron_lib/callbacks/manager.py:192}}
Jul 13 08:42:07.744853 dv-cinder-800430-2-iscsi neutron-server[99634]: DEBUG neutron.api.rpc.handlers.resources_rpc [None req-63359cc7-d188-4867-918d-1aa970dc2bd0 None None] Pushing event updated for resources: {'Port': ['ID=5ac6986e-d97f-4047-8a9a-b0da8e293bbf,revision_number=3']} {{(pid=99634) push /opt/stack/neutron/neutron/api/rpc/handlers/resources_rpc.py:237}}
Jul 13 08:42:07.798515 dv-cinder-800430-2-iscsi neutron-server[99633]: DEBUG neutron_lib.callbacks.manager [None req-d13755c0-72a4-4394-ba8d-b271765fbf79 admin admin] Notify callbacks ['neutron.plugins.ml2.plugin.SecurityGroupDbMixin._ensure_default_security_group_handler-540266'] for port, before_create {{(pid=99633) _notify_loop /usr/local/lib/python3.8/dist-packages/neutron_lib/callbacks/manager.py:192}}
Jul 13 08:42:07.910313 dv-cinder-800430-2-iscsi neutron-server[99632]: DEBUG neutron.pecan_wsgi.hooks.policy_enforcement [req-e222ef79-8a47-4e2b-b404-87ccf4efee55 req-38d56391-e925-4373-baf5-114438564966 tempest-ServerRescueNegativeTestJSON-1362457375 tempest-ServerRescueNegativeTestJSON-1362457375-project] Attributes excluded by policy engine: ['standard_attr_id', 'binding:profile', 'binding:host_id', 'binding:vif_type', 'binding:vif_details'] {{(pid=99632) _exclude_attributes_by_policy /opt/stack/neutron/neutron/pecan_wsgi/hooks/policy_enforcement.py:255}}
Jul 13 08:42:07.919300 dv-cinder-800430-2-iscsi neutron-server[99632]: INFO neutron.wsgi [req-e222ef79-8a47-4e2b-b404-87ccf4efee55 req-38d56391-e925-4373-baf5-114438564966 tempest-ServerRescueNegativeTestJSON-1362457375 tempest-ServerRescueNegativeTestJSON-1362457375-project] 10.222.0.66 "GET /v2.0/ports?device_id=1442ed02-f4fb-4bb9-9878-b31aadee5c0a HTTP/1.1" status: 200 len: 946 time: 0.0990932
Jul 13 08:42:07.955491 dv-cinder-800430-2-iscsi neutron-server[99632]: INFO neutron.wsgi [req-e222ef79-8a47-4e2b-b404-87ccf4efee55 req-ffc96129-b51c-48a8-b6d7-7aeec7bd0d4e tempest-ServerRescueNegativeTestJSON-1362457375 tempest-ServerRescueNegativeTestJSON-1362457375-project] 10.222.0.66 "GET /v2.0/security-groups?id=3529b923-8d99-45ef-8d5f-a5996a138368&fields=id&fields=name HTTP/1.1" status: 200 len: 286 time: 0.0352242
Jul 13 08:42:07.968543 dv-cinder-800430-2-iscsi neutron-server[99635]: DEBUG neutron_lib.callbacks.manager [None req-15b2cd83-8038-4beb-aca0-edb4b2446720 None None] Notify callbacks [] for port, precommit_update {{(pid=99635) _notify_loop /usr/local/lib/python3.8/dist-packages/neutron_lib/callbacks/manager.py:192}}
Jul 13 08:42:07.978827 dv-cinder-800430-2-iscsi neutron-server[99635]: DEBUG neutron.db.provisioning_blocks [None req-15b2cd83-8038-4beb-aca0-edb4b2446720 None None] Transition to ACTIVE for port object d568e704-3d0e-4221-a53a-0ea84cf0fc38 will not be triggered until provisioned by entity L2. {{(pid=99635) add_provisioning_component /opt/stack/neutron/neutron/db/provisioning_blocks.py:73}}
Jul 13 08:42:07.984446 dv-cinder-800430-2-iscsi neutron-server[99635]: DEBUG neutron_lib.callbacks.manager [None req-15b2cd83-8038-4beb-aca0-edb4b2446720 None None] Notify callbacks ['neutron.plugins.ml2.plugin.SecurityGroupServerNotifierRpcMixin._notify_sg_on_port_after_create_and_update-540203', 'neutron.plugins.ml2.ovo_rpc._ObjectChangeHandler.handle_payload_event-2007986', 'neutron.api.rpc.agentnotifiers.dhcp_rpc_agent_api.DhcpAgentNotifyAPI._native_event_send_dhcp_notification_payload-1670599', 'neutron.db.l3_db.L3RpcNotifierMixin._notify_gateway_port_ip_changed-8741018602334', 'neutron.db.l3_dvrscheduler_db._notify_l3_agent_port_update-8741018178286', 'neutron.db.l3_hascheduler_db._notify_l3_agent_ha_port_update-8741018179076'] for port, after_update {{(pid=99635) _notify_loop /usr/local/lib/python3.8/dist-packages/neutron_lib/callbacks/manager.py:192}}
Jul 13 08:42:08.028939 dv-cinder-800430-2-iscsi neutron-server[99634]: DEBUG neutron.db.provisioning_blocks [None req-d59502c0-5bec-4692-8fe6-4d3edd1ce45a None None] Provisioning complete for port 5ac6986e-d97f-4047-8a9a-b0da8e293bbf triggered by entity DHCP. {{(pid=99634) provisioning_complete /opt/stack/neutron/neutron/db/provisioning_blocks.py:139}}
Jul 13 08:42:08.029879 dv-cinder-800430-2-iscsi neutron-server[99634]: DEBUG neutron_lib.callbacks.manager [None req-d59502c0-5bec-4692-8fe6-4d3edd1ce45a None None] Notify callbacks ['neutron.plugins.ml2.plugin.Ml2Plugin._port_provisioned-1563754'] for port, provisioning_complete {{(pid=99634) _notify_loop /usr/local/lib/python3.8/dist-packages/neutron_lib/callbacks/manager.py:192}}
Jul 13 08:42:08.030808 dv-cinder-800430-2-iscsi neutron-server[99635]: DEBUG neutron.api.rpc.handlers.resources_rpc [None req-a8e8dddb-f576-43db-81ce-5f05b1e02f9d None None] Pushing event updated for resources: {'Port': ['ID=d568e704-3d0e-4221-a53a-0ea84cf0fc38,revision_number=2']} {{(pid=99635) push /opt/stack/neutron/neutron/api/rpc/handlers/resources_rpc.py:237}}
Jul 13 08:42:08.031350 dv-cinder-800430-2-iscsi neutron-server[99633]: DEBUG neutron.db.db_base_plugin_common [None req-d13755c0-72a4-4394-ba8d-b271765fbf79 admin admin] Allocated IP 172.20.0.1 (b5bd04ae-5cad-4972-88ef-92e9867192c0/dded41f8-eaa0-4ef2-b8ea-e172e68f9099/634533a9-4370-407b-8bdf-e41384455df0) {{(pid=99633) _store_ip_allocation /opt/stack/neutron/neutron/db/db_base_plugin_common.py:131}}
Jul 13 08:42:08.039229 dv-cinder-800430-2-iscsi neutron-server[99635]: DEBUG neutron.api.rpc.callbacks.version_manager [None req-a8e8dddb-f576-43db-81ce-5f05b1e02f9d None None] Version for resource type AddressGroup changed None to 1.2 on consumer Open vSwitch agent@dv-cinder-800430-2-iscsi {{(pid=99635) _set_version /opt/stack/neutron/neutron/api/rpc/callbacks/version_manager.py:113}}
Jul 13 08:42:08.039616 dv-cinder-800430-2-iscsi neutron-server[99635]: DEBUG neutron.api.rpc.callbacks.version_manager [None req-a8e8dddb-f576-43db-81ce-5f05b1e02f9d None None] Version for resource type ConntrackHelper changed None to 1.0 on consumer Open vSwitch agent@dv-cinder-800430-2-iscsi {{(pid=99635) _set_version /opt/stack/neutron/neutron/api/rpc/callbacks/version_manager.py:113}}
Jul 13 08:42:08.039972 dv-cinder-800430-2-iscsi neutron-server[99635]: DEBUG neutron.api.rpc.callbacks.version_manager [None req-a8e8dddb-f576-43db-81ce-5f05b1e02f9d None None] Version for resource type Log changed None to 1.0 on consumer Open vSwitch agent@dv-cinder-800430-2-iscsi {{(pid=99635) _set_version /opt/stack/neutron/neutron/api/rpc/callbacks/version_manager.py:113}}
Jul 13 08:42:08.040315 dv-cinder-800430-2-iscsi neutron-server[99635]: DEBUG neutron.api.rpc.callbacks.version_manager [None req-a8e8dddb-f576-43db-81ce-5f05b1e02f9d None None] Version for resource type Network changed None to 1.1 on consumer Open vSwitch agent@dv-cinder-800430-2-iscsi {{(pid=99635) _set_version /opt/stack/neutron/neutron/api/rpc/callbacks/version_manager.py:113}}
Jul 13 08:42:08.040655 dv-cinder-800430-2-iscsi neutron-server[99635]: DEBUG neutron.api.rpc.callbacks.version_manager [None req-a8e8dddb-f576-43db-81ce-5f05b1e02f9d None None] Version for resource type Port changed None to 1.7 on consumer Open vSwitch agent@dv-cinder-800430-2-iscsi {{(pid=99635) _set_version /opt/stack/neutron/neutron/api/rpc/callbacks/version_manager.py:113}}
Jul 13 08:42:08.041012 dv-cinder-800430-2-iscsi neutron-server[99635]: DEBUG neutron.api.rpc.callbacks.version_manager [None req-a8e8dddb-f576-43db-81ce-5f05b1e02f9d None None] Version for resource type PortForwarding changed None to 1.2 on consumer Open vSwitch agent@dv-cinder-800430-2-iscsi {{(pid=99635) _set_version /opt/stack/neutron/neutron/api/rpc/callbacks/version_manager.py:113}}
Jul 13 08:42:08.041328 dv-cinder-800430-2-iscsi neutron-server[99635]: DEBUG neutron.api.rpc.callbacks.version_manager [None req-a8e8dddb-f576-43db-81ce-5f05b1e02f9d None None] Version for resource type QosPolicy changed None to 1.8 on consumer Open vSwitch agent@dv-cinder-800430-2-iscsi {{(pid=99635) _set_version /opt/stack/neutron/neutron/api/rpc/callbacks/version_manager.py:113}}
Jul 13 08:42:08.041858 dv-cinder-800430-2-iscsi neutron-server[99635]: DEBUG neutron.api.rpc.callbacks.version_manager [None req-a8e8dddb-f576-43db-81ce-5f05b1e02f9d None None] Version for resource type SecurityGroup changed None to 1.4 on consumer Open vSwitch agent@dv-cinder-800430-2-iscsi {{(pid=99635) _set_version /opt/stack/neutron/neutron/api/rpc/callbacks/version_manager.py:113}}
Jul 13 08:42:08.042366 dv-cinder-800430-2-iscsi neutron-server[99635]: DEBUG neutron.api.rpc.callbacks.version_manager [None req-a8e8dddb-f576-43db-81ce-5f05b1e02f9d None None] Version for resource type SecurityGroupRule changed None to 1.2 on consumer Open vSwitch agent@dv-cinder-800430-2-iscsi {{(pid=99635) _set_version /opt/stack/neutron/neutron/api/rpc/callbacks/version_manager.py:113}}
Jul 13 08:42:08.042853 dv-cinder-800430-2-iscsi neutron-server[99635]: DEBUG neutron.api.rpc.callbacks.version_manager [None req-a8e8dddb-f576-43db-81ce-5f05b1e02f9d None None] Version for resource type SubPort changed None to 1.0 on consumer Open vSwitch agent@dv-cinder-800430-2-iscsi {{(pid=99635) _set_version /opt/stack/neutron/neutron/api/rpc/callbacks/version_manager.py:113}}
Jul 13 08:42:08.043358 dv-cinder-800430-2-iscsi neutron-server[99635]: DEBUG neutron.api.rpc.callbacks.version_manager [None req-a8e8dddb-f576-43db-81ce-5f05b1e02f9d None None] Version for resource type Subnet changed None to 1.1 on consumer Open vSwitch agent@dv-cinder-800430-2-iscsi {{(pid=99635) _set_version /opt/stack/neutron/neutron/api/rpc/callbacks/version_manager.py:113}}
Jul 13 08:42:08.043839 dv-cinder-800430-2-iscsi neutron-server[99635]: DEBUG neutron.api.rpc.callbacks.version_manager [None req-a8e8dddb-f576-43db-81ce-5f05b1e02f9d None None] Version for resource type Trunk changed None to 1.1 on consumer Open vSwitch agent@dv-cinder-800430-2-iscsi {{(pid=99635) _set_version /opt/stack/neutron/neutron/api/rpc/callbacks/version_manager.py:113}}
Jul 13 08:42:08.051363 dv-cinder-800430-2-iscsi neutron-server[99633]: DEBUG neutron.pecan_wsgi.hooks.policy_enforcement [req-9492cb94-edc4-4d36-a942-dd8c3f073518 req-19f2fc36-9536-49d8-8a20-18c9ae0f7bcd tempest-VolumesNegativeTest-664187404 tempest-VolumesNegativeTest-664187404-project] Attributes excluded by policy engine: ['standard_attr_id', 'binding:profile', 'binding:host_id', 'binding:vif_type', 'binding:vif_details'] {{(pid=99633) _exclude_attributes_by_policy /opt/stack/neutron/neutron/pecan_wsgi/hooks/policy_enforcement.py:255}}
Jul 13 08:42:08.057159 dv-cinder-800430-2-iscsi neutron-server[99635]: DEBUG neutron.plugins.ml2.managers [None req-15b2cd83-8038-4beb-aca0-edb4b2446720 None None] Attempting to bind port d568e704-3d0e-4221-a53a-0ea84cf0fc38 on host dv-cinder-800430-2-iscsi for vnic_type normal with profile {{(pid=99635) bind_port /opt/stack/neutron/neutron/plugins/ml2/managers.py:790}}
Jul 13 08:42:08.057741 dv-cinder-800430-2-iscsi neutron-server[99635]: DEBUG neutron.plugins.ml2.managers [None req-15b2cd83-8038-4beb-aca0-edb4b2446720 None None] Attempting to bind port d568e704-3d0e-4221-a53a-0ea84cf0fc38 by drivers openvswitch,hyperv on host dv-cinder-800430-2-iscsi at level 0 using segments [{'id': 'f3f6af8f-6571-4887-a167-7083b0c69e62', 'network_type': 'flat', 'physical_network': 'physnet1', 'segmentation_id': None, 'network_id': '687451c4-904f-48f1-a79c-0ec0b614c05b'}] {{(pid=99635) _bind_port_level /opt/stack/neutron/neutron/plugins/ml2/managers.py:815}}
Jul 13 08:42:08.058268 dv-cinder-800430-2-iscsi neutron-server[99635]: DEBUG neutron.plugins.ml2.drivers.mech_agent [None req-15b2cd83-8038-4beb-aca0-edb4b2446720 None None] Attempting to bind port d568e704-3d0e-4221-a53a-0ea84cf0fc38 on network 687451c4-904f-48f1-a79c-0ec0b614c05b {{(pid=99635) bind_port /opt/stack/neutron/neutron/plugins/ml2/drivers/mech_agent.py:86}}
Jul 13 08:42:08.058806 dv-cinder-800430-2-iscsi neutron-server[99633]: INFO neutron.wsgi [req-9492cb94-edc4-4d36-a942-dd8c3f073518 req-19f2fc36-9536-49d8-8a20-18c9ae0f7bcd tempest-VolumesNegativeTest-664187404 tempest-VolumesNegativeTest-664187404-project] 10.222.0.66 "GET /v2.0/ports?device_id=1f487bb7-8881-4643-8752-36aaf1a8f0d1 HTTP/1.1" status: 200 len: 949 time: 0.1514764
Jul 13 08:42:08.063868 dv-cinder-800430-2-iscsi neutron-server[99635]: DEBUG neutron.plugins.ml2.drivers.mech_agent [None req-15b2cd83-8038-4beb-aca0-edb4b2446720 None None] Checking agent: {'id': '57ac41a9-bd3a-4010-bb22-80932211e671', 'agent_type': 'Open vSwitch agent', 'binary': 'neutron-openvswitch-agent', 'topic': 'N/A', 'host': 'dv-cinder-800430-2-iscsi', 'admin_state_up': True, 'created_at': datetime.datetime(2021, 7, 13, 8, 32, 52), 'started_at': datetime.datetime(2021, 7, 13, 8, 33, 22), 'heartbeat_timestamp': datetime.datetime(2021, 7, 13, 8, 41, 52), 'description': None, 'resources_synced': None, 'availability_zone': None, 'alive': True, 'configurations': {'arp_responder_enabled': False, 'baremetal_smartnic': False, 'bridge_mappings': {'physnet1': 'br-data'}, 'datapath_type': 'system', 'devices': 0, 'enable_distributed_routing': False, 'extensions': [], 'in_distributed_mode': False, 'integration_bridge': 'br-int', 'l2_population': False, 'log_agent_heartbeats': False, 'ovs_capabilities': {'datapath_types': ['netdev', 'system'], 'iface_types': ['erspan', 'geneve', 'gre', 'internal', 'ip6erspan', 'ip6gre', 'lisp', 'patch', 'stt', 'system', 'tap', 'vxlan']}, 'ovs_hybrid_plug': False, 'resource_provider_bandwidths': {}, 'resource_provider_hypervisors': {'br-data': 'dv-cinder-800430-2-iscsi'}, 'resource_provider_inventory_defaults': {'allocation_ratio': 1.0, 'min_unit': 1, 'step_size': 1, 'reserved': 0}, 'tunnel_types': [], 'tunneling_ip': None, 'vhostuser_socket_dir': '/var/run/openvswitch'}, 'resource_versions': {'AddressGroup': '1.2', 'ConntrackHelper': '1.0', 'Log': '1.0', 'Network': '1.1', 'Port': '1.7', 'PortForwarding': '1.2', 'QosPolicy': '1.8', 'SecurityGroup': '1.4', 'SecurityGroupRule': '1.2', 'SubPort': '1.0', 'Subnet': '1.1', 'Trunk': '1.1'}} {{(pid=99635) bind_port /opt/stack/neutron/neutron/plugins/ml2/drivers/mech_agent.py:105}}
Jul 13 08:42:08.064491 dv-cinder-800430-2-iscsi neutron-server[99635]: DEBUG neutron.plugins.ml2.drivers.mech_agent [None req-15b2cd83-8038-4beb-aca0-edb4b2446720 None None] Checking segment: {'id': 'f3f6af8f-6571-4887-a167-7083b0c69e62', 'network_type': 'flat', 'physical_network': 'physnet1', 'segmentation_id': None, 'network_id': '687451c4-904f-48f1-a79c-0ec0b614c05b'} for mappings: {'physnet1': 'br-data'} with network types: ['local', 'flat', 'vlan'] {{(pid=99635) check_segment_for_agent /opt/stack/neutron/neutron/plugins/ml2/drivers/mech_agent.py:341}}
Jul 13 08:42:08.065058 dv-cinder-800430-2-iscsi neutron-server[99635]: DEBUG neutron_lib.callbacks.manager [None req-15b2cd83-8038-4beb-aca0-edb4b2446720 None None] Notify callbacks [] for ovs_bridge_name, before_read {{(pid=99635) _notify_loop /usr/local/lib/python3.8/dist-packages/neutron_lib/callbacks/manager.py:192}}
Jul 13 08:42:08.065604 dv-cinder-800430-2-iscsi neutron-server[99635]: DEBUG neutron.plugins.ml2.drivers.mech_agent [None req-15b2cd83-8038-4beb-aca0-edb4b2446720 None None] Bound using segment: {'id': 'f3f6af8f-6571-4887-a167-7083b0c69e62', 'network_type': 'flat', 'physical_network': 'physnet1', 'segmentation_id': None, 'network_id': '687451c4-904f-48f1-a79c-0ec0b614c05b'} {{(pid=99635) bind_port /opt/stack/neutron/neutron/plugins/ml2/drivers/mech_agent.py:115}}
Jul 13 08:42:08.066229 dv-cinder-800430-2-iscsi neutron-server[99635]: DEBUG neutron.plugins.ml2.managers [None req-15b2cd83-8038-4beb-aca0-edb4b2446720 None None] Bound port: d568e704-3d0e-4221-a53a-0ea84cf0fc38, host: dv-cinder-800430-2-iscsi, vif_type: ovs, vif_details: {"connectivity": "l2", "port_filter": true, "ovs_hybrid_plug": false, "datapath_type": "system", "bridge_name": "br-int"}, binding_levels: [{'bound_driver': 'openvswitch', 'bound_segment': {'id': 'f3f6af8f-6571-4887-a167-7083b0c69e62', 'network_type': 'flat', 'physical_network': 'physnet1', 'segmentation_id': None, 'network_id': '687451c4-904f-48f1-a79c-0ec0b614c05b'}}] {{(pid=99635) _bind_port_level /opt/stack/neutron/neutron/plugins/ml2/managers.py:928}}
Jul 13 08:42:08.066785 dv-cinder-800430-2-iscsi neutron-server[99635]: DEBUG neutron_lib.callbacks.manager [None req-15b2cd83-8038-4beb-aca0-edb4b2446720 None None] Notify callbacks ['neutron.plugins.ml2.plugin.SecurityGroupDbMixin._ensure_default_security_group_handler-540266'] for port, before_update {{(pid=99635) _notify_loop /usr/local/lib/python3.8/dist-packages/neutron_lib/callbacks/manager.py:192}}
Jul 13 08:42:08.118565 dv-cinder-800430-2-iscsi neutron-server[99633]: INFO neutron.wsgi [req-9492cb94-edc4-4d36-a942-dd8c3f073518 req-16a17ba7-c180-45fb-96ba-b988d8e79e6e tempest-VolumesNegativeTest-664187404 tempest-VolumesNegativeTest-664187404-project] 10.222.0.66 "GET /v2.0/security-groups?id=cd24c563-a4d4-4fae-bb1d-2dbfc2688969&fields=id&fields=name HTTP/1.1" status: 200 len: 286 time: 0.0587809
Jul 13 08:42:08.149769 dv-cinder-800430-2-iscsi neutron-server[99635]: DEBUG neutron.plugins.ml2.db [None req-15b2cd83-8038-4beb-aca0-edb4b2446720 None None] For port d568e704-3d0e-4221-a53a-0ea84cf0fc38, host dv-cinder-800430-2-iscsi, cleared binding levels {{(pid=99635) clear_binding_levels /opt/stack/neutron/neutron/plugins/ml2/db.py:87}}
Jul 13 08:42:08.156479 dv-cinder-800430-2-iscsi neutron-server[99635]: DEBUG neutron.plugins.ml2.db [None req-15b2cd83-8038-4beb-aca0-edb4b2446720 None None] For port d568e704-3d0e-4221-a53a-0ea84cf0fc38, host dv-cinder-800430-2-iscsi, set binding levels [PortBindingLevel(driver='openvswitch',host='dv-cinder-800430-2-iscsi',level=0,port_id=d568e704-3d0e-4221-a53a-0ea84cf0fc38,segment=NetworkSegment(f3f6af8f-6571-4887-a167-7083b0c69e62),segment_id=f3f6af8f-6571-4887-a167-7083b0c69e62)] {{(pid=99635) set_binding_levels /opt/stack/neutron/neutron/plugins/ml2/db.py:59}}
Jul 13 08:42:08.164646 dv-cinder-800430-2-iscsi neutron-server[99635]: DEBUG neutron_lib.callbacks.manager [None req-15b2cd83-8038-4beb-aca0-edb4b2446720 None None] Notify callbacks ['neutron.plugins.ml2.plugin.SecurityGroupServerNotifierRpcMixin._notify_sg_on_port_after_create_and_update-540203', 'neutron.plugins.ml2.ovo_rpc._ObjectChangeHandler.handle_payload_event-2007986', 'neutron.api.rpc.agentnotifiers.dhcp_rpc_agent_api.DhcpAgentNotifyAPI._native_event_send_dhcp_notification_payload-1670599', 'neutron.db.l3_db.L3RpcNotifierMixin._notify_gateway_port_ip_changed-8741018602334', 'neutron.db.l3_dvrscheduler_db._notify_l3_agent_port_update-8741018178286', 'neutron.db.l3_hascheduler_db._notify_l3_agent_ha_port_update-8741018179076'] for port, after_update {{(pid=99635) _notify_loop /usr/local/lib/python3.8/dist-packages/neutron_lib/callbacks/manager.py:192}}
Jul 13 08:42:08.225867 dv-cinder-800430-2-iscsi neutron-server[99633]: DEBUG neutron_lib.callbacks.manager [None req-d13755c0-72a4-4394-ba8d-b271765fbf79 admin admin] Notify callbacks [] for port, precommit_create {{(pid=99633) _notify_loop /usr/local/lib/python3.8/dist-packages/neutron_lib/callbacks/manager.py:192}}
Jul 13 08:42:08.226780 dv-cinder-800430-2-iscsi neutron-server[99635]: DEBUG neutron.db.l3_dvrscheduler_db [None req-15b2cd83-8038-4beb-aca0-edb4b2446720 None None] Routers {'d2412221-8c6d-4d9b-8878-456f497f64f5'} bound to L3 agent in host dv-cinder-800430-2-iscsi {{(pid=99635) _get_router_ids_for_agent /opt/stack/neutron/neutron/db/l3_dvrscheduler_db.py:420}}
Jul 13 08:42:08.227471 dv-cinder-800430-2-iscsi neutron-server[99635]: DEBUG neutron.db.l3_hamode_db [None req-15b2cd83-8038-4beb-aca0-edb4b2446720 None None] neutron.services.l3_router.l3_router_plugin.L3RouterPlugin method get_ha_sync_data_for_host called with arguments (, 'dv-cinder-800430-2-iscsi', Agent(admin_state_up=True,agent_type='L3 agent',availability_zone='nova',binary='neutron-l3-agent',configurations={"agent_mode": "legacy", "ex_gw_ports": 3, "extensions": [], "floating_ips": 1, "handle_internal_only_routers": true, "interface_driver": "openvswitch", "interfaces": 3, "log_agent_heartbeats": false, "routers": 3},created_at=2021-07-13T08:32:52Z,description=,heartbeat_timestamp=2021-07-13T08:41:52Z,host='dv-cinder-800430-2-iscsi',id=d2dffa01-031f-4569-808f-c21dca4aaca2,load=0,resource_versions=,resources_synced=,started_at=2021-07-13T08:32:52Z,topic='l3_agent')) {'router_ids': ['d2412221-8c6d-4d9b-8878-456f497f64f5'], 'active': True} {{(pid=99635) wrapper /usr/local/lib/python3.8/dist-packages/oslo_log/helpers.py:65}}
Jul 13 08:42:08.232976 dv-cinder-800430-2-iscsi neutron-server[99635]: DEBUG neutron.api.rpc.handlers.resources_rpc [None req-a8e8dddb-f576-43db-81ce-5f05b1e02f9d None None] Pushing event updated for resources: {'Port': ['ID=d568e704-3d0e-4221-a53a-0ea84cf0fc38,revision_number=3']} {{(pid=99635) push /opt/stack/neutron/neutron/api/rpc/handlers/resources_rpc.py:237}}
Jul 13 08:42:08.244374 dv-cinder-800430-2-iscsi neutron-server[99633]: DEBUG neutron.db.provisioning_blocks [None req-d13755c0-72a4-4394-ba8d-b271765fbf79 admin admin] Transition to ACTIVE for port object 634533a9-4370-407b-8bdf-e41384455df0 will not be triggered until provisioned by entity DHCP. {{(pid=99633) add_provisioning_component /opt/stack/neutron/neutron/db/provisioning_blocks.py:73}}
Jul 13 08:42:08.295790 dv-cinder-800430-2-iscsi neutron-server[99633]: DEBUG neutron_lib.callbacks.manager [None req-d13755c0-72a4-4394-ba8d-b271765fbf79 admin admin] Notify callbacks ['neutron.plugins.ml2.plugin.SecurityGroupServerNotifierRpcMixin._notify_sg_on_port_after_create_and_update-540203', 'neutron.plugins.ml2.ovo_rpc._ObjectChangeHandler.handle_payload_event-2007986', 'neutron.api.rpc.agentnotifiers.dhcp_rpc_agent_api.DhcpAgentNotifyAPI._native_event_send_dhcp_notification_payload-1670599', 'neutron.db.l3_dvrscheduler_db._notify_l3_agent_new_port-8741018178268'] for port, after_create {{(pid=99633) _notify_loop /usr/local/lib/python3.8/dist-packages/neutron_lib/callbacks/manager.py:192}}
Jul 13 08:42:08.339883 dv-cinder-800430-2-iscsi neutron-server[99633]: DEBUG neutron.scheduler.dhcp_agent_scheduler [None req-d13755c0-72a4-4394-ba8d-b271765fbf79 admin admin] Network b5bd04ae-5cad-4972-88ef-92e9867192c0 is already hosted by enough agents. {{(pid=99633) _get_dhcp_agents_hosting_network /opt/stack/neutron/neutron/scheduler/dhcp_agent_scheduler.py:275}}
Jul 13 08:42:08.344667 dv-cinder-800430-2-iscsi neutron-server[99633]: DEBUG neutron.scheduler.base_scheduler [None req-d13755c0-72a4-4394-ba8d-b271765fbf79 admin admin] Resources bound (agent type, host, resource id): {{(pid=99633) schedule /opt/stack/neutron/neutron/scheduler/base_scheduler.py:57}}
Jul 13 08:42:08.347927 dv-cinder-800430-2-iscsi neutron-server[99633]: DEBUG neutron.db.l3_dvrscheduler_db [None req-d13755c0-72a4-4394-ba8d-b271765fbf79 admin admin] Received port after_create {{(pid=99633) _notify_l3_agent_new_port /opt/stack/neutron/neutron/db/l3_dvrscheduler_db.py:535}}
Jul 13 08:42:08.349209 dv-cinder-800430-2-iscsi neutron-server[99633]: DEBUG neutron_lib.callbacks.manager [None req-d13755c0-72a4-4394-ba8d-b271765fbf79 admin admin] Notify callbacks ['neutron.services.l3_router.l3_router_plugin.DVRResourceOperationHandler._add_csnat_on_interface_create-515057'] for router_interface, before_create {{(pid=99633) _notify_loop /usr/local/lib/python3.8/dist-packages/neutron_lib/callbacks/manager.py:192}}
Jul 13 08:42:08.356862 dv-cinder-800430-2-iscsi neutron-server[99633]: DEBUG neutron.api.rpc.handlers.resources_rpc [None req-d13755c0-72a4-4394-ba8d-b271765fbf79 admin admin] Pushing event updated for resources: {'Port': ['ID=634533a9-4370-407b-8bdf-e41384455df0,revision_number=1']} {{(pid=99633) push /opt/stack/neutron/neutron/api/rpc/handlers/resources_rpc.py:237}}
Jul 13 08:42:08.391795 dv-cinder-800430-2-iscsi neutron-server[99635]: DEBUG neutron.db.l3_dvr_db [None req-15b2cd83-8038-4beb-aca0-edb4b2446720 None None] Set router d2412221-8c6d-4d9b-8878-456f497f64f5 gateway port host: dv-cinder-800430-2-iscsi {{(pid=99635) _build_routers_list /opt/stack/neutron/neutron/db/l3_dvr_db.py:894}}
Jul 13 08:42:08.640347 dv-cinder-800430-2-iscsi neutron-server[99632]: DEBUG neutron.pecan_wsgi.hooks.policy_enforcement [req-89870237-ae70-4fdd-a12b-6b1bbe92c992 req-28ee2bd9-3aa1-435a-9d71-a5a139b87d15 tempest-VolumesActionsTest-1842929283 tempest-VolumesActionsTest-1842929283-project] Attributes excluded by policy engine: ['standard_attr_id', 'binding:profile', 'binding:host_id', 'binding:vif_type', 'binding:vif_details'] {{(pid=99632) _exclude_attributes_by_policy /opt/stack/neutron/neutron/pecan_wsgi/hooks/policy_enforcement.py:255}}
Jul 13 08:42:08.642364 dv-cinder-800430-2-iscsi neutron-server[99632]: INFO neutron.wsgi [req-89870237-ae70-4fdd-a12b-6b1bbe92c992 req-28ee2bd9-3aa1-435a-9d71-a5a139b87d15 tempest-VolumesActionsTest-1842929283 tempest-VolumesActionsTest-1842929283-project] 10.222.0.66 "GET /v2.0/ports?device_id=144f56e3-23d7-401e-a043-1bf74f3b5103 HTTP/1.1" status: 200 len: 946 time: 0.1727586
Jul 13 08:42:08.649775 dv-cinder-800430-2-iscsi neutron-server[99633]: DEBUG neutron_lib.callbacks.manager [None req-d13755c0-72a4-4394-ba8d-b271765fbf79 admin admin] Notify callbacks ['neutron.plugins.ml2.plugin.SecurityGroupDbMixin._ensure_default_security_group_handler-540266'] for port, before_update {{(pid=99633) _notify_loop /usr/local/lib/python3.8/dist-packages/neutron_lib/callbacks/manager.py:192}}
Jul 13 08:42:08.731121 dv-cinder-800430-2-iscsi neutron-server[99634]: DEBUG neutron.plugins.ml2.rpc [None req-f2e43f5d-7e6c-4f9b-8bb8-7e930f35df5f None None] Device 5ac6986e-d97f-4047-8a9a-b0da8e293bbf up at agent ovs-agent-dv-cinder-800430-2-iscsi {{(pid=99634) update_device_up /opt/stack/neutron/neutron/plugins/ml2/rpc.py:296}}
Jul 13 08:42:08.742676 dv-cinder-800430-2-iscsi neutron-server[99633]: DEBUG neutron.wsgi [-] (99633) accepted ('10.222.0.66', 58576) {{(pid=99633) server /usr/local/lib/python3.8/dist-packages/eventlet/wsgi.py:982}}
Jul 13 08:42:08.773411 dv-cinder-800430-2-iscsi neutron-server[99632]: INFO neutron.wsgi [req-89870237-ae70-4fdd-a12b-6b1bbe92c992 req-73e21d9d-3453-43fd-a785-d307f374508a tempest-VolumesActionsTest-1842929283 tempest-VolumesActionsTest-1842929283-project] 10.222.0.66 "GET /v2.0/security-groups?id=15d67d8c-f112-4ae4-8c43-e8664f1f44aa&fields=id&fields=name HTTP/1.1" status: 200 len: 286 time: 0.1213772
Jul 13 08:42:08.865969 dv-cinder-800430-2-iscsi neutron-server[99634]: DEBUG neutron.db.provisioning_blocks [None req-cb754680-0d04-49e3-8f7d-ecb4ba0da078 None None] Provisioning for port 634533a9-4370-407b-8bdf-e41384455df0 completed by entity DHCP. {{(pid=99634) provisioning_complete /opt/stack/neutron/neutron/db/provisioning_blocks.py:133}}
Jul 13 08:42:08.884396 dv-cinder-800430-2-iscsi neutron-server[99634]: DEBUG neutron.db.provisioning_blocks [None req-cb754680-0d04-49e3-8f7d-ecb4ba0da078 None None] Provisioning complete for port 634533a9-4370-407b-8bdf-e41384455df0 triggered by entity DHCP. {{(pid=99634) provisioning_complete /opt/stack/neutron/neutron/db/provisioning_blocks.py:139}}
Jul 13 08:42:08.887811 dv-cinder-800430-2-iscsi neutron-server[99634]: DEBUG neutron_lib.callbacks.manager [None req-cb754680-0d04-49e3-8f7d-ecb4ba0da078 None None] Notify callbacks ['neutron.plugins.ml2.plugin.Ml2Plugin._port_provisioned-1563754'] for port, provisioning_complete {{(pid=99634) _notify_loop /usr/local/lib/python3.8/dist-packages/neutron_lib/callbacks/manager.py:192}}
Jul 13 08:42:08.889487 dv-cinder-800430-2-iscsi neutron-server[99635]: DEBUG neutron.db.l3_hamode_db [None req-15b2cd83-8038-4beb-aca0-edb4b2446720 None None] neutron.services.l3_router.l3_router_plugin.L3RouterPlugin method _process_sync_ha_data called with arguments (, [{'id': 'd2412221-8c6d-4d9b-8878-456f497f64f5', 'name': 'tempest-AttachVolumeShelveTestJSON-377964699-router', 'tenant_id': '36d15843107e4bc39513973ab3b5be96', 'admin_state_up': True, 'status': 'ACTIVE', 'external_gateway_info': {'network_id': '687451c4-904f-48f1-a79c-0ec0b614c05b', 'external_fixed_ips': [{'subnet_id': '3ccee610-05f4-4b3e-9b4a-8791ea7d414b', 'ip_address': '172.27.3.202'}], 'enable_snat': True}, 'gw_port_id': 'd568e704-3d0e-4221-a53a-0ea84cf0fc38', 'description': '', 'availability_zones': ['nova'], 'distributed': False, 'ha': False, 'ha_vr_id': 0, 'availability_zone_hints': [], 'routes': [], 'flavor_id': None, 'tags': [], 'created_at': '2021-07-13T08:42:04Z', 'updated_at': '2021-07-13T08:42:05Z', 'revision_number': 3, 'project_id': '36d15843107e4bc39513973ab3b5be96', 'gw_port': {'id': 'd568e704-3d0e-4221-a53a-0ea84cf0fc38', 'name': '', 'network_id': '687451c4-904f-48f1-a79c-0ec0b614c05b', 'tenant_id': '', 'mac_address': 'fa:16:3e:83:90:45', 'admin_state_up': True, 'status': 'DOWN', 'device_id': 'd2412221-8c6d-4d9b-8878-456f497f64f5', 'device_owner': 'network:router_gateway', 'standard_attr_id': 299, 'fixed_ips': [{'subnet_id': '3ccee610-05f4-4b3e-9b4a-8791ea7d414b', 'ip_address': '172.27.3.202', 'prefixlen': 24}], 'allowed_address_pairs': [], 'extra_dhcp_opts': [], 'security_groups': [], 'description': '', 'binding:vnic_type': 'normal', 'binding:profile': {}, 'binding:host_id': 'dv-cinder-800430-2-iscsi', 'binding:vif_type': 'ovs', 'binding:vif_details': {'connectivity': 'l2', 'port_filter': True, 'ovs_hybrid_plug': False, 'datapath_type': 'system', 'bridge_name': 'br-int'}, 'port_security_enabled': False, 'tags': [], 'created_at': '2021-07-13T08:42:05Z', 'updated_at': '2021-07-13T08:42:08Z', 'revision_number': 3, 'project_id': '', 'subnets': [{'id': '3ccee610-05f4-4b3e-9b4a-8791ea7d414b', 'cidr': '172.27.3.0/24', 'gateway_ip': '172.27.3.1', 'dns_nameservers': [], 'ipv6_ra_mode': None, 'subnetpool_id': None}], 'extra_subnets': [], 'address_scopes': {4: None, 6: None}, 'mtu': 1500}, 'enable_snat': True, 'gw_port_host': 'dv-cinder-800430-2-iscsi'}], 'dv-cinder-800430-2-iscsi', False) {} {{(pid=99635) wrapper /usr/local/lib/python3.8/dist-packages/oslo_log/helpers.py:65}}
Jul 13 08:42:08.899981 dv-cinder-800430-2-iscsi neutron-server[99633]: DEBUG neutron.pecan_wsgi.hooks.policy_enforcement [req-e4bda8aa-0f4b-499e-9afc-8d12465f96af req-3a6c0a5e-4a73-4dbb-a798-f4220ac48039 tempest-AttachVolumeNegativeTest-2095964071 tempest-AttachVolumeNegativeTest-2095964071-project] Attributes excluded by policy engine: ['standard_attr_id', 'binding:profile', 'binding:host_id', 'binding:vif_type', 'binding:vif_details'] {{(pid=99633) _exclude_attributes_by_policy /opt/stack/neutron/neutron/pecan_wsgi/hooks/policy_enforcement.py:255}}
Jul 13 08:42:08.906937 dv-cinder-800430-2-iscsi neutron-server[99633]: INFO neutron.wsgi [req-e4bda8aa-0f4b-499e-9afc-8d12465f96af req-3a6c0a5e-4a73-4dbb-a798-f4220ac48039 tempest-AttachVolumeNegativeTest-2095964071 tempest-AttachVolumeNegativeTest-2095964071-project] 10.222.0.66 "GET /v2.0/ports?device_id=0db6803e-e6de-43ee-b20c-9a1767d07480 HTTP/1.1" status: 200 len: 945 time: 0.1377170
Jul 13 08:42:08.970435 dv-cinder-800430-2-iscsi neutron-server[99635]: DEBUG neutron.api.rpc.handlers.l3_rpc [None req-15b2cd83-8038-4beb-aca0-edb4b2446720 None None] The sync data for ids ['d2412221-8c6d-4d9b-8878-456f497f64f5'] in dv-cinder-800430-2-iscsi is: [{'id': 'd2412221-8c6d-4d9b-8878-456f497f64f5', 'name': 'tempest-AttachVolumeShelveTestJSON-377964699-router', 'tenant_id': '36d15843107e4bc39513973ab3b5be96', 'admin_state_up': True, 'status': 'ACTIVE', 'external_gateway_info': {'network_id': '687451c4-904f-48f1-a79c-0ec0b614c05b', 'external_fixed_ips': [{'subnet_id': '3ccee610-05f4-4b3e-9b4a-8791ea7d414b', 'ip_address': '172.27.3.202'}], 'enable_snat': True}, 'gw_port_id': 'd568e704-3d0e-4221-a53a-0ea84cf0fc38', 'description': '', 'availability_zones': ['nova'], 'distributed': False, 'ha': False, 'ha_vr_id': 0, 'availability_zone_hints': [], 'routes': [], 'flavor_id': None, 'tags': [], 'created_at': '2021-07-13T08:42:04Z', 'updated_at': '2021-07-13T08:42:05Z', 'revision_number': 3, 'project_id': '36d15843107e4bc39513973ab3b5be96', 'gw_port': {'id': 'd568e704-3d0e-4221-a53a-0ea84cf0fc38', 'name': '', 'network_id': '687451c4-904f-48f1-a79c-0ec0b614c05b', 'tenant_id': '', 'mac_address': 'fa:16:3e:83:90:45', 'admin_state_up': True, 'status': 'DOWN', 'device_id': 'd2412221-8c6d-4d9b-8878-456f497f64f5', 'device_owner': 'network:router_gateway', 'standard_attr_id': 299, 'fixed_ips': [{'subnet_id': '3ccee610-05f4-4b3e-9b4a-8791ea7d414b', 'ip_address': '172.27.3.202', 'prefixlen': 24}], 'allowed_address_pairs': [], 'extra_dhcp_opts': [], 'security_groups': [], 'description': '', 'binding:vnic_type': 'normal', 'binding:profile': {}, 'binding:host_id': 'dv-cinder-800430-2-iscsi', 'binding:vif_type': 'ovs', 'binding:vif_details': {'connectivity': 'l2', 'port_filter': True, 'ovs_hybrid_plug': False, 'datapath_type': 'system', 'bridge_name': 'br-int'}, 'port_security_enabled': False, 'tags': [], 'created_at': '2021-07-13T08:42:05Z', 'updated_at': '2021-07-13T08:42:08Z', 'revision_number': 3, 'project_id': '', 'subnets': [{'id': '3ccee610-05f4-4b3e-9b4a-8791ea7d414b', 'cidr': '172.27.3.0/24', 'gateway_ip': '172.27.3.1', 'dns_nameservers': [], 'ipv6_ra_mode': None, 'subnetpool_id': None}], 'extra_subnets': [], 'address_scopes': {4: None, 6: None}, 'mtu': 1500}, 'enable_snat': True, 'gw_port_host': 'dv-cinder-800430-2-iscsi'}] {{(pid=99635) sync_routers /opt/stack/neutron/neutron/api/rpc/handlers/l3_rpc.py:137}}
Jul 13 08:42:08.971567 dv-cinder-800430-2-iscsi neutron-server[99633]: INFO neutron.wsgi [req-e4bda8aa-0f4b-499e-9afc-8d12465f96af req-76029fbc-b2d2-48fc-8514-5e8feb34434a tempest-AttachVolumeNegativeTest-2095964071 tempest-AttachVolumeNegativeTest-2095964071-project] 10.222.0.66 "GET /v2.0/security-groups?id=734b8712-0539-4af9-b8c3-6759dc76dae8&fields=id&fields=name HTTP/1.1" status: 200 len: 286 time: 0.0636532
Jul 13 08:42:08.995455 dv-cinder-800430-2-iscsi neutron-server[99634]: DEBUG neutron.db.provisioning_blocks [None req-f2e43f5d-7e6c-4f9b-8bb8-7e930f35df5f None None] Provisioning complete for port 5ac6986e-d97f-4047-8a9a-b0da8e293bbf triggered by entity L2. {{(pid=99634) provisioning_complete /opt/stack/neutron/neutron/db/provisioning_blocks.py:139}}
Jul 13 08:42:08.995998 dv-cinder-800430-2-iscsi neutron-server[99634]: DEBUG neutron_lib.callbacks.manager [None req-f2e43f5d-7e6c-4f9b-8bb8-7e930f35df5f None None] Notify callbacks ['neutron.plugins.ml2.plugin.Ml2Plugin._port_provisioned-1563754'] for port, provisioning_complete {{(pid=99634) _notify_loop /usr/local/lib/python3.8/dist-packages/neutron_lib/callbacks/manager.py:192}}
Jul 13 08:42:08.999664 dv-cinder-800430-2-iscsi neutron-server[99634]: DEBUG neutron.plugins.ml2.plugin [None req-cb754680-0d04-49e3-8f7d-ecb4ba0da078 None None] Port 634533a9-4370-407b-8bdf-e41384455df0 cannot update to ACTIVE because it is not bound. {{(pid=99634) _port_provisioned /opt/stack/neutron/neutron/plugins/ml2/plugin.py:337}}
Jul 13 08:42:09.003181 dv-cinder-800430-2-iscsi neutron-server[99632]: DEBUG neutron.pecan_wsgi.hooks.policy_enforcement [req-c62ced44-0c43-41da-97f4-f003474c3eec req-a67ff19e-f9d2-4bdd-a786-dd466085671a tempest-VolumesNegativeTest-664187404 tempest-VolumesNegativeTest-664187404-project] Attributes excluded by policy engine: ['standard_attr_id', 'binding:profile', 'binding:host_id', 'binding:vif_type', 'binding:vif_details'] {{(pid=99632) _exclude_attributes_by_policy /opt/stack/neutron/neutron/pecan_wsgi/hooks/policy_enforcement.py:255}}
Jul 13 08:42:09.005234 dv-cinder-800430-2-iscsi neutron-server[99632]: INFO neutron.wsgi [req-c62ced44-0c43-41da-97f4-f003474c3eec req-a67ff19e-f9d2-4bdd-a786-dd466085671a tempest-VolumesNegativeTest-664187404 tempest-VolumesNegativeTest-664187404-project] 10.222.0.66 "GET /v2.0/ports?device_id=1f487bb7-8881-4643-8752-36aaf1a8f0d1 HTTP/1.1" status: 200 len: 949 time: 0.0830302
Jul 13 08:42:09.007316 dv-cinder-800430-2-iscsi neutron-server[99633]: DEBUG neutron_lib.callbacks.manager [None req-d3659ce7-afe1-4be0-a0a9-4aa571aecb9e admin admin] Notify callbacks [] for security_group, before_create {{(pid=99633) _notify_loop /usr/local/lib/python3.8/dist-packages/neutron_lib/callbacks/manager.py:192}}
Jul 13 08:42:09.059352 dv-cinder-800430-2-iscsi neutron-server[99633]: DEBUG neutron_lib.callbacks.manager [None req-d13755c0-72a4-4394-ba8d-b271765fbf79 admin admin] Notify callbacks [] for port, precommit_update {{(pid=99633) _notify_loop /usr/local/lib/python3.8/dist-packages/neutron_lib/callbacks/manager.py:192}}
Jul 13 08:42:09.072577 dv-cinder-800430-2-iscsi neutron-server[99632]: INFO neutron.wsgi [req-c62ced44-0c43-41da-97f4-f003474c3eec req-f0078bd7-f081-4c0e-b40d-0942e3029843 tempest-VolumesNegativeTest-664187404 tempest-VolumesNegativeTest-664187404-project] 10.222.0.66 "GET /v2.0/security-groups?id=cd24c563-a4d4-4fae-bb1d-2dbfc2688969&fields=id&fields=name HTTP/1.1" status: 200 len: 286 time: 0.0594215
Jul 13 08:42:09.073637 dv-cinder-800430-2-iscsi neutron-server[99633]: DEBUG neutron_lib.callbacks.manager [None req-d13755c0-72a4-4394-ba8d-b271765fbf79 admin admin] Notify callbacks ['neutron.plugins.ml2.plugin.SecurityGroupServerNotifierRpcMixin._notify_sg_on_port_after_create_and_update-540203', 'neutron.plugins.ml2.ovo_rpc._ObjectChangeHandler.handle_payload_event-2007986', 'neutron.api.rpc.agentnotifiers.dhcp_rpc_agent_api.DhcpAgentNotifyAPI._native_event_send_dhcp_notification_payload-1670599', 'neutron.db.l3_db.L3RpcNotifierMixin._notify_gateway_port_ip_changed-8741018602334', 'neutron.db.l3_dvrscheduler_db._notify_l3_agent_port_update-8741018178286', 'neutron.db.l3_hascheduler_db._notify_l3_agent_ha_port_update-8741018179076'] for port, after_update {{(pid=99633) _notify_loop /usr/local/lib/python3.8/dist-packages/neutron_lib/callbacks/manager.py:192}}
Jul 13 08:42:09.126470 dv-cinder-800430-2-iscsi neutron-server[99633]: DEBUG neutron_lib.callbacks.manager [None req-d13755c0-72a4-4394-ba8d-b271765fbf79 admin admin] Notify callbacks ['neutron.api.rpc.agentnotifiers.dhcp_rpc_agent_api.DhcpAgentNotifyAPI._after_router_interface_created-1670613', 'neutron.services.l3_router.l3_router_plugin.DVRResourceOperationHandler._update_snat_v6_addrs_after_intf_update-514871'] for router_interface, after_create {{(pid=99633) _notify_loop /usr/local/lib/python3.8/dist-packages/neutron_lib/callbacks/manager.py:192}}
Jul 13 08:42:09.262167 dv-cinder-800430-2-iscsi neutron-server[99633]: DEBUG neutron.api.rpc.handlers.resources_rpc [None req-d13755c0-72a4-4394-ba8d-b271765fbf79 admin admin] Pushing event updated for resources: {'Port': ['ID=634533a9-4370-407b-8bdf-e41384455df0,revision_number=2']} {{(pid=99633) push /opt/stack/neutron/neutron/api/rpc/handlers/resources_rpc.py:237}}
Jul 13 08:42:09.430972 dv-cinder-800430-2-iscsi neutron-server[99633]: DEBUG neutron.pecan_wsgi.hooks.policy_enforcement [req-4fa7d369-47eb-4c97-a7a8-66d6eac12d7a req-f1e99d85-c71b-4ca6-a139-a7d5640c2714 tempest-ServerRescueNegativeTestJSON-1362457375 tempest-ServerRescueNegativeTestJSON-1362457375-project] Attributes excluded by policy engine: ['standard_attr_id', 'binding:profile', 'binding:host_id', 'binding:vif_type', 'binding:vif_details'] {{(pid=99633) _exclude_attributes_by_policy /opt/stack/neutron/neutron/pecan_wsgi/hooks/policy_enforcement.py:255}}
Jul 13 08:42:09.432660 dv-cinder-800430-2-iscsi neutron-server[99633]: INFO neutron.wsgi [req-4fa7d369-47eb-4c97-a7a8-66d6eac12d7a req-f1e99d85-c71b-4ca6-a139-a7d5640c2714 tempest-ServerRescueNegativeTestJSON-1362457375 tempest-ServerRescueNegativeTestJSON-1362457375-project] 10.222.0.66 "GET /v2.0/ports?device_id=1442ed02-f4fb-4bb9-9878-b31aadee5c0a HTTP/1.1" status: 200 len: 946 time: 0.2938497
Jul 13 08:42:09.471943 dv-cinder-800430-2-iscsi neutron-server[99633]: DEBUG neutron.scheduler.dhcp_agent_scheduler [None req-d13755c0-72a4-4394-ba8d-b271765fbf79 admin admin] Network b5bd04ae-5cad-4972-88ef-92e9867192c0 is already hosted by enough agents. {{(pid=99633) _get_dhcp_agents_hosting_network /opt/stack/neutron/neutron/scheduler/dhcp_agent_scheduler.py:275}}
Jul 13 08:42:09.480583 dv-cinder-800430-2-iscsi neutron-server[99633]: DEBUG neutron_lib.callbacks.manager [None req-d3659ce7-afe1-4be0-a0a9-4aa571aecb9e admin admin] Notify callbacks [] for security_group, precommit_create {{(pid=99633) _notify_loop /usr/local/lib/python3.8/dist-packages/neutron_lib/callbacks/manager.py:192}}
Jul 13 08:42:09.481774 dv-cinder-800430-2-iscsi neutron-server[99633]: DEBUG neutron.scheduler.base_scheduler [None req-d13755c0-72a4-4394-ba8d-b271765fbf79 admin admin] Resources bound (agent type, host, resource id): {{(pid=99633) schedule /opt/stack/neutron/neutron/scheduler/base_scheduler.py:57}}
Jul 13 08:42:09.490829 dv-cinder-800430-2-iscsi neutron-server[99633]: DEBUG neutron_lib.callbacks.manager [None req-d3659ce7-afe1-4be0-a0a9-4aa571aecb9e admin admin] Notify callbacks ['neutron.plugins.ml2.ovo_rpc._ObjectChangeHandler.handle_payload_event-1594942'] for security_group, after_create {{(pid=99633) _notify_loop /usr/local/lib/python3.8/dist-packages/neutron_lib/callbacks/manager.py:192}}
Jul 13 08:42:09.529489 dv-cinder-800430-2-iscsi neutron-server[99634]: DEBUG neutron.db.provisioning_blocks [None req-04a70b70-7ce9-4022-a655-0e237c6fb685 None None] Provisioning complete for port 634533a9-4370-407b-8bdf-e41384455df0 triggered by entity DHCP. {{(pid=99634) provisioning_complete /opt/stack/neutron/neutron/db/provisioning_blocks.py:139}}
Jul 13 08:42:09.529865 dv-cinder-800430-2-iscsi neutron-server[99634]: DEBUG neutron_lib.callbacks.manager [None req-04a70b70-7ce9-4022-a655-0e237c6fb685 None None] Notify callbacks ['neutron.plugins.ml2.plugin.Ml2Plugin._port_provisioned-1563754'] for port, provisioning_complete {{(pid=99634) _notify_loop /usr/local/lib/python3.8/dist-packages/neutron_lib/callbacks/manager.py:192}}
Jul 13 08:42:09.592078 dv-cinder-800430-2-iscsi neutron-server[99634]: DEBUG neutron.plugins.ml2.plugin [None req-04a70b70-7ce9-4022-a655-0e237c6fb685 None None] Port 634533a9-4370-407b-8bdf-e41384455df0 cannot update to ACTIVE because it is not bound. {{(pid=99634) _port_provisioned /opt/stack/neutron/neutron/plugins/ml2/plugin.py:337}}
Jul 13 08:42:09.652275 dv-cinder-800430-2-iscsi neutron-server[99633]: INFO neutron.wsgi [req-4fa7d369-47eb-4c97-a7a8-66d6eac12d7a req-95defc72-8bbf-4a63-ba17-3b80814803cc tempest-ServerRescueNegativeTestJSON-1362457375 tempest-ServerRescueNegativeTestJSON-1362457375-project] 10.222.0.66 "GET /v2.0/security-groups?id=3529b923-8d99-45ef-8d5f-a5996a138368&fields=id&fields=name HTTP/1.1" status: 200 len: 286 time: 0.2085445
Jul 13 08:42:09.678655 dv-cinder-800430-2-iscsi neutron-server[99633]: INFO neutron.wsgi [None req-d3659ce7-afe1-4be0-a0a9-4aa571aecb9e admin admin] 10.222.0.66 "GET /v2.0/security-groups?tenant_id=bf0ac388e7f346d7b1ee27105f26a6ed&name=default HTTP/1.1" status: 200 len: 2979 time: 0.9348972
Jul 13 08:42:09.681292 dv-cinder-800430-2-iscsi neutron-server[99632]: DEBUG neutron.wsgi [-] (99632) accepted ('10.222.0.66', 58592) {{(pid=99632) server /usr/local/lib/python3.8/dist-packages/eventlet/wsgi.py:982}}
Jul 13 08:42:09.683617 dv-cinder-800430-2-iscsi neutron-server[99633]: DEBUG neutron.api.rpc.handlers.resources_rpc [None req-d3659ce7-afe1-4be0-a0a9-4aa571aecb9e admin admin] Pushing event updated for resources: {'SecurityGroup': ['ID=f82f2e5b-cc0c-4f8d-9836-248b8c1f4240,revision_number=1']} {{(pid=99633) push /opt/stack/neutron/neutron/api/rpc/handlers/resources_rpc.py:237}}
Jul 13 08:42:09.761755 dv-cinder-800430-2-iscsi neutron-server[99632]: DEBUG neutron_lib.callbacks.manager [None req-5510c73b-cacc-4d32-963f-1b102f97eeb8 admin admin] Notify callbacks [] for security_group, before_delete {{(pid=99632) _notify_loop /usr/local/lib/python3.8/dist-packages/neutron_lib/callbacks/manager.py:192}}
Jul 13 08:42:09.777106 dv-cinder-800430-2-iscsi neutron-server[99633]: DEBUG neutron.scheduler.l3_agent_scheduler [None req-d13755c0-72a4-4394-ba8d-b271765fbf79 admin admin] Router d2412221-8c6d-4d9b-8878-456f497f64f5 has already been hosted by L3 agent d2dffa01-031f-4569-808f-c21dca4aaca2 {{(pid=99633) _get_candidates /opt/stack/neutron/neutron/scheduler/l3_agent_scheduler.py:127}}
Jul 13 08:42:09.791391 dv-cinder-800430-2-iscsi neutron-server[99632]: DEBUG neutron_lib.callbacks.manager [None req-5510c73b-cacc-4d32-963f-1b102f97eeb8 admin admin] Notify callbacks [] for security_group, precommit_delete {{(pid=99632) _notify_loop /usr/local/lib/python3.8/dist-packages/neutron_lib/callbacks/manager.py:192}}
Jul 13 08:42:09.816831 dv-cinder-800430-2-iscsi neutron-server[99634]: DEBUG neutron.plugins.ml2.rpc [None req-7348a6ab-ac38-43b3-b897-c34aedafc523 None None] Device 9f14f489-28e7-4e1f-85ee-5ca61082d9aa up at agent hyperv_hv-cinder-80043 {{(pid=99634) update_device_up /opt/stack/neutron/neutron/plugins/ml2/rpc.py:296}}
Jul 13 08:42:09.867882 dv-cinder-800430-2-iscsi neutron-server[99634]: DEBUG neutron.db.provisioning_blocks [None req-337d9f6f-e607-490f-a1d2-b14326aa818c None None] Provisioning complete for port 634533a9-4370-407b-8bdf-e41384455df0 triggered by entity DHCP. {{(pid=99634) provisioning_complete /opt/stack/neutron/neutron/db/provisioning_blocks.py:139}}
Jul 13 08:42:09.868507 dv-cinder-800430-2-iscsi neutron-server[99634]: DEBUG neutron_lib.callbacks.manager [None req-337d9f6f-e607-490f-a1d2-b14326aa818c None None] Notify callbacks ['neutron.plugins.ml2.plugin.Ml2Plugin._port_provisioned-1563754'] for port, provisioning_complete {{(pid=99634) _notify_loop /usr/local/lib/python3.8/dist-packages/neutron_lib/callbacks/manager.py:192}}
Jul 13 08:42:09.882595 dv-cinder-800430-2-iscsi neutron-server[99632]: DEBUG neutron_lib.callbacks.manager [None req-5510c73b-cacc-4d32-963f-1b102f97eeb8 admin admin] Notify callbacks ['neutron.plugins.ml2.ovo_rpc._ObjectChangeHandler.handle_payload_event-1594942'] for security_group, after_delete {{(pid=99632) _notify_loop /usr/local/lib/python3.8/dist-packages/neutron_lib/callbacks/manager.py:192}}
Jul 13 08:42:09.885848 dv-cinder-800430-2-iscsi neutron-server[99632]: DEBUG neutron_lib.callbacks.manager [None req-5510c73b-cacc-4d32-963f-1b102f97eeb8 admin admin] Notify callbacks [] for security_group, before_response {{(pid=99632) _notify_loop /usr/local/lib/python3.8/dist-packages/neutron_lib/callbacks/manager.py:192}}
Jul 13 08:42:09.887185 dv-cinder-800430-2-iscsi neutron-server[99632]: INFO neutron.wsgi [None req-5510c73b-cacc-4d32-963f-1b102f97eeb8 admin admin] 10.222.0.66 "DELETE /v2.0/security-groups/f82f2e5b-cc0c-4f8d-9836-248b8c1f4240 HTTP/1.1" status: 204 len: 168 time: 0.2046158
Jul 13 08:42:09.898485 dv-cinder-800430-2-iscsi neutron-server[99632]: DEBUG neutron.api.rpc.handlers.resources_rpc [None req-5510c73b-cacc-4d32-963f-1b102f97eeb8 admin admin] Pushing event deleted for resources: {'SecurityGroup': ['ID=f82f2e5b-cc0c-4f8d-9836-248b8c1f4240,revision_number=None']} {{(pid=99632) push /opt/stack/neutron/neutron/api/rpc/handlers/resources_rpc.py:237}}
Jul 13 08:42:09.934115 dv-cinder-800430-2-iscsi neutron-server[99634]: DEBUG neutron.plugins.ml2.plugin [None req-337d9f6f-e607-490f-a1d2-b14326aa818c None None] Port 634533a9-4370-407b-8bdf-e41384455df0 cannot update to ACTIVE because it is not bound. {{(pid=99634) _port_provisioned /opt/stack/neutron/neutron/plugins/ml2/plugin.py:337}}
