Jul 13 08:41:20.981966 dv-cinder-800430-2-iscsi devstack@c-api.service[106448]: DEBUG cinder.volume.api [None req-f8003815-e570-49b5-868f-490050f45224 tempest-GroupSnapshotsTest-1923557797 tempest-GroupSnapshotsTest-1923557797-project] Task 'cinder.volume.flows.api.create_volume.QuotaCommitTask;volume:create' (1b9059fb-b009-419d-8a45-a61be0ca7432) transitioned into state 'SUCCESS' from state 'RUNNING' with result '{'volume_properties': VolumeProperties(attach_status='detached',availability_zone='nova',cgsnapshot_id=None,consistencygroup_id=None,display_description=None,display_name='tempest-GroupSnapshotsTest-Volume-151416676',encryption_key_id=None,group_id=f8b9d688-149a-4504-876f-d69aa82505b3,group_type_id=,metadata={},multiattach=False,project_id='8eb011670edb4fe28045ad41de9e0949',qos_specs=None,replication_status=,reservations=['a8c2f4b1-0be2-4332-b2e1-72dccfd3a0e2','07b5a49d-36c3-4555-9586-990eed647ccf','a0aba6c2-fe67-4738-949e-81496c5fd445','5053d5a3-1047-48ad-aaf9-a55f35142d37'],size=1,snapshot_id=None,source_replicaid=,source_volid=None,status='creating',user_id='07f2075dbc984612aa74bdd637a3bf5d',volume_type_id=ad76a325-6d73-4b87-8d39-de411a1eca8c)}' {{(pid=106448) _task_receiver /usr/local/lib/python3.8/dist-packages/taskflow/listeners/logging.py:178}}
Jul 13 08:41:20.984078 dv-cinder-800430-2-iscsi devstack@c-api.service[106448]: DEBUG cinder.volume.api [None req-f8003815-e570-49b5-868f-490050f45224 tempest-GroupSnapshotsTest-1923557797 tempest-GroupSnapshotsTest-1923557797-project] Task 'cinder.volume.flows.api.create_volume.VolumeCastTask;volume:create' (1f9def64-f660-4d29-8298-09be05f196e2) transitioned into state 'RUNNING' from state 'PENDING' {{(pid=106448) _task_receiver /usr/local/lib/python3.8/dist-packages/taskflow/listeners/logging.py:190}}
Jul 13 08:41:21.018450 dv-cinder-800430-2-iscsi devstack@c-api.service[106448]: DEBUG cinder.volume.api [None req-f8003815-e570-49b5-868f-490050f45224 tempest-GroupSnapshotsTest-1923557797 tempest-GroupSnapshotsTest-1923557797-project] Task 'cinder.volume.flows.api.create_volume.VolumeCastTask;volume:create' (1f9def64-f660-4d29-8298-09be05f196e2) transitioned into state 'SUCCESS' from state 'RUNNING' with result 'None' {{(pid=106448) _task_receiver /usr/local/lib/python3.8/dist-packages/taskflow/listeners/logging.py:178}}
Jul 13 08:41:21.022031 dv-cinder-800430-2-iscsi devstack@c-api.service[106448]: DEBUG cinder.volume.api [None req-f8003815-e570-49b5-868f-490050f45224 tempest-GroupSnapshotsTest-1923557797 tempest-GroupSnapshotsTest-1923557797-project] Flow 'volume_create_api' (bfb1d71d-8d2c-44e6-b499-a44eafeb0e3e) transitioned into state 'SUCCESS' from state 'RUNNING' {{(pid=106448) _flow_receiver /usr/local/lib/python3.8/dist-packages/taskflow/listeners/logging.py:141}}
Jul 13 08:41:21.023064 dv-cinder-800430-2-iscsi devstack@c-api.service[106448]: INFO cinder.volume.api [None req-f8003815-e570-49b5-868f-490050f45224 tempest-GroupSnapshotsTest-1923557797 tempest-GroupSnapshotsTest-1923557797-project] Create volume request issued successfully.
Jul 13 08:41:21.033018 dv-cinder-800430-2-iscsi devstack@c-api.service[106448]: WARNING stevedore.named [None req-f8003815-e570-49b5-868f-490050f45224 tempest-GroupSnapshotsTest-1923557797 tempest-GroupSnapshotsTest-1923557797-project] Could not load cinder.keymgr.conf_key_mgr.ConfKeyManager
Jul 13 08:41:21.033915 dv-cinder-800430-2-iscsi devstack@c-api.service[106448]: WARNING castellan.key_manager [None req-f8003815-e570-49b5-868f-490050f45224 tempest-GroupSnapshotsTest-1923557797 tempest-GroupSnapshotsTest-1923557797-project] Deprecation Warning : cinder.keymgr.conf_key_mgr.ConfKeyManager is not a stevedore based driver, trying to load it as a class: stevedore.exception.NoMatches: No 'castellan.drivers' driver found, looking for 'cinder.keymgr.conf_key_mgr.ConfKeyManager'
Jul 13 08:41:21.044152 dv-cinder-800430-2-iscsi devstack@c-api.service[106448]: DEBUG oslo_db.sqlalchemy.engines [None req-f8003815-e570-49b5-868f-490050f45224 tempest-GroupSnapshotsTest-1923557797 tempest-GroupSnapshotsTest-1923557797-project] MySQL server mode set to STRICT_TRANS_TABLES,STRICT_ALL_TABLES,NO_ZERO_IN_DATE,NO_ZERO_DATE,ERROR_FOR_DIVISION_BY_ZERO,TRADITIONAL,NO_ENGINE_SUBSTITUTION {{(pid=106448) _check_effective_sql_mode /usr/local/lib/python3.8/dist-packages/oslo_db/sqlalchemy/engines.py:314}}
Jul 13 08:41:21.053566 dv-cinder-800430-2-iscsi devstack@c-api.service[106448]: /usr/local/lib/python3.8/dist-packages/oslo_context/context.py:105: DeprecationWarning: Policy enforcement is depending on the value of is_admin. This key is deprecated. Please update your policy file to use the standard policy values.
Jul 13 08:41:21.053566 dv-cinder-800430-2-iscsi devstack@c-api.service[106448]: warnings.warn('Policy enforcement is depending on the value of '
Jul 13 08:41:21.061378 dv-cinder-800430-2-iscsi devstack@c-api.service[106448]: INFO cinder.api.openstack.wsgi [None req-f8003815-e570-49b5-868f-490050f45224 tempest-GroupSnapshotsTest-1923557797 tempest-GroupSnapshotsTest-1923557797-project] http://10.222.0.66/volume/v3/8eb011670edb4fe28045ad41de9e0949/volumes returned with HTTP 202
Jul 13 08:41:21.062210 dv-cinder-800430-2-iscsi devstack@c-api.service[106448]: [pid: 106448|app: 0|req: 159/305] 10.222.0.66 () {62 vars in 1277 bytes} [Tue Jul 13 08:41:20 2021] POST /volume/v3/8eb011670edb4fe28045ad41de9e0949/volumes => generated 907 bytes in 407 msecs (HTTP/1.1 202) 7 headers in 292 bytes (1 switches on core 0)
Jul 13 08:41:21.089025 dv-cinder-800430-2-iscsi devstack@c-api.service[106448]: INFO cinder.api.openstack.wsgi [None req-6744e226-dd6b-4234-b1ab-297126a8b767 tempest-VolumeSnapshotQuotasNegativeTestJSON-913518914 tempest-VolumeSnapshotQuotasNegativeTestJSON-913518914-project] POST http://10.222.0.66/volume/v3/c6702d3228b8448a8a35cd08e4eb9f05/snapshots
Jul 13 08:41:21.098851 dv-cinder-800430-2-iscsi devstack@c-api.service[106448]: /usr/local/lib/python3.8/dist-packages/webob/acceptparse.py:1047: DeprecationWarning: The behavior of AcceptValidHeader.best_match is currently being maintained for backward compatibility, but it will be deprecated in the future, as it does not conform to the RFC.
Jul 13 08:41:21.098851 dv-cinder-800430-2-iscsi devstack@c-api.service[106448]: warnings.warn(
Jul 13 08:41:21.101882 dv-cinder-800430-2-iscsi devstack@c-api.service[106448]: DEBUG cinder.api.openstack.wsgi [None req-6744e226-dd6b-4234-b1ab-297126a8b767 tempest-VolumeSnapshotQuotasNegativeTestJSON-913518914 tempest-VolumeSnapshotQuotasNegativeTestJSON-913518914-project] Action: 'create', calling method: create, body: {"snapshot": {"volume_id": "9a75e18d-4fb1-46cb-9d35-d5c09162aa49"}} {{(pid=106448) _process_stack /opt/stack/cinder/cinder/api/openstack/wsgi.py:864}}
Jul 13 08:41:21.145294 dv-cinder-800430-2-iscsi devstack@c-api.service[106448]: /usr/local/lib/python3.8/dist-packages/oslo_context/context.py:105: DeprecationWarning: Policy enforcement is depending on the value of is_admin. This key is deprecated. Please update your policy file to use the standard policy values.
Jul 13 08:41:21.145294 dv-cinder-800430-2-iscsi devstack@c-api.service[106448]: warnings.warn('Policy enforcement is depending on the value of '
Jul 13 08:41:21.148243 dv-cinder-800430-2-iscsi devstack@c-api.service[106448]: INFO cinder.volume.api [None req-6744e226-dd6b-4234-b1ab-297126a8b767 tempest-VolumeSnapshotQuotasNegativeTestJSON-913518914 tempest-VolumeSnapshotQuotasNegativeTestJSON-913518914-project] Volume info retrieved successfully.
Jul 13 08:41:21.148615 dv-cinder-800430-2-iscsi devstack@c-api.service[106448]: INFO cinder.api.v2.snapshots [None req-6744e226-dd6b-4234-b1ab-297126a8b767 tempest-VolumeSnapshotQuotasNegativeTestJSON-913518914 tempest-VolumeSnapshotQuotasNegativeTestJSON-913518914-project] Create snapshot from volume 9a75e18d-4fb1-46cb-9d35-d5c09162aa49
Jul 13 08:41:21.218953 dv-cinder-800430-2-iscsi devstack@c-api.service[106448]: WARNING cinder.quota_utils [None req-6744e226-dd6b-4234-b1ab-297126a8b767 tempest-VolumeSnapshotQuotasNegativeTestJSON-913518914 tempest-VolumeSnapshotQuotasNegativeTestJSON-913518914-project] Quota exceeded for c6702d3228b8448a8a35cd08e4eb9f05, tried to create snapshot (1 snapshots already consumed).: cinder.exception.OverQuota: Quota exceeded for resources: ['snapshots']
Jul 13 08:41:21.220718 dv-cinder-800430-2-iscsi devstack@c-api.service[106448]: INFO cinder.api.middleware.fault [None req-6744e226-dd6b-4234-b1ab-297126a8b767 tempest-VolumeSnapshotQuotasNegativeTestJSON-913518914 tempest-VolumeSnapshotQuotasNegativeTestJSON-913518914-project] http://10.222.0.66/volume/v3/c6702d3228b8448a8a35cd08e4eb9f05/snapshots returned with HTTP 413
Jul 13 08:41:21.229584 dv-cinder-800430-2-iscsi devstack@c-api.service[106448]: [pid: 106448|app: 0|req: 160/306] 10.222.0.66 () {60 vars in 1241 bytes} [Tue Jul 13 08:41:21 2021] POST /volume/v3/c6702d3228b8448a8a35cd08e4eb9f05/snapshots => generated 133 bytes in 160 msecs (HTTP/1.1 413) 8 headers in 323 bytes (1 switches on core 0)
Jul 13 08:41:21.236284 dv-cinder-800430-2-iscsi devstack@c-api.service[106448]: INFO cinder.api.openstack.wsgi [None req-741466bf-5825-4d76-a635-83c16c8e6a7d tempest-GroupSnapshotsTest-1923557797 tempest-GroupSnapshotsTest-1923557797-project] GET http://10.222.0.66/volume/v3/8eb011670edb4fe28045ad41de9e0949/volumes/8ba5a02e-537f-402c-ae40-f12ff2771c80
Jul 13 08:41:21.236924 dv-cinder-800430-2-iscsi devstack@c-api.service[106448]: DEBUG cinder.api.openstack.wsgi [None req-741466bf-5825-4d76-a635-83c16c8e6a7d tempest-GroupSnapshotsTest-1923557797 tempest-GroupSnapshotsTest-1923557797-project] Empty body provided in request {{(pid=106448) get_body /opt/stack/cinder/cinder/api/openstack/wsgi.py:713}}
Jul 13 08:41:21.237334 dv-cinder-800430-2-iscsi devstack@c-api.service[106448]: /usr/local/lib/python3.8/dist-packages/webob/acceptparse.py:1047: DeprecationWarning: The behavior of AcceptValidHeader.best_match is currently being maintained for backward compatibility, but it will be deprecated in the future, as it does not conform to the RFC.
Jul 13 08:41:21.237334 dv-cinder-800430-2-iscsi devstack@c-api.service[106448]: warnings.warn(
Jul 13 08:41:21.237856 dv-cinder-800430-2-iscsi devstack@c-api.service[106448]: DEBUG cinder.api.openstack.wsgi [None req-741466bf-5825-4d76-a635-83c16c8e6a7d tempest-GroupSnapshotsTest-1923557797 tempest-GroupSnapshotsTest-1923557797-project] Calling method 'show' {{(pid=106448) _process_stack /opt/stack/cinder/cinder/api/openstack/wsgi.py:866}}
Jul 13 08:41:21.260868 dv-cinder-800430-2-iscsi devstack@c-api.service[106448]: /usr/local/lib/python3.8/dist-packages/oslo_context/context.py:105: DeprecationWarning: Policy enforcement is depending on the value of is_admin. This key is deprecated. Please update your policy file to use the standard policy values.
Jul 13 08:41:21.260868 dv-cinder-800430-2-iscsi devstack@c-api.service[106448]: warnings.warn('Policy enforcement is depending on the value of '
Jul 13 08:41:21.272949 dv-cinder-800430-2-iscsi devstack@c-api.service[106448]: INFO cinder.volume.api [None req-741466bf-5825-4d76-a635-83c16c8e6a7d tempest-GroupSnapshotsTest-1923557797 tempest-GroupSnapshotsTest-1923557797-project] Volume info retrieved successfully.
Jul 13 08:41:21.283429 dv-cinder-800430-2-iscsi devstack@c-api.service[106448]: WARNING stevedore.named [None req-741466bf-5825-4d76-a635-83c16c8e6a7d tempest-GroupSnapshotsTest-1923557797 tempest-GroupSnapshotsTest-1923557797-project] Could not load cinder.keymgr.conf_key_mgr.ConfKeyManager
Jul 13 08:41:21.284085 dv-cinder-800430-2-iscsi devstack@c-api.service[106448]: WARNING castellan.key_manager [None req-741466bf-5825-4d76-a635-83c16c8e6a7d tempest-GroupSnapshotsTest-1923557797 tempest-GroupSnapshotsTest-1923557797-project] Deprecation Warning : cinder.keymgr.conf_key_mgr.ConfKeyManager is not a stevedore based driver, trying to load it as a class: stevedore.exception.NoMatches: No 'castellan.drivers' driver found, looking for 'cinder.keymgr.conf_key_mgr.ConfKeyManager'
Jul 13 08:41:21.294581 dv-cinder-800430-2-iscsi devstack@c-api.service[106448]: DEBUG oslo_db.sqlalchemy.engines [None req-741466bf-5825-4d76-a635-83c16c8e6a7d tempest-GroupSnapshotsTest-1923557797 tempest-GroupSnapshotsTest-1923557797-project] MySQL server mode set to STRICT_TRANS_TABLES,STRICT_ALL_TABLES,NO_ZERO_IN_DATE,NO_ZERO_DATE,ERROR_FOR_DIVISION_BY_ZERO,TRADITIONAL,NO_ENGINE_SUBSTITUTION {{(pid=106448) _check_effective_sql_mode /usr/local/lib/python3.8/dist-packages/oslo_db/sqlalchemy/engines.py:314}}
Jul 13 08:41:21.308289 dv-cinder-800430-2-iscsi devstack@c-api.service[106448]: /usr/local/lib/python3.8/dist-packages/oslo_context/context.py:105: DeprecationWarning: Policy enforcement is depending on the value of is_admin. This key is deprecated. Please update your policy file to use the standard policy values.
Jul 13 08:41:21.308289 dv-cinder-800430-2-iscsi devstack@c-api.service[106448]: warnings.warn('Policy enforcement is depending on the value of '
Jul 13 08:41:21.322826 dv-cinder-800430-2-iscsi devstack@c-api.service[106447]: INFO cinder.api.openstack.wsgi [None req-2a48c4aa-fa17-42c2-af1f-f3c023c48609 tempest-VolumeServicesNegativeTest-435318999 tempest-VolumeServicesNegativeTest-435318999-project-admin] GET http://10.222.0.66/volume/v3/ad3665d3fba046ab9d744c95735e8f0d/os-services
Jul 13 08:41:21.324076 dv-cinder-800430-2-iscsi devstack@c-api.service[106447]: DEBUG cinder.api.openstack.wsgi [None req-2a48c4aa-fa17-42c2-af1f-f3c023c48609 tempest-VolumeServicesNegativeTest-435318999 tempest-VolumeServicesNegativeTest-435318999-project-admin] Empty body provided in request {{(pid=106447) get_body /opt/stack/cinder/cinder/api/openstack/wsgi.py:713}}
Jul 13 08:41:21.324942 dv-cinder-800430-2-iscsi devstack@c-api.service[106447]: DEBUG cinder.api.openstack.wsgi [None req-2a48c4aa-fa17-42c2-af1f-f3c023c48609 tempest-VolumeServicesNegativeTest-435318999 tempest-VolumeServicesNegativeTest-435318999-project-admin] Calling method 'index' {{(pid=106447) _process_stack /opt/stack/cinder/cinder/api/openstack/wsgi.py:866}}
Jul 13 08:41:21.329155 dv-cinder-800430-2-iscsi devstack@c-api.service[106448]: INFO cinder.api.openstack.wsgi [None req-741466bf-5825-4d76-a635-83c16c8e6a7d tempest-GroupSnapshotsTest-1923557797 tempest-GroupSnapshotsTest-1923557797-project] http://10.222.0.66/volume/v3/8eb011670edb4fe28045ad41de9e0949/volumes/8ba5a02e-537f-402c-ae40-f12ff2771c80 returned with HTTP 200
Jul 13 08:41:21.330412 dv-cinder-800430-2-iscsi devstack@c-api.service[106448]: [pid: 106448|app: 0|req: 161/307] 10.222.0.66 () {60 vars in 1366 bytes} [Tue Jul 13 08:41:21 2021] GET /volume/v3/8eb011670edb4fe28045ad41de9e0949/volumes/8ba5a02e-537f-402c-ae40-f12ff2771c80 => generated 999 bytes in 100 msecs (HTTP/1.1 200) 7 headers in 286 bytes (1 switches on core 0)
Jul 13 08:41:21.335936 dv-cinder-800430-2-iscsi devstack@c-api.service[106448]: INFO cinder.api.openstack.wsgi [None req-a4daaf69-36c3-4c64-8ccc-aa4016402620 tempest-VolumeSnapshotQuotasNegativeTestJSON-913518914 tempest-VolumeSnapshotQuotasNegativeTestJSON-913518914-project] DELETE http://10.222.0.66/volume/v3/c6702d3228b8448a8a35cd08e4eb9f05/snapshots/9e6919a6-a28f-4a70-baf7-b381a31bc2cd
Jul 13 08:41:21.336742 dv-cinder-800430-2-iscsi devstack@c-api.service[106448]: DEBUG cinder.api.openstack.wsgi [None req-a4daaf69-36c3-4c64-8ccc-aa4016402620 tempest-VolumeSnapshotQuotasNegativeTestJSON-913518914 tempest-VolumeSnapshotQuotasNegativeTestJSON-913518914-project] Empty body provided in request {{(pid=106448) get_body /opt/stack/cinder/cinder/api/openstack/wsgi.py:713}}
Jul 13 08:41:21.337107 dv-cinder-800430-2-iscsi devstack@c-api.service[106448]: /usr/local/lib/python3.8/dist-packages/webob/acceptparse.py:1047: DeprecationWarning: The behavior of AcceptValidHeader.best_match is currently being maintained for backward compatibility, but it will be deprecated in the future, as it does not conform to the RFC.
Jul 13 08:41:21.337107 dv-cinder-800430-2-iscsi devstack@c-api.service[106448]: warnings.warn(
Jul 13 08:41:21.337724 dv-cinder-800430-2-iscsi devstack@c-api.service[106448]: DEBUG cinder.api.openstack.wsgi [None req-a4daaf69-36c3-4c64-8ccc-aa4016402620 tempest-VolumeSnapshotQuotasNegativeTestJSON-913518914 tempest-VolumeSnapshotQuotasNegativeTestJSON-913518914-project] Calling method 'delete' {{(pid=106448) _process_stack /opt/stack/cinder/cinder/api/openstack/wsgi.py:866}}
Jul 13 08:41:21.338225 dv-cinder-800430-2-iscsi devstack@c-api.service[106448]: INFO cinder.api.v2.snapshots [None req-a4daaf69-36c3-4c64-8ccc-aa4016402620 tempest-VolumeSnapshotQuotasNegativeTestJSON-913518914 tempest-VolumeSnapshotQuotasNegativeTestJSON-913518914-project] Delete snapshot with id: 9e6919a6-a28f-4a70-baf7-b381a31bc2cd
Jul 13 08:41:21.340714 dv-cinder-800430-2-iscsi devstack@c-api.service[106447]: INFO cinder.api.openstack.wsgi [None req-2a48c4aa-fa17-42c2-af1f-f3c023c48609 tempest-VolumeServicesNegativeTest-435318999 tempest-VolumeServicesNegativeTest-435318999-project-admin] http://10.222.0.66/volume/v3/ad3665d3fba046ab9d744c95735e8f0d/os-services returned with HTTP 200
Jul 13 08:41:21.342566 dv-cinder-800430-2-iscsi devstack@c-api.service[106447]: [pid: 106447|app: 0|req: 147/308] 10.222.0.66 () {58 vars in 1226 bytes} [Tue Jul 13 08:41:20 2021] GET /volume/v3/ad3665d3fba046ab9d744c95735e8f0d/os-services => generated 642 bytes in 465 msecs (HTTP/1.1 200) 7 headers in 285 bytes (1 switches on core 0)
Jul 13 08:41:21.357957 dv-cinder-800430-2-iscsi devstack@c-api.service[106447]: INFO cinder.api.openstack.wsgi [None req-d2792856-20c7-48ab-bc25-9e8ca058de31 tempest-VolumeServicesNegativeTest-435318999 tempest-VolumeServicesNegativeTest-435318999-project-admin] PUT http://10.222.0.66/volume/v3/ad3665d3fba046ab9d744c95735e8f0d/os-services/disable-log-reason
Jul 13 08:41:21.359139 dv-cinder-800430-2-iscsi devstack@c-api.service[106447]: DEBUG cinder.api.openstack.wsgi [None req-d2792856-20c7-48ab-bc25-9e8ca058de31 tempest-VolumeServicesNegativeTest-435318999 tempest-VolumeServicesNegativeTest-435318999-project-admin] Action: 'update', calling method: update, body: {"host": "dv-cinder-800430-2-iscsi", "binary": "cinder-scheduler", "disabled_reason": null} {{(pid=106447) _process_stack /opt/stack/cinder/cinder/api/openstack/wsgi.py:864}}
Jul 13 08:41:21.361163 dv-cinder-800430-2-iscsi devstack@c-api.service[106448]: /usr/local/lib/python3.8/dist-packages/oslo_context/context.py:105: DeprecationWarning: Policy enforcement is depending on the value of is_admin. This key is deprecated. Please update your policy file to use the standard policy values.
Jul 13 08:41:21.361163 dv-cinder-800430-2-iscsi devstack@c-api.service[106448]: warnings.warn('Policy enforcement is depending on the value of '
Jul 13 08:41:21.362100 dv-cinder-800430-2-iscsi devstack@c-api.service[106447]: INFO cinder.api.openstack.wsgi [None req-d2792856-20c7-48ab-bc25-9e8ca058de31 tempest-VolumeServicesNegativeTest-435318999 tempest-VolumeServicesNegativeTest-435318999-project-admin] http://10.222.0.66/volume/v3/ad3665d3fba046ab9d744c95735e8f0d/os-services/disable-log-reason returned with HTTP 400
Jul 13 08:41:21.364088 dv-cinder-800430-2-iscsi devstack@c-api.service[106448]: INFO cinder.volume.api [None req-a4daaf69-36c3-4c64-8ccc-aa4016402620 tempest-VolumeSnapshotQuotasNegativeTestJSON-913518914 tempest-VolumeSnapshotQuotasNegativeTestJSON-913518914-project] Snapshot retrieved successfully.
Jul 13 08:41:21.364759 dv-cinder-800430-2-iscsi devstack@c-api.service[106447]: [pid: 106447|app: 0|req: 148/309] 10.222.0.66 () {60 vars in 1303 bytes} [Tue Jul 13 08:41:21 2021] PUT /volume/v3/ad3665d3fba046ab9d744c95735e8f0d/os-services/disable-log-reason => generated 136 bytes in 14 msecs (HTTP/1.1 400) 7 headers in 294 bytes (1 switches on core 0)
Jul 13 08:41:21.376794 dv-cinder-800430-2-iscsi devstack@c-api.service[106447]: INFO cinder.api.openstack.wsgi [None req-511e60b9-df26-4a81-aeb1-6ae7cd331a0a tempest-VolumeServicesNegativeTest-435318999 tempest-VolumeServicesNegativeTest-435318999-project-admin] PUT http://10.222.0.66/volume/v3/ad3665d3fba046ab9d744c95735e8f0d/os-services/disable
Jul 13 08:41:21.378160 dv-cinder-800430-2-iscsi devstack@c-api.service[106447]: DEBUG cinder.api.openstack.wsgi [None req-511e60b9-df26-4a81-aeb1-6ae7cd331a0a tempest-VolumeServicesNegativeTest-435318999 tempest-VolumeServicesNegativeTest-435318999-project-admin] Action: 'update', calling method: update, body: {"host": "dv-cinder-800430-2-iscsi", "binary": "invalid_binary"} {{(pid=106447) _process_stack /opt/stack/cinder/cinder/api/openstack/wsgi.py:864}}
Jul 13 08:41:21.397703 dv-cinder-800430-2-iscsi devstack@c-api.service[106447]: INFO cinder.api.openstack.wsgi [None req-511e60b9-df26-4a81-aeb1-6ae7cd331a0a tempest-VolumeServicesNegativeTest-435318999 tempest-VolumeServicesNegativeTest-435318999-project-admin] http://10.222.0.66/volume/v3/ad3665d3fba046ab9d744c95735e8f0d/os-services/disable returned with HTTP 404
Jul 13 08:41:21.399937 dv-cinder-800430-2-iscsi devstack@c-api.service[106447]: [pid: 106447|app: 0|req: 149/310] 10.222.0.66 () {60 vars in 1270 bytes} [Tue Jul 13 08:41:21 2021] PUT /volume/v3/ad3665d3fba046ab9d744c95735e8f0d/os-services/disable => generated 121 bytes in 30 msecs (HTTP/1.1 404) 7 headers in 292 bytes (2 switches on core 0)
Jul 13 08:41:21.413941 dv-cinder-800430-2-iscsi devstack@c-api.service[106447]: INFO cinder.api.openstack.wsgi [None req-27be4825-a4cb-43a8-bdf0-fa29115a4dd7 tempest-VolumeServicesNegativeTest-435318999 tempest-VolumeServicesNegativeTest-435318999-project-admin] PUT http://10.222.0.66/volume/v3/ad3665d3fba046ab9d744c95735e8f0d/os-services/enable
Jul 13 08:41:21.415062 dv-cinder-800430-2-iscsi devstack@c-api.service[106447]: DEBUG cinder.api.openstack.wsgi [None req-27be4825-a4cb-43a8-bdf0-fa29115a4dd7 tempest-VolumeServicesNegativeTest-435318999 tempest-VolumeServicesNegativeTest-435318999-project-admin] Action: 'update', calling method: update, body: {"host": "invalid_host", "binary": "cinder-scheduler"} {{(pid=106447) _process_stack /opt/stack/cinder/cinder/api/openstack/wsgi.py:864}}
Jul 13 08:41:21.429555 dv-cinder-800430-2-iscsi devstack@c-api.service[106447]: INFO cinder.api.openstack.wsgi [None req-27be4825-a4cb-43a8-bdf0-fa29115a4dd7 tempest-VolumeServicesNegativeTest-435318999 tempest-VolumeServicesNegativeTest-435318999-project-admin] http://10.222.0.66/volume/v3/ad3665d3fba046ab9d744c95735e8f0d/os-services/enable returned with HTTP 404
Jul 13 08:41:21.431079 dv-cinder-800430-2-iscsi devstack@c-api.service[106447]: [pid: 106447|app: 0|req: 150/311] 10.222.0.66 () {60 vars in 1267 bytes} [Tue Jul 13 08:41:21 2021] PUT /volume/v3/ad3665d3fba046ab9d744c95735e8f0d/os-services/enable => generated 111 bytes in 24 msecs (HTTP/1.1 404) 7 headers in 292 bytes (1 switches on core 0)
Jul 13 08:41:21.445377 dv-cinder-800430-2-iscsi devstack@c-api.service[106447]: INFO cinder.api.openstack.wsgi [None req-41c13161-e2a7-45c0-93e2-880c0cd9b348 tempest-VolumeServicesNegativeTest-435318999 tempest-VolumeServicesNegativeTest-435318999-project-admin] PUT http://10.222.0.66/volume/v3/ad3665d3fba046ab9d744c95735e8f0d/os-services/freeze
Jul 13 08:41:21.446379 dv-cinder-800430-2-iscsi devstack@c-api.service[106447]: DEBUG cinder.api.openstack.wsgi [None req-41c13161-e2a7-45c0-93e2-880c0cd9b348 tempest-VolumeServicesNegativeTest-435318999 tempest-VolumeServicesNegativeTest-435318999-project-admin] Action: 'update', calling method: update, body: {"host": "invalid_host"} {{(pid=106447) _process_stack /opt/stack/cinder/cinder/api/openstack/wsgi.py:864}}
Jul 13 08:41:21.450715 dv-cinder-800430-2-iscsi devstack@c-api.service[106448]: INFO cinder.volume.api [None req-a4daaf69-36c3-4c64-8ccc-aa4016402620 tempest-VolumeSnapshotQuotasNegativeTestJSON-913518914 tempest-VolumeSnapshotQuotasNegativeTestJSON-913518914-project] Snapshot delete request issued successfully.
Jul 13 08:41:21.451188 dv-cinder-800430-2-iscsi devstack@c-api.service[106448]: INFO cinder.api.openstack.wsgi [None req-a4daaf69-36c3-4c64-8ccc-aa4016402620 tempest-VolumeSnapshotQuotasNegativeTestJSON-913518914 tempest-VolumeSnapshotQuotasNegativeTestJSON-913518914-project] http://10.222.0.66/volume/v3/c6702d3228b8448a8a35cd08e4eb9f05/snapshots/9e6919a6-a28f-4a70-baf7-b381a31bc2cd returned with HTTP 202
Jul 13 08:41:21.453362 dv-cinder-800430-2-iscsi devstack@c-api.service[106448]: [pid: 106448|app: 0|req: 162/312] 10.222.0.66 () {58 vars in 1334 bytes} [Tue Jul 13 08:41:21 2021] DELETE /volume/v3/c6702d3228b8448a8a35cd08e4eb9f05/snapshots/9e6919a6-a28f-4a70-baf7-b381a31bc2cd => generated 0 bytes in 122 msecs (HTTP/1.1 202) 6 headers in 233 bytes (1 switches on core 0)
Jul 13 08:41:21.464691 dv-cinder-800430-2-iscsi devstack@c-api.service[106448]: INFO cinder.api.openstack.wsgi [None req-2d9c39c0-1e24-45d3-b4e6-d8bb274fdf8b tempest-VolumeSnapshotQuotasNegativeTestJSON-913518914 tempest-VolumeSnapshotQuotasNegativeTestJSON-913518914-project] GET http://10.222.0.66/volume/v3/c6702d3228b8448a8a35cd08e4eb9f05/snapshots/9e6919a6-a28f-4a70-baf7-b381a31bc2cd
Jul 13 08:41:21.465170 dv-cinder-800430-2-iscsi devstack@c-api.service[106448]: DEBUG cinder.api.openstack.wsgi [None req-2d9c39c0-1e24-45d3-b4e6-d8bb274fdf8b tempest-VolumeSnapshotQuotasNegativeTestJSON-913518914 tempest-VolumeSnapshotQuotasNegativeTestJSON-913518914-project] Empty body provided in request {{(pid=106448) get_body /opt/stack/cinder/cinder/api/openstack/wsgi.py:713}}
Jul 13 08:41:21.465475 dv-cinder-800430-2-iscsi devstack@c-api.service[106448]: /usr/local/lib/python3.8/dist-packages/webob/acceptparse.py:1047: DeprecationWarning: The behavior of AcceptValidHeader.best_match is currently being maintained for backward compatibility, but it will be deprecated in the future, as it does not conform to the RFC.
Jul 13 08:41:21.465475 dv-cinder-800430-2-iscsi devstack@c-api.service[106448]: warnings.warn(
Jul 13 08:41:21.465678 dv-cinder-800430-2-iscsi devstack@c-api.service[106448]: DEBUG cinder.api.openstack.wsgi [None req-2d9c39c0-1e24-45d3-b4e6-d8bb274fdf8b tempest-VolumeSnapshotQuotasNegativeTestJSON-913518914 tempest-VolumeSnapshotQuotasNegativeTestJSON-913518914-project] Calling method 'show' {{(pid=106448) _process_stack /opt/stack/cinder/cinder/api/openstack/wsgi.py:866}}
Jul 13 08:41:21.471371 dv-cinder-800430-2-iscsi devstack@c-api.service[106447]: INFO cinder.api.openstack.wsgi [None req-41c13161-e2a7-45c0-93e2-880c0cd9b348 tempest-VolumeServicesNegativeTest-435318999 tempest-VolumeServicesNegativeTest-435318999-project-admin] http://10.222.0.66/volume/v3/ad3665d3fba046ab9d744c95735e8f0d/os-services/freeze returned with HTTP 400
Jul 13 08:41:21.475134 dv-cinder-800430-2-iscsi devstack@c-api.service[106447]: [pid: 106447|app: 0|req: 151/313] 10.222.0.66 () {60 vars in 1267 bytes} [Tue Jul 13 08:41:21 2021] PUT /volume/v3/ad3665d3fba046ab9d744c95735e8f0d/os-services/freeze => generated 83 bytes in 37 msecs (HTTP/1.1 400) 7 headers in 293 bytes (2 switches on core 0)
Jul 13 08:41:21.483687 dv-cinder-800430-2-iscsi devstack@c-api.service[106448]: /usr/local/lib/python3.8/dist-packages/oslo_context/context.py:105: DeprecationWarning: Policy enforcement is depending on the value of is_admin. This key is deprecated. Please update your policy file to use the standard policy values.
Jul 13 08:41:21.483687 dv-cinder-800430-2-iscsi devstack@c-api.service[106448]: warnings.warn('Policy enforcement is depending on the value of '
Jul 13 08:41:21.485262 dv-cinder-800430-2-iscsi devstack@c-api.service[106448]: INFO cinder.volume.api [None req-2d9c39c0-1e24-45d3-b4e6-d8bb274fdf8b tempest-VolumeSnapshotQuotasNegativeTestJSON-913518914 tempest-VolumeSnapshotQuotasNegativeTestJSON-913518914-project] Snapshot retrieved successfully.
Jul 13 08:41:21.487914 dv-cinder-800430-2-iscsi devstack@c-api.service[106448]: INFO cinder.api.openstack.wsgi [None req-2d9c39c0-1e24-45d3-b4e6-d8bb274fdf8b tempest-VolumeSnapshotQuotasNegativeTestJSON-913518914 tempest-VolumeSnapshotQuotasNegativeTestJSON-913518914-project] http://10.222.0.66/volume/v3/c6702d3228b8448a8a35cd08e4eb9f05/snapshots/9e6919a6-a28f-4a70-baf7-b381a31bc2cd returned with HTTP 200
Jul 13 08:41:21.489624 dv-cinder-800430-2-iscsi devstack@c-api.service[106448]: [pid: 106448|app: 0|req: 163/314] 10.222.0.66 () {58 vars in 1331 bytes} [Tue Jul 13 08:41:21 2021] GET /volume/v3/c6702d3228b8448a8a35cd08e4eb9f05/snapshots/9e6919a6-a28f-4a70-baf7-b381a31bc2cd => generated 480 bytes in 29 msecs (HTTP/1.1 200) 7 headers in 285 bytes (1 switches on core 0)
Jul 13 08:41:21.492573 dv-cinder-800430-2-iscsi devstack@c-api.service[106447]: INFO cinder.api.openstack.wsgi [None req-d53ff3de-1b5e-4fa1-88d5-095e63c1dc15 tempest-VolumeServicesNegativeTest-435318999 tempest-VolumeServicesNegativeTest-435318999-project-admin] PUT http://10.222.0.66/volume/v3/ad3665d3fba046ab9d744c95735e8f0d/os-services/thaw
Jul 13 08:41:21.493457 dv-cinder-800430-2-iscsi devstack@c-api.service[106447]: DEBUG cinder.api.openstack.wsgi [None req-d53ff3de-1b5e-4fa1-88d5-095e63c1dc15 tempest-VolumeServicesNegativeTest-435318999 tempest-VolumeServicesNegativeTest-435318999-project-admin] Action: 'update', calling method: update, body: {"host": "invalid_host"} {{(pid=106447) _process_stack /opt/stack/cinder/cinder/api/openstack/wsgi.py:864}}
Jul 13 08:41:21.514881 dv-cinder-800430-2-iscsi devstack@c-api.service[106447]: INFO cinder.api.openstack.wsgi [None req-d53ff3de-1b5e-4fa1-88d5-095e63c1dc15 tempest-VolumeServicesNegativeTest-435318999 tempest-VolumeServicesNegativeTest-435318999-project-admin] http://10.222.0.66/volume/v3/ad3665d3fba046ab9d744c95735e8f0d/os-services/thaw returned with HTTP 400
Jul 13 08:41:21.518140 dv-cinder-800430-2-iscsi devstack@c-api.service[106447]: [pid: 106447|app: 0|req: 152/315] 10.222.0.66 () {60 vars in 1261 bytes} [Tue Jul 13 08:41:21 2021] PUT /volume/v3/ad3665d3fba046ab9d744c95735e8f0d/os-services/thaw => generated 83 bytes in 36 msecs (HTTP/1.1 400) 7 headers in 293 bytes (1 switches on core 0)
Jul 13 08:41:22.351741 dv-cinder-800430-2-iscsi devstack@c-api.service[106448]: INFO cinder.api.openstack.wsgi [None req-fc3c9e19-c62c-41f6-bcc3-278d2a218f0d tempest-GroupSnapshotsTest-1923557797 tempest-GroupSnapshotsTest-1923557797-project] GET http://10.222.0.66/volume/v3/8eb011670edb4fe28045ad41de9e0949/volumes/8ba5a02e-537f-402c-ae40-f12ff2771c80
Jul 13 08:41:22.353077 dv-cinder-800430-2-iscsi devstack@c-api.service[106448]: DEBUG cinder.api.openstack.wsgi [None req-fc3c9e19-c62c-41f6-bcc3-278d2a218f0d tempest-GroupSnapshotsTest-1923557797 tempest-GroupSnapshotsTest-1923557797-project] Empty body provided in request {{(pid=106448) get_body /opt/stack/cinder/cinder/api/openstack/wsgi.py:713}}
Jul 13 08:41:22.353077 dv-cinder-800430-2-iscsi devstack@c-api.service[106448]: /usr/local/lib/python3.8/dist-packages/webob/acceptparse.py:1047: DeprecationWarning: The behavior of AcceptValidHeader.best_match is currently being maintained for backward compatibility, but it will be deprecated in the future, as it does not conform to the RFC.
Jul 13 08:41:22.353077 dv-cinder-800430-2-iscsi devstack@c-api.service[106448]: warnings.warn(
Jul 13 08:41:22.355284 dv-cinder-800430-2-iscsi devstack@c-api.service[106448]: DEBUG cinder.api.openstack.wsgi [None req-fc3c9e19-c62c-41f6-bcc3-278d2a218f0d tempest-GroupSnapshotsTest-1923557797 tempest-GroupSnapshotsTest-1923557797-project] Calling method 'show' {{(pid=106448) _process_stack /opt/stack/cinder/cinder/api/openstack/wsgi.py:866}}
Jul 13 08:41:22.417122 dv-cinder-800430-2-iscsi devstack@c-api.service[106448]: /usr/local/lib/python3.8/dist-packages/oslo_context/context.py:105: DeprecationWarning: Policy enforcement is depending on the value of is_admin. This key is deprecated. Please update your policy file to use the standard policy values.
Jul 13 08:41:22.417122 dv-cinder-800430-2-iscsi devstack@c-api.service[106448]: warnings.warn('Policy enforcement is depending on the value of '
Jul 13 08:41:22.471415 dv-cinder-800430-2-iscsi devstack@c-api.service[106448]: INFO cinder.volume.api [None req-fc3c9e19-c62c-41f6-bcc3-278d2a218f0d tempest-GroupSnapshotsTest-1923557797 tempest-GroupSnapshotsTest-1923557797-project] Volume info retrieved successfully.
Jul 13 08:41:22.493151 dv-cinder-800430-2-iscsi devstack@c-api.service[106448]: WARNING stevedore.named [None req-fc3c9e19-c62c-41f6-bcc3-278d2a218f0d tempest-GroupSnapshotsTest-1923557797 tempest-GroupSnapshotsTest-1923557797-project] Could not load cinder.keymgr.conf_key_mgr.ConfKeyManager
Jul 13 08:41:22.494406 dv-cinder-800430-2-iscsi devstack@c-api.service[106448]: WARNING castellan.key_manager [None req-fc3c9e19-c62c-41f6-bcc3-278d2a218f0d tempest-GroupSnapshotsTest-1923557797 tempest-GroupSnapshotsTest-1923557797-project] Deprecation Warning : cinder.keymgr.conf_key_mgr.ConfKeyManager is not a stevedore based driver, trying to load it as a class: stevedore.exception.NoMatches: No 'castellan.drivers' driver found, looking for 'cinder.keymgr.conf_key_mgr.ConfKeyManager'
Jul 13 08:41:22.510815 dv-cinder-800430-2-iscsi devstack@c-api.service[106447]: INFO cinder.api.openstack.wsgi [None req-2e65f2a0-9742-4bfb-8dea-6d08d0c8c7ea tempest-VolumeSnapshotQuotasNegativeTestJSON-913518914 tempest-VolumeSnapshotQuotasNegativeTestJSON-913518914-project] GET http://10.222.0.66/volume/v3/c6702d3228b8448a8a35cd08e4eb9f05/snapshots/9e6919a6-a28f-4a70-baf7-b381a31bc2cd
Jul 13 08:41:22.512456 dv-cinder-800430-2-iscsi devstack@c-api.service[106448]: DEBUG oslo_db.sqlalchemy.engines [None req-fc3c9e19-c62c-41f6-bcc3-278d2a218f0d tempest-GroupSnapshotsTest-1923557797 tempest-GroupSnapshotsTest-1923557797-project] MySQL server mode set to STRICT_TRANS_TABLES,STRICT_ALL_TABLES,NO_ZERO_IN_DATE,NO_ZERO_DATE,ERROR_FOR_DIVISION_BY_ZERO,TRADITIONAL,NO_ENGINE_SUBSTITUTION {{(pid=106448) _check_effective_sql_mode /usr/local/lib/python3.8/dist-packages/oslo_db/sqlalchemy/engines.py:314}}
Jul 13 08:41:22.514690 dv-cinder-800430-2-iscsi devstack@c-api.service[106447]: DEBUG cinder.api.openstack.wsgi [None req-2e65f2a0-9742-4bfb-8dea-6d08d0c8c7ea tempest-VolumeSnapshotQuotasNegativeTestJSON-913518914 tempest-VolumeSnapshotQuotasNegativeTestJSON-913518914-project] Empty body provided in request {{(pid=106447) get_body /opt/stack/cinder/cinder/api/openstack/wsgi.py:713}}
Jul 13 08:41:22.516178 dv-cinder-800430-2-iscsi devstack@c-api.service[106447]: DEBUG cinder.api.openstack.wsgi [None req-2e65f2a0-9742-4bfb-8dea-6d08d0c8c7ea tempest-VolumeSnapshotQuotasNegativeTestJSON-913518914 tempest-VolumeSnapshotQuotasNegativeTestJSON-913518914-project] Calling method 'show' {{(pid=106447) _process_stack /opt/stack/cinder/cinder/api/openstack/wsgi.py:866}}
Jul 13 08:41:22.522730 dv-cinder-800430-2-iscsi devstack@c-api.service[106448]: /usr/local/lib/python3.8/dist-packages/oslo_context/context.py:105: DeprecationWarning: Policy enforcement is depending on the value of is_admin. This key is deprecated. Please update your policy file to use the standard policy values.
Jul 13 08:41:22.522730 dv-cinder-800430-2-iscsi devstack@c-api.service[106448]: warnings.warn('Policy enforcement is depending on the value of '
Jul 13 08:41:22.546452 dv-cinder-800430-2-iscsi devstack@c-api.service[106448]: INFO cinder.api.openstack.wsgi [None req-fc3c9e19-c62c-41f6-bcc3-278d2a218f0d tempest-GroupSnapshotsTest-1923557797 tempest-GroupSnapshotsTest-1923557797-project] http://10.222.0.66/volume/v3/8eb011670edb4fe28045ad41de9e0949/volumes/8ba5a02e-537f-402c-ae40-f12ff2771c80 returned with HTTP 200
Jul 13 08:41:22.547888 dv-cinder-800430-2-iscsi devstack@c-api.service[106448]: [pid: 106448|app: 0|req: 164/316] 10.222.0.66 () {60 vars in 1366 bytes} [Tue Jul 13 08:41:22 2021] GET /volume/v3/8eb011670edb4fe28045ad41de9e0949/volumes/8ba5a02e-537f-402c-ae40-f12ff2771c80 => generated 1000 bytes in 205 msecs (HTTP/1.1 200) 7 headers in 287 bytes (1 switches on core 0)
Jul 13 08:41:22.571529 dv-cinder-800430-2-iscsi devstack@c-api.service[106447]: INFO cinder.api.openstack.wsgi [None req-2e65f2a0-9742-4bfb-8dea-6d08d0c8c7ea tempest-VolumeSnapshotQuotasNegativeTestJSON-913518914 tempest-VolumeSnapshotQuotasNegativeTestJSON-913518914-project] http://10.222.0.66/volume/v3/c6702d3228b8448a8a35cd08e4eb9f05/snapshots/9e6919a6-a28f-4a70-baf7-b381a31bc2cd returned with HTTP 404
Jul 13 08:41:22.577538 dv-cinder-800430-2-iscsi devstack@c-api.service[106448]: INFO cinder.api.openstack.wsgi [None req-80d217fd-c045-4360-9dc6-79733f63defa tempest-GroupSnapshotsTest-1923557797 tempest-GroupSnapshotsTest-1923557797-project] PUT http://10.222.0.66/volume/v3/8eb011670edb4fe28045ad41de9e0949/groups/f8b9d688-149a-4504-876f-d69aa82505b3
Jul 13 08:41:22.578587 dv-cinder-800430-2-iscsi devstack@c-api.service[106448]: /usr/local/lib/python3.8/dist-packages/webob/acceptparse.py:1047: DeprecationWarning: The behavior of AcceptValidHeader.best_match is currently being maintained for backward compatibility, but it will be deprecated in the future, as it does not conform to the RFC.
Jul 13 08:41:22.578587 dv-cinder-800430-2-iscsi devstack@c-api.service[106448]: warnings.warn(
Jul 13 08:41:22.579591 dv-cinder-800430-2-iscsi devstack@c-api.service[106448]: DEBUG cinder.api.openstack.wsgi [None req-80d217fd-c045-4360-9dc6-79733f63defa tempest-GroupSnapshotsTest-1923557797 tempest-GroupSnapshotsTest-1923557797-project] Action: 'update', calling method: version_select, body: {"group": {"remove_volumes": "0c41d410-8675-4a36-8fed-2ee563fd1477"}} {{(pid=106448) _process_stack /opt/stack/cinder/cinder/api/openstack/wsgi.py:864}}
Jul 13 08:41:22.583375 dv-cinder-800430-2-iscsi devstack@c-api.service[106447]: [pid: 106447|app: 0|req: 153/317] 10.222.0.66 () {58 vars in 1331 bytes} [Tue Jul 13 08:41:22 2021] GET /volume/v3/c6702d3228b8448a8a35cd08e4eb9f05/snapshots/9e6919a6-a28f-4a70-baf7-b381a31bc2cd => generated 111 bytes in 86 msecs (HTTP/1.1 404) 7 headers in 292 bytes (1 switches on core 0)
Jul 13 08:41:22.591855 dv-cinder-800430-2-iscsi devstack@c-api.service[106447]: INFO cinder.api.openstack.wsgi [None req-e6f09dcf-1da3-4bb5-8959-b0856b38e526 tempest-VolumeSnapshotQuotasNegativeTestJSON-913518914 tempest-VolumeSnapshotQuotasNegativeTestJSON-913518914-project] DELETE http://10.222.0.66/volume/v3/c6702d3228b8448a8a35cd08e4eb9f05/volumes/9a75e18d-4fb1-46cb-9d35-d5c09162aa49
Jul 13 08:41:22.594832 dv-cinder-800430-2-iscsi devstack@c-api.service[106447]: DEBUG cinder.api.openstack.wsgi [None req-e6f09dcf-1da3-4bb5-8959-b0856b38e526 tempest-VolumeSnapshotQuotasNegativeTestJSON-913518914 tempest-VolumeSnapshotQuotasNegativeTestJSON-913518914-project] Empty body provided in request {{(pid=106447) get_body /opt/stack/cinder/cinder/api/openstack/wsgi.py:713}}
Jul 13 08:41:22.595539 dv-cinder-800430-2-iscsi devstack@c-api.service[106448]: DEBUG cinder.api.v3.groups [None req-80d217fd-c045-4360-9dc6-79733f63defa tempest-GroupSnapshotsTest-1923557797 tempest-GroupSnapshotsTest-1923557797-project] Update called for group f8b9d688-149a-4504-876f-d69aa82505b3. {{(pid=106448) update /opt/stack/cinder/cinder/api/v3/groups.py:302}}
Jul 13 08:41:22.596539 dv-cinder-800430-2-iscsi devstack@c-api.service[106448]: INFO cinder.api.v3.groups [None req-80d217fd-c045-4360-9dc6-79733f63defa tempest-GroupSnapshotsTest-1923557797 tempest-GroupSnapshotsTest-1923557797-project] Updating group f8b9d688-149a-4504-876f-d69aa82505b3 with name None description: None add_volumes: None remove_volumes: 0c41d410-8675-4a36-8fed-2ee563fd1477.
Jul 13 08:41:22.599390 dv-cinder-800430-2-iscsi devstack@c-api.service[106447]: DEBUG cinder.api.openstack.wsgi [None req-e6f09dcf-1da3-4bb5-8959-b0856b38e526 tempest-VolumeSnapshotQuotasNegativeTestJSON-913518914 tempest-VolumeSnapshotQuotasNegativeTestJSON-913518914-project] Calling method 'delete' {{(pid=106447) _process_stack /opt/stack/cinder/cinder/api/openstack/wsgi.py:866}}
Jul 13 08:41:22.600763 dv-cinder-800430-2-iscsi devstack@c-api.service[106447]: INFO cinder.api.v3.volumes [None req-e6f09dcf-1da3-4bb5-8959-b0856b38e526 tempest-VolumeSnapshotQuotasNegativeTestJSON-913518914 tempest-VolumeSnapshotQuotasNegativeTestJSON-913518914-project] Delete volume with id: 9a75e18d-4fb1-46cb-9d35-d5c09162aa49
Jul 13 08:41:22.610676 dv-cinder-800430-2-iscsi devstack@c-api.service[106448]: /usr/local/lib/python3.8/dist-packages/oslo_context/context.py:105: DeprecationWarning: Policy enforcement is depending on the value of is_admin. This key is deprecated. Please update your policy file to use the standard policy values.
Jul 13 08:41:22.610676 dv-cinder-800430-2-iscsi devstack@c-api.service[106448]: warnings.warn('Policy enforcement is depending on the value of '
Jul 13 08:41:22.643652 dv-cinder-800430-2-iscsi devstack@c-api.service[106447]: /usr/local/lib/python3.8/dist-packages/oslo_context/context.py:105: DeprecationWarning: Policy enforcement is depending on the value of is_admin. This key is deprecated. Please update your policy file to use the standard policy values.
Jul 13 08:41:22.643652 dv-cinder-800430-2-iscsi devstack@c-api.service[106447]: warnings.warn('Policy enforcement is depending on the value of '
Jul 13 08:41:22.645615 dv-cinder-800430-2-iscsi devstack@c-api.service[106447]: INFO cinder.volume.api [None req-e6f09dcf-1da3-4bb5-8959-b0856b38e526 tempest-VolumeSnapshotQuotasNegativeTestJSON-913518914 tempest-VolumeSnapshotQuotasNegativeTestJSON-913518914-project] Volume info retrieved successfully.
Jul 13 08:41:22.680243 dv-cinder-800430-2-iscsi devstack@c-api.service[106448]: INFO cinder.api.openstack.wsgi [None req-80d217fd-c045-4360-9dc6-79733f63defa tempest-GroupSnapshotsTest-1923557797 tempest-GroupSnapshotsTest-1923557797-project] http://10.222.0.66/volume/v3/8eb011670edb4fe28045ad41de9e0949/groups/f8b9d688-149a-4504-876f-d69aa82505b3 returned with HTTP 202
Jul 13 08:41:22.684220 dv-cinder-800430-2-iscsi devstack@c-api.service[106448]: [pid: 106448|app: 0|req: 165/318] 10.222.0.66 () {62 vars in 1383 bytes} [Tue Jul 13 08:41:22 2021] PUT /volume/v3/8eb011670edb4fe28045ad41de9e0949/groups/f8b9d688-149a-4504-876f-d69aa82505b3 => generated 0 bytes in 116 msecs (HTTP/1.1 202) 6 headers in 234 bytes (2 switches on core 0)
Jul 13 08:41:22.686127 dv-cinder-800430-2-iscsi devstack@c-api.service[106447]: INFO cinder.volume.api [None req-e6f09dcf-1da3-4bb5-8959-b0856b38e526 tempest-VolumeSnapshotQuotasNegativeTestJSON-913518914 tempest-VolumeSnapshotQuotasNegativeTestJSON-913518914-project] Delete volume request issued successfully.
Jul 13 08:41:22.686825 dv-cinder-800430-2-iscsi devstack@c-api.service[106447]: INFO cinder.api.openstack.wsgi [None req-e6f09dcf-1da3-4bb5-8959-b0856b38e526 tempest-VolumeSnapshotQuotasNegativeTestJSON-913518914 tempest-VolumeSnapshotQuotasNegativeTestJSON-913518914-project] http://10.222.0.66/volume/v3/c6702d3228b8448a8a35cd08e4eb9f05/volumes/9a75e18d-4fb1-46cb-9d35-d5c09162aa49 returned with HTTP 202
Jul 13 08:41:22.688473 dv-cinder-800430-2-iscsi devstack@c-api.service[106447]: [pid: 106447|app: 0|req: 154/319] 10.222.0.66 () {58 vars in 1328 bytes} [Tue Jul 13 08:41:22 2021] DELETE /volume/v3/c6702d3228b8448a8a35cd08e4eb9f05/volumes/9a75e18d-4fb1-46cb-9d35-d5c09162aa49 => generated 0 bytes in 101 msecs (HTTP/1.1 202) 6 headers in 233 bytes (1 switches on core 0)
Jul 13 08:41:22.693662 dv-cinder-800430-2-iscsi devstack@c-api.service[106448]: INFO cinder.api.openstack.wsgi [None req-8ea5f6c8-bbe1-4e6e-9624-9cebd32b5a95 tempest-GroupSnapshotsTest-1923557797 tempest-GroupSnapshotsTest-1923557797-project] GET http://10.222.0.66/volume/v3/8eb011670edb4fe28045ad41de9e0949/groups/f8b9d688-149a-4504-876f-d69aa82505b3
Jul 13 08:41:22.694905 dv-cinder-800430-2-iscsi devstack@c-api.service[106448]: DEBUG cinder.api.openstack.wsgi [None req-8ea5f6c8-bbe1-4e6e-9624-9cebd32b5a95 tempest-GroupSnapshotsTest-1923557797 tempest-GroupSnapshotsTest-1923557797-project] Empty body provided in request {{(pid=106448) get_body /opt/stack/cinder/cinder/api/openstack/wsgi.py:713}}
Jul 13 08:41:22.695251 dv-cinder-800430-2-iscsi devstack@c-api.service[106448]: /usr/local/lib/python3.8/dist-packages/webob/acceptparse.py:1047: DeprecationWarning: The behavior of AcceptValidHeader.best_match is currently being maintained for backward compatibility, but it will be deprecated in the future, as it does not conform to the RFC.
Jul 13 08:41:22.695251 dv-cinder-800430-2-iscsi devstack@c-api.service[106448]: warnings.warn(
Jul 13 08:41:22.695779 dv-cinder-800430-2-iscsi devstack@c-api.service[106448]: DEBUG cinder.api.openstack.wsgi [None req-8ea5f6c8-bbe1-4e6e-9624-9cebd32b5a95 tempest-GroupSnapshotsTest-1923557797 tempest-GroupSnapshotsTest-1923557797-project] Calling method 'version_select' {{(pid=106448) _process_stack /opt/stack/cinder/cinder/api/openstack/wsgi.py:866}}
Jul 13 08:41:22.696299 dv-cinder-800430-2-iscsi devstack@c-api.service[106448]: DEBUG cinder.api.v3.groups [None req-8ea5f6c8-bbe1-4e6e-9624-9cebd32b5a95 tempest-GroupSnapshotsTest-1923557797 tempest-GroupSnapshotsTest-1923557797-project] show called for member f8b9d688-149a-4504-876f-d69aa82505b3 {{(pid=106448) show /opt/stack/cinder/cinder/api/v3/groups.py:58}}
Jul 13 08:41:22.697891 dv-cinder-800430-2-iscsi devstack@c-api.service[106447]: INFO cinder.api.openstack.wsgi [None req-7ee001e0-151d-4616-a53c-4bc6701620c2 tempest-VolumeSnapshotQuotasNegativeTestJSON-913518914 tempest-VolumeSnapshotQuotasNegativeTestJSON-913518914-project] GET http://10.222.0.66/volume/v3/c6702d3228b8448a8a35cd08e4eb9f05/volumes/9a75e18d-4fb1-46cb-9d35-d5c09162aa49
Jul 13 08:41:22.699210 dv-cinder-800430-2-iscsi devstack@c-api.service[106447]: DEBUG cinder.api.openstack.wsgi [None req-7ee001e0-151d-4616-a53c-4bc6701620c2 tempest-VolumeSnapshotQuotasNegativeTestJSON-913518914 tempest-VolumeSnapshotQuotasNegativeTestJSON-913518914-project] Empty body provided in request {{(pid=106447) get_body /opt/stack/cinder/cinder/api/openstack/wsgi.py:713}}
Jul 13 08:41:22.699599 dv-cinder-800430-2-iscsi devstack@c-api.service[106447]: /usr/local/lib/python3.8/dist-packages/webob/acceptparse.py:1047: DeprecationWarning: The behavior of AcceptValidHeader.best_match is currently being maintained for backward compatibility, but it will be deprecated in the future, as it does not conform to the RFC.
Jul 13 08:41:22.699599 dv-cinder-800430-2-iscsi devstack@c-api.service[106447]: warnings.warn(
Jul 13 08:41:22.700314 dv-cinder-800430-2-iscsi devstack@c-api.service[106447]: DEBUG cinder.api.openstack.wsgi [None req-7ee001e0-151d-4616-a53c-4bc6701620c2 tempest-VolumeSnapshotQuotasNegativeTestJSON-913518914 tempest-VolumeSnapshotQuotasNegativeTestJSON-913518914-project] Calling method 'show' {{(pid=106447) _process_stack /opt/stack/cinder/cinder/api/openstack/wsgi.py:866}}
Jul 13 08:41:22.703991 dv-cinder-800430-2-iscsi devstack@c-api.service[106448]: /usr/local/lib/python3.8/dist-packages/oslo_context/context.py:105: DeprecationWarning: Policy enforcement is depending on the value of is_admin. This key is deprecated. Please update your policy file to use the standard policy values.
Jul 13 08:41:22.703991 dv-cinder-800430-2-iscsi devstack@c-api.service[106448]: warnings.warn('Policy enforcement is depending on the value of '
Jul 13 08:41:22.719617 dv-cinder-800430-2-iscsi devstack@c-api.service[106447]: /usr/local/lib/python3.8/dist-packages/oslo_context/context.py:105: DeprecationWarning: Policy enforcement is depending on the value of is_admin. This key is deprecated. Please update your policy file to use the standard policy values.
Jul 13 08:41:22.719617 dv-cinder-800430-2-iscsi devstack@c-api.service[106447]: warnings.warn('Policy enforcement is depending on the value of '
Jul 13 08:41:22.730871 dv-cinder-800430-2-iscsi devstack@c-api.service[106447]: INFO cinder.volume.api [None req-7ee001e0-151d-4616-a53c-4bc6701620c2 tempest-VolumeSnapshotQuotasNegativeTestJSON-913518914 tempest-VolumeSnapshotQuotasNegativeTestJSON-913518914-project] Volume info retrieved successfully.
Jul 13 08:41:22.739697 dv-cinder-800430-2-iscsi devstack@c-api.service[106448]: INFO cinder.api.openstack.wsgi [None req-8ea5f6c8-bbe1-4e6e-9624-9cebd32b5a95 tempest-GroupSnapshotsTest-1923557797 tempest-GroupSnapshotsTest-1923557797-project] http://10.222.0.66/volume/v3/8eb011670edb4fe28045ad41de9e0949/groups/f8b9d688-149a-4504-876f-d69aa82505b3 returned with HTTP 200
Jul 13 08:41:22.741068 dv-cinder-800430-2-iscsi devstack@c-api.service[106448]: [pid: 106448|app: 0|req: 166/320] 10.222.0.66 () {60 vars in 1363 bytes} [Tue Jul 13 08:41:22 2021] GET /volume/v3/8eb011670edb4fe28045ad41de9e0949/groups/f8b9d688-149a-4504-876f-d69aa82505b3 => generated 392 bytes in 56 msecs (HTTP/1.1 200) 7 headers in 286 bytes (1 switches on core 0)
Jul 13 08:41:22.751507 dv-cinder-800430-2-iscsi devstack@c-api.service[106447]: INFO cinder.api.openstack.wsgi [None req-7ee001e0-151d-4616-a53c-4bc6701620c2 tempest-VolumeSnapshotQuotasNegativeTestJSON-913518914 tempest-VolumeSnapshotQuotasNegativeTestJSON-913518914-project] http://10.222.0.66/volume/v3/c6702d3228b8448a8a35cd08e4eb9f05/volumes/9a75e18d-4fb1-46cb-9d35-d5c09162aa49 returned with HTTP 200
Jul 13 08:41:22.753591 dv-cinder-800430-2-iscsi devstack@c-api.service[106447]: [pid: 106447|app: 0|req: 155/321] 10.222.0.66 () {58 vars in 1325 bytes} [Tue Jul 13 08:41:22 2021] GET /volume/v3/c6702d3228b8448a8a35cd08e4eb9f05/volumes/9a75e18d-4fb1-46cb-9d35-d5c09162aa49 => generated 927 bytes in 60 msecs (HTTP/1.1 200) 7 headers in 285 bytes (1 switches on core 0)
Jul 13 08:41:23.755047 dv-cinder-800430-2-iscsi devstack@c-api.service[106448]: INFO cinder.api.openstack.wsgi [None req-852ecd1e-b6ce-475b-8a2c-ef77c6250151 tempest-GroupSnapshotsTest-1923557797 tempest-GroupSnapshotsTest-1923557797-project] GET http://10.222.0.66/volume/v3/8eb011670edb4fe28045ad41de9e0949/groups/f8b9d688-149a-4504-876f-d69aa82505b3
