Jul 15 15:18:37.207995 dv-cinder-800306-4-smb neutron-server[93189]: DEBUG neutron.plugins.ml2.rpc [None req-04b4e0ee-391b-43f9-bb63-ed1cc9a6646d None None] Device ba47ca5f-cd57-4f8d-9779-1c5e87ead47f up at agent ovs-agent-dv-cinder-800306-4-smb {{(pid=93189) update_device_up /opt/stack/neutron/neutron/plugins/ml2/rpc.py:296}}
Jul 15 15:18:37.314056 dv-cinder-800306-4-smb neutron-server[93189]: DEBUG neutron.db.provisioning_blocks [None req-04b4e0ee-391b-43f9-bb63-ed1cc9a6646d None None] Provisioning complete for port ba47ca5f-cd57-4f8d-9779-1c5e87ead47f triggered by entity L2. {{(pid=93189) provisioning_complete /opt/stack/neutron/neutron/db/provisioning_blocks.py:139}}
Jul 15 15:18:37.314683 dv-cinder-800306-4-smb neutron-server[93189]: DEBUG neutron_lib.callbacks.manager [None req-04b4e0ee-391b-43f9-bb63-ed1cc9a6646d None None] Notify callbacks ['neutron.plugins.ml2.plugin.Ml2Plugin._port_provisioned-1431211'] for port, provisioning_complete {{(pid=93189) _notify_loop /usr/local/lib/python3.8/dist-packages/neutron_lib/callbacks/manager.py:192}}
Jul 15 15:18:37.345432 dv-cinder-800306-4-smb neutron-server[93187]: DEBUG neutron.api.rpc.handlers.resources_rpc [None req-93669d86-7ad3-4930-adf4-ee9c55b49c15 admin admin] Pushing event updated for resources: {'Port': ['ID=edb61c6a-e503-48dc-9311-1c0773e232b2,revision_number=2']} {{(pid=93187) push /opt/stack/neutron/neutron/api/rpc/handlers/resources_rpc.py:237}}
Jul 15 15:18:37.385305 dv-cinder-800306-4-smb neutron-server[93190]: DEBUG neutron.db.l3_dvr_db [None req-17ff5849-93f7-4f83-826d-b1207197d315 None None] Set router 99928784-c40a-43a1-980c-b34f489ef483 gateway port host: dv-cinder-800306-4-smb {{(pid=93190) _build_routers_list /opt/stack/neutron/neutron/db/l3_dvr_db.py:894}}
Jul 15 15:18:37.477999 dv-cinder-800306-4-smb neutron-server[93188]: DEBUG neutron.pecan_wsgi.hooks.policy_enforcement [req-6d0a1994-c761-4688-bd51-56580eb81278 req-ebfa155a-7c9b-4470-a8b9-dd1eb07f0134 service neutron] Attributes excluded by policy engine: ['standard_attr_id', 'vlan_transparent'] {{(pid=93188) _exclude_attributes_by_policy /opt/stack/neutron/neutron/pecan_wsgi/hooks/policy_enforcement.py:255}}
Jul 15 15:18:37.481903 dv-cinder-800306-4-smb neutron-server[93188]: INFO neutron.wsgi [req-6d0a1994-c761-4688-bd51-56580eb81278 req-ebfa155a-7c9b-4470-a8b9-dd1eb07f0134 service neutron] 10.222.0.13 "GET /v2.0/networks?id=f599b190-ebdd-4229-9714-6801fc1561d0 HTTP/1.1" status: 200 len: 913 time: 0.4523437
Jul 15 15:18:37.626828 dv-cinder-800306-4-smb neutron-server[93188]: INFO neutron.wsgi [req-6d0a1994-c761-4688-bd51-56580eb81278 req-51b1f9ca-a46b-4ff6-a23e-ec925c183239 service neutron] 10.222.0.13 "GET /v2.0/floatingips?fixed_ip_address=172.20.0.13&port_id=e067c27e-c1e7-4b57-bdf2-4ab4b26b4d91 HTTP/1.1" status: 200 len: 217 time: 0.1370230
Jul 15 15:18:37.784367 dv-cinder-800306-4-smb neutron-server[93187]: DEBUG neutron.plugins.ml2.managers [req-a87114ce-1142-4a17-8f0f-fbcf37ec4c30 req-6da2817d-0b32-47ce-91c4-771f56cbfbbd service neutron] Attempting to bind port 2180198e-55c7-40b3-863f-c0c8d0d21a91 on host hv-cinder-80030 for vnic_type normal with profile {{(pid=93187) bind_port /opt/stack/neutron/neutron/plugins/ml2/managers.py:790}}
Jul 15 15:18:37.784367 dv-cinder-800306-4-smb neutron-server[93187]: DEBUG neutron.plugins.ml2.managers [req-a87114ce-1142-4a17-8f0f-fbcf37ec4c30 req-6da2817d-0b32-47ce-91c4-771f56cbfbbd service neutron] Attempting to bind port 2180198e-55c7-40b3-863f-c0c8d0d21a91 by drivers openvswitch,hyperv on host hv-cinder-80030 at level 0 using segments [{'id': '6d7c9b99-0899-4be4-b626-3eef30a18b1d', 'network_type': 'vlan', 'physical_network': 'physnet1', 'segmentation_id': 316, 'network_id': 'f62c28e7-7ada-4f08-a96a-288d7319ca43'}] {{(pid=93187) _bind_port_level /opt/stack/neutron/neutron/plugins/ml2/managers.py:815}}
Jul 15 15:18:37.784367 dv-cinder-800306-4-smb neutron-server[93187]: DEBUG neutron.plugins.ml2.drivers.mech_agent [req-a87114ce-1142-4a17-8f0f-fbcf37ec4c30 req-6da2817d-0b32-47ce-91c4-771f56cbfbbd service neutron] Attempting to bind port 2180198e-55c7-40b3-863f-c0c8d0d21a91 on network f62c28e7-7ada-4f08-a96a-288d7319ca43 {{(pid=93187) bind_port /opt/stack/neutron/neutron/plugins/ml2/drivers/mech_agent.py:86}}
Jul 15 15:18:37.786085 dv-cinder-800306-4-smb neutron-server[93187]: DEBUG neutron.api.rpc.handlers.resources_rpc [None req-6da2817d-0b32-47ce-91c4-771f56cbfbbd service neutron] Pushing event updated for resources: {'Port': ['ID=2180198e-55c7-40b3-863f-c0c8d0d21a91,revision_number=2']} {{(pid=93187) push /opt/stack/neutron/neutron/api/rpc/handlers/resources_rpc.py:237}}
Jul 15 15:18:37.811359 dv-cinder-800306-4-smb neutron-server[93187]: DEBUG neutron.plugins.ml2.drivers.mech_agent [req-a87114ce-1142-4a17-8f0f-fbcf37ec4c30 req-6da2817d-0b32-47ce-91c4-771f56cbfbbd service neutron] Port 2180198e-55c7-40b3-863f-c0c8d0d21a91 on network f62c28e7-7ada-4f08-a96a-288d7319ca43 not bound, no agent of type Open vSwitch agent registered on host hv-cinder-80030 {{(pid=93187) bind_port /opt/stack/neutron/neutron/plugins/ml2/drivers/mech_agent.py:98}}
Jul 15 15:18:37.811889 dv-cinder-800306-4-smb neutron-server[93187]: DEBUG neutron.plugins.ml2.drivers.mech_agent [req-a87114ce-1142-4a17-8f0f-fbcf37ec4c30 req-6da2817d-0b32-47ce-91c4-771f56cbfbbd service neutron] Attempting to bind port 2180198e-55c7-40b3-863f-c0c8d0d21a91 on network f62c28e7-7ada-4f08-a96a-288d7319ca43 {{(pid=93187) bind_port /opt/stack/neutron/neutron/plugins/ml2/drivers/mech_agent.py:86}}
Jul 15 15:18:37.820722 dv-cinder-800306-4-smb neutron-server[93187]: DEBUG neutron.scheduler.dhcp_agent_scheduler [None req-93669d86-7ad3-4930-adf4-ee9c55b49c15 admin admin] Network b9628bbd-9f2b-4b6d-b3db-374466233fcc is already hosted by enough agents. {{(pid=93187) _get_dhcp_agents_hosting_network /opt/stack/neutron/neutron/scheduler/dhcp_agent_scheduler.py:275}}
Jul 15 15:18:37.828517 dv-cinder-800306-4-smb neutron-server[93187]: DEBUG neutron.plugins.ml2.drivers.mech_agent [req-a87114ce-1142-4a17-8f0f-fbcf37ec4c30 req-6da2817d-0b32-47ce-91c4-771f56cbfbbd service neutron] Checking agent: {'id': '670c380d-0ccc-4170-965b-2e341feb5187', 'agent_type': 'HyperV agent', 'binary': 'neutron-hyperv-agent', 'topic': 'N/A', 'host': 'hv-cinder-80030', 'admin_state_up': True, 'created_at': datetime.datetime(2021, 7, 15, 15, 16, 33), 'started_at': datetime.datetime(2021, 7, 15, 15, 16, 33), 'heartbeat_timestamp': datetime.datetime(2021, 7, 15, 15, 18, 33), 'description': None, 'resources_synced': None, 'availability_zone': None, 'alive': True, 'configurations': {'vswitch_mappings': {'physnet1$': 'br-data'}}, 'resource_versions': {}} {{(pid=93187) bind_port /opt/stack/neutron/neutron/plugins/ml2/drivers/mech_agent.py:105}}
Jul 15 15:18:37.829093 dv-cinder-800306-4-smb neutron-server[93187]: DEBUG neutron.plugins.ml2.drivers.mech_agent [req-a87114ce-1142-4a17-8f0f-fbcf37ec4c30 req-6da2817d-0b32-47ce-91c4-771f56cbfbbd service neutron] Checking segment: {'id': '6d7c9b99-0899-4be4-b626-3eef30a18b1d', 'network_type': 'vlan', 'physical_network': 'physnet1', 'segmentation_id': 316, 'network_id': 'f62c28e7-7ada-4f08-a96a-288d7319ca43'} for mappings: {'physnet1$': 'br-data'} with network types: ['local', 'flat', 'vlan'] {{(pid=93187) check_segment_for_agent /opt/stack/neutron/neutron/plugins/ml2/drivers/mech_agent.py:341}}
Jul 15 15:18:37.830074 dv-cinder-800306-4-smb neutron-server[93187]: DEBUG neutron.plugins.ml2.drivers.mech_agent [req-a87114ce-1142-4a17-8f0f-fbcf37ec4c30 req-6da2817d-0b32-47ce-91c4-771f56cbfbbd service neutron] Bound using segment: {'id': '6d7c9b99-0899-4be4-b626-3eef30a18b1d', 'network_type': 'vlan', 'physical_network': 'physnet1', 'segmentation_id': 316, 'network_id': 'f62c28e7-7ada-4f08-a96a-288d7319ca43'} {{(pid=93187) bind_port /opt/stack/neutron/neutron/plugins/ml2/drivers/mech_agent.py:115}}
Jul 15 15:18:37.831312 dv-cinder-800306-4-smb neutron-server[93187]: DEBUG neutron.plugins.ml2.managers [req-a87114ce-1142-4a17-8f0f-fbcf37ec4c30 req-6da2817d-0b32-47ce-91c4-771f56cbfbbd service neutron] Bound port: 2180198e-55c7-40b3-863f-c0c8d0d21a91, host: hv-cinder-80030, vif_type: hyperv, vif_details: {"connectivity": "legacy", "port_filter": false}, binding_levels: [{'bound_driver': 'hyperv', 'bound_segment': {'id': '6d7c9b99-0899-4be4-b626-3eef30a18b1d', 'network_type': 'vlan', 'physical_network': 'physnet1', 'segmentation_id': 316, 'network_id': 'f62c28e7-7ada-4f08-a96a-288d7319ca43'}}] {{(pid=93187) _bind_port_level /opt/stack/neutron/neutron/plugins/ml2/managers.py:928}}
Jul 15 15:18:37.831897 dv-cinder-800306-4-smb neutron-server[93187]: DEBUG neutron_lib.callbacks.manager [req-a87114ce-1142-4a17-8f0f-fbcf37ec4c30 req-6da2817d-0b32-47ce-91c4-771f56cbfbbd service neutron] Notify callbacks ['neutron.plugins.ml2.plugin.SecurityGroupDbMixin._ensure_default_security_group_handler-536667'] for port, before_update {{(pid=93187) _notify_loop /usr/local/lib/python3.8/dist-packages/neutron_lib/callbacks/manager.py:192}}
Jul 15 15:18:37.857116 dv-cinder-800306-4-smb neutron-server[93188]: DEBUG neutron.pecan_wsgi.hooks.policy_enforcement [req-6d0a1994-c761-4688-bd51-56580eb81278 req-c13957e6-13cd-4401-8147-6f41beb3fa82 service neutron] Attributes excluded by policy engine: ['standard_attr_id', 'shared', 'segment_id'] {{(pid=93188) _exclude_attributes_by_policy /opt/stack/neutron/neutron/pecan_wsgi/hooks/policy_enforcement.py:255}}
Jul 15 15:18:37.867899 dv-cinder-800306-4-smb neutron-server[93188]: INFO neutron.wsgi [req-6d0a1994-c761-4688-bd51-56580eb81278 req-c13957e6-13cd-4401-8147-6f41beb3fa82 service neutron] 10.222.0.13 "GET /v2.0/subnets?id=80bbe5c0-1834-4571-a188-91401e52fdd7 HTTP/1.1" status: 200 len: 852 time: 0.2174244
Jul 15 15:18:37.873911 dv-cinder-800306-4-smb neutron-server[93187]: DEBUG neutron.scheduler.base_scheduler [None req-93669d86-7ad3-4930-adf4-ee9c55b49c15 admin admin] Resources bound (agent type, host, resource id): {{(pid=93187) schedule /opt/stack/neutron/neutron/scheduler/base_scheduler.py:57}}
Jul 15 15:18:37.928874 dv-cinder-800306-4-smb neutron-server[93190]: DEBUG neutron.db.l3_hamode_db [None req-17ff5849-93f7-4f83-826d-b1207197d315 None None] neutron.services.l3_router.l3_router_plugin.L3RouterPlugin method _process_sync_ha_data called with arguments (, [{'id': '99928784-c40a-43a1-980c-b34f489ef483', 'name': 'tempest-AttachVolumeShelveTestJSON-886314702-router', 'tenant_id': '7f969dd4ceb64815af7aad8ae84ee047', 'admin_state_up': True, 'status': 'ACTIVE', 'external_gateway_info': {'network_id': 'f224160b-a984-4a09-87cc-ca78fe205cec', 'external_fixed_ips': [{'subnet_id': '31644b40-2f60-43ae-88b6-ec4d42021e74', 'ip_address': '172.28.0.29'}], 'enable_snat': True}, 'gw_port_id': '75cfa74f-6755-4a99-8c9c-9bfa3b3d7a29', 'description': '', 'availability_zones': ['nova'], 'distributed': False, 'ha': False, 'ha_vr_id': 0, 'availability_zone_hints': [], 'routes': [], 'flavor_id': None, 'tags': [], 'created_at': '2021-07-15T15:18:17Z', 'updated_at': '2021-07-15T15:18:32Z', 'revision_number': 4, 'project_id': '7f969dd4ceb64815af7aad8ae84ee047', 'gw_port': {'id': '75cfa74f-6755-4a99-8c9c-9bfa3b3d7a29', 'name': '', 'network_id': 'f224160b-a984-4a09-87cc-ca78fe205cec', 'tenant_id': '', 'mac_address': 'fa:16:3e:a7:21:f7', 'admin_state_up': True, 'status': 'ACTIVE', 'device_id': '99928784-c40a-43a1-980c-b34f489ef483', 'device_owner': 'network:router_gateway', 'standard_attr_id': 81, 'fixed_ips': [{'subnet_id': '31644b40-2f60-43ae-88b6-ec4d42021e74', 'ip_address': '172.28.0.29', 'prefixlen': 24}], 'allowed_address_pairs': [], 'extra_dhcp_opts': [], 'security_groups': [], 'description': '', 'binding:vnic_type': 'normal', 'binding:profile': {}, 'binding:host_id': 'dv-cinder-800306-4-smb', 'binding:vif_type': 'ovs', 'binding:vif_details': {'connectivity': 'l2', 'port_filter': True, 'ovs_hybrid_plug': False, 'datapath_type': 'system', 'bridge_name': 'br-int'}, 'port_security_enabled': False, 'tags': [], 'created_at': '2021-07-15T15:18:19Z', 'updated_at': '2021-07-15T15:18:30Z', 'revision_number': 4, 'project_id': '', 'subnets': [{'id': '31644b40-2f60-43ae-88b6-ec4d42021e74', 'cidr': '172.28.0.0/24', 'gateway_ip': '172.28.0.1', 'dns_nameservers': [], 'ipv6_ra_mode': None, 'subnetpool_id': None}], 'extra_subnets': [], 'address_scopes': {4: None, 6: None}, 'mtu': 1500}, 'enable_snat': True, 'gw_port_host': 'dv-cinder-800306-4-smb', '_interfaces': [{'id': '8e8fbfd4-92a1-4e5e-8e8c-4195420a0a2e', 'name': '', 'network_id': 'b242791d-7c71-443a-9802-ce1437080414', 'tenant_id': '7f969dd4ceb64815af7aad8ae84ee047', 'mac_address': 'fa:16:3e:c4:c9:a5', 'admin_state_up': True, 'status': 'DOWN', 'device_id': '99928784-c40a-43a1-980c-b34f489ef483', 'device_owner': 'network:router_interface', 'standard_attr_id': 100, 'fixed_ips': [{'subnet_id': 'ad8d09c7-d78d-4199-b165-cd65acd19d10', 'ip_address': '172.20.0.1', 'prefixlen': 28}], 'allowed_address_pairs': [], 'extra_dhcp_opts': [], 'security_groups': [], 'description': '', 'binding:vnic_type': 'normal', 'binding:profile': {}, 'binding:host_id': '', 'binding:vif_type': 'unbound', 'binding:vif_details': {}, 'port_security_enabled': False, 'tags': [], 'created_at': '2021-07-15T15:18:26Z', 'updated_at': '2021-07-15T15:18:32Z', 'revision_number': 2, 'project_id': '7f969dd4ceb64815af7aad8ae84ee047', 'subnets': [{'id': 'ad8d09c7-d78d-4199-b165-cd65acd19d10', 'cidr': '172.20.0.0/28', 'gateway_ip': '172.20.0.1', 'dns_nameservers': [], 'ipv6_ra_mode': None, 'subnetpool_id': None}], 'extra_subnets': [], 'address_scopes': {4: None, 6: None}, 'mtu': 1500}]}], 'dv-cinder-800306-4-smb', False) {} {{(pid=93190) wrapper /usr/local/lib/python3.8/dist-packages/oslo_log/helpers.py:65}}
Jul 15 15:18:37.993864 dv-cinder-800306-4-smb neutron-server[93188]: INFO neutron.wsgi [req-6d0a1994-c761-4688-bd51-56580eb81278 req-7e53ce54-a828-4c0b-8c2b-00ad33c00fdd service neutron] 10.222.0.13 "GET /v2.0/ports?network_id=f599b190-ebdd-4229-9714-6801fc1561d0&device_owner=network%3Adhcp HTTP/1.1" status: 200 len: 210 time: 0.1034017
Jul 15 15:18:38.033814 dv-cinder-800306-4-smb neutron-server[93190]: DEBUG neutron.api.rpc.handlers.l3_rpc [None req-17ff5849-93f7-4f83-826d-b1207197d315 None None] Checking router: 99928784-c40a-43a1-980c-b34f489ef483 for host: dv-cinder-800306-4-smb {{(pid=93190) _ensure_host_set_on_ports /opt/stack/neutron/neutron/api/rpc/handlers/l3_rpc.py:155}}
Jul 15 15:18:38.037737 dv-cinder-800306-4-smb neutron-server[93190]: DEBUG neutron.api.rpc.handlers.l3_rpc [None req-17ff5849-93f7-4f83-826d-b1207197d315 None None] Updating router 99928784-c40a-43a1-980c-b34f489ef483 port 8e8fbfd4-92a1-4e5e-8e8c-4195420a0a2e binding host dv-cinder-800306-4-smb {{(pid=93190) _ensure_host_set_on_port /opt/stack/neutron/neutron/api/rpc/handlers/l3_rpc.py:205}}
Jul 15 15:18:38.196120 dv-cinder-800306-4-smb neutron-server[93190]: DEBUG neutron_lib.callbacks.manager [None req-17ff5849-93f7-4f83-826d-b1207197d315 None None] Notify callbacks ['neutron.plugins.ml2.plugin.SecurityGroupDbMixin._ensure_default_security_group_handler-536667'] for port, before_update {{(pid=93190) _notify_loop /usr/local/lib/python3.8/dist-packages/neutron_lib/callbacks/manager.py:192}}
Jul 15 15:18:38.235683 dv-cinder-800306-4-smb neutron-server[93187]: DEBUG neutron.plugins.ml2.db [req-a87114ce-1142-4a17-8f0f-fbcf37ec4c30 req-6da2817d-0b32-47ce-91c4-771f56cbfbbd service neutron] For port 2180198e-55c7-40b3-863f-c0c8d0d21a91, host hv-cinder-80030, cleared binding levels {{(pid=93187) clear_binding_levels /opt/stack/neutron/neutron/plugins/ml2/db.py:87}}
Jul 15 15:18:38.264044 dv-cinder-800306-4-smb neutron-server[93187]: DEBUG neutron.plugins.ml2.db [req-a87114ce-1142-4a17-8f0f-fbcf37ec4c30 req-6da2817d-0b32-47ce-91c4-771f56cbfbbd service neutron] For port 2180198e-55c7-40b3-863f-c0c8d0d21a91, host hv-cinder-80030, set binding levels [PortBindingLevel(driver='hyperv',host='hv-cinder-80030',level=0,port_id=2180198e-55c7-40b3-863f-c0c8d0d21a91,segment=NetworkSegment(6d7c9b99-0899-4be4-b626-3eef30a18b1d),segment_id=6d7c9b99-0899-4be4-b626-3eef30a18b1d)] {{(pid=93187) set_binding_levels /opt/stack/neutron/neutron/plugins/ml2/db.py:59}}
Jul 15 15:18:38.279617 dv-cinder-800306-4-smb neutron-server[93187]: DEBUG neutron_lib.callbacks.manager [req-a87114ce-1142-4a17-8f0f-fbcf37ec4c30 req-6da2817d-0b32-47ce-91c4-771f56cbfbbd service neutron] Notify callbacks ['neutron.plugins.ml2.plugin.SecurityGroupServerNotifierRpcMixin._notify_sg_on_port_change-537504', 'neutron.plugins.ml2.ovo_rpc._ObjectChangeHandler.handle_event-1974582', 'neutron.api.rpc.agentnotifiers.dhcp_rpc_agent_api.DhcpAgentNotifyAPI._native_event_send_dhcp_notification-1587992', 'neutron.db.l3_db.L3RpcNotifierMixin._notify_gateway_port_ip_changed-8738950882645', 'neutron.db.l3_dvrscheduler_db._notify_l3_agent_port_update-8738950495672', 'neutron.db.l3_hascheduler_db._notify_l3_agent_ha_port_update-8738950495690'] for port, after_update {{(pid=93187) _notify_loop /usr/local/lib/python3.8/dist-packages/neutron_lib/callbacks/manager.py:192}}
Jul 15 15:18:38.451479 dv-cinder-800306-4-smb neutron-server[93188]: INFO neutron.wsgi [req-6d0a1994-c761-4688-bd51-56580eb81278 req-311bb4cd-9f96-472f-9de9-816af85840e8 service neutron] 10.222.0.13 "GET /v2.0/networks/f599b190-ebdd-4229-9714-6801fc1561d0?fields=segments HTTP/1.1" status: 200 len: 212 time: 0.4219913
Jul 15 15:18:38.499186 dv-cinder-800306-4-smb neutron-server[93189]: DEBUG neutron.db.provisioning_blocks [None req-bba1ec42-29d5-48a1-91ee-369c8d8414f4 None None] Provisioning complete for port edb61c6a-e503-48dc-9311-1c0773e232b2 triggered by entity DHCP. {{(pid=93189) provisioning_complete /opt/stack/neutron/neutron/db/provisioning_blocks.py:139}}
Jul 15 15:18:38.506928 dv-cinder-800306-4-smb neutron-server[93189]: DEBUG neutron_lib.callbacks.manager [None req-bba1ec42-29d5-48a1-91ee-369c8d8414f4 None None] Notify callbacks ['neutron.plugins.ml2.plugin.Ml2Plugin._port_provisioned-1431211'] for port, provisioning_complete {{(pid=93189) _notify_loop /usr/local/lib/python3.8/dist-packages/neutron_lib/callbacks/manager.py:192}}
Jul 15 15:18:38.688847 dv-cinder-800306-4-smb neutron-server[93189]: DEBUG neutron.plugins.ml2.plugin [None req-bba1ec42-29d5-48a1-91ee-369c8d8414f4 None None] Port edb61c6a-e503-48dc-9311-1c0773e232b2 cannot update to ACTIVE because it is not bound. {{(pid=93189) _port_provisioned /opt/stack/neutron/neutron/plugins/ml2/plugin.py:337}}
Jul 15 15:18:38.723807 dv-cinder-800306-4-smb neutron-server[93187]: DEBUG neutron.pecan_wsgi.hooks.policy_enforcement [req-a87114ce-1142-4a17-8f0f-fbcf37ec4c30 req-6da2817d-0b32-47ce-91c4-771f56cbfbbd service neutron] Attributes excluded by policy engine: ['standard_attr_id'] {{(pid=93187) _exclude_attributes_by_policy /opt/stack/neutron/neutron/pecan_wsgi/hooks/policy_enforcement.py:255}}
Jul 15 15:18:38.724497 dv-cinder-800306-4-smb neutron-server[93187]: DEBUG neutron_lib.callbacks.manager [req-a87114ce-1142-4a17-8f0f-fbcf37ec4c30 req-6da2817d-0b32-47ce-91c4-771f56cbfbbd service neutron] Notify callbacks ['neutron.notifiers.nova.Notifier._send_nova_notification-67576', 'neutron.api.rpc.agentnotifiers.dhcp_rpc_agent_api.DhcpAgentNotifyAPI._send_dhcp_notification-1588078'] for port, before_response {{(pid=93187) _notify_loop /usr/local/lib/python3.8/dist-packages/neutron_lib/callbacks/manager.py:192}}
Jul 15 15:18:38.727747 dv-cinder-800306-4-smb neutron-server[93187]: INFO neutron.wsgi [req-a87114ce-1142-4a17-8f0f-fbcf37ec4c30 req-6da2817d-0b32-47ce-91c4-771f56cbfbbd service neutron] 10.222.0.13 "PUT /v2.0/ports/2180198e-55c7-40b3-863f-c0c8d0d21a91 HTTP/1.1" status: 200 len: 1094 time: 4.6708426
Jul 15 15:18:38.728243 dv-cinder-800306-4-smb neutron-server[93187]: DEBUG neutron.notifiers.nova [-] Sending events: [{'name': 'network-changed', 'server_uuid': 'd444e543-4b97-4490-a72f-fbe561fa0e54', 'tag': '2180198e-55c7-40b3-863f-c0c8d0d21a91'}] {{(pid=93187) send_events /opt/stack/neutron/neutron/notifiers/nova.py:262}}
Jul 15 15:18:39.204154 dv-cinder-800306-4-smb neutron-server[93188]: DEBUG neutron.pecan_wsgi.hooks.policy_enforcement [req-ea2b7118-dbac-4b45-96b0-c8f7da9773ac req-f4d001b7-e16d-4795-b5bf-052cb31f84d8 tempest-DeleteServersTestJSON-968013821 tempest-DeleteServersTestJSON-968013821-project] Attributes excluded by policy engine: ['standard_attr_id', 'binding:profile', 'binding:host_id', 'binding:vif_type', 'binding:vif_details'] {{(pid=93188) _exclude_attributes_by_policy /opt/stack/neutron/neutron/pecan_wsgi/hooks/policy_enforcement.py:255}}
Jul 15 15:18:39.211185 dv-cinder-800306-4-smb neutron-server[93188]: INFO neutron.wsgi [req-ea2b7118-dbac-4b45-96b0-c8f7da9773ac req-f4d001b7-e16d-4795-b5bf-052cb31f84d8 tempest-DeleteServersTestJSON-968013821 tempest-DeleteServersTestJSON-968013821-project] 10.222.0.39 "GET /v2.0/ports?device_id=a46aae7c-ef95-4f9b-8c29-f646f22bb241 HTTP/1.1" status: 200 len: 944 time: 0.7572360
Jul 15 15:18:39.334731 dv-cinder-800306-4-smb neutron-server[93190]: DEBUG neutron_lib.callbacks.manager [None req-17ff5849-93f7-4f83-826d-b1207197d315 None None] Notify callbacks [] for port, precommit_update {{(pid=93190) _notify_loop /usr/local/lib/python3.8/dist-packages/neutron_lib/callbacks/manager.py:192}}
Jul 15 15:18:39.354139 dv-cinder-800306-4-smb neutron-server[93187]: DEBUG neutron.api.rpc.handlers.resources_rpc [None req-6da2817d-0b32-47ce-91c4-771f56cbfbbd service neutron] Pushing event updated for resources: {'Port': ['ID=2180198e-55c7-40b3-863f-c0c8d0d21a91,revision_number=3']} {{(pid=93187) push /opt/stack/neutron/neutron/api/rpc/handlers/resources_rpc.py:237}}
Jul 15 15:18:39.366409 dv-cinder-800306-4-smb neutron-server[93190]: DEBUG neutron.db.provisioning_blocks [None req-17ff5849-93f7-4f83-826d-b1207197d315 None None] Transition to ACTIVE for port object 8e8fbfd4-92a1-4e5e-8e8c-4195420a0a2e will not be triggered until provisioned by entity L2. {{(pid=93190) add_provisioning_component /opt/stack/neutron/neutron/db/provisioning_blocks.py:73}}
Jul 15 15:18:39.381073 dv-cinder-800306-4-smb neutron-server[93190]: DEBUG neutron_lib.callbacks.manager [None req-17ff5849-93f7-4f83-826d-b1207197d315 None None] Notify callbacks ['neutron.plugins.ml2.plugin.SecurityGroupServerNotifierRpcMixin._notify_sg_on_port_change-537504', 'neutron.plugins.ml2.ovo_rpc._ObjectChangeHandler.handle_event-1974582', 'neutron.api.rpc.agentnotifiers.dhcp_rpc_agent_api.DhcpAgentNotifyAPI._native_event_send_dhcp_notification-1587992', 'neutron.db.l3_db.L3RpcNotifierMixin._notify_gateway_port_ip_changed-8738950882645', 'neutron.db.l3_dvrscheduler_db._notify_l3_agent_port_update-8738950495672', 'neutron.db.l3_hascheduler_db._notify_l3_agent_ha_port_update-8738950495690'] for port, after_update {{(pid=93190) _notify_loop /usr/local/lib/python3.8/dist-packages/neutron_lib/callbacks/manager.py:192}}
Jul 15 15:18:39.387833 dv-cinder-800306-4-smb neutron-server[93187]: DEBUG neutron.scheduler.l3_agent_scheduler [None req-93669d86-7ad3-4930-adf4-ee9c55b49c15 admin admin] Router 80439440-9f8b-4ede-855c-4bca3cf8898e has already been hosted by L3 agent e5a0f467-127b-40f3-b7b4-95f7133042f9 {{(pid=93187) _get_candidates /opt/stack/neutron/neutron/scheduler/l3_agent_scheduler.py:127}}
Jul 15 15:18:39.467883 dv-cinder-800306-4-smb neutron-server[93187]: DEBUG neutron.wsgi [-] (93187) accepted ('10.222.0.39', 60326) {{(pid=93187) server /usr/local/lib/python3.8/dist-packages/eventlet/wsgi.py:982}}
Jul 15 15:18:39.482181 dv-cinder-800306-4-smb neutron-server[93187]: DEBUG neutron.api.v2.base [None req-4a610410-6d5d-42fd-a363-1accff944d02 tempest-AttachVolumeShelveTestJSON-952378388 tempest-AttachVolumeShelveTestJSON-952378388-project] Request body: {'security_group': {'name': 'tempest-securitygroup--1732769015', 'description': 'tempest-description--1282514812'}} {{(pid=93187) prepare_request_body /opt/stack/neutron/neutron/api/v2/base.py:729}}
Jul 15 15:18:39.506937 dv-cinder-800306-4-smb neutron-server[93190]: DEBUG neutron.api.rpc.handlers.resources_rpc [None req-f1061f16-868f-4096-95b3-0e6be19e45d7 None None] Pushing event updated for resources: {'Port': ['ID=8e8fbfd4-92a1-4e5e-8e8c-4195420a0a2e,revision_number=3']} {{(pid=93190) push /opt/stack/neutron/neutron/api/rpc/handlers/resources_rpc.py:237}}
Jul 15 15:18:39.549015 dv-cinder-800306-4-smb neutron-server[93188]: INFO neutron.wsgi [req-ea2b7118-dbac-4b45-96b0-c8f7da9773ac req-a48c618a-bcec-4166-9928-1a324116230c tempest-DeleteServersTestJSON-968013821 tempest-DeleteServersTestJSON-968013821-project] 10.222.0.39 "GET /v2.0/security-groups?id=0042d8fd-6426-413e-a684-ee284d089ada&fields=id&fields=name HTTP/1.1" status: 200 len: 286 time: 0.2960494
Jul 15 15:18:39.551056 dv-cinder-800306-4-smb neutron-server[93188]: INFO neutron.wsgi [req-6d0a1994-c761-4688-bd51-56580eb81278 req-1b9bc60a-f598-42fa-8c31-a9b5f8901d59 service neutron] 10.222.0.13 "GET /v2.0/networks/f599b190-ebdd-4229-9714-6801fc1561d0?fields=provider%3Aphysical_network&fields=provider%3Anetwork_type HTTP/1.1" status: 200 len: 281 time: 0.9328094
Jul 15 15:18:39.688257 dv-cinder-800306-4-smb neutron-server[93187]: DEBUG neutron.pecan_wsgi.hooks.policy_enforcement [req-a87114ce-1142-4a17-8f0f-fbcf37ec4c30 req-d40f40c9-a023-4e3b-b7ff-3daee5cf8e90 service neutron] Attributes excluded by policy engine: ['standard_attr_id'] {{(pid=93187) _exclude_attributes_by_policy /opt/stack/neutron/neutron/pecan_wsgi/hooks/policy_enforcement.py:255}}
Jul 15 15:18:39.689816 dv-cinder-800306-4-smb neutron-server[93187]: INFO neutron.wsgi [req-a87114ce-1142-4a17-8f0f-fbcf37ec4c30 req-d40f40c9-a023-4e3b-b7ff-3daee5cf8e90 service neutron] 10.222.0.13 "GET /v2.0/ports?tenant_id=bed7113b20914b1dab030b07c1355d47&device_id=d444e543-4b97-4490-a72f-fbe561fa0e54 HTTP/1.1" status: 200 len: 1097 time: 0.4625192
Jul 15 15:18:39.809731 dv-cinder-800306-4-smb neutron-server[93190]: DEBUG neutron.plugins.ml2.managers [None req-17ff5849-93f7-4f83-826d-b1207197d315 None None] Attempting to bind port 8e8fbfd4-92a1-4e5e-8e8c-4195420a0a2e on host dv-cinder-800306-4-smb for vnic_type normal with profile {{(pid=93190) bind_port /opt/stack/neutron/neutron/plugins/ml2/managers.py:790}}
Jul 15 15:18:39.815096 dv-cinder-800306-4-smb neutron-server[93190]: DEBUG neutron.plugins.ml2.managers [None req-17ff5849-93f7-4f83-826d-b1207197d315 None None] Attempting to bind port 8e8fbfd4-92a1-4e5e-8e8c-4195420a0a2e by drivers openvswitch,hyperv on host dv-cinder-800306-4-smb at level 0 using segments [{'id': 'b8accfec-6413-412b-9a2e-f9731a1d739d', 'network_type': 'vlan', 'physical_network': 'physnet1', 'segmentation_id': 324, 'network_id': 'b242791d-7c71-443a-9802-ce1437080414'}] {{(pid=93190) _bind_port_level /opt/stack/neutron/neutron/plugins/ml2/managers.py:815}}
Jul 15 15:18:39.817655 dv-cinder-800306-4-smb neutron-server[93190]: DEBUG neutron.plugins.ml2.drivers.mech_agent [None req-17ff5849-93f7-4f83-826d-b1207197d315 None None] Attempting to bind port 8e8fbfd4-92a1-4e5e-8e8c-4195420a0a2e on network b242791d-7c71-443a-9802-ce1437080414 {{(pid=93190) bind_port /opt/stack/neutron/neutron/plugins/ml2/drivers/mech_agent.py:86}}
Jul 15 15:18:39.856814 dv-cinder-800306-4-smb neutron-server[93190]: DEBUG neutron.plugins.ml2.drivers.mech_agent [None req-17ff5849-93f7-4f83-826d-b1207197d315 None None] Checking agent: {'id': '61a870b2-6be9-4cba-bfa1-38a9b01c6e10', 'agent_type': 'Open vSwitch agent', 'binary': 'neutron-openvswitch-agent', 'topic': 'N/A', 'host': 'dv-cinder-800306-4-smb', 'admin_state_up': True, 'created_at': datetime.datetime(2021, 7, 15, 15, 10, 25), 'started_at': datetime.datetime(2021, 7, 15, 15, 10, 55), 'heartbeat_timestamp': datetime.datetime(2021, 7, 15, 15, 18, 25), 'description': None, 'resources_synced': None, 'availability_zone': None, 'alive': True, 'configurations': {'arp_responder_enabled': False, 'baremetal_smartnic': False, 'bridge_mappings': {'physnet1': 'br-data'}, 'datapath_type': 'system', 'devices': 0, 'enable_distributed_routing': False, 'extensions': [], 'in_distributed_mode': False, 'integration_bridge': 'br-int', 'l2_population': False, 'log_agent_heartbeats': False, 'ovs_capabilities': {'datapath_types': ['netdev', 'system'], 'iface_types': ['erspan', 'geneve', 'gre', 'internal', 'ip6erspan', 'ip6gre', 'lisp', 'patch', 'stt', 'system', 'tap', 'vxlan']}, 'ovs_hybrid_plug': False, 'resource_provider_bandwidths': {}, 'resource_provider_hypervisors': {'br-data': 'dv-cinder-800306-4-smb'}, 'resource_provider_inventory_defaults': {'allocation_ratio': 1.0, 'min_unit': 1, 'step_size': 1, 'reserved': 0}, 'tunnel_types': [], 'tunneling_ip': None, 'vhostuser_socket_dir': '/var/run/openvswitch'}, 'resource_versions': {'AddressGroup': '1.2', 'ConntrackHelper': '1.0', 'Log': '1.0', 'Network': '1.1', 'Port': '1.7', 'PortForwarding': '1.2', 'QosPolicy': '1.8', 'SecurityGroup': '1.4', 'SecurityGroupRule': '1.2', 'SubPort': '1.0', 'Subnet': '1.1', 'Trunk': '1.1'}} {{(pid=93190) bind_port /opt/stack/neutron/neutron/plugins/ml2/drivers/mech_agent.py:105}}
Jul 15 15:18:39.858239 dv-cinder-800306-4-smb neutron-server[93190]: DEBUG neutron.plugins.ml2.drivers.mech_agent [None req-17ff5849-93f7-4f83-826d-b1207197d315 None None] Checking segment: {'id': 'b8accfec-6413-412b-9a2e-f9731a1d739d', 'network_type': 'vlan', 'physical_network': 'physnet1', 'segmentation_id': 324, 'network_id': 'b242791d-7c71-443a-9802-ce1437080414'} for mappings: {'physnet1': 'br-data'} with network types: ['local', 'flat', 'vlan'] {{(pid=93190) check_segment_for_agent /opt/stack/neutron/neutron/plugins/ml2/drivers/mech_agent.py:341}}
Jul 15 15:18:39.861764 dv-cinder-800306-4-smb neutron-server[93190]: DEBUG neutron_lib.callbacks.manager [None req-17ff5849-93f7-4f83-826d-b1207197d315 None None] Notify callbacks [] for ovs_bridge_name, before_read {{(pid=93190) _notify_loop /usr/local/lib/python3.8/dist-packages/neutron_lib/callbacks/manager.py:192}}
Jul 15 15:18:39.864083 dv-cinder-800306-4-smb neutron-server[93190]: DEBUG neutron.plugins.ml2.drivers.mech_agent [None req-17ff5849-93f7-4f83-826d-b1207197d315 None None] Bound using segment: {'id': 'b8accfec-6413-412b-9a2e-f9731a1d739d', 'network_type': 'vlan', 'physical_network': 'physnet1', 'segmentation_id': 324, 'network_id': 'b242791d-7c71-443a-9802-ce1437080414'} {{(pid=93190) bind_port /opt/stack/neutron/neutron/plugins/ml2/drivers/mech_agent.py:115}}
Jul 15 15:18:39.867738 dv-cinder-800306-4-smb neutron-server[93190]: DEBUG neutron.plugins.ml2.managers [None req-17ff5849-93f7-4f83-826d-b1207197d315 None None] Bound port: 8e8fbfd4-92a1-4e5e-8e8c-4195420a0a2e, host: dv-cinder-800306-4-smb, vif_type: ovs, vif_details: {"connectivity": "l2", "port_filter": true, "ovs_hybrid_plug": false, "datapath_type": "system", "bridge_name": "br-int"}, binding_levels: [{'bound_driver': 'openvswitch', 'bound_segment': {'id': 'b8accfec-6413-412b-9a2e-f9731a1d739d', 'network_type': 'vlan', 'physical_network': 'physnet1', 'segmentation_id': 324, 'network_id': 'b242791d-7c71-443a-9802-ce1437080414'}}] {{(pid=93190) _bind_port_level /opt/stack/neutron/neutron/plugins/ml2/managers.py:928}}
Jul 15 15:18:39.874407 dv-cinder-800306-4-smb neutron-server[93190]: DEBUG neutron_lib.callbacks.manager [None req-17ff5849-93f7-4f83-826d-b1207197d315 None None] Notify callbacks ['neutron.plugins.ml2.plugin.SecurityGroupDbMixin._ensure_default_security_group_handler-536667'] for port, before_update {{(pid=93190) _notify_loop /usr/local/lib/python3.8/dist-packages/neutron_lib/callbacks/manager.py:192}}
Jul 15 15:18:40.075536 dv-cinder-800306-4-smb neutron-server[93188]: DEBUG neutron.pecan_wsgi.hooks.policy_enforcement [req-4e1b4636-7628-47f3-9024-d8349109d691 req-c71124a2-81b7-4bad-b487-5808a3e088ed tempest-AttachVolumeNegativeTest-1277620485 tempest-AttachVolumeNegativeTest-1277620485-project] Attributes excluded by policy engine: ['standard_attr_id', 'binding:profile', 'binding:host_id', 'binding:vif_type', 'binding:vif_details'] {{(pid=93188) _exclude_attributes_by_policy /opt/stack/neutron/neutron/pecan_wsgi/hooks/policy_enforcement.py:255}}
Jul 15 15:18:40.086268 dv-cinder-800306-4-smb neutron-server[93188]: INFO neutron.wsgi [req-4e1b4636-7628-47f3-9024-d8349109d691 req-c71124a2-81b7-4bad-b487-5808a3e088ed tempest-AttachVolumeNegativeTest-1277620485 tempest-AttachVolumeNegativeTest-1277620485-project] 10.222.0.39 "GET /v2.0/ports?device_id=d444e543-4b97-4490-a72f-fbe561fa0e54 HTTP/1.1" status: 200 len: 944 time: 0.2685792
Jul 15 15:18:40.104502 dv-cinder-800306-4-smb neutron-server[93190]: DEBUG neutron.plugins.ml2.db [None req-17ff5849-93f7-4f83-826d-b1207197d315 None None] For port 8e8fbfd4-92a1-4e5e-8e8c-4195420a0a2e, host dv-cinder-800306-4-smb, cleared binding levels {{(pid=93190) clear_binding_levels /opt/stack/neutron/neutron/plugins/ml2/db.py:87}}
Jul 15 15:18:40.108408 dv-cinder-800306-4-smb neutron-server[93187]: INFO neutron.wsgi [req-a87114ce-1142-4a17-8f0f-fbcf37ec4c30 req-c48e3331-00cc-434e-90d3-4f84e313230b service neutron] 10.222.0.13 "GET /v2.0/floatingips?fixed_ip_address=172.20.0.12&port_id=2180198e-55c7-40b3-863f-c0c8d0d21a91 HTTP/1.1" status: 200 len: 217 time: 0.3808632
Jul 15 15:18:40.109556 dv-cinder-800306-4-smb neutron-server[93187]: DEBUG neutron.api.rpc.agentnotifiers.l3_rpc_agent_api [None req-93669d86-7ad3-4930-adf4-ee9c55b49c15 admin admin] Notify agent at l3_agent.dv-cinder-800306-4-smb the message routers_updated {{(pid=93187) _agent_notification /opt/stack/neutron/neutron/api/rpc/agentnotifiers/l3_rpc_agent_api.py:65}}
Jul 15 15:18:40.125429 dv-cinder-800306-4-smb neutron-server[93189]: DEBUG neutron.api.rpc.handlers.l3_rpc [None req-5f26cade-d680-440c-bc7e-0bd4557d40fd None None] Sync routers for ids ['80439440-9f8b-4ede-855c-4bca3cf8898e'] in dv-cinder-800306-4-smb {{(pid=93189) sync_routers /opt/stack/neutron/neutron/api/rpc/handlers/l3_rpc.py:125}}
Jul 15 15:18:40.129295 dv-cinder-800306-4-smb neutron-server[93190]: DEBUG neutron.plugins.ml2.db [None req-17ff5849-93f7-4f83-826d-b1207197d315 None None] For port 8e8fbfd4-92a1-4e5e-8e8c-4195420a0a2e, host dv-cinder-800306-4-smb, set binding levels [PortBindingLevel(driver='openvswitch',host='dv-cinder-800306-4-smb',level=0,port_id=8e8fbfd4-92a1-4e5e-8e8c-4195420a0a2e,segment=NetworkSegment(b8accfec-6413-412b-9a2e-f9731a1d739d),segment_id=b8accfec-6413-412b-9a2e-f9731a1d739d)] {{(pid=93190) set_binding_levels /opt/stack/neutron/neutron/plugins/ml2/db.py:59}}
Jul 15 15:18:40.143051 dv-cinder-800306-4-smb neutron-server[93187]: DEBUG novaclient.v2.client [-] REQ: curl -g -i --cacert "/opt/stack/data/ca-bundle.pem" -X POST http://10.222.0.39/compute/v2.1/os-server-external-events -H "Accept: application/json" -H "Content-Type: application/json" -H "User-Agent: python-novaclient" -H "X-Auth-Token: {SHA256}0db69b593c9ec557104fc8eb7e8fe71c8339e0abb18acb08b84bc31ba8aafab2" -H "X-OpenStack-Nova-API-Version: 2.1" -H "X-OpenStack-Request-ID: req-51f9997b-cc96-4c1a-adc3-5e122e0c3002" -d '{"events": [{"name": "network-changed", "server_uuid": "d444e543-4b97-4490-a72f-fbe561fa0e54", "tag": "2180198e-55c7-40b3-863f-c0c8d0d21a91"}]}' {{(pid=93187) _http_log_request /usr/local/lib/python3.8/dist-packages/keystoneauth1/session.py:519}}
Jul 15 15:18:40.144309 dv-cinder-800306-4-smb neutron-server[93190]: DEBUG neutron_lib.callbacks.manager [None req-17ff5849-93f7-4f83-826d-b1207197d315 None None] Notify callbacks ['neutron.plugins.ml2.plugin.SecurityGroupServerNotifierRpcMixin._notify_sg_on_port_change-537504', 'neutron.plugins.ml2.ovo_rpc._ObjectChangeHandler.handle_event-1974582', 'neutron.api.rpc.agentnotifiers.dhcp_rpc_agent_api.DhcpAgentNotifyAPI._native_event_send_dhcp_notification-1587992', 'neutron.db.l3_db.L3RpcNotifierMixin._notify_gateway_port_ip_changed-8738950882645', 'neutron.db.l3_dvrscheduler_db._notify_l3_agent_port_update-8738950495672', 'neutron.db.l3_hascheduler_db._notify_l3_agent_ha_port_update-8738950495690'] for port, after_update {{(pid=93190) _notify_loop /usr/local/lib/python3.8/dist-packages/neutron_lib/callbacks/manager.py:192}}
Jul 15 15:18:40.146815 dv-cinder-800306-4-smb neutron-server[93189]: DEBUG neutron.db.l3_dvrscheduler_db [None req-5f26cade-d680-440c-bc7e-0bd4557d40fd None None] Routers {'80439440-9f8b-4ede-855c-4bca3cf8898e'} bound to L3 agent in host dv-cinder-800306-4-smb {{(pid=93189) _get_router_ids_for_agent /opt/stack/neutron/neutron/db/l3_dvrscheduler_db.py:420}}
Jul 15 15:18:40.149243 dv-cinder-800306-4-smb neutron-server[93189]: DEBUG neutron.db.l3_hamode_db [None req-5f26cade-d680-440c-bc7e-0bd4557d40fd None None] neutron.services.l3_router.l3_router_plugin.L3RouterPlugin method get_ha_sync_data_for_host called with arguments (, 'dv-cinder-800306-4-smb', Agent(admin_state_up=True,agent_type='L3 agent',availability_zone='nova',binary='neutron-l3-agent',configurations={"agent_mode": "legacy", "ex_gw_ports": 1, "extensions": [], "floating_ips": 0, "handle_internal_only_routers": true, "interface_driver": "openvswitch", "interfaces": 1, "log_agent_heartbeats": false, "routers": 1},created_at=2021-07-15T15:10:25Z,description=,heartbeat_timestamp=2021-07-15T15:18:25Z,host='dv-cinder-800306-4-smb',id=e5a0f467-127b-40f3-b7b4-95f7133042f9,load=0,resource_versions=,resources_synced=,started_at=2021-07-15T15:10:25Z,topic='l3_agent')) {'router_ids': ['80439440-9f8b-4ede-855c-4bca3cf8898e'], 'active': True} {{(pid=93189) wrapper /usr/local/lib/python3.8/dist-packages/oslo_log/helpers.py:65}}
Jul 15 15:18:40.174747 dv-cinder-800306-4-smb neutron-server[93187]: INFO neutron.wsgi [None req-93669d86-7ad3-4930-adf4-ee9c55b49c15 admin admin] 10.222.0.39 "PUT /v2.0/routers/80439440-9f8b-4ede-855c-4bca3cf8898e/add_router_interface HTTP/1.1" status: 200 len: 503 time: 15.9623036
Jul 15 15:18:40.177690 dv-cinder-800306-4-smb neutron-server[93187]: DEBUG neutron_lib.callbacks.manager [None req-4a610410-6d5d-42fd-a363-1accff944d02 tempest-AttachVolumeShelveTestJSON-952378388 tempest-AttachVolumeShelveTestJSON-952378388-project] Notify callbacks [] for security_group, before_create {{(pid=93187) _notify_loop /usr/local/lib/python3.8/dist-packages/neutron_lib/callbacks/manager.py:192}}
Jul 15 15:18:40.224339 dv-cinder-800306-4-smb neutron-server[93188]: INFO neutron.wsgi [req-4e1b4636-7628-47f3-9024-d8349109d691 req-6bab469b-caee-4970-b1fc-2bca5a9463ee tempest-AttachVolumeNegativeTest-1277620485 tempest-AttachVolumeNegativeTest-1277620485-project] 10.222.0.39 "GET /v2.0/security-groups?id=5438718d-7088-42bc-af63-da387c76aadc&fields=id&fields=name HTTP/1.1" status: 200 len: 286 time: 0.1370595
Jul 15 15:18:40.402058 dv-cinder-800306-4-smb neutron-server[93190]: DEBUG neutron.db.l3_dvrscheduler_db [None req-17ff5849-93f7-4f83-826d-b1207197d315 None None] Routers {'99928784-c40a-43a1-980c-b34f489ef483'} bound to L3 agent in host dv-cinder-800306-4-smb {{(pid=93190) _get_router_ids_for_agent /opt/stack/neutron/neutron/db/l3_dvrscheduler_db.py:420}}
Jul 15 15:18:40.402725 dv-cinder-800306-4-smb neutron-server[93190]: DEBUG neutron.db.l3_hamode_db [None req-17ff5849-93f7-4f83-826d-b1207197d315 None None] neutron.services.l3_router.l3_router_plugin.L3RouterPlugin method get_ha_sync_data_for_host called with arguments (, 'dv-cinder-800306-4-smb', Agent(admin_state_up=True,agent_type='L3 agent',availability_zone='nova',binary='neutron-l3-agent',configurations={"agent_mode": "legacy", "ex_gw_ports": 1, "extensions": [], "floating_ips": 0, "handle_internal_only_routers": true, "interface_driver": "openvswitch", "interfaces": 1, "log_agent_heartbeats": false, "routers": 1},created_at=2021-07-15T15:10:25Z,description=,heartbeat_timestamp=2021-07-15T15:18:25Z,host='dv-cinder-800306-4-smb',id=e5a0f467-127b-40f3-b7b4-95f7133042f9,load=0,resource_versions=,resources_synced=,started_at=2021-07-15T15:10:25Z,topic='l3_agent')) {'router_ids': ['99928784-c40a-43a1-980c-b34f489ef483'], 'active': True} {{(pid=93190) wrapper /usr/local/lib/python3.8/dist-packages/oslo_log/helpers.py:65}}
Jul 15 15:18:40.433886 dv-cinder-800306-4-smb neutron-server[93187]: DEBUG neutron.pecan_wsgi.hooks.policy_enforcement [req-a87114ce-1142-4a17-8f0f-fbcf37ec4c30 req-6210e655-f1ee-463c-b3c1-007b1e405211 service neutron] Attributes excluded by policy engine: ['standard_attr_id', 'shared'] {{(pid=93187) _exclude_attributes_by_policy /opt/stack/neutron/neutron/pecan_wsgi/hooks/policy_enforcement.py:255}}
Jul 15 15:18:40.437846 dv-cinder-800306-4-smb neutron-server[93187]: INFO neutron.wsgi [req-a87114ce-1142-4a17-8f0f-fbcf37ec4c30 req-6210e655-f1ee-463c-b3c1-007b1e405211 service neutron] 10.222.0.13 "GET /v2.0/subnets?id=c8fe6ee9-0e70-499a-a7d6-6c4587af7403 HTTP/1.1" status: 200 len: 855 time: 0.2537520
Jul 15 15:18:40.551356 dv-cinder-800306-4-smb neutron-server[93190]: DEBUG neutron.api.rpc.handlers.resources_rpc [None req-f1061f16-868f-4096-95b3-0e6be19e45d7 None None] Pushing event updated for resources: {'Port': ['ID=8e8fbfd4-92a1-4e5e-8e8c-4195420a0a2e,revision_number=4']} {{(pid=93190) push /opt/stack/neutron/neutron/api/rpc/handlers/resources_rpc.py:237}}
Jul 15 15:18:40.744187 dv-cinder-800306-4-smb neutron-server[93187]: INFO neutron.wsgi [req-a87114ce-1142-4a17-8f0f-fbcf37ec4c30 req-f6698e16-4467-4d9d-a6bd-2afb8fc9f9e0 service neutron] 10.222.0.13 "GET /v2.0/ports?network_id=f62c28e7-7ada-4f08-a96a-288d7319ca43&device_owner=network%3Adhcp HTTP/1.1" status: 200 len: 210 time: 0.2716949
Jul 15 15:18:40.836264 dv-cinder-800306-4-smb neutron-server[93190]: DEBUG neutron.db.l3_dvr_db [None req-17ff5849-93f7-4f83-826d-b1207197d315 None None] Set router 99928784-c40a-43a1-980c-b34f489ef483 gateway port host: dv-cinder-800306-4-smb {{(pid=93190) _build_routers_list /opt/stack/neutron/neutron/db/l3_dvr_db.py:894}}
Jul 15 15:18:41.015481 dv-cinder-800306-4-smb neutron-server[93187]: INFO neutron.wsgi [req-a87114ce-1142-4a17-8f0f-fbcf37ec4c30 req-6a5afdf5-d0a9-499b-98a1-dea8bd923dd4 service neutron] 10.222.0.13 "GET /v2.0/networks/f62c28e7-7ada-4f08-a96a-288d7319ca43?fields=segments HTTP/1.1" status: 200 len: 212 time: 0.2434225
Jul 15 15:18:41.018275 dv-cinder-800306-4-smb neutron-server[93187]: DEBUG novaclient.v2.client [-] RESP: [200] Connection: close Content-Length: 179 Content-Type: application/json Date: Thu, 15 Jul 2021 15:18:40 GMT OpenStack-API-Version: compute 2.1 Server: Apache/2.4.41 (Ubuntu) Vary: OpenStack-API-Version,X-OpenStack-Nova-API-Version X-OpenStack-Nova-API-Version: 2.1 x-compute-request-id: req-e415afb7-ecb4-4bb9-9a10-db2acbfc6cf2 x-openstack-request-id: req-e415afb7-ecb4-4bb9-9a10-db2acbfc6cf2 {{(pid=93187) _http_log_response /usr/local/lib/python3.8/dist-packages/keystoneauth1/session.py:550}}
Jul 15 15:18:41.022949 dv-cinder-800306-4-smb neutron-server[93187]: DEBUG novaclient.v2.client [-] RESP BODY: {"events": [{"name": "network-changed", "server_uuid": "d444e543-4b97-4490-a72f-fbe561fa0e54", "tag": "2180198e-55c7-40b3-863f-c0c8d0d21a91", "status": "completed", "code": 200}]} {{(pid=93187) _http_log_response /usr/local/lib/python3.8/dist-packages/keystoneauth1/session.py:582}}
Jul 15 15:18:41.024760 dv-cinder-800306-4-smb neutron-server[93187]: DEBUG novaclient.v2.client [-] POST call to compute for http://10.222.0.39/compute/v2.1/os-server-external-events used request id req-e415afb7-ecb4-4bb9-9a10-db2acbfc6cf2 {{(pid=93187) request /usr/local/lib/python3.8/dist-packages/keystoneauth1/session.py:954}}
Jul 15 15:18:41.025487 dv-cinder-800306-4-smb neutron-server[93187]: INFO neutron.notifiers.nova [-] Nova event response: {'name': 'network-changed', 'server_uuid': 'd444e543-4b97-4490-a72f-fbe561fa0e54', 'tag': '2180198e-55c7-40b3-863f-c0c8d0d21a91', 'status': 'completed', 'code': 200}
Jul 15 15:18:41.123283 dv-cinder-800306-4-smb neutron-server[93189]: DEBUG neutron.db.l3_dvr_db [None req-5f26cade-d680-440c-bc7e-0bd4557d40fd None None] Set router 80439440-9f8b-4ede-855c-4bca3cf8898e gateway port host: dv-cinder-800306-4-smb {{(pid=93189) _build_routers_list /opt/stack/neutron/neutron/db/l3_dvr_db.py:894}}
Jul 15 15:18:41.134126 dv-cinder-800306-4-smb neutron-server[93188]: DEBUG neutron.pecan_wsgi.hooks.policy_enforcement [req-f5dcb995-7ae5-43bb-a1a7-1746f8de2d89 req-2fcfb3ad-a30e-467a-a614-607c61296384 tempest-DeleteServersTestJSON-968013821 tempest-DeleteServersTestJSON-968013821-project] Attributes excluded by policy engine: ['standard_attr_id', 'binding:profile', 'binding:host_id', 'binding:vif_type', 'binding:vif_details'] {{(pid=93188) _exclude_attributes_by_policy /opt/stack/neutron/neutron/pecan_wsgi/hooks/policy_enforcement.py:255}}
Jul 15 15:18:41.148485 dv-cinder-800306-4-smb neutron-server[93188]: INFO neutron.wsgi [req-f5dcb995-7ae5-43bb-a1a7-1746f8de2d89 req-2fcfb3ad-a30e-467a-a614-607c61296384 tempest-DeleteServersTestJSON-968013821 tempest-DeleteServersTestJSON-968013821-project] 10.222.0.39 "GET /v2.0/ports?device_id=a46aae7c-ef95-4f9b-8c29-f646f22bb241 HTTP/1.1" status: 200 len: 944 time: 0.2448347
Jul 15 15:18:41.274581 dv-cinder-800306-4-smb neutron-server[93187]: INFO neutron.wsgi [req-a87114ce-1142-4a17-8f0f-fbcf37ec4c30 req-d778845c-f40c-4201-a48f-a813f41479cb service neutron] 10.222.0.13 "GET /v2.0/networks/f62c28e7-7ada-4f08-a96a-288d7319ca43?fields=provider%3Aphysical_network&fields=provider%3Anetwork_type HTTP/1.1" status: 200 len: 281 time: 0.2459776
Jul 15 15:18:41.329521 dv-cinder-800306-4-smb neutron-server[93188]: INFO neutron.wsgi [req-f5dcb995-7ae5-43bb-a1a7-1746f8de2d89 req-2621b952-dd9e-423a-9774-fd8148ffd818 tempest-DeleteServersTestJSON-968013821 tempest-DeleteServersTestJSON-968013821-project] 10.222.0.39 "GET /v2.0/security-groups?id=0042d8fd-6426-413e-a684-ee284d089ada&fields=id&fields=name HTTP/1.1" status: 200 len: 286 time: 0.1796510
Jul 15 15:18:41.389414 dv-cinder-800306-4-smb neutron-server[93187]: DEBUG neutron_lib.callbacks.manager [None req-4a610410-6d5d-42fd-a363-1accff944d02 tempest-AttachVolumeShelveTestJSON-952378388 tempest-AttachVolumeShelveTestJSON-952378388-project] Notify callbacks [] for security_group, precommit_create {{(pid=93187) _notify_loop /usr/local/lib/python3.8/dist-packages/neutron_lib/callbacks/manager.py:192}}
Jul 15 15:18:41.413677 dv-cinder-800306-4-smb neutron-server[93187]: DEBUG neutron_lib.callbacks.manager [None req-4a610410-6d5d-42fd-a363-1accff944d02 tempest-AttachVolumeShelveTestJSON-952378388 tempest-AttachVolumeShelveTestJSON-952378388-project] Notify callbacks ['neutron.plugins.ml2.ovo_rpc._ObjectChangeHandler.handle_event-1821562'] for security_group, after_create {{(pid=93187) _notify_loop /usr/local/lib/python3.8/dist-packages/neutron_lib/callbacks/manager.py:192}}
