Jul 09 18:50:48.193119 dv-cinder-800268-1-iscsi devstack@c-api.service[85412]: DEBUG cinder.api.v3.group_snapshots [None req-26d8f46b-b793-4bf2-b82a-d2de92b63d28 tempest-GroupSnapshotsTest-1239298174 tempest-GroupSnapshotsTest-1239298174-project] show called for member 8230c739-4fb8-440d-b22d-8e01f1a1c862 {{(pid=85412) show /opt/stack/cinder/cinder/api/v3/group_snapshots.py:58}}
Jul 09 18:50:48.198652 dv-cinder-800268-1-iscsi devstack@c-api.service[85412]: INFO cinder.api.openstack.wsgi [None req-26d8f46b-b793-4bf2-b82a-d2de92b63d28 tempest-GroupSnapshotsTest-1239298174 tempest-GroupSnapshotsTest-1239298174-project] http://10.222.0.20/volume/v3/c4ec0358a193426c96105efd7b06d70f/group_snapshots/8230c739-4fb8-440d-b22d-8e01f1a1c862 returned with HTTP 404
Jul 09 18:50:48.207605 dv-cinder-800268-1-iscsi devstack@c-api.service[85411]: INFO cinder.api.openstack.wsgi [None req-2a2b862b-1629-493d-a196-12dbb8b55c25 tempest-GroupSnapshotsTest-1239298174 tempest-GroupSnapshotsTest-1239298174-project] DELETE http://10.222.0.20/volume/v3/c4ec0358a193426c96105efd7b06d70f/group_snapshots/8230c739-4fb8-440d-b22d-8e01f1a1c862
Jul 09 18:50:48.208920 dv-cinder-800268-1-iscsi devstack@c-api.service[85412]: [pid: 85412|app: 0|req: 210/401] 10.222.0.20 () {60 vars in 1390 bytes} [Fri Jul 9 18:50:48 2021] GET /volume/v3/c4ec0358a193426c96105efd7b06d70f/group_snapshots/8230c739-4fb8-440d-b22d-8e01f1a1c862 => generated 116 bytes in 21 msecs (HTTP/1.1 404) 7 headers in 293 bytes (1 switches on core 0)
Jul 09 18:50:48.209398 dv-cinder-800268-1-iscsi devstack@c-api.service[85411]: DEBUG cinder.api.openstack.wsgi [None req-2a2b862b-1629-493d-a196-12dbb8b55c25 tempest-GroupSnapshotsTest-1239298174 tempest-GroupSnapshotsTest-1239298174-project] Empty body provided in request {{(pid=85411) get_body /opt/stack/cinder/cinder/api/openstack/wsgi.py:713}}
Jul 09 18:50:48.209821 dv-cinder-800268-1-iscsi devstack@c-api.service[85411]: DEBUG cinder.api.openstack.wsgi [None req-2a2b862b-1629-493d-a196-12dbb8b55c25 tempest-GroupSnapshotsTest-1239298174 tempest-GroupSnapshotsTest-1239298174-project] Calling method 'version_select' {{(pid=85411) _process_stack /opt/stack/cinder/cinder/api/openstack/wsgi.py:866}}
Jul 09 18:50:48.210697 dv-cinder-800268-1-iscsi devstack@c-api.service[85411]: DEBUG cinder.api.v3.group_snapshots [None req-2a2b862b-1629-493d-a196-12dbb8b55c25 tempest-GroupSnapshotsTest-1239298174 tempest-GroupSnapshotsTest-1239298174-project] delete called for member 8230c739-4fb8-440d-b22d-8e01f1a1c862 {{(pid=85411) delete /opt/stack/cinder/cinder/api/v3/group_snapshots.py:72}}
Jul 09 18:50:48.211001 dv-cinder-800268-1-iscsi devstack@c-api.service[85411]: INFO cinder.api.v3.group_snapshots [None req-2a2b862b-1629-493d-a196-12dbb8b55c25 tempest-GroupSnapshotsTest-1239298174 tempest-GroupSnapshotsTest-1239298174-project] Delete group_snapshot with id: 8230c739-4fb8-440d-b22d-8e01f1a1c862
Jul 09 18:50:48.216510 dv-cinder-800268-1-iscsi devstack@c-api.service[85411]: INFO cinder.api.openstack.wsgi [None req-2a2b862b-1629-493d-a196-12dbb8b55c25 tempest-GroupSnapshotsTest-1239298174 tempest-GroupSnapshotsTest-1239298174-project] http://10.222.0.20/volume/v3/c4ec0358a193426c96105efd7b06d70f/group_snapshots/8230c739-4fb8-440d-b22d-8e01f1a1c862 returned with HTTP 404
Jul 09 18:50:48.217645 dv-cinder-800268-1-iscsi devstack@c-api.service[85411]: [pid: 85411|app: 0|req: 192/402] 10.222.0.20 () {60 vars in 1393 bytes} [Fri Jul 9 18:50:48 2021] DELETE /volume/v3/c4ec0358a193426c96105efd7b06d70f/group_snapshots/8230c739-4fb8-440d-b22d-8e01f1a1c862 => generated 116 bytes in 14 msecs (HTTP/1.1 404) 7 headers in 293 bytes (2 switches on core 0)
Jul 09 18:50:48.226434 dv-cinder-800268-1-iscsi devstack@c-api.service[85412]: INFO cinder.api.openstack.wsgi [None req-19020082-911c-4816-968f-025d3703551e tempest-GroupSnapshotsTest-1239298174 tempest-GroupSnapshotsTest-1239298174-project] GET http://10.222.0.20/volume/v3/c4ec0358a193426c96105efd7b06d70f/volumes/detail
Jul 09 18:50:48.226928 dv-cinder-800268-1-iscsi devstack@c-api.service[85412]: DEBUG cinder.api.openstack.wsgi [None req-19020082-911c-4816-968f-025d3703551e tempest-GroupSnapshotsTest-1239298174 tempest-GroupSnapshotsTest-1239298174-project] Empty body provided in request {{(pid=85412) get_body /opt/stack/cinder/cinder/api/openstack/wsgi.py:713}}
Jul 09 18:50:48.227338 dv-cinder-800268-1-iscsi devstack@c-api.service[85412]: DEBUG cinder.api.openstack.wsgi [None req-19020082-911c-4816-968f-025d3703551e tempest-GroupSnapshotsTest-1239298174 tempest-GroupSnapshotsTest-1239298174-project] Calling method 'detail' {{(pid=85412) _process_stack /opt/stack/cinder/cinder/api/openstack/wsgi.py:866}}
Jul 09 18:50:48.227960 dv-cinder-800268-1-iscsi devstack@c-api.service[85412]: DEBUG cinder.api.api_utils [None req-19020082-911c-4816-968f-025d3703551e tempest-GroupSnapshotsTest-1239298174 tempest-GroupSnapshotsTest-1239298174-project] Removing options '' from query. {{(pid=85412) remove_invalid_filter_options /opt/stack/cinder/cinder/api/api_utils.py:63}}
Jul 09 18:50:48.228723 dv-cinder-800268-1-iscsi devstack@c-api.service[85412]: /usr/local/lib/python3.8/dist-packages/oslo_context/context.py:105: DeprecationWarning: Policy enforcement is depending on the value of is_admin. This key is deprecated. Please update your policy file to use the standard policy values.
Jul 09 18:50:48.228723 dv-cinder-800268-1-iscsi devstack@c-api.service[85412]: warnings.warn('Policy enforcement is depending on the value of '
Jul 09 18:50:48.229875 dv-cinder-800268-1-iscsi devstack@c-api.service[85412]: DEBUG cinder.volume.api [None req-19020082-911c-4816-968f-025d3703551e tempest-GroupSnapshotsTest-1239298174 tempest-GroupSnapshotsTest-1239298174-project] Searching by: MultiDict([('no_migration_targets', True)]). {{(pid=85412) get_all /opt/stack/cinder/cinder/volume/api.py:617}}
Jul 09 18:50:48.289069 dv-cinder-800268-1-iscsi devstack@c-api.service[85412]: INFO cinder.volume.api [None req-19020082-911c-4816-968f-025d3703551e tempest-GroupSnapshotsTest-1239298174 tempest-GroupSnapshotsTest-1239298174-project] Get all volumes completed successfully.
Jul 09 18:50:48.290856 dv-cinder-800268-1-iscsi devstack@c-api.service[85412]: WARNING stevedore.named [None req-19020082-911c-4816-968f-025d3703551e tempest-GroupSnapshotsTest-1239298174 tempest-GroupSnapshotsTest-1239298174-project] Could not load cinder.keymgr.conf_key_mgr.ConfKeyManager
Jul 09 18:50:48.291511 dv-cinder-800268-1-iscsi devstack@c-api.service[85412]: WARNING castellan.key_manager [None req-19020082-911c-4816-968f-025d3703551e tempest-GroupSnapshotsTest-1239298174 tempest-GroupSnapshotsTest-1239298174-project] Deprecation Warning : cinder.keymgr.conf_key_mgr.ConfKeyManager is not a stevedore based driver, trying to load it as a class: stevedore.exception.NoMatches: No 'castellan.drivers' driver found, looking for 'cinder.keymgr.conf_key_mgr.ConfKeyManager'
Jul 09 18:50:48.301225 dv-cinder-800268-1-iscsi devstack@c-api.service[85412]: DEBUG oslo_db.sqlalchemy.engines [None req-19020082-911c-4816-968f-025d3703551e tempest-GroupSnapshotsTest-1239298174 tempest-GroupSnapshotsTest-1239298174-project] MySQL server mode set to STRICT_TRANS_TABLES,STRICT_ALL_TABLES,NO_ZERO_IN_DATE,NO_ZERO_DATE,ERROR_FOR_DIVISION_BY_ZERO,TRADITIONAL,NO_ENGINE_SUBSTITUTION {{(pid=85412) _check_effective_sql_mode /usr/local/lib/python3.8/dist-packages/oslo_db/sqlalchemy/engines.py:304}}
Jul 09 18:50:48.307906 dv-cinder-800268-1-iscsi devstack@c-api.service[85412]: /usr/local/lib/python3.8/dist-packages/oslo_context/context.py:105: DeprecationWarning: Policy enforcement is depending on the value of is_admin. This key is deprecated. Please update your policy file to use the standard policy values.
Jul 09 18:50:48.307906 dv-cinder-800268-1-iscsi devstack@c-api.service[85412]: warnings.warn('Policy enforcement is depending on the value of '
Jul 09 18:50:48.319502 dv-cinder-800268-1-iscsi devstack@c-api.service[85412]: WARNING stevedore.named [None req-19020082-911c-4816-968f-025d3703551e tempest-GroupSnapshotsTest-1239298174 tempest-GroupSnapshotsTest-1239298174-project] Could not load cinder.keymgr.conf_key_mgr.ConfKeyManager
Jul 09 18:50:48.319890 dv-cinder-800268-1-iscsi devstack@c-api.service[85412]: WARNING castellan.key_manager [None req-19020082-911c-4816-968f-025d3703551e tempest-GroupSnapshotsTest-1239298174 tempest-GroupSnapshotsTest-1239298174-project] Deprecation Warning : cinder.keymgr.conf_key_mgr.ConfKeyManager is not a stevedore based driver, trying to load it as a class: stevedore.exception.NoMatches: No 'castellan.drivers' driver found, looking for 'cinder.keymgr.conf_key_mgr.ConfKeyManager'
Jul 09 18:50:48.327112 dv-cinder-800268-1-iscsi devstack@c-api.service[85412]: DEBUG oslo_db.sqlalchemy.engines [None req-19020082-911c-4816-968f-025d3703551e tempest-GroupSnapshotsTest-1239298174 tempest-GroupSnapshotsTest-1239298174-project] MySQL server mode set to STRICT_TRANS_TABLES,STRICT_ALL_TABLES,NO_ZERO_IN_DATE,NO_ZERO_DATE,ERROR_FOR_DIVISION_BY_ZERO,TRADITIONAL,NO_ENGINE_SUBSTITUTION {{(pid=85412) _check_effective_sql_mode /usr/local/lib/python3.8/dist-packages/oslo_db/sqlalchemy/engines.py:304}}
Jul 09 18:50:48.334066 dv-cinder-800268-1-iscsi devstack@c-api.service[85412]: /usr/local/lib/python3.8/dist-packages/oslo_context/context.py:105: DeprecationWarning: Policy enforcement is depending on the value of is_admin. This key is deprecated. Please update your policy file to use the standard policy values.
Jul 09 18:50:48.334066 dv-cinder-800268-1-iscsi devstack@c-api.service[85412]: warnings.warn('Policy enforcement is depending on the value of '
Jul 09 18:50:48.358223 dv-cinder-800268-1-iscsi devstack@c-api.service[85412]: INFO cinder.api.openstack.wsgi [None req-19020082-911c-4816-968f-025d3703551e tempest-GroupSnapshotsTest-1239298174 tempest-GroupSnapshotsTest-1239298174-project] http://10.222.0.20/volume/v3/c4ec0358a193426c96105efd7b06d70f/volumes/detail returned with HTTP 200
Jul 09 18:50:48.359234 dv-cinder-800268-1-iscsi devstack@c-api.service[85412]: [pid: 85412|app: 0|req: 211/403] 10.222.0.20 () {60 vars in 1276 bytes} [Fri Jul 9 18:50:48 2021] GET /volume/v3/c4ec0358a193426c96105efd7b06d70f/volumes/detail => generated 1992 bytes in 137 msecs (HTTP/1.1 200) 7 headers in 287 bytes (1 switches on core 0)
Jul 09 18:50:48.376084 dv-cinder-800268-1-iscsi devstack@c-api.service[85411]: INFO cinder.api.openstack.wsgi [None req-2a8ba9ab-e418-40ba-b7fc-4d3d9c9f9b6a tempest-GroupSnapshotsTest-1239298174 tempest-GroupSnapshotsTest-1239298174-project] POST http://10.222.0.20/volume/v3/c4ec0358a193426c96105efd7b06d70f/groups/d72d61a4-c3b8-433e-98a8-f37317dfd95c/action
Jul 09 18:50:48.377025 dv-cinder-800268-1-iscsi devstack@c-api.service[85411]: DEBUG cinder.api.openstack.wsgi [None req-2a8ba9ab-e418-40ba-b7fc-4d3d9c9f9b6a tempest-GroupSnapshotsTest-1239298174 tempest-GroupSnapshotsTest-1239298174-project] Action body: b'{"delete": {"delete-volumes": true}}' {{(pid=85411) get_method /opt/stack/cinder/cinder/api/openstack/wsgi.py:981}}
Jul 09 18:50:48.377497 dv-cinder-800268-1-iscsi devstack@c-api.service[85411]: DEBUG cinder.api.openstack.wsgi [None req-2a8ba9ab-e418-40ba-b7fc-4d3d9c9f9b6a tempest-GroupSnapshotsTest-1239298174 tempest-GroupSnapshotsTest-1239298174-project] Action: 'action', calling method: delete_group, body: {"delete": {"delete-volumes": true}} {{(pid=85411) _process_stack /opt/stack/cinder/cinder/api/openstack/wsgi.py:864}}
Jul 09 18:50:48.378455 dv-cinder-800268-1-iscsi devstack@c-api.service[85411]: DEBUG cinder.api.v3.groups [None req-2a8ba9ab-e418-40ba-b7fc-4d3d9c9f9b6a tempest-GroupSnapshotsTest-1239298174 tempest-GroupSnapshotsTest-1239298174-project] delete called for group d72d61a4-c3b8-433e-98a8-f37317dfd95c {{(pid=85411) _delete /opt/stack/cinder/cinder/api/v3/groups.py:117}}
Jul 09 18:50:48.379151 dv-cinder-800268-1-iscsi devstack@c-api.service[85411]: INFO cinder.api.v3.groups [None req-2a8ba9ab-e418-40ba-b7fc-4d3d9c9f9b6a tempest-GroupSnapshotsTest-1239298174 tempest-GroupSnapshotsTest-1239298174-project] Delete group with id: d72d61a4-c3b8-433e-98a8-f37317dfd95c
Jul 09 18:50:48.387219 dv-cinder-800268-1-iscsi devstack@c-api.service[85411]: /usr/local/lib/python3.8/dist-packages/oslo_context/context.py:105: DeprecationWarning: Policy enforcement is depending on the value of is_admin. This key is deprecated. Please update your policy file to use the standard policy values.
Jul 09 18:50:48.387219 dv-cinder-800268-1-iscsi devstack@c-api.service[85411]: warnings.warn('Policy enforcement is depending on the value of '
Jul 09 18:50:48.578797 dv-cinder-800268-1-iscsi devstack@c-api.service[85411]: INFO cinder.api.openstack.wsgi [None req-2a8ba9ab-e418-40ba-b7fc-4d3d9c9f9b6a tempest-GroupSnapshotsTest-1239298174 tempest-GroupSnapshotsTest-1239298174-project] http://10.222.0.20/volume/v3/c4ec0358a193426c96105efd7b06d70f/groups/d72d61a4-c3b8-433e-98a8-f37317dfd95c/action returned with HTTP 202
Jul 09 18:50:48.583509 dv-cinder-800268-1-iscsi devstack@c-api.service[85411]: [pid: 85411|app: 0|req: 193/404] 10.222.0.20 () {62 vars in 1405 bytes} [Fri Jul 9 18:50:48 2021] POST /volume/v3/c4ec0358a193426c96105efd7b06d70f/groups/d72d61a4-c3b8-433e-98a8-f37317dfd95c/action => generated 0 bytes in 208 msecs (HTTP/1.1 202) 6 headers in 234 bytes (1 switches on core 0)
Jul 09 18:50:48.588111 dv-cinder-800268-1-iscsi devstack@c-api.service[85412]: INFO cinder.api.openstack.wsgi [None req-ee89a710-f54e-4866-8ad6-5425957f3185 tempest-GroupSnapshotsTest-1239298174 tempest-GroupSnapshotsTest-1239298174-project] GET http://10.222.0.20/volume/v3/c4ec0358a193426c96105efd7b06d70f/volumes/3df918f6-ad41-4f67-8e95-b26f56fb5fa8
Jul 09 18:50:48.588698 dv-cinder-800268-1-iscsi devstack@c-api.service[85412]: DEBUG cinder.api.openstack.wsgi [None req-ee89a710-f54e-4866-8ad6-5425957f3185 tempest-GroupSnapshotsTest-1239298174 tempest-GroupSnapshotsTest-1239298174-project] Empty body provided in request {{(pid=85412) get_body /opt/stack/cinder/cinder/api/openstack/wsgi.py:713}}
Jul 09 18:50:48.588946 dv-cinder-800268-1-iscsi devstack@c-api.service[85412]: /usr/local/lib/python3.8/dist-packages/webob/acceptparse.py:1047: DeprecationWarning: The behavior of AcceptValidHeader.best_match is currently being maintained for backward compatibility, but it will be deprecated in the future, as it does not conform to the RFC.
Jul 09 18:50:48.588946 dv-cinder-800268-1-iscsi devstack@c-api.service[85412]: warnings.warn(
Jul 09 18:50:48.589363 dv-cinder-800268-1-iscsi devstack@c-api.service[85412]: DEBUG cinder.api.openstack.wsgi [None req-ee89a710-f54e-4866-8ad6-5425957f3185 tempest-GroupSnapshotsTest-1239298174 tempest-GroupSnapshotsTest-1239298174-project] Calling method 'show' {{(pid=85412) _process_stack /opt/stack/cinder/cinder/api/openstack/wsgi.py:866}}
Jul 09 18:50:48.642850 dv-cinder-800268-1-iscsi devstack@c-api.service[85412]: /usr/local/lib/python3.8/dist-packages/oslo_context/context.py:105: DeprecationWarning: Policy enforcement is depending on the value of is_admin. This key is deprecated. Please update your policy file to use the standard policy values.
Jul 09 18:50:48.642850 dv-cinder-800268-1-iscsi devstack@c-api.service[85412]: warnings.warn('Policy enforcement is depending on the value of '
Jul 09 18:50:48.652051 dv-cinder-800268-1-iscsi devstack@c-api.service[85412]: INFO cinder.volume.api [None req-ee89a710-f54e-4866-8ad6-5425957f3185 tempest-GroupSnapshotsTest-1239298174 tempest-GroupSnapshotsTest-1239298174-project] Volume info retrieved successfully.
Jul 09 18:50:48.664351 dv-cinder-800268-1-iscsi devstack@c-api.service[85412]: WARNING stevedore.named [None req-ee89a710-f54e-4866-8ad6-5425957f3185 tempest-GroupSnapshotsTest-1239298174 tempest-GroupSnapshotsTest-1239298174-project] Could not load cinder.keymgr.conf_key_mgr.ConfKeyManager
Jul 09 18:50:48.664882 dv-cinder-800268-1-iscsi devstack@c-api.service[85412]: WARNING castellan.key_manager [None req-ee89a710-f54e-4866-8ad6-5425957f3185 tempest-GroupSnapshotsTest-1239298174 tempest-GroupSnapshotsTest-1239298174-project] Deprecation Warning : cinder.keymgr.conf_key_mgr.ConfKeyManager is not a stevedore based driver, trying to load it as a class: stevedore.exception.NoMatches: No 'castellan.drivers' driver found, looking for 'cinder.keymgr.conf_key_mgr.ConfKeyManager'
Jul 09 18:50:48.673513 dv-cinder-800268-1-iscsi devstack@c-api.service[85412]: DEBUG oslo_db.sqlalchemy.engines [None req-ee89a710-f54e-4866-8ad6-5425957f3185 tempest-GroupSnapshotsTest-1239298174 tempest-GroupSnapshotsTest-1239298174-project] MySQL server mode set to STRICT_TRANS_TABLES,STRICT_ALL_TABLES,NO_ZERO_IN_DATE,NO_ZERO_DATE,ERROR_FOR_DIVISION_BY_ZERO,TRADITIONAL,NO_ENGINE_SUBSTITUTION {{(pid=85412) _check_effective_sql_mode /usr/local/lib/python3.8/dist-packages/oslo_db/sqlalchemy/engines.py:304}}
Jul 09 18:50:48.680070 dv-cinder-800268-1-iscsi devstack@c-api.service[85412]: /usr/local/lib/python3.8/dist-packages/oslo_context/context.py:105: DeprecationWarning: Policy enforcement is depending on the value of is_admin. This key is deprecated. Please update your policy file to use the standard policy values.
Jul 09 18:50:48.680070 dv-cinder-800268-1-iscsi devstack@c-api.service[85412]: warnings.warn('Policy enforcement is depending on the value of '
Jul 09 18:50:48.698021 dv-cinder-800268-1-iscsi devstack@c-api.service[85412]: INFO cinder.api.openstack.wsgi [None req-ee89a710-f54e-4866-8ad6-5425957f3185 tempest-GroupSnapshotsTest-1239298174 tempest-GroupSnapshotsTest-1239298174-project] http://10.222.0.20/volume/v3/c4ec0358a193426c96105efd7b06d70f/volumes/3df918f6-ad41-4f67-8e95-b26f56fb5fa8 returned with HTTP 200
Jul 09 18:50:48.698775 dv-cinder-800268-1-iscsi devstack@c-api.service[85412]: [pid: 85412|app: 0|req: 212/405] 10.222.0.20 () {60 vars in 1366 bytes} [Fri Jul 9 18:50:48 2021] GET /volume/v3/c4ec0358a193426c96105efd7b06d70f/volumes/3df918f6-ad41-4f67-8e95-b26f56fb5fa8 => generated 998 bytes in 114 msecs (HTTP/1.1 200) 7 headers in 286 bytes (2 switches on core 0)
Jul 09 18:50:48.720401 dv-cinder-800268-1-iscsi devstack@c-api.service[85411]: INFO cinder.api.openstack.wsgi [None req-aa009d58-58ef-49a4-b176-e4efb475e97c tempest-VolumeTypesAccessTest-1478329949 tempest-VolumeTypesAccessTest-1478329949-project] GET http://10.222.0.20/volume/v3/3339546c621a450ba36c82e5da4dba1e/volumes/e73c28c3-23ac-4b7e-8438-235bbdfb1343
Jul 09 18:50:48.720942 dv-cinder-800268-1-iscsi devstack@c-api.service[85411]: DEBUG cinder.api.openstack.wsgi [None req-aa009d58-58ef-49a4-b176-e4efb475e97c tempest-VolumeTypesAccessTest-1478329949 tempest-VolumeTypesAccessTest-1478329949-project] Empty body provided in request {{(pid=85411) get_body /opt/stack/cinder/cinder/api/openstack/wsgi.py:713}}
Jul 09 18:50:48.721038 dv-cinder-800268-1-iscsi devstack@c-api.service[85411]: /usr/local/lib/python3.8/dist-packages/webob/acceptparse.py:1047: DeprecationWarning: The behavior of AcceptValidHeader.best_match is currently being maintained for backward compatibility, but it will be deprecated in the future, as it does not conform to the RFC.
Jul 09 18:50:48.721038 dv-cinder-800268-1-iscsi devstack@c-api.service[85411]: warnings.warn(
Jul 09 18:50:48.721353 dv-cinder-800268-1-iscsi devstack@c-api.service[85411]: DEBUG cinder.api.openstack.wsgi [None req-aa009d58-58ef-49a4-b176-e4efb475e97c tempest-VolumeTypesAccessTest-1478329949 tempest-VolumeTypesAccessTest-1478329949-project] Calling method 'show' {{(pid=85411) _process_stack /opt/stack/cinder/cinder/api/openstack/wsgi.py:866}}
Jul 09 18:50:48.763845 dv-cinder-800268-1-iscsi devstack@c-api.service[85411]: INFO cinder.api.openstack.wsgi [None req-aa009d58-58ef-49a4-b176-e4efb475e97c tempest-VolumeTypesAccessTest-1478329949 tempest-VolumeTypesAccessTest-1478329949-project] http://10.222.0.20/volume/v3/3339546c621a450ba36c82e5da4dba1e/volumes/e73c28c3-23ac-4b7e-8438-235bbdfb1343 returned with HTTP 404
Jul 09 18:50:48.764822 dv-cinder-800268-1-iscsi devstack@c-api.service[85411]: [pid: 85411|app: 0|req: 194/406] 10.222.0.20 () {58 vars in 1325 bytes} [Fri Jul 9 18:50:48 2021] GET /volume/v3/3339546c621a450ba36c82e5da4dba1e/volumes/e73c28c3-23ac-4b7e-8438-235bbdfb1343 => generated 109 bytes in 48 msecs (HTTP/1.1 404) 7 headers in 292 bytes (1 switches on core 0)
Jul 09 18:50:48.773815 dv-cinder-800268-1-iscsi devstack@c-api.service[85412]: INFO cinder.api.openstack.wsgi [None req-6026590a-d9f6-4ba1-8007-1c1068b22eed tempest-VolumeTypesAccessTest-2002376028 tempest-VolumeTypesAccessTest-2002376028-project-admin] DELETE http://10.222.0.20/volume/v3/760354b5a2d3406886f35cc7872ea93e/types/e4e27ddb-9aef-43b4-bc00-d64336a408e9
Jul 09 18:50:48.774263 dv-cinder-800268-1-iscsi devstack@c-api.service[85412]: DEBUG cinder.api.openstack.wsgi [None req-6026590a-d9f6-4ba1-8007-1c1068b22eed tempest-VolumeTypesAccessTest-2002376028 tempest-VolumeTypesAccessTest-2002376028-project-admin] Empty body provided in request {{(pid=85412) get_body /opt/stack/cinder/cinder/api/openstack/wsgi.py:713}}
Jul 09 18:50:48.774438 dv-cinder-800268-1-iscsi devstack@c-api.service[85412]: /usr/local/lib/python3.8/dist-packages/webob/acceptparse.py:1047: DeprecationWarning: The behavior of AcceptValidHeader.best_match is currently being maintained for backward compatibility, but it will be deprecated in the future, as it does not conform to the RFC.
Jul 09 18:50:48.774438 dv-cinder-800268-1-iscsi devstack@c-api.service[85412]: warnings.warn(
Jul 09 18:50:48.774777 dv-cinder-800268-1-iscsi devstack@c-api.service[85412]: DEBUG cinder.api.openstack.wsgi [None req-6026590a-d9f6-4ba1-8007-1c1068b22eed tempest-VolumeTypesAccessTest-2002376028 tempest-VolumeTypesAccessTest-2002376028-project-admin] Calling method '_delete' {{(pid=85412) _process_stack /opt/stack/cinder/cinder/api/openstack/wsgi.py:866}}
Jul 09 18:50:48.846338 dv-cinder-800268-1-iscsi devstack@c-api.service[85412]: INFO cinder.api.openstack.wsgi [None req-6026590a-d9f6-4ba1-8007-1c1068b22eed tempest-VolumeTypesAccessTest-2002376028 tempest-VolumeTypesAccessTest-2002376028-project-admin] http://10.222.0.20/volume/v3/760354b5a2d3406886f35cc7872ea93e/types/e4e27ddb-9aef-43b4-bc00-d64336a408e9 returned with HTTP 202
Jul 09 18:50:48.850662 dv-cinder-800268-1-iscsi devstack@c-api.service[85412]: [pid: 85412|app: 0|req: 213/407] 10.222.0.20 () {58 vars in 1322 bytes} [Fri Jul 9 18:50:48 2021] DELETE /volume/v3/760354b5a2d3406886f35cc7872ea93e/types/e4e27ddb-9aef-43b4-bc00-d64336a408e9 => generated 0 bytes in 79 msecs (HTTP/1.1 202) 6 headers in 233 bytes (1 switches on core 0)
Jul 09 18:50:48.855206 dv-cinder-800268-1-iscsi devstack@c-api.service[85411]: INFO cinder.api.openstack.wsgi [None req-2f43d1de-0e81-4bfc-806c-98b70d5183eb tempest-VolumeTypesAccessTest-2002376028 tempest-VolumeTypesAccessTest-2002376028-project-admin] GET http://10.222.0.20/volume/v3/760354b5a2d3406886f35cc7872ea93e/types/e4e27ddb-9aef-43b4-bc00-d64336a408e9
Jul 09 18:50:48.855660 dv-cinder-800268-1-iscsi devstack@c-api.service[85411]: DEBUG cinder.api.openstack.wsgi [None req-2f43d1de-0e81-4bfc-806c-98b70d5183eb tempest-VolumeTypesAccessTest-2002376028 tempest-VolumeTypesAccessTest-2002376028-project-admin] Empty body provided in request {{(pid=85411) get_body /opt/stack/cinder/cinder/api/openstack/wsgi.py:713}}
Jul 09 18:50:48.856071 dv-cinder-800268-1-iscsi devstack@c-api.service[85411]: DEBUG cinder.api.openstack.wsgi [None req-2f43d1de-0e81-4bfc-806c-98b70d5183eb tempest-VolumeTypesAccessTest-2002376028 tempest-VolumeTypesAccessTest-2002376028-project-admin] Calling method 'show' {{(pid=85411) _process_stack /opt/stack/cinder/cinder/api/openstack/wsgi.py:866}}
Jul 09 18:50:48.868348 dv-cinder-800268-1-iscsi devstack@c-api.service[85411]: INFO cinder.api.openstack.wsgi [None req-2f43d1de-0e81-4bfc-806c-98b70d5183eb tempest-VolumeTypesAccessTest-2002376028 tempest-VolumeTypesAccessTest-2002376028-project-admin] http://10.222.0.20/volume/v3/760354b5a2d3406886f35cc7872ea93e/types/e4e27ddb-9aef-43b4-bc00-d64336a408e9 returned with HTTP 404
Jul 09 18:50:48.872716 dv-cinder-800268-1-iscsi devstack@c-api.service[85411]: [pid: 85411|app: 0|req: 195/408] 10.222.0.20 () {58 vars in 1319 bytes} [Fri Jul 9 18:50:48 2021] GET /volume/v3/760354b5a2d3406886f35cc7872ea93e/types/e4e27ddb-9aef-43b4-bc00-d64336a408e9 => generated 114 bytes in 19 msecs (HTTP/1.1 404) 7 headers in 292 bytes (1 switches on core 0)
Jul 09 18:50:49.130659 dv-cinder-800268-1-iscsi devstack@c-api.service[85412]: INFO cinder.api.openstack.wsgi [None req-7b721c1d-81d5-4fff-aa0a-2ff507b1a935 tempest-VolumesTransfersV355Test-2090053752 tempest-VolumesTransfersV355Test-2090053752-project] GET http://10.222.0.20/volume/v3/b6ca302f0bba493da91d7441fab79a5b/volumes/4e512ac1-0abb-457b-af3c-86fb823f3af2
Jul 09 18:50:49.131209 dv-cinder-800268-1-iscsi devstack@c-api.service[85412]: DEBUG cinder.api.openstack.wsgi [None req-7b721c1d-81d5-4fff-aa0a-2ff507b1a935 tempest-VolumesTransfersV355Test-2090053752 tempest-VolumesTransfersV355Test-2090053752-project] Empty body provided in request {{(pid=85412) get_body /opt/stack/cinder/cinder/api/openstack/wsgi.py:713}}
Jul 09 18:50:49.131672 dv-cinder-800268-1-iscsi devstack@c-api.service[85412]: DEBUG cinder.api.openstack.wsgi [None req-7b721c1d-81d5-4fff-aa0a-2ff507b1a935 tempest-VolumesTransfersV355Test-2090053752 tempest-VolumesTransfersV355Test-2090053752-project] Calling method 'show' {{(pid=85412) _process_stack /opt/stack/cinder/cinder/api/openstack/wsgi.py:866}}
Jul 09 18:50:49.188940 dv-cinder-800268-1-iscsi devstack@c-api.service[85412]: /usr/local/lib/python3.8/dist-packages/oslo_context/context.py:105: DeprecationWarning: Policy enforcement is depending on the value of is_admin. This key is deprecated. Please update your policy file to use the standard policy values.
Jul 09 18:50:49.188940 dv-cinder-800268-1-iscsi devstack@c-api.service[85412]: warnings.warn('Policy enforcement is depending on the value of '
Jul 09 18:50:49.201009 dv-cinder-800268-1-iscsi devstack@c-api.service[85412]: INFO cinder.volume.api [None req-7b721c1d-81d5-4fff-aa0a-2ff507b1a935 tempest-VolumesTransfersV355Test-2090053752 tempest-VolumesTransfersV355Test-2090053752-project] Volume info retrieved successfully.
Jul 09 18:50:49.223569 dv-cinder-800268-1-iscsi devstack@c-api.service[85412]: INFO cinder.api.openstack.wsgi [None req-7b721c1d-81d5-4fff-aa0a-2ff507b1a935 tempest-VolumesTransfersV355Test-2090053752 tempest-VolumesTransfersV355Test-2090053752-project] http://10.222.0.20/volume/v3/b6ca302f0bba493da91d7441fab79a5b/volumes/4e512ac1-0abb-457b-af3c-86fb823f3af2 returned with HTTP 200
Jul 09 18:50:49.224659 dv-cinder-800268-1-iscsi devstack@c-api.service[85412]: [pid: 85412|app: 0|req: 214/409] 10.222.0.20 () {60 vars in 1366 bytes} [Fri Jul 9 18:50:49 2021] GET /volume/v3/b6ca302f0bba493da91d7441fab79a5b/volumes/4e512ac1-0abb-457b-af3c-86fb823f3af2 => generated 1014 bytes in 98 msecs (HTTP/1.1 200) 7 headers in 287 bytes (1 switches on core 0)
Jul 09 18:50:49.242893 dv-cinder-800268-1-iscsi devstack@c-api.service[85411]: INFO cinder.api.openstack.wsgi [None req-58378a3d-f7c6-4805-8627-285d11c46253 tempest-VolumesTransfersV355Test-2090053752 tempest-VolumesTransfersV355Test-2090053752-project] POST http://10.222.0.20/volume/v3/b6ca302f0bba493da91d7441fab79a5b/volume-transfers
Jul 09 18:50:49.243941 dv-cinder-800268-1-iscsi devstack@c-api.service[85411]: DEBUG cinder.api.openstack.wsgi [None req-58378a3d-f7c6-4805-8627-285d11c46253 tempest-VolumesTransfersV355Test-2090053752 tempest-VolumesTransfersV355Test-2090053752-project] Action: 'create', calling method: create, body: {"transfer": {"volume_id": "4e512ac1-0abb-457b-af3c-86fb823f3af2"}} {{(pid=85411) _process_stack /opt/stack/cinder/cinder/api/openstack/wsgi.py:864}}
Jul 09 18:50:49.245112 dv-cinder-800268-1-iscsi devstack@c-api.service[85411]: DEBUG cinder.api.v3.volume_transfer [None req-58378a3d-f7c6-4805-8627-285d11c46253 tempest-VolumesTransfersV355Test-2090053752 tempest-VolumesTransfersV355Test-2090053752-project] Creating new volume transfer {'transfer': {'volume_id': '4e512ac1-0abb-457b-af3c-86fb823f3af2'}} {{(pid=85411) create /opt/stack/cinder/cinder/api/v3/volume_transfer.py:85}}
Jul 09 18:50:49.245595 dv-cinder-800268-1-iscsi devstack@c-api.service[85411]: INFO cinder.api.v3.volume_transfer [None req-58378a3d-f7c6-4805-8627-285d11c46253 tempest-VolumesTransfersV355Test-2090053752 tempest-VolumesTransfersV355Test-2090053752-project] Creating transfer of volume 4e512ac1-0abb-457b-af3c-86fb823f3af2
Jul 09 18:50:49.246076 dv-cinder-800268-1-iscsi devstack@c-api.service[85411]: INFO cinder.transfer.api [None req-58378a3d-f7c6-4805-8627-285d11c46253 tempest-VolumesTransfersV355Test-2090053752 tempest-VolumesTransfersV355Test-2090053752-project] Generating transfer record for volume 4e512ac1-0abb-457b-af3c-86fb823f3af2
Jul 09 18:50:49.317274 dv-cinder-800268-1-iscsi devstack@c-api.service[85411]: /usr/local/lib/python3.8/dist-packages/oslo_context/context.py:105: DeprecationWarning: Policy enforcement is depending on the value of is_admin. This key is deprecated. Please update your policy file to use the standard policy values.
Jul 09 18:50:49.317274 dv-cinder-800268-1-iscsi devstack@c-api.service[85411]: warnings.warn('Policy enforcement is depending on the value of '
Jul 09 18:50:49.344124 dv-cinder-800268-1-iscsi devstack@c-api.service[85411]: INFO cinder.api.openstack.wsgi [None req-58378a3d-f7c6-4805-8627-285d11c46253 tempest-VolumesTransfersV355Test-2090053752 tempest-VolumesTransfersV355Test-2090053752-project] http://10.222.0.20/volume/v3/b6ca302f0bba493da91d7441fab79a5b/volume-transfers returned with HTTP 202
Jul 09 18:50:49.345845 dv-cinder-800268-1-iscsi devstack@c-api.service[85411]: [pid: 85411|app: 0|req: 196/410] 10.222.0.20 () {60 vars in 1262 bytes} [Fri Jul 9 18:50:49 2021] POST /volume/v3/b6ca302f0bba493da91d7441fab79a5b/volume-transfers => generated 507 bytes in 110 msecs (HTTP/1.1 202) 7 headers in 291 bytes (1 switches on core 0)
Jul 09 18:50:49.356991 dv-cinder-800268-1-iscsi devstack@c-api.service[85412]: INFO cinder.api.openstack.wsgi [None req-90491659-343c-42bb-a32d-603b2c1ac72e tempest-VolumesTransfersV355Test-2090053752 tempest-VolumesTransfersV355Test-2090053752-project] GET http://10.222.0.20/volume/v3/b6ca302f0bba493da91d7441fab79a5b/volumes/4e512ac1-0abb-457b-af3c-86fb823f3af2
Jul 09 18:50:49.358485 dv-cinder-800268-1-iscsi devstack@c-api.service[85412]: DEBUG cinder.api.openstack.wsgi [None req-90491659-343c-42bb-a32d-603b2c1ac72e tempest-VolumesTransfersV355Test-2090053752 tempest-VolumesTransfersV355Test-2090053752-project] Empty body provided in request {{(pid=85412) get_body /opt/stack/cinder/cinder/api/openstack/wsgi.py:713}}
Jul 09 18:50:49.358844 dv-cinder-800268-1-iscsi devstack@c-api.service[85412]: /usr/local/lib/python3.8/dist-packages/webob/acceptparse.py:1047: DeprecationWarning: The behavior of AcceptValidHeader.best_match is currently being maintained for backward compatibility, but it will be deprecated in the future, as it does not conform to the RFC.
Jul 09 18:50:49.358844 dv-cinder-800268-1-iscsi devstack@c-api.service[85412]: warnings.warn(
Jul 09 18:50:49.359260 dv-cinder-800268-1-iscsi devstack@c-api.service[85412]: DEBUG cinder.api.openstack.wsgi [None req-90491659-343c-42bb-a32d-603b2c1ac72e tempest-VolumesTransfersV355Test-2090053752 tempest-VolumesTransfersV355Test-2090053752-project] Calling method 'show' {{(pid=85412) _process_stack /opt/stack/cinder/cinder/api/openstack/wsgi.py:866}}
Jul 09 18:50:49.440435 dv-cinder-800268-1-iscsi devstack@c-api.service[85412]: /usr/local/lib/python3.8/dist-packages/oslo_context/context.py:105: DeprecationWarning: Policy enforcement is depending on the value of is_admin. This key is deprecated. Please update your policy file to use the standard policy values.
Jul 09 18:50:49.440435 dv-cinder-800268-1-iscsi devstack@c-api.service[85412]: warnings.warn('Policy enforcement is depending on the value of '
Jul 09 18:50:49.467738 dv-cinder-800268-1-iscsi devstack@c-api.service[85412]: INFO cinder.volume.api [None req-90491659-343c-42bb-a32d-603b2c1ac72e tempest-VolumesTransfersV355Test-2090053752 tempest-VolumesTransfersV355Test-2090053752-project] Volume info retrieved successfully.
Jul 09 18:50:49.516871 dv-cinder-800268-1-iscsi devstack@c-api.service[85412]: INFO cinder.api.openstack.wsgi [None req-90491659-343c-42bb-a32d-603b2c1ac72e tempest-VolumesTransfersV355Test-2090053752 tempest-VolumesTransfersV355Test-2090053752-project] http://10.222.0.20/volume/v3/b6ca302f0bba493da91d7441fab79a5b/volumes/4e512ac1-0abb-457b-af3c-86fb823f3af2 returned with HTTP 200
Jul 09 18:50:49.520666 dv-cinder-800268-1-iscsi devstack@c-api.service[85412]: [pid: 85412|app: 0|req: 215/411] 10.222.0.20 () {60 vars in 1366 bytes} [Fri Jul 9 18:50:49 2021] GET /volume/v3/b6ca302f0bba493da91d7441fab79a5b/volumes/4e512ac1-0abb-457b-af3c-86fb823f3af2 => generated 1022 bytes in 168 msecs (HTTP/1.1 200) 7 headers in 287 bytes (1 switches on core 0)
Jul 09 18:50:49.538680 dv-cinder-800268-1-iscsi devstack@c-api.service[85411]: INFO cinder.api.openstack.wsgi [None req-480ac24b-52d2-4943-af31-5134f9b557a4 tempest-VolumesTransfersV355Test-2090053752 tempest-VolumesTransfersV355Test-2090053752-project] GET http://10.222.0.20/volume/v3/b6ca302f0bba493da91d7441fab79a5b/volume-transfers/detail
Jul 09 18:50:49.539385 dv-cinder-800268-1-iscsi devstack@c-api.service[85411]: DEBUG cinder.api.openstack.wsgi [None req-480ac24b-52d2-4943-af31-5134f9b557a4 tempest-VolumesTransfersV355Test-2090053752 tempest-VolumesTransfersV355Test-2090053752-project] Empty body provided in request {{(pid=85411) get_body /opt/stack/cinder/cinder/api/openstack/wsgi.py:713}}
Jul 09 18:50:49.539702 dv-cinder-800268-1-iscsi devstack@c-api.service[85411]: /usr/local/lib/python3.8/dist-packages/webob/acceptparse.py:1047: DeprecationWarning: The behavior of AcceptValidHeader.best_match is currently being maintained for backward compatibility, but it will be deprecated in the future, as it does not conform to the RFC.
Jul 09 18:50:49.539702 dv-cinder-800268-1-iscsi devstack@c-api.service[85411]: warnings.warn(
Jul 09 18:50:49.540229 dv-cinder-800268-1-iscsi devstack@c-api.service[85411]: DEBUG cinder.api.openstack.wsgi [None req-480ac24b-52d2-4943-af31-5134f9b557a4 tempest-VolumesTransfersV355Test-2090053752 tempest-VolumesTransfersV355Test-2090053752-project] Calling method 'detail' {{(pid=85411) _process_stack /opt/stack/cinder/cinder/api/openstack/wsgi.py:866}}
Jul 09 18:50:49.540797 dv-cinder-800268-1-iscsi devstack@c-api.service[85411]: DEBUG cinder.api.v3.volume_transfer [None req-480ac24b-52d2-4943-af31-5134f9b557a4 tempest-VolumesTransfersV355Test-2090053752 tempest-VolumesTransfersV355Test-2090053752-project] Listing volume transfers {{(pid=85411) _get_transfers /opt/stack/cinder/cinder/api/v3/volume_transfer.py:51}}
Jul 09 18:50:49.552351 dv-cinder-800268-1-iscsi devstack@c-api.service[85411]: INFO cinder.api.openstack.wsgi [None req-480ac24b-52d2-4943-af31-5134f9b557a4 tempest-VolumesTransfersV355Test-2090053752 tempest-VolumesTransfersV355Test-2090053752-project] http://10.222.0.20/volume/v3/b6ca302f0bba493da91d7441fab79a5b/volume-transfers/detail returned with HTTP 200
Jul 09 18:50:49.559822 dv-cinder-800268-1-iscsi devstack@c-api.service[85411]: [pid: 85411|app: 0|req: 197/412] 10.222.0.20 () {58 vars in 1262 bytes} [Fri Jul 9 18:50:49 2021] GET /volume/v3/b6ca302f0bba493da91d7441fab79a5b/volume-transfers/detail => generated 478 bytes in 21 msecs (HTTP/1.1 200) 7 headers in 285 bytes (1 switches on core 0)
Jul 09 18:50:49.565358 dv-cinder-800268-1-iscsi devstack@c-api.service[85412]: INFO cinder.api.openstack.wsgi [None req-7ce9c808-3497-45a8-825f-7c81ffd0ba96 tempest-VolumesTransfersV355Test-2090053752 tempest-VolumesTransfersV355Test-2090053752-project] DELETE http://10.222.0.20/volume/v3/b6ca302f0bba493da91d7441fab79a5b/volume-transfers/e2fb8c15-bc1b-4d9d-a03f-f2d16e452535
Jul 09 18:50:49.565899 dv-cinder-800268-1-iscsi devstack@c-api.service[85412]: DEBUG cinder.api.openstack.wsgi [None req-7ce9c808-3497-45a8-825f-7c81ffd0ba96 tempest-VolumesTransfersV355Test-2090053752 tempest-VolumesTransfersV355Test-2090053752-project] Empty body provided in request {{(pid=85412) get_body /opt/stack/cinder/cinder/api/openstack/wsgi.py:713}}
Jul 09 18:50:49.567162 dv-cinder-800268-1-iscsi devstack@c-api.service[85412]: /usr/local/lib/python3.8/dist-packages/webob/acceptparse.py:1047: DeprecationWarning: The behavior of AcceptValidHeader.best_match is currently being maintained for backward compatibility, but it will be deprecated in the future, as it does not conform to the RFC.
Jul 09 18:50:49.567162 dv-cinder-800268-1-iscsi devstack@c-api.service[85412]: warnings.warn(
Jul 09 18:50:49.568436 dv-cinder-800268-1-iscsi devstack@c-api.service[85412]: DEBUG cinder.api.openstack.wsgi [None req-7ce9c808-3497-45a8-825f-7c81ffd0ba96 tempest-VolumesTransfersV355Test-2090053752 tempest-VolumesTransfersV355Test-2090053752-project] Calling method 'delete' {{(pid=85412) _process_stack /opt/stack/cinder/cinder/api/openstack/wsgi.py:866}}
Jul 09 18:50:49.568436 dv-cinder-800268-1-iscsi devstack@c-api.service[85412]: INFO cinder.api.contrib.volume_transfer [None req-7ce9c808-3497-45a8-825f-7c81ffd0ba96 tempest-VolumesTransfersV355Test-2090053752 tempest-VolumesTransfersV355Test-2090053752-project] Delete transfer with id: e2fb8c15-bc1b-4d9d-a03f-f2d16e452535
Jul 09 18:50:49.667010 dv-cinder-800268-1-iscsi devstack@c-api.service[85412]: /usr/local/lib/python3.8/dist-packages/oslo_context/context.py:105: DeprecationWarning: Policy enforcement is depending on the value of is_admin. This key is deprecated. Please update your policy file to use the standard policy values.
Jul 09 18:50:49.667010 dv-cinder-800268-1-iscsi devstack@c-api.service[85412]: warnings.warn('Policy enforcement is depending on the value of '
Jul 09 18:50:49.702620 dv-cinder-800268-1-iscsi devstack@c-api.service[85412]: INFO cinder.api.openstack.wsgi [None req-7ce9c808-3497-45a8-825f-7c81ffd0ba96 tempest-VolumesTransfersV355Test-2090053752 tempest-VolumesTransfersV355Test-2090053752-project] http://10.222.0.20/volume/v3/b6ca302f0bba493da91d7441fab79a5b/volume-transfers/e2fb8c15-bc1b-4d9d-a03f-f2d16e452535 returned with HTTP 202
Jul 09 18:50:49.707688 dv-cinder-800268-1-iscsi devstack@c-api.service[85412]: [pid: 85412|app: 0|req: 216/413] 10.222.0.20 () {58 vars in 1355 bytes} [Fri Jul 9 18:50:49 2021] DELETE /volume/v3/b6ca302f0bba493da91d7441fab79a5b/volume-transfers/e2fb8c15-bc1b-4d9d-a03f-f2d16e452535 => generated 0 bytes in 144 msecs (HTTP/1.1 202) 6 headers in 233 bytes (1 switches on core 0)
Jul 09 18:50:49.713978 dv-cinder-800268-1-iscsi devstack@c-api.service[85412]: INFO cinder.api.openstack.wsgi [None req-95aab711-329f-4b9e-bf67-cc3a4babffbd tempest-GroupSnapshotsTest-1239298174 tempest-GroupSnapshotsTest-1239298174-project] GET http://10.222.0.20/volume/v3/c4ec0358a193426c96105efd7b06d70f/volumes/3df918f6-ad41-4f67-8e95-b26f56fb5fa8
Jul 09 18:50:49.714523 dv-cinder-800268-1-iscsi devstack@c-api.service[85411]: INFO cinder.api.openstack.wsgi [None req-8d68ac44-c665-4271-9e99-a0d3f5cd3ede tempest-VolumesTransfersV355Test-2090053752 tempest-VolumesTransfersV355Test-2090053752-project] GET http://10.222.0.20/volume/v3/b6ca302f0bba493da91d7441fab79a5b/volumes/4e512ac1-0abb-457b-af3c-86fb823f3af2
Jul 09 18:50:49.714734 dv-cinder-800268-1-iscsi devstack@c-api.service[85412]: DEBUG cinder.api.openstack.wsgi [None req-95aab711-329f-4b9e-bf67-cc3a4babffbd tempest-GroupSnapshotsTest-1239298174 tempest-GroupSnapshotsTest-1239298174-project] Empty body provided in request {{(pid=85412) get_body /opt/stack/cinder/cinder/api/openstack/wsgi.py:713}}
Jul 09 18:50:49.714973 dv-cinder-800268-1-iscsi devstack@c-api.service[85412]: /usr/local/lib/python3.8/dist-packages/webob/acceptparse.py:1047: DeprecationWarning: The behavior of AcceptValidHeader.best_match is currently being maintained for backward compatibility, but it will be deprecated in the future, as it does not conform to the RFC.
Jul 09 18:50:49.714973 dv-cinder-800268-1-iscsi devstack@c-api.service[85412]: warnings.warn(
Jul 09 18:50:49.715415 dv-cinder-800268-1-iscsi devstack@c-api.service[85412]: DEBUG cinder.api.openstack.wsgi [None req-95aab711-329f-4b9e-bf67-cc3a4babffbd tempest-GroupSnapshotsTest-1239298174 tempest-GroupSnapshotsTest-1239298174-project] Calling method 'show' {{(pid=85412) _process_stack /opt/stack/cinder/cinder/api/openstack/wsgi.py:866}}
Jul 09 18:50:49.715896 dv-cinder-800268-1-iscsi devstack@c-api.service[85411]: DEBUG cinder.api.openstack.wsgi [None req-8d68ac44-c665-4271-9e99-a0d3f5cd3ede tempest-VolumesTransfersV355Test-2090053752 tempest-VolumesTransfersV355Test-2090053752-project] Empty body provided in request {{(pid=85411) get_body /opt/stack/cinder/cinder/api/openstack/wsgi.py:713}}
Jul 09 18:50:49.716525 dv-cinder-800268-1-iscsi devstack@c-api.service[85411]: DEBUG cinder.api.openstack.wsgi [None req-8d68ac44-c665-4271-9e99-a0d3f5cd3ede tempest-VolumesTransfersV355Test-2090053752 tempest-VolumesTransfersV355Test-2090053752-project] Calling method 'show' {{(pid=85411) _process_stack /opt/stack/cinder/cinder/api/openstack/wsgi.py:866}}
Jul 09 18:50:49.779373 dv-cinder-800268-1-iscsi devstack@c-api.service[85412]: INFO cinder.api.openstack.wsgi [None req-95aab711-329f-4b9e-bf67-cc3a4babffbd tempest-GroupSnapshotsTest-1239298174 tempest-GroupSnapshotsTest-1239298174-project] http://10.222.0.20/volume/v3/c4ec0358a193426c96105efd7b06d70f/volumes/3df918f6-ad41-4f67-8e95-b26f56fb5fa8 returned with HTTP 404
Jul 09 18:50:49.784098 dv-cinder-800268-1-iscsi devstack@c-api.service[85412]: [pid: 85412|app: 0|req: 217/414] 10.222.0.20 () {60 vars in 1366 bytes} [Fri Jul 9 18:50:49 2021] GET /volume/v3/c4ec0358a193426c96105efd7b06d70f/volumes/3df918f6-ad41-4f67-8e95-b26f56fb5fa8 => generated 109 bytes in 70 msecs (HTTP/1.1 404) 7 headers in 293 bytes (1 switches on core 0)
Jul 09 18:50:49.790391 dv-cinder-800268-1-iscsi devstack@c-api.service[85412]: INFO cinder.api.openstack.wsgi [None req-e841ac41-e347-44b3-b33a-e64666d01c96 tempest-GroupSnapshotsTest-1239298174 tempest-GroupSnapshotsTest-1239298174-project] GET http://10.222.0.20/volume/v3/c4ec0358a193426c96105efd7b06d70f/volumes/c22ca338-d298-4c60-acfe-852cc948089b
Jul 09 18:50:49.790391 dv-cinder-800268-1-iscsi devstack@c-api.service[85412]: DEBUG cinder.api.openstack.wsgi [None req-e841ac41-e347-44b3-b33a-e64666d01c96 tempest-GroupSnapshotsTest-1239298174 tempest-GroupSnapshotsTest-1239298174-project] Empty body provided in request {{(pid=85412) get_body /opt/stack/cinder/cinder/api/openstack/wsgi.py:713}}
Jul 09 18:50:49.791036 dv-cinder-800268-1-iscsi devstack@c-api.service[85412]: DEBUG cinder.api.openstack.wsgi [None req-e841ac41-e347-44b3-b33a-e64666d01c96 tempest-GroupSnapshotsTest-1239298174 tempest-GroupSnapshotsTest-1239298174-project] Calling method 'show' {{(pid=85412) _process_stack /opt/stack/cinder/cinder/api/openstack/wsgi.py:866}}
Jul 09 18:50:49.795121 dv-cinder-800268-1-iscsi devstack@c-api.service[85411]: /usr/local/lib/python3.8/dist-packages/oslo_context/context.py:105: DeprecationWarning: Policy enforcement is depending on the value of is_admin. This key is deprecated. Please update your policy file to use the standard policy values.
Jul 09 18:50:49.795121 dv-cinder-800268-1-iscsi devstack@c-api.service[85411]: warnings.warn('Policy enforcement is depending on the value of '
Jul 09 18:50:49.807015 dv-cinder-800268-1-iscsi devstack@c-api.service[85411]: INFO cinder.volume.api [None req-8d68ac44-c665-4271-9e99-a0d3f5cd3ede tempest-VolumesTransfersV355Test-2090053752 tempest-VolumesTransfersV355Test-2090053752-project] Volume info retrieved successfully.
Jul 09 18:50:49.834114 dv-cinder-800268-1-iscsi devstack@c-api.service[85411]: INFO cinder.api.openstack.wsgi [None req-8d68ac44-c665-4271-9e99-a0d3f5cd3ede tempest-VolumesTransfersV355Test-2090053752 tempest-VolumesTransfersV355Test-2090053752-project] http://10.222.0.20/volume/v3/b6ca302f0bba493da91d7441fab79a5b/volumes/4e512ac1-0abb-457b-af3c-86fb823f3af2 returned with HTTP 200
Jul 09 18:50:49.846462 dv-cinder-800268-1-iscsi devstack@c-api.service[85411]: [pid: 85411|app: 0|req: 198/415] 10.222.0.20 () {60 vars in 1366 bytes} [Fri Jul 9 18:50:49 2021] GET /volume/v3/b6ca302f0bba493da91d7441fab79a5b/volumes/4e512ac1-0abb-457b-af3c-86fb823f3af2 => generated 1014 bytes in 138 msecs (HTTP/1.1 200) 7 headers in 287 bytes (1 switches on core 0)
Jul 09 18:50:49.847493 dv-cinder-800268-1-iscsi devstack@c-api.service[85412]: INFO cinder.api.openstack.wsgi [None req-e841ac41-e347-44b3-b33a-e64666d01c96 tempest-GroupSnapshotsTest-1239298174 tempest-GroupSnapshotsTest-1239298174-project] http://10.222.0.20/volume/v3/c4ec0358a193426c96105efd7b06d70f/volumes/c22ca338-d298-4c60-acfe-852cc948089b returned with HTTP 404
Jul 09 18:50:49.851364 dv-cinder-800268-1-iscsi devstack@c-api.service[85412]: [pid: 85412|app: 0|req: 218/416] 10.222.0.20 () {60 vars in 1366 bytes} [Fri Jul 9 18:50:49 2021] GET /volume/v3/c4ec0358a193426c96105efd7b06d70f/volumes/c22ca338-d298-4c60-acfe-852cc948089b => generated 109 bytes in 65 msecs (HTTP/1.1 404) 7 headers in 293 bytes (2 switches on core 0)
Jul 09 18:50:49.854794 dv-cinder-800268-1-iscsi devstack@c-api.service[85411]: INFO cinder.api.openstack.wsgi [None req-f2f14377-beb7-40bb-ada0-62a53a11ad20 tempest-VolumesTransfersV355Test-2090053752 tempest-VolumesTransfersV355Test-2090053752-project] DELETE http://10.222.0.20/volume/v3/b6ca302f0bba493da91d7441fab79a5b/volume-transfers/e2fb8c15-bc1b-4d9d-a03f-f2d16e452535
Jul 09 18:50:49.855245 dv-cinder-800268-1-iscsi devstack@c-api.service[85411]: DEBUG cinder.api.openstack.wsgi [None req-f2f14377-beb7-40bb-ada0-62a53a11ad20 tempest-VolumesTransfersV355Test-2090053752 tempest-VolumesTransfersV355Test-2090053752-project] Empty body provided in request {{(pid=85411) get_body /opt/stack/cinder/cinder/api/openstack/wsgi.py:713}}
Jul 09 18:50:49.855421 dv-cinder-800268-1-iscsi devstack@c-api.service[85411]: /usr/local/lib/python3.8/dist-packages/webob/acceptparse.py:1047: DeprecationWarning: The behavior of AcceptValidHeader.best_match is currently being maintained for backward compatibility, but it will be deprecated in the future, as it does not conform to the RFC.
Jul 09 18:50:49.855421 dv-cinder-800268-1-iscsi devstack@c-api.service[85411]: warnings.warn(
Jul 09 18:50:49.855746 dv-cinder-800268-1-iscsi devstack@c-api.service[85411]: DEBUG cinder.api.openstack.wsgi [None req-f2f14377-beb7-40bb-ada0-62a53a11ad20 tempest-VolumesTransfersV355Test-2090053752 tempest-VolumesTransfersV355Test-2090053752-project] Calling method 'delete' {{(pid=85411) _process_stack /opt/stack/cinder/cinder/api/openstack/wsgi.py:866}}
Jul 09 18:50:49.856049 dv-cinder-800268-1-iscsi devstack@c-api.service[85411]: INFO cinder.api.contrib.volume_transfer [None req-f2f14377-beb7-40bb-ada0-62a53a11ad20 tempest-VolumesTransfersV355Test-2090053752 tempest-VolumesTransfersV355Test-2090053752-project] Delete transfer with id: e2fb8c15-bc1b-4d9d-a03f-f2d16e452535
Jul 09 18:50:49.860291 dv-cinder-800268-1-iscsi devstack@c-api.service[85412]: INFO cinder.api.openstack.wsgi [None req-f52a8cb6-644f-47d2-b286-81fc4fc29621 tempest-GroupSnapshotsTest-1239298174 tempest-GroupSnapshotsTest-1239298174-project] GET http://10.222.0.20/volume/v3/c4ec0358a193426c96105efd7b06d70f/groups/d72d61a4-c3b8-433e-98a8-f37317dfd95c
Jul 09 18:50:49.860925 dv-cinder-800268-1-iscsi devstack@c-api.service[85412]: DEBUG cinder.api.openstack.wsgi [None req-f52a8cb6-644f-47d2-b286-81fc4fc29621 tempest-GroupSnapshotsTest-1239298174 tempest-GroupSnapshotsTest-1239298174-project] Empty body provided in request {{(pid=85412) get_body /opt/stack/cinder/cinder/api/openstack/wsgi.py:713}}
Jul 09 18:50:49.861435 dv-cinder-800268-1-iscsi devstack@c-api.service[85412]: DEBUG cinder.api.openstack.wsgi [None req-f52a8cb6-644f-47d2-b286-81fc4fc29621 tempest-GroupSnapshotsTest-1239298174 tempest-GroupSnapshotsTest-1239298174-project] Calling method 'version_select' {{(pid=85412) _process_stack /opt/stack/cinder/cinder/api/openstack/wsgi.py:866}}
Jul 09 18:50:49.861886 dv-cinder-800268-1-iscsi devstack@c-api.service[85412]: DEBUG cinder.api.v3.groups [None req-f52a8cb6-644f-47d2-b286-81fc4fc29621 tempest-GroupSnapshotsTest-1239298174 tempest-GroupSnapshotsTest-1239298174-project] show called for member d72d61a4-c3b8-433e-98a8-f37317dfd95c {{(pid=85412) show /opt/stack/cinder/cinder/api/v3/groups.py:58}}
Jul 09 18:50:49.862495 dv-cinder-800268-1-iscsi devstack@c-api.service[85411]: INFO cinder.api.openstack.wsgi [None req-f2f14377-beb7-40bb-ada0-62a53a11ad20 tempest-VolumesTransfersV355Test-2090053752 tempest-VolumesTransfersV355Test-2090053752-project] http://10.222.0.20/volume/v3/b6ca302f0bba493da91d7441fab79a5b/volume-transfers/e2fb8c15-bc1b-4d9d-a03f-f2d16e452535 returned with HTTP 404
Jul 09 18:50:49.863958 dv-cinder-800268-1-iscsi devstack@c-api.service[85411]: [pid: 85411|app: 0|req: 199/417] 10.222.0.20 () {58 vars in 1355 bytes} [Fri Jul 9 18:50:49 2021] DELETE /volume/v3/b6ca302f0bba493da91d7441fab79a5b/volume-transfers/e2fb8c15-bc1b-4d9d-a03f-f2d16e452535 => generated 111 bytes in 17 msecs (HTTP/1.1 404) 7 headers in 292 bytes (1 switches on core 0)
Jul 09 18:50:49.872768 dv-cinder-800268-1-iscsi devstack@c-api.service[85412]: INFO cinder.api.openstack.wsgi [None req-f52a8cb6-644f-47d2-b286-81fc4fc29621 tempest-GroupSnapshotsTest-1239298174 tempest-GroupSnapshotsTest-1239298174-project] http://10.222.0.20/volume/v3/c4ec0358a193426c96105efd7b06d70f/groups/d72d61a4-c3b8-433e-98a8-f37317dfd95c returned with HTTP 404
