Jul 09 15:55:00.992114 dv-cinder-800228-1-iscsi devstack@c-api.service[81221]: DEBUG cinder.api.v3.groups [None req-cc373f7c-5cd0-4048-91a7-5847f59e4b14 tempest-GroupSnapshotsTest-2014652361 tempest-GroupSnapshotsTest-2014652361-project] show called for member 65cb46f7-d757-4e4b-89fc-5162a90ca2f4 {{(pid=81221) show /opt/stack/cinder/cinder/api/v3/groups.py:58}}
Jul 09 15:55:00.993384 dv-cinder-800228-1-iscsi devstack@c-api.service[81220]: INFO cinder.api.openstack.wsgi [None req-102d21f9-e4f8-4aa4-acb1-e86faf4d4f13 tempest-QosSpecsTestJSON-12824929 tempest-QosSpecsTestJSON-12824929-project-admin] http://10.222.0.74/volume/v3/3614d39239684deab0389f19de18d7f6/qos-specs returned with HTTP 200
Jul 09 15:55:01.000094 dv-cinder-800228-1-iscsi devstack@c-api.service[81220]: [pid: 81220|app: 0|req: 69/131] 10.222.0.74 () {58 vars in 1220 bytes} [Fri Jul 9 15:55:00 2021] GET /volume/v3/3614d39239684deab0389f19de18d7f6/qos-specs => generated 175 bytes in 61 msecs (HTTP/1.1 200) 7 headers in 285 bytes (1 switches on core 0)
Jul 09 15:55:01.002613 dv-cinder-800228-1-iscsi devstack@c-api.service[81221]: INFO cinder.api.openstack.wsgi [None req-cc373f7c-5cd0-4048-91a7-5847f59e4b14 tempest-GroupSnapshotsTest-2014652361 tempest-GroupSnapshotsTest-2014652361-project] http://10.222.0.74/volume/v3/70edb3a9d874496989a3fff921b61c10/groups/65cb46f7-d757-4e4b-89fc-5162a90ca2f4 returned with HTTP 404
Jul 09 15:55:01.006895 dv-cinder-800228-1-iscsi devstack@c-api.service[81221]: [pid: 81221|app: 0|req: 63/132] 10.222.0.74 () {60 vars in 1363 bytes} [Fri Jul 9 15:55:00 2021] GET /volume/v3/70edb3a9d874496989a3fff921b61c10/groups/65cb46f7-d757-4e4b-89fc-5162a90ca2f4 => generated 108 bytes in 23 msecs (HTTP/1.1 404) 7 headers in 293 bytes (1 switches on core 0)
Jul 09 15:55:01.010905 dv-cinder-800228-1-iscsi devstack@c-api.service[81220]: INFO cinder.api.openstack.wsgi [None req-1886ae36-9605-47fd-bf83-094c0dcc3a9a tempest-QosSpecsTestJSON-12824929 tempest-QosSpecsTestJSON-12824929-project-admin] POST http://10.222.0.74/volume/v3/3614d39239684deab0389f19de18d7f6/qos-specs
Jul 09 15:55:01.011380 dv-cinder-800228-1-iscsi devstack@c-api.service[81221]: INFO cinder.api.openstack.wsgi [None req-ef5c960e-f5e0-4b09-9fcb-2e2743a89107 tempest-GroupSnapshotsTest-2014652361 tempest-GroupSnapshotsTest-2014652361-project] DELETE http://10.222.0.74/volume/v3/70edb3a9d874496989a3fff921b61c10/group_snapshots/32c9b72a-9dc2-43f3-8a9d-d24935b74286
Jul 09 15:55:01.011702 dv-cinder-800228-1-iscsi devstack@c-api.service[81220]: /usr/local/lib/python3.8/dist-packages/webob/acceptparse.py:1047: DeprecationWarning: The behavior of AcceptValidHeader.best_match is currently being maintained for backward compatibility, but it will be deprecated in the future, as it does not conform to the RFC.
Jul 09 15:55:01.011702 dv-cinder-800228-1-iscsi devstack@c-api.service[81220]: warnings.warn(
Jul 09 15:55:01.012177 dv-cinder-800228-1-iscsi devstack@c-api.service[81221]: DEBUG cinder.api.openstack.wsgi [None req-ef5c960e-f5e0-4b09-9fcb-2e2743a89107 tempest-GroupSnapshotsTest-2014652361 tempest-GroupSnapshotsTest-2014652361-project] Empty body provided in request {{(pid=81221) get_body /opt/stack/cinder/cinder/api/openstack/wsgi.py:714}}
Jul 09 15:55:01.013046 dv-cinder-800228-1-iscsi devstack@c-api.service[81220]: DEBUG cinder.api.openstack.wsgi [None req-1886ae36-9605-47fd-bf83-094c0dcc3a9a tempest-QosSpecsTestJSON-12824929 tempest-QosSpecsTestJSON-12824929-project-admin] Action: 'create', calling method: create, body: {"qos_specs": {"name": "tempest-QosSpecsTestJSON-qos-1433067880", "consumer": "front-end"}} {{(pid=81220) _process_stack /opt/stack/cinder/cinder/api/openstack/wsgi.py:865}}
Jul 09 15:55:01.013621 dv-cinder-800228-1-iscsi devstack@c-api.service[81221]: DEBUG cinder.api.openstack.wsgi [None req-ef5c960e-f5e0-4b09-9fcb-2e2743a89107 tempest-GroupSnapshotsTest-2014652361 tempest-GroupSnapshotsTest-2014652361-project] Calling method 'version_select' {{(pid=81221) _process_stack /opt/stack/cinder/cinder/api/openstack/wsgi.py:867}}
Jul 09 15:55:01.014551 dv-cinder-800228-1-iscsi devstack@c-api.service[81220]: /usr/local/lib/python3.8/dist-packages/oslo_context/context.py:105: DeprecationWarning: Policy enforcement is depending on the value of is_admin. This key is deprecated. Please update your policy file to use the standard policy values.
Jul 09 15:55:01.014551 dv-cinder-800228-1-iscsi devstack@c-api.service[81220]: warnings.warn('Policy enforcement is depending on the value of '
Jul 09 15:55:01.015049 dv-cinder-800228-1-iscsi devstack@c-api.service[81221]: DEBUG cinder.api.v3.group_snapshots [None req-ef5c960e-f5e0-4b09-9fcb-2e2743a89107 tempest-GroupSnapshotsTest-2014652361 tempest-GroupSnapshotsTest-2014652361-project] delete called for member 32c9b72a-9dc2-43f3-8a9d-d24935b74286 {{(pid=81221) delete /opt/stack/cinder/cinder/api/v3/group_snapshots.py:73}}
Jul 09 15:55:01.016079 dv-cinder-800228-1-iscsi devstack@c-api.service[81221]: INFO cinder.api.v3.group_snapshots [None req-ef5c960e-f5e0-4b09-9fcb-2e2743a89107 tempest-GroupSnapshotsTest-2014652361 tempest-GroupSnapshotsTest-2014652361-project] Delete group_snapshot with id: 32c9b72a-9dc2-43f3-8a9d-d24935b74286
Jul 09 15:55:01.016699 dv-cinder-800228-1-iscsi devstack@c-api.service[81220]: DEBUG cinder.volume.qos_specs [None req-1886ae36-9605-47fd-bf83-094c0dcc3a9a tempest-QosSpecsTestJSON-12824929 tempest-QosSpecsTestJSON-12824929-project-admin] Dict for qos_specs: {'name': 'tempest-QosSpecsTestJSON-qos-1433067880', 'consumer': 'front-end', 'specs': {}} {{(pid=81220) create /opt/stack/cinder/cinder/volume/qos_specs.py:64}}
Jul 09 15:55:01.024915 dv-cinder-800228-1-iscsi devstack@c-api.service[81220]: DEBUG cinder.db.sqlalchemy.api [None req-1886ae36-9605-47fd-bf83-094c0dcc3a9a tempest-QosSpecsTestJSON-12824929 tempest-QosSpecsTestJSON-12824929-project-admin] DB qos_specs_create(): root {'id': '1a7b22d4-6ede-40bf-a7f7-df1b4e1ae599', 'key': 'QoS_Specs_Name', 'value': 'tempest-QosSpecsTestJSON-qos-1433067880'} {{(pid=81220) qos_specs_create /opt/stack/cinder/cinder/db/sqlalchemy/api.py:4565}}
Jul 09 15:55:01.035101 dv-cinder-800228-1-iscsi devstack@c-api.service[81221]: /usr/local/lib/python3.8/dist-packages/oslo_context/context.py:105: DeprecationWarning: Policy enforcement is depending on the value of is_admin. This key is deprecated. Please update your policy file to use the standard policy values.
Jul 09 15:55:01.035101 dv-cinder-800228-1-iscsi devstack@c-api.service[81221]: warnings.warn('Policy enforcement is depending on the value of '
Jul 09 15:55:01.040706 dv-cinder-800228-1-iscsi devstack@c-api.service[81220]: INFO cinder.api.openstack.wsgi [None req-1886ae36-9605-47fd-bf83-094c0dcc3a9a tempest-QosSpecsTestJSON-12824929 tempest-QosSpecsTestJSON-12824929-project-admin] http://10.222.0.74/volume/v3/3614d39239684deab0389f19de18d7f6/qos-specs returned with HTTP 200
Jul 09 15:55:01.048387 dv-cinder-800228-1-iscsi devstack@c-api.service[81220]: [pid: 81220|app: 0|req: 70/133] 10.222.0.74 () {60 vars in 1241 bytes} [Fri Jul 9 15:55:01 2021] POST /volume/v3/3614d39239684deab0389f19de18d7f6/qos-specs => generated 436 bytes in 46 msecs (HTTP/1.1 200) 7 headers in 285 bytes (1 switches on core 0)
Jul 09 15:55:01.060004 dv-cinder-800228-1-iscsi devstack@c-api.service[81220]: INFO cinder.api.openstack.wsgi [None req-9a9d5637-b6cc-4d61-aa2f-abf3bfa9de5b tempest-QosSpecsTestJSON-12824929 tempest-QosSpecsTestJSON-12824929-project-admin] DELETE http://10.222.0.74/volume/v3/3614d39239684deab0389f19de18d7f6/qos-specs/1a7b22d4-6ede-40bf-a7f7-df1b4e1ae599?force=False
Jul 09 15:55:01.060492 dv-cinder-800228-1-iscsi devstack@c-api.service[81220]: DEBUG cinder.api.openstack.wsgi [None req-9a9d5637-b6cc-4d61-aa2f-abf3bfa9de5b tempest-QosSpecsTestJSON-12824929 tempest-QosSpecsTestJSON-12824929-project-admin] Empty body provided in request {{(pid=81220) get_body /opt/stack/cinder/cinder/api/openstack/wsgi.py:714}}
Jul 09 15:55:01.060681 dv-cinder-800228-1-iscsi devstack@c-api.service[81220]: /usr/local/lib/python3.8/dist-packages/webob/acceptparse.py:1047: DeprecationWarning: The behavior of AcceptValidHeader.best_match is currently being maintained for backward compatibility, but it will be deprecated in the future, as it does not conform to the RFC.
Jul 09 15:55:01.060681 dv-cinder-800228-1-iscsi devstack@c-api.service[81220]: warnings.warn(
Jul 09 15:55:01.061006 dv-cinder-800228-1-iscsi devstack@c-api.service[81220]: DEBUG cinder.api.openstack.wsgi [None req-9a9d5637-b6cc-4d61-aa2f-abf3bfa9de5b tempest-QosSpecsTestJSON-12824929 tempest-QosSpecsTestJSON-12824929-project-admin] Calling method 'delete' {{(pid=81220) _process_stack /opt/stack/cinder/cinder/api/openstack/wsgi.py:867}}
Jul 09 15:55:01.061692 dv-cinder-800228-1-iscsi devstack@c-api.service[81220]: /usr/local/lib/python3.8/dist-packages/oslo_context/context.py:105: DeprecationWarning: Policy enforcement is depending on the value of is_admin. This key is deprecated. Please update your policy file to use the standard policy values.
Jul 09 15:55:01.061692 dv-cinder-800228-1-iscsi devstack@c-api.service[81220]: warnings.warn('Policy enforcement is depending on the value of '
Jul 09 15:55:01.067038 dv-cinder-800228-1-iscsi devstack@c-api.service[81220]: DEBUG cinder.api.contrib.qos_specs_manage [None req-9a9d5637-b6cc-4d61-aa2f-abf3bfa9de5b tempest-QosSpecsTestJSON-12824929 tempest-QosSpecsTestJSON-12824929-project-admin] Delete qos_spec: 1a7b22d4-6ede-40bf-a7f7-df1b4e1ae599, force: False {{(pid=81220) delete /opt/stack/cinder/cinder/api/contrib/qos_specs_manage.py:169}}
Jul 09 15:55:01.068250 dv-cinder-800228-1-iscsi devstack@c-api.service[81220]: /opt/stack/cinder/cinder/db/sqlalchemy/api.py:4618: SADeprecationWarning: The joinedload_all() function is deprecated, and will be removed in a future release. Please use method chaining with joinedload() instead
Jul 09 15:55:01.068250 dv-cinder-800228-1-iscsi devstack@c-api.service[81220]: options(joinedload_all('specs')).all()
Jul 09 15:55:01.092030 dv-cinder-800228-1-iscsi devstack@c-api.service[81220]: /opt/stack/cinder/cinder/db/sqlalchemy/api.py:4618: SADeprecationWarning: The joinedload_all() function is deprecated, and will be removed in a future release. Please use method chaining with joinedload() instead
Jul 09 15:55:01.092030 dv-cinder-800228-1-iscsi devstack@c-api.service[81220]: options(joinedload_all('specs')).all()
Jul 09 15:55:01.144776 dv-cinder-800228-1-iscsi devstack@c-api.service[81220]: /opt/stack/cinder/cinder/db/sqlalchemy/api.py:4618: SADeprecationWarning: The joinedload_all() function is deprecated, and will be removed in a future release. Please use method chaining with joinedload() instead
Jul 09 15:55:01.144776 dv-cinder-800228-1-iscsi devstack@c-api.service[81220]: options(joinedload_all('specs')).all()
Jul 09 15:55:01.160193 dv-cinder-800228-1-iscsi devstack@c-api.service[81221]: INFO cinder.api.openstack.wsgi [None req-ef5c960e-f5e0-4b09-9fcb-2e2743a89107 tempest-GroupSnapshotsTest-2014652361 tempest-GroupSnapshotsTest-2014652361-project] http://10.222.0.74/volume/v3/70edb3a9d874496989a3fff921b61c10/group_snapshots/32c9b72a-9dc2-43f3-8a9d-d24935b74286 returned with HTTP 202
Jul 09 15:55:01.162732 dv-cinder-800228-1-iscsi devstack@c-api.service[81221]: [pid: 81221|app: 0|req: 64/134] 10.222.0.74 () {60 vars in 1393 bytes} [Fri Jul 9 15:55:01 2021] DELETE /volume/v3/70edb3a9d874496989a3fff921b61c10/group_snapshots/32c9b72a-9dc2-43f3-8a9d-d24935b74286 => generated 0 bytes in 155 msecs (HTTP/1.1 202) 6 headers in 234 bytes (2 switches on core 0)
Jul 09 15:55:01.175442 dv-cinder-800228-1-iscsi devstack@c-api.service[81220]: /usr/local/lib/python3.8/dist-packages/sqlalchemy/orm/evaluator.py:95: SAWarning: Evaluating non-mapped column expression 'updated_at' onto ORM instances; this is a deprecated use case. Please make use of the actual mapped columns in ORM-evaluated UPDATE / DELETE expressions.
Jul 09 15:55:01.175442 dv-cinder-800228-1-iscsi devstack@c-api.service[81220]: util.warn(
Jul 09 15:55:01.176835 dv-cinder-800228-1-iscsi devstack@c-api.service[81221]: INFO cinder.api.openstack.wsgi [None req-7e390ebc-fb83-462b-8e0e-6dc911ee0b36 tempest-GroupsTest-478008722 tempest-GroupsTest-478008722-project] GET http://10.222.0.74/volume/v3/a89da5c7e8464bbfb7aed8b48a461362/groups/0eb8b02a-bdb9-4a6c-ac64-feb0677e9fac
Jul 09 15:55:01.178234 dv-cinder-800228-1-iscsi devstack@c-api.service[81221]: DEBUG cinder.api.openstack.wsgi [None req-7e390ebc-fb83-462b-8e0e-6dc911ee0b36 tempest-GroupsTest-478008722 tempest-GroupsTest-478008722-project] Empty body provided in request {{(pid=81221) get_body /opt/stack/cinder/cinder/api/openstack/wsgi.py:714}}
Jul 09 15:55:01.178659 dv-cinder-800228-1-iscsi devstack@c-api.service[81221]: /usr/local/lib/python3.8/dist-packages/webob/acceptparse.py:1047: DeprecationWarning: The behavior of AcceptValidHeader.best_match is currently being maintained for backward compatibility, but it will be deprecated in the future, as it does not conform to the RFC.
Jul 09 15:55:01.178659 dv-cinder-800228-1-iscsi devstack@c-api.service[81221]: warnings.warn(
Jul 09 15:55:01.182981 dv-cinder-800228-1-iscsi devstack@c-api.service[81221]: DEBUG cinder.api.openstack.wsgi [None req-7e390ebc-fb83-462b-8e0e-6dc911ee0b36 tempest-GroupsTest-478008722 tempest-GroupsTest-478008722-project] Calling method 'version_select' {{(pid=81221) _process_stack /opt/stack/cinder/cinder/api/openstack/wsgi.py:867}}
Jul 09 15:55:01.183970 dv-cinder-800228-1-iscsi devstack@c-api.service[81221]: DEBUG cinder.api.v3.groups [None req-7e390ebc-fb83-462b-8e0e-6dc911ee0b36 tempest-GroupsTest-478008722 tempest-GroupsTest-478008722-project] show called for member 0eb8b02a-bdb9-4a6c-ac64-feb0677e9fac {{(pid=81221) show /opt/stack/cinder/cinder/api/v3/groups.py:58}}
Jul 09 15:55:01.201057 dv-cinder-800228-1-iscsi devstack@c-api.service[81220]: INFO cinder.api.openstack.wsgi [None req-9a9d5637-b6cc-4d61-aa2f-abf3bfa9de5b tempest-QosSpecsTestJSON-12824929 tempest-QosSpecsTestJSON-12824929-project-admin] http://10.222.0.74/volume/v3/3614d39239684deab0389f19de18d7f6/qos-specs/1a7b22d4-6ede-40bf-a7f7-df1b4e1ae599?force=False returned with HTTP 202
Jul 09 15:55:01.204337 dv-cinder-800228-1-iscsi devstack@c-api.service[81220]: [pid: 81220|app: 0|req: 71/135] 10.222.0.74 () {58 vars in 1357 bytes} [Fri Jul 9 15:55:01 2021] DELETE /volume/v3/3614d39239684deab0389f19de18d7f6/qos-specs/1a7b22d4-6ede-40bf-a7f7-df1b4e1ae599?force=False => generated 0 bytes in 155 msecs (HTTP/1.1 202) 6 headers in 233 bytes (1 switches on core 0)
Jul 09 15:55:01.211198 dv-cinder-800228-1-iscsi devstack@c-api.service[81220]: INFO cinder.api.openstack.wsgi [None req-e98925e8-9edc-4c63-91a4-44cc8fa86cb8 tempest-GroupSnapshotsTest-2014652361 tempest-GroupSnapshotsTest-2014652361-project] GET http://10.222.0.74/volume/v3/70edb3a9d874496989a3fff921b61c10/volumes/detail
Jul 09 15:55:01.211971 dv-cinder-800228-1-iscsi devstack@c-api.service[81220]: DEBUG cinder.api.openstack.wsgi [None req-e98925e8-9edc-4c63-91a4-44cc8fa86cb8 tempest-GroupSnapshotsTest-2014652361 tempest-GroupSnapshotsTest-2014652361-project] Empty body provided in request {{(pid=81220) get_body /opt/stack/cinder/cinder/api/openstack/wsgi.py:714}}
Jul 09 15:55:01.213883 dv-cinder-800228-1-iscsi devstack@c-api.service[81220]: /usr/local/lib/python3.8/dist-packages/webob/acceptparse.py:1047: DeprecationWarning: The behavior of AcceptValidHeader.best_match is currently being maintained for backward compatibility, but it will be deprecated in the future, as it does not conform to the RFC.
Jul 09 15:55:01.213883 dv-cinder-800228-1-iscsi devstack@c-api.service[81220]: warnings.warn(
Jul 09 15:55:01.214783 dv-cinder-800228-1-iscsi devstack@c-api.service[81221]: /usr/local/lib/python3.8/dist-packages/oslo_context/context.py:105: DeprecationWarning: Policy enforcement is depending on the value of is_admin. This key is deprecated. Please update your policy file to use the standard policy values.
Jul 09 15:55:01.214783 dv-cinder-800228-1-iscsi devstack@c-api.service[81221]: warnings.warn('Policy enforcement is depending on the value of '
Jul 09 15:55:01.215801 dv-cinder-800228-1-iscsi devstack@c-api.service[81220]: DEBUG cinder.api.openstack.wsgi [None req-e98925e8-9edc-4c63-91a4-44cc8fa86cb8 tempest-GroupSnapshotsTest-2014652361 tempest-GroupSnapshotsTest-2014652361-project] Calling method 'detail' {{(pid=81220) _process_stack /opt/stack/cinder/cinder/api/openstack/wsgi.py:867}}
Jul 09 15:55:01.216670 dv-cinder-800228-1-iscsi devstack@c-api.service[81220]: DEBUG cinder.api.api_utils [None req-e98925e8-9edc-4c63-91a4-44cc8fa86cb8 tempest-GroupSnapshotsTest-2014652361 tempest-GroupSnapshotsTest-2014652361-project] Removing options '' from query. {{(pid=81220) remove_invalid_filter_options /opt/stack/cinder/cinder/api/api_utils.py:64}}
Jul 09 15:55:01.219567 dv-cinder-800228-1-iscsi devstack@c-api.service[81220]: /usr/local/lib/python3.8/dist-packages/oslo_context/context.py:105: DeprecationWarning: Policy enforcement is depending on the value of is_admin. This key is deprecated. Please update your policy file to use the standard policy values.
Jul 09 15:55:01.219567 dv-cinder-800228-1-iscsi devstack@c-api.service[81220]: warnings.warn('Policy enforcement is depending on the value of '
Jul 09 15:55:01.224249 dv-cinder-800228-1-iscsi devstack@c-api.service[81220]: DEBUG cinder.volume.api [None req-e98925e8-9edc-4c63-91a4-44cc8fa86cb8 tempest-GroupSnapshotsTest-2014652361 tempest-GroupSnapshotsTest-2014652361-project] Searching by: MultiDict([('no_migration_targets', True)]). {{(pid=81220) get_all /opt/stack/cinder/cinder/volume/api.py:622}}
Jul 09 15:55:01.320460 dv-cinder-800228-1-iscsi devstack@c-api.service[81220]: INFO cinder.volume.api [None req-e98925e8-9edc-4c63-91a4-44cc8fa86cb8 tempest-GroupSnapshotsTest-2014652361 tempest-GroupSnapshotsTest-2014652361-project] Get all volumes completed successfully.
Jul 09 15:55:01.322346 dv-cinder-800228-1-iscsi devstack@c-api.service[81220]: WARNING stevedore.named [None req-e98925e8-9edc-4c63-91a4-44cc8fa86cb8 tempest-GroupSnapshotsTest-2014652361 tempest-GroupSnapshotsTest-2014652361-project] Could not load cinder.keymgr.conf_key_mgr.ConfKeyManager
Jul 09 15:55:01.322834 dv-cinder-800228-1-iscsi devstack@c-api.service[81220]: WARNING castellan.key_manager [None req-e98925e8-9edc-4c63-91a4-44cc8fa86cb8 tempest-GroupSnapshotsTest-2014652361 tempest-GroupSnapshotsTest-2014652361-project] Deprecation Warning : cinder.keymgr.conf_key_mgr.ConfKeyManager is not a stevedore based driver, trying to load it as a class: stevedore.exception.NoMatches: No 'castellan.drivers' driver found, looking for 'cinder.keymgr.conf_key_mgr.ConfKeyManager'
Jul 09 15:55:01.323542 dv-cinder-800228-1-iscsi devstack@c-api.service[81221]: INFO cinder.api.openstack.wsgi [None req-7e390ebc-fb83-462b-8e0e-6dc911ee0b36 tempest-GroupsTest-478008722 tempest-GroupsTest-478008722-project] http://10.222.0.74/volume/v3/a89da5c7e8464bbfb7aed8b48a461362/groups/0eb8b02a-bdb9-4a6c-ac64-feb0677e9fac returned with HTTP 200
Jul 09 15:55:01.324571 dv-cinder-800228-1-iscsi devstack@c-api.service[81221]: [pid: 81221|app: 0|req: 65/136] 10.222.0.74 () {60 vars in 1363 bytes} [Fri Jul 9 15:55:01 2021] GET /volume/v3/a89da5c7e8464bbfb7aed8b48a461362/groups/0eb8b02a-bdb9-4a6c-ac64-feb0677e9fac => generated 322 bytes in 161 msecs (HTTP/1.1 200) 7 headers in 286 bytes (1 switches on core 0)
Jul 09 15:55:01.332382 dv-cinder-800228-1-iscsi devstack@c-api.service[81220]: DEBUG oslo_db.sqlalchemy.engines [None req-e98925e8-9edc-4c63-91a4-44cc8fa86cb8 tempest-GroupSnapshotsTest-2014652361 tempest-GroupSnapshotsTest-2014652361-project] MySQL server mode set to STRICT_TRANS_TABLES,STRICT_ALL_TABLES,NO_ZERO_IN_DATE,NO_ZERO_DATE,ERROR_FOR_DIVISION_BY_ZERO,TRADITIONAL,NO_ENGINE_SUBSTITUTION {{(pid=81220) _check_effective_sql_mode /usr/local/lib/python3.8/dist-packages/oslo_db/sqlalchemy/engines.py:304}}
Jul 09 15:55:01.336690 dv-cinder-800228-1-iscsi devstack@c-api.service[81221]: INFO cinder.api.openstack.wsgi [None req-b1dc5565-3528-485a-9738-5e7282a106f0 tempest-QosSpecsTestJSON-12824929 tempest-QosSpecsTestJSON-12824929-project-admin] GET http://10.222.0.74/volume/v3/3614d39239684deab0389f19de18d7f6/qos-specs/1a7b22d4-6ede-40bf-a7f7-df1b4e1ae599
Jul 09 15:55:01.337157 dv-cinder-800228-1-iscsi devstack@c-api.service[81221]: DEBUG cinder.api.openstack.wsgi [None req-b1dc5565-3528-485a-9738-5e7282a106f0 tempest-QosSpecsTestJSON-12824929 tempest-QosSpecsTestJSON-12824929-project-admin] Empty body provided in request {{(pid=81221) get_body /opt/stack/cinder/cinder/api/openstack/wsgi.py:714}}
Jul 09 15:55:01.337329 dv-cinder-800228-1-iscsi devstack@c-api.service[81221]: /usr/local/lib/python3.8/dist-packages/webob/acceptparse.py:1047: DeprecationWarning: The behavior of AcceptValidHeader.best_match is currently being maintained for backward compatibility, but it will be deprecated in the future, as it does not conform to the RFC.
Jul 09 15:55:01.337329 dv-cinder-800228-1-iscsi devstack@c-api.service[81221]: warnings.warn(
Jul 09 15:55:01.337648 dv-cinder-800228-1-iscsi devstack@c-api.service[81221]: DEBUG cinder.api.openstack.wsgi [None req-b1dc5565-3528-485a-9738-5e7282a106f0 tempest-QosSpecsTestJSON-12824929 tempest-QosSpecsTestJSON-12824929-project-admin] Calling method 'show' {{(pid=81221) _process_stack /opt/stack/cinder/cinder/api/openstack/wsgi.py:867}}
Jul 09 15:55:01.338252 dv-cinder-800228-1-iscsi devstack@c-api.service[81221]: /usr/local/lib/python3.8/dist-packages/oslo_context/context.py:105: DeprecationWarning: Policy enforcement is depending on the value of is_admin. This key is deprecated. Please update your policy file to use the standard policy values.
Jul 09 15:55:01.338252 dv-cinder-800228-1-iscsi devstack@c-api.service[81221]: warnings.warn('Policy enforcement is depending on the value of '
Jul 09 15:55:01.339588 dv-cinder-800228-1-iscsi devstack@c-api.service[81221]: /opt/stack/cinder/cinder/db/sqlalchemy/api.py:4618: SADeprecationWarning: The joinedload_all() function is deprecated, and will be removed in a future release. Please use method chaining with joinedload() instead
Jul 09 15:55:01.339588 dv-cinder-800228-1-iscsi devstack@c-api.service[81221]: options(joinedload_all('specs')).all()
Jul 09 15:55:01.347791 dv-cinder-800228-1-iscsi devstack@c-api.service[81220]: /usr/local/lib/python3.8/dist-packages/oslo_context/context.py:105: DeprecationWarning: Policy enforcement is depending on the value of is_admin. This key is deprecated. Please update your policy file to use the standard policy values.
Jul 09 15:55:01.347791 dv-cinder-800228-1-iscsi devstack@c-api.service[81220]: warnings.warn('Policy enforcement is depending on the value of '
Jul 09 15:55:01.384343 dv-cinder-800228-1-iscsi devstack@c-api.service[81220]: INFO cinder.api.openstack.wsgi [None req-e98925e8-9edc-4c63-91a4-44cc8fa86cb8 tempest-GroupSnapshotsTest-2014652361 tempest-GroupSnapshotsTest-2014652361-project] http://10.222.0.74/volume/v3/70edb3a9d874496989a3fff921b61c10/volumes/detail returned with HTTP 200
Jul 09 15:55:01.385686 dv-cinder-800228-1-iscsi devstack@c-api.service[81220]: [pid: 81220|app: 0|req: 72/137] 10.222.0.74 () {60 vars in 1276 bytes} [Fri Jul 9 15:55:01 2021] GET /volume/v3/70edb3a9d874496989a3fff921b61c10/volumes/detail => generated 1002 bytes in 181 msecs (HTTP/1.1 200) 7 headers in 287 bytes (1 switches on core 0)
Jul 09 15:55:01.387487 dv-cinder-800228-1-iscsi devstack@c-api.service[81221]: INFO cinder.api.openstack.wsgi [None req-b1dc5565-3528-485a-9738-5e7282a106f0 tempest-QosSpecsTestJSON-12824929 tempest-QosSpecsTestJSON-12824929-project-admin] http://10.222.0.74/volume/v3/3614d39239684deab0389f19de18d7f6/qos-specs/1a7b22d4-6ede-40bf-a7f7-df1b4e1ae599 returned with HTTP 404
Jul 09 15:55:01.402342 dv-cinder-800228-1-iscsi devstack@c-api.service[81221]: [pid: 81221|app: 0|req: 66/138] 10.222.0.74 () {58 vars in 1331 bytes} [Fri Jul 9 15:55:01 2021] GET /volume/v3/3614d39239684deab0389f19de18d7f6/qos-specs/1a7b22d4-6ede-40bf-a7f7-df1b4e1ae599 => generated 100 bytes in 77 msecs (HTTP/1.1 404) 7 headers in 292 bytes (1 switches on core 0)
Jul 09 15:55:01.403065 dv-cinder-800228-1-iscsi devstack@c-api.service[81220]: INFO cinder.api.openstack.wsgi [None req-0d4ec639-d023-4c5b-b3b6-4a0f6e18a22d tempest-GroupsTest-478008722 tempest-GroupsTest-478008722-project] POST http://10.222.0.74/volume/v3/a89da5c7e8464bbfb7aed8b48a461362/groups
Jul 09 15:55:01.403929 dv-cinder-800228-1-iscsi devstack@c-api.service[81220]: /usr/local/lib/python3.8/dist-packages/webob/acceptparse.py:1047: DeprecationWarning: The behavior of AcceptValidHeader.best_match is currently being maintained for backward compatibility, but it will be deprecated in the future, as it does not conform to the RFC.
Jul 09 15:55:01.403929 dv-cinder-800228-1-iscsi devstack@c-api.service[81220]: warnings.warn(
Jul 09 15:55:01.404960 dv-cinder-800228-1-iscsi devstack@c-api.service[81220]: DEBUG cinder.api.openstack.wsgi [None req-0d4ec639-d023-4c5b-b3b6-4a0f6e18a22d tempest-GroupsTest-478008722 tempest-GroupsTest-478008722-project] Action: 'create', calling method: version_select, body: {"group": {"group_type": "4871dba8-f54b-4309-a3a7-80a5ab0e5a10", "volume_types": ["caf24235-a42e-420c-a734-b4a117e4db8d"], "name": "tempest-Group2-669665211"}} {{(pid=81220) _process_stack /opt/stack/cinder/cinder/api/openstack/wsgi.py:865}}
Jul 09 15:55:01.406604 dv-cinder-800228-1-iscsi devstack@c-api.service[81220]: DEBUG cinder.api.v3.groups [None req-0d4ec639-d023-4c5b-b3b6-4a0f6e18a22d tempest-GroupsTest-478008722 tempest-GroupsTest-478008722-project] Creating new group {'group': {'group_type': '4871dba8-f54b-4309-a3a7-80a5ab0e5a10', 'volume_types': ['caf24235-a42e-420c-a734-b4a117e4db8d'], 'name': 'tempest-Group2-669665211'}} {{(pid=81220) create /opt/stack/cinder/cinder/api/v3/groups.py:190}}
Jul 09 15:55:01.417703 dv-cinder-800228-1-iscsi devstack@c-api.service[81221]: INFO cinder.api.openstack.wsgi [None req-014e39e6-6976-44e2-af56-dccb0773e38f tempest-GroupSnapshotsTest-2014652361 tempest-GroupSnapshotsTest-2014652361-project] GET http://10.222.0.74/volume/v3/70edb3a9d874496989a3fff921b61c10/snapshots/detail
Jul 09 15:55:01.422861 dv-cinder-800228-1-iscsi devstack@c-api.service[81221]: DEBUG cinder.api.openstack.wsgi [None req-014e39e6-6976-44e2-af56-dccb0773e38f tempest-GroupSnapshotsTest-2014652361 tempest-GroupSnapshotsTest-2014652361-project] Empty body provided in request {{(pid=81221) get_body /opt/stack/cinder/cinder/api/openstack/wsgi.py:714}}
Jul 09 15:55:01.423524 dv-cinder-800228-1-iscsi devstack@c-api.service[81221]: DEBUG cinder.api.openstack.wsgi [None req-014e39e6-6976-44e2-af56-dccb0773e38f tempest-GroupSnapshotsTest-2014652361 tempest-GroupSnapshotsTest-2014652361-project] Calling method 'detail' {{(pid=81221) _process_stack /opt/stack/cinder/cinder/api/openstack/wsgi.py:867}}
Jul 09 15:55:01.423676 dv-cinder-800228-1-iscsi devstack@c-api.service[81220]: INFO cinder.api.v3.groups [None req-0d4ec639-d023-4c5b-b3b6-4a0f6e18a22d tempest-GroupsTest-478008722 tempest-GroupsTest-478008722-project] Creating group tempest-Group2-669665211.
Jul 09 15:55:01.424227 dv-cinder-800228-1-iscsi devstack@c-api.service[81221]: DEBUG cinder.api.api_utils [None req-014e39e6-6976-44e2-af56-dccb0773e38f tempest-GroupSnapshotsTest-2014652361 tempest-GroupSnapshotsTest-2014652361-project] Removing options '' from query. {{(pid=81221) remove_invalid_filter_options /opt/stack/cinder/cinder/api/api_utils.py:64}}
Jul 09 15:55:01.438300 dv-cinder-800228-1-iscsi devstack@c-api.service[81221]: DEBUG cinder.db.sqlalchemy.api [None req-014e39e6-6976-44e2-af56-dccb0773e38f tempest-GroupSnapshotsTest-2014652361 tempest-GroupSnapshotsTest-2014652361-project] Building query based on filter {{(pid=81221) _process_snaps_filters /opt/stack/cinder/cinder/db/sqlalchemy/api.py:3107}}
Jul 09 15:55:01.455209 dv-cinder-800228-1-iscsi devstack@c-api.service[81220]: INFO cinder.volume.api [None req-0d4ec639-d023-4c5b-b3b6-4a0f6e18a22d tempest-GroupsTest-478008722 tempest-GroupsTest-478008722-project] Availability Zones retrieved successfully.
Jul 09 15:55:01.496141 dv-cinder-800228-1-iscsi devstack@c-api.service[81220]: DEBUG cinder.quota [None req-0d4ec639-d023-4c5b-b3b6-4a0f6e18a22d tempest-GroupsTest-478008722 tempest-GroupsTest-478008722-project] Created reservations ['d2e2d448-9409-4e14-808d-641310599a28'] {{(pid=81220) reserve /opt/stack/cinder/cinder/quota.py:1036}}
Jul 09 15:55:01.526645 dv-cinder-800228-1-iscsi devstack@c-api.service[81221]: INFO cinder.volume.api [None req-014e39e6-6976-44e2-af56-dccb0773e38f tempest-GroupSnapshotsTest-2014652361 tempest-GroupSnapshotsTest-2014652361-project] Get all snapshots completed successfully.
Jul 09 15:55:01.530923 dv-cinder-800228-1-iscsi devstack@c-api.service[81221]: /usr/local/lib/python3.8/dist-packages/oslo_context/context.py:105: DeprecationWarning: Policy enforcement is depending on the value of is_admin. This key is deprecated. Please update your policy file to use the standard policy values.
Jul 09 15:55:01.530923 dv-cinder-800228-1-iscsi devstack@c-api.service[81221]: warnings.warn('Policy enforcement is depending on the value of '
Jul 09 15:55:01.538041 dv-cinder-800228-1-iscsi devstack@c-api.service[81221]: INFO cinder.api.openstack.wsgi [None req-014e39e6-6976-44e2-af56-dccb0773e38f tempest-GroupSnapshotsTest-2014652361 tempest-GroupSnapshotsTest-2014652361-project] http://10.222.0.74/volume/v3/70edb3a9d874496989a3fff921b61c10/snapshots/detail returned with HTTP 200
Jul 09 15:55:01.538827 dv-cinder-800228-1-iscsi devstack@c-api.service[81221]: [pid: 81221|app: 0|req: 67/139] 10.222.0.74 () {58 vars in 1241 bytes} [Fri Jul 9 15:55:01 2021] GET /volume/v3/70edb3a9d874496989a3fff921b61c10/snapshots/detail => generated 452 bytes in 136 msecs (HTTP/1.1 200) 7 headers in 285 bytes (1 switches on core 0)
Jul 09 15:55:01.566432 dv-cinder-800228-1-iscsi devstack@c-api.service[81221]: INFO cinder.api.openstack.wsgi [None req-9e4a2552-8b74-4ea0-b3ef-39ec0a40155d tempest-QosSpecsTestJSON-12824929 tempest-QosSpecsTestJSON-12824929-project-admin] GET http://10.222.0.74/volume/v3/3614d39239684deab0389f19de18d7f6/qos-specs
Jul 09 15:55:01.566901 dv-cinder-800228-1-iscsi devstack@c-api.service[81221]: DEBUG cinder.api.openstack.wsgi [None req-9e4a2552-8b74-4ea0-b3ef-39ec0a40155d tempest-QosSpecsTestJSON-12824929 tempest-QosSpecsTestJSON-12824929-project-admin] Empty body provided in request {{(pid=81221) get_body /opt/stack/cinder/cinder/api/openstack/wsgi.py:714}}
Jul 09 15:55:01.567085 dv-cinder-800228-1-iscsi devstack@c-api.service[81221]: /usr/local/lib/python3.8/dist-packages/webob/acceptparse.py:1047: DeprecationWarning: The behavior of AcceptValidHeader.best_match is currently being maintained for backward compatibility, but it will be deprecated in the future, as it does not conform to the RFC.
Jul 09 15:55:01.567085 dv-cinder-800228-1-iscsi devstack@c-api.service[81221]: warnings.warn(
Jul 09 15:55:01.567403 dv-cinder-800228-1-iscsi devstack@c-api.service[81221]: DEBUG cinder.api.openstack.wsgi [None req-9e4a2552-8b74-4ea0-b3ef-39ec0a40155d tempest-QosSpecsTestJSON-12824929 tempest-QosSpecsTestJSON-12824929-project-admin] Calling method 'index' {{(pid=81221) _process_stack /opt/stack/cinder/cinder/api/openstack/wsgi.py:867}}
Jul 09 15:55:01.571762 dv-cinder-800228-1-iscsi devstack@c-api.service[81221]: /opt/stack/cinder/cinder/db/sqlalchemy/api.py:4725: SADeprecationWarning: The joinedload_all() function is deprecated, and will be removed in a future release. Please use method chaining with joinedload() instead
Jul 09 15:55:01.571762 dv-cinder-800228-1-iscsi devstack@c-api.service[81221]: options(joinedload_all('specs')).filter_by(key='QoS_Specs_Name')
Jul 09 15:55:01.621672 dv-cinder-800228-1-iscsi devstack@c-api.service[81221]: INFO cinder.api.openstack.wsgi [None req-9e4a2552-8b74-4ea0-b3ef-39ec0a40155d tempest-QosSpecsTestJSON-12824929 tempest-QosSpecsTestJSON-12824929-project-admin] http://10.222.0.74/volume/v3/3614d39239684deab0389f19de18d7f6/qos-specs returned with HTTP 200
Jul 09 15:55:01.630119 dv-cinder-800228-1-iscsi devstack@c-api.service[81221]: [pid: 81221|app: 0|req: 68/140] 10.222.0.74 () {58 vars in 1220 bytes} [Fri Jul 9 15:55:01 2021] GET /volume/v3/3614d39239684deab0389f19de18d7f6/qos-specs => generated 175 bytes in 81 msecs (HTTP/1.1 200) 7 headers in 285 bytes (1 switches on core 0)
Jul 09 15:55:01.639601 dv-cinder-800228-1-iscsi devstack@c-api.service[81221]: INFO cinder.api.openstack.wsgi [None req-9f72fee5-3cd2-46cb-98f0-5dd38a101ff6 tempest-GroupSnapshotsTest-2014652361 tempest-GroupSnapshotsTest-2014652361-project] GET http://10.222.0.74/volume/v3/70edb3a9d874496989a3fff921b61c10/snapshots/2fb6bcaf-04a7-491c-acca-ca1c5df2e8ee
Jul 09 15:55:01.642982 dv-cinder-800228-1-iscsi devstack@c-api.service[81221]: DEBUG cinder.api.openstack.wsgi [None req-9f72fee5-3cd2-46cb-98f0-5dd38a101ff6 tempest-GroupSnapshotsTest-2014652361 tempest-GroupSnapshotsTest-2014652361-project] Empty body provided in request {{(pid=81221) get_body /opt/stack/cinder/cinder/api/openstack/wsgi.py:714}}
Jul 09 15:55:01.643284 dv-cinder-800228-1-iscsi devstack@c-api.service[81221]: /usr/local/lib/python3.8/dist-packages/webob/acceptparse.py:1047: DeprecationWarning: The behavior of AcceptValidHeader.best_match is currently being maintained for backward compatibility, but it will be deprecated in the future, as it does not conform to the RFC.
Jul 09 15:55:01.643284 dv-cinder-800228-1-iscsi devstack@c-api.service[81221]: warnings.warn(
Jul 09 15:55:01.643797 dv-cinder-800228-1-iscsi devstack@c-api.service[81221]: DEBUG cinder.api.openstack.wsgi [None req-9f72fee5-3cd2-46cb-98f0-5dd38a101ff6 tempest-GroupSnapshotsTest-2014652361 tempest-GroupSnapshotsTest-2014652361-project] Calling method 'show' {{(pid=81221) _process_stack /opt/stack/cinder/cinder/api/openstack/wsgi.py:867}}
Jul 09 15:55:01.667045 dv-cinder-800228-1-iscsi devstack@c-api.service[81220]: INFO cinder.api.openstack.wsgi [None req-0d4ec639-d023-4c5b-b3b6-4a0f6e18a22d tempest-GroupsTest-478008722 tempest-GroupsTest-478008722-project] http://10.222.0.74/volume/v3/a89da5c7e8464bbfb7aed8b48a461362/groups returned with HTTP 202
Jul 09 15:55:01.668805 dv-cinder-800228-1-iscsi devstack@c-api.service[81220]: [pid: 81220|app: 0|req: 73/141] 10.222.0.74 () {62 vars in 1274 bytes} [Fri Jul 9 15:55:01 2021] POST /volume/v3/a89da5c7e8464bbfb7aed8b48a461362/groups => generated 93 bytes in 282 msecs (HTTP/1.1 202) 7 headers in 291 bytes (1 switches on core 0)
Jul 09 15:55:01.677430 dv-cinder-800228-1-iscsi devstack@c-api.service[81220]: INFO cinder.api.openstack.wsgi [None req-4f5dc947-1d0f-4f9c-bc99-5fd62620bd63 tempest-QosSpecsTestJSON-12824929 tempest-QosSpecsTestJSON-12824929-project-admin] GET http://10.222.0.74/volume/v3/3614d39239684deab0389f19de18d7f6/qos-specs/d7746f56-c4d1-4a4a-b5d0-7ac098907021
Jul 09 15:55:01.679281 dv-cinder-800228-1-iscsi devstack@c-api.service[81220]: DEBUG cinder.api.openstack.wsgi [None req-4f5dc947-1d0f-4f9c-bc99-5fd62620bd63 tempest-QosSpecsTestJSON-12824929 tempest-QosSpecsTestJSON-12824929-project-admin] Empty body provided in request {{(pid=81220) get_body /opt/stack/cinder/cinder/api/openstack/wsgi.py:714}}
Jul 09 15:55:01.680138 dv-cinder-800228-1-iscsi devstack@c-api.service[81220]: /usr/local/lib/python3.8/dist-packages/webob/acceptparse.py:1047: DeprecationWarning: The behavior of AcceptValidHeader.best_match is currently being maintained for backward compatibility, but it will be deprecated in the future, as it does not conform to the RFC.
Jul 09 15:55:01.680138 dv-cinder-800228-1-iscsi devstack@c-api.service[81220]: warnings.warn(
Jul 09 15:55:01.681794 dv-cinder-800228-1-iscsi devstack@c-api.service[81220]: DEBUG cinder.api.openstack.wsgi [None req-4f5dc947-1d0f-4f9c-bc99-5fd62620bd63 tempest-QosSpecsTestJSON-12824929 tempest-QosSpecsTestJSON-12824929-project-admin] Calling method 'show' {{(pid=81220) _process_stack /opt/stack/cinder/cinder/api/openstack/wsgi.py:867}}
Jul 09 15:55:01.683808 dv-cinder-800228-1-iscsi devstack@c-api.service[81220]: /usr/local/lib/python3.8/dist-packages/oslo_context/context.py:105: DeprecationWarning: Policy enforcement is depending on the value of is_admin. This key is deprecated. Please update your policy file to use the standard policy values.
Jul 09 15:55:01.683808 dv-cinder-800228-1-iscsi devstack@c-api.service[81220]: warnings.warn('Policy enforcement is depending on the value of '
Jul 09 15:55:01.686329 dv-cinder-800228-1-iscsi devstack@c-api.service[81220]: /opt/stack/cinder/cinder/db/sqlalchemy/api.py:4618: SADeprecationWarning: The joinedload_all() function is deprecated, and will be removed in a future release. Please use method chaining with joinedload() instead
Jul 09 15:55:01.686329 dv-cinder-800228-1-iscsi devstack@c-api.service[81220]: options(joinedload_all('specs')).all()
Jul 09 15:55:01.701927 dv-cinder-800228-1-iscsi devstack@c-api.service[81220]: INFO cinder.api.openstack.wsgi [None req-4f5dc947-1d0f-4f9c-bc99-5fd62620bd63 tempest-QosSpecsTestJSON-12824929 tempest-QosSpecsTestJSON-12824929-project-admin] http://10.222.0.74/volume/v3/3614d39239684deab0389f19de18d7f6/qos-specs/d7746f56-c4d1-4a4a-b5d0-7ac098907021 returned with HTTP 200
Jul 09 15:55:01.704574 dv-cinder-800228-1-iscsi devstack@c-api.service[81220]: [pid: 81220|app: 0|req: 74/142] 10.222.0.74 () {58 vars in 1331 bytes} [Fri Jul 9 15:55:01 2021] GET /volume/v3/3614d39239684deab0389f19de18d7f6/qos-specs/d7746f56-c4d1-4a4a-b5d0-7ac098907021 => generated 459 bytes in 35 msecs (HTTP/1.1 200) 7 headers in 285 bytes (1 switches on core 0)
Jul 09 15:55:01.711514 dv-cinder-800228-1-iscsi devstack@c-api.service[81220]: INFO cinder.api.openstack.wsgi [None req-47c9996f-9028-4914-855a-0788322bb6eb tempest-GroupsTest-478008722 tempest-GroupsTest-478008722-project] GET http://10.222.0.74/volume/v3/a89da5c7e8464bbfb7aed8b48a461362/groups/8fa9144f-844b-489f-bfc9-e386c0b954e7
Jul 09 15:55:01.712330 dv-cinder-800228-1-iscsi devstack@c-api.service[81220]: DEBUG cinder.api.openstack.wsgi [None req-47c9996f-9028-4914-855a-0788322bb6eb tempest-GroupsTest-478008722 tempest-GroupsTest-478008722-project] Empty body provided in request {{(pid=81220) get_body /opt/stack/cinder/cinder/api/openstack/wsgi.py:714}}
Jul 09 15:55:01.713065 dv-cinder-800228-1-iscsi devstack@c-api.service[81220]: /usr/local/lib/python3.8/dist-packages/webob/acceptparse.py:1047: DeprecationWarning: The behavior of AcceptValidHeader.best_match is currently being maintained for backward compatibility, but it will be deprecated in the future, as it does not conform to the RFC.
Jul 09 15:55:01.713065 dv-cinder-800228-1-iscsi devstack@c-api.service[81220]: warnings.warn(
Jul 09 15:55:01.713506 dv-cinder-800228-1-iscsi devstack@c-api.service[81220]: DEBUG cinder.api.openstack.wsgi [None req-47c9996f-9028-4914-855a-0788322bb6eb tempest-GroupsTest-478008722 tempest-GroupsTest-478008722-project] Calling method 'version_select' {{(pid=81220) _process_stack /opt/stack/cinder/cinder/api/openstack/wsgi.py:867}}
Jul 09 15:55:01.713981 dv-cinder-800228-1-iscsi devstack@c-api.service[81220]: DEBUG cinder.api.v3.groups [None req-47c9996f-9028-4914-855a-0788322bb6eb tempest-GroupsTest-478008722 tempest-GroupsTest-478008722-project] show called for member 8fa9144f-844b-489f-bfc9-e386c0b954e7 {{(pid=81220) show /opt/stack/cinder/cinder/api/v3/groups.py:58}}
Jul 09 15:55:01.724093 dv-cinder-800228-1-iscsi devstack@c-api.service[81220]: /usr/local/lib/python3.8/dist-packages/oslo_context/context.py:105: DeprecationWarning: Policy enforcement is depending on the value of is_admin. This key is deprecated. Please update your policy file to use the standard policy values.
Jul 09 15:55:01.724093 dv-cinder-800228-1-iscsi devstack@c-api.service[81220]: warnings.warn('Policy enforcement is depending on the value of '
Jul 09 15:55:01.767123 dv-cinder-800228-1-iscsi devstack@c-api.service[81220]: INFO cinder.api.openstack.wsgi [None req-47c9996f-9028-4914-855a-0788322bb6eb tempest-GroupsTest-478008722 tempest-GroupsTest-478008722-project] http://10.222.0.74/volume/v3/a89da5c7e8464bbfb7aed8b48a461362/groups/8fa9144f-844b-489f-bfc9-e386c0b954e7 returned with HTTP 200
Jul 09 15:55:01.768722 dv-cinder-800228-1-iscsi devstack@c-api.service[81220]: [pid: 81220|app: 0|req: 75/143] 10.222.0.74 () {60 vars in 1363 bytes} [Fri Jul 9 15:55:01 2021] GET /volume/v3/a89da5c7e8464bbfb7aed8b48a461362/groups/8fa9144f-844b-489f-bfc9-e386c0b954e7 => generated 321 bytes in 63 msecs (HTTP/1.1 200) 7 headers in 286 bytes (1 switches on core 0)
Jul 09 15:55:01.777078 dv-cinder-800228-1-iscsi devstack@c-api.service[81220]: INFO cinder.api.openstack.wsgi [None req-e604d274-1f96-4137-b08d-ab8c05923a02 tempest-QosSpecsTestJSON-12824929 tempest-QosSpecsTestJSON-12824929-project-admin] GET http://10.222.0.74/volume/v3/3614d39239684deab0389f19de18d7f6/qos-specs
Jul 09 15:55:01.777670 dv-cinder-800228-1-iscsi devstack@c-api.service[81220]: DEBUG cinder.api.openstack.wsgi [None req-e604d274-1f96-4137-b08d-ab8c05923a02 tempest-QosSpecsTestJSON-12824929 tempest-QosSpecsTestJSON-12824929-project-admin] Empty body provided in request {{(pid=81220) get_body /opt/stack/cinder/cinder/api/openstack/wsgi.py:714}}
Jul 09 15:55:01.777923 dv-cinder-800228-1-iscsi devstack@c-api.service[81220]: /usr/local/lib/python3.8/dist-packages/webob/acceptparse.py:1047: DeprecationWarning: The behavior of AcceptValidHeader.best_match is currently being maintained for backward compatibility, but it will be deprecated in the future, as it does not conform to the RFC.
Jul 09 15:55:01.777923 dv-cinder-800228-1-iscsi devstack@c-api.service[81220]: warnings.warn(
Jul 09 15:55:01.778321 dv-cinder-800228-1-iscsi devstack@c-api.service[81220]: DEBUG cinder.api.openstack.wsgi [None req-e604d274-1f96-4137-b08d-ab8c05923a02 tempest-QosSpecsTestJSON-12824929 tempest-QosSpecsTestJSON-12824929-project-admin] Calling method 'index' {{(pid=81220) _process_stack /opt/stack/cinder/cinder/api/openstack/wsgi.py:867}}
Jul 09 15:55:01.779606 dv-cinder-800228-1-iscsi devstack@c-api.service[81220]: /usr/local/lib/python3.8/dist-packages/oslo_context/context.py:105: DeprecationWarning: Policy enforcement is depending on the value of is_admin. This key is deprecated. Please update your policy file to use the standard policy values.
Jul 09 15:55:01.779606 dv-cinder-800228-1-iscsi devstack@c-api.service[81220]: warnings.warn('Policy enforcement is depending on the value of '
Jul 09 15:55:01.779906 dv-cinder-800228-1-iscsi devstack@c-api.service[81220]: /opt/stack/cinder/cinder/db/sqlalchemy/api.py:4725: SADeprecationWarning: The joinedload_all() function is deprecated, and will be removed in a future release. Please use method chaining with joinedload() instead
Jul 09 15:55:01.779906 dv-cinder-800228-1-iscsi devstack@c-api.service[81220]: options(joinedload_all('specs')).filter_by(key='QoS_Specs_Name')
Jul 09 15:55:01.797529 dv-cinder-800228-1-iscsi devstack@c-api.service[81220]: INFO cinder.api.openstack.wsgi [None req-e604d274-1f96-4137-b08d-ab8c05923a02 tempest-QosSpecsTestJSON-12824929 tempest-QosSpecsTestJSON-12824929-project-admin] http://10.222.0.74/volume/v3/3614d39239684deab0389f19de18d7f6/qos-specs returned with HTTP 200
Jul 09 15:55:01.798894 dv-cinder-800228-1-iscsi devstack@c-api.service[81220]: [pid: 81220|app: 0|req: 76/144] 10.222.0.74 () {58 vars in 1220 bytes} [Fri Jul 9 15:55:01 2021] GET /volume/v3/3614d39239684deab0389f19de18d7f6/qos-specs => generated 175 bytes in 29 msecs (HTTP/1.1 200) 7 headers in 285 bytes (1 switches on core 0)
Jul 09 15:55:01.810692 dv-cinder-800228-1-iscsi devstack@c-api.service[81221]: INFO cinder.api.openstack.wsgi [None req-9f72fee5-3cd2-46cb-98f0-5dd38a101ff6 tempest-GroupSnapshotsTest-2014652361 tempest-GroupSnapshotsTest-2014652361-project] http://10.222.0.74/volume/v3/70edb3a9d874496989a3fff921b61c10/snapshots/2fb6bcaf-04a7-491c-acca-ca1c5df2e8ee returned with HTTP 404
Jul 09 15:55:01.815606 dv-cinder-800228-1-iscsi devstack@c-api.service[81220]: INFO cinder.api.openstack.wsgi [None req-fb85e3b1-a2e7-4d11-9c95-cea107dc9bd5 tempest-QosSpecsTestJSON-12824929 tempest-QosSpecsTestJSON-12824929-project-admin] PUT http://10.222.0.74/volume/v3/3614d39239684deab0389f19de18d7f6/qos-specs/d7746f56-c4d1-4a4a-b5d0-7ac098907021
Jul 09 15:55:01.815606 dv-cinder-800228-1-iscsi devstack@c-api.service[81220]: /usr/local/lib/python3.8/dist-packages/webob/acceptparse.py:1047: DeprecationWarning: The behavior of AcceptValidHeader.best_match is currently being maintained for backward compatibility, but it will be deprecated in the future, as it does not conform to the RFC.
Jul 09 15:55:01.815606 dv-cinder-800228-1-iscsi devstack@c-api.service[81220]: warnings.warn(
Jul 09 15:55:01.815606 dv-cinder-800228-1-iscsi devstack@c-api.service[81220]: DEBUG cinder.api.openstack.wsgi [None req-fb85e3b1-a2e7-4d11-9c95-cea107dc9bd5 tempest-QosSpecsTestJSON-12824929 tempest-QosSpecsTestJSON-12824929-project-admin] Action: 'update', calling method: update, body: {"qos_specs": {"iops_bytes": "500"}} {{(pid=81220) _process_stack /opt/stack/cinder/cinder/api/openstack/wsgi.py:865}}
Jul 09 15:55:01.815606 dv-cinder-800228-1-iscsi devstack@c-api.service[81220]: /usr/local/lib/python3.8/dist-packages/oslo_context/context.py:105: DeprecationWarning: Policy enforcement is depending on the value of is_admin. This key is deprecated. Please update your policy file to use the standard policy values.
Jul 09 15:55:01.815606 dv-cinder-800228-1-iscsi devstack@c-api.service[81220]: warnings.warn('Policy enforcement is depending on the value of '
Jul 09 15:55:01.817097 dv-cinder-800228-1-iscsi devstack@c-api.service[81220]: /opt/stack/cinder/cinder/db/sqlalchemy/api.py:4618: SADeprecationWarning: The joinedload_all() function is deprecated, and will be removed in a future release. Please use method chaining with joinedload() instead
Jul 09 15:55:01.817097 dv-cinder-800228-1-iscsi devstack@c-api.service[81220]: options(joinedload_all('specs')).all()
Jul 09 15:55:01.822648 dv-cinder-800228-1-iscsi devstack@c-api.service[81221]: [pid: 81221|app: 0|req: 69/145] 10.222.0.74 () {58 vars in 1331 bytes} [Fri Jul 9 15:55:01 2021] GET /volume/v3/70edb3a9d874496989a3fff921b61c10/snapshots/2fb6bcaf-04a7-491c-acca-ca1c5df2e8ee => generated 111 bytes in 191 msecs (HTTP/1.1 404) 7 headers in 292 bytes (1 switches on core 0)
Jul 09 15:55:01.826373 dv-cinder-800228-1-iscsi devstack@c-api.service[81220]: DEBUG cinder.volume.qos_specs [None req-fb85e3b1-a2e7-4d11-9c95-cea107dc9bd5 tempest-QosSpecsTestJSON-12824929 tempest-QosSpecsTestJSON-12824929-project-admin] qos_specs.update(): specs {'iops_bytes': '500'} {{(pid=81220) update /opt/stack/cinder/cinder/volume/qos_specs.py:79}}
Jul 09 15:55:01.827194 dv-cinder-800228-1-iscsi devstack@c-api.service[81220]: /opt/stack/cinder/cinder/db/sqlalchemy/api.py:4618: SADeprecationWarning: The joinedload_all() function is deprecated, and will be removed in a future release. Please use method chaining with joinedload() instead
Jul 09 15:55:01.827194 dv-cinder-800228-1-iscsi devstack@c-api.service[81220]: options(joinedload_all('specs')).all()
Jul 09 15:55:01.836872 dv-cinder-800228-1-iscsi devstack@c-api.service[81221]: INFO cinder.api.openstack.wsgi [None req-e4499d20-59fc-4df0-beb0-dbea1ae03963 tempest-GroupSnapshotsTest-2014652361 tempest-GroupSnapshotsTest-2014652361-project] GET http://10.222.0.74/volume/v3/70edb3a9d874496989a3fff921b61c10/group_snapshots/32c9b72a-9dc2-43f3-8a9d-d24935b74286
Jul 09 15:55:01.837380 dv-cinder-800228-1-iscsi devstack@c-api.service[81221]: DEBUG cinder.api.openstack.wsgi [None req-e4499d20-59fc-4df0-beb0-dbea1ae03963 tempest-GroupSnapshotsTest-2014652361 tempest-GroupSnapshotsTest-2014652361-project] Empty body provided in request {{(pid=81221) get_body /opt/stack/cinder/cinder/api/openstack/wsgi.py:714}}
Jul 09 15:55:01.837816 dv-cinder-800228-1-iscsi devstack@c-api.service[81221]: DEBUG cinder.api.openstack.wsgi [None req-e4499d20-59fc-4df0-beb0-dbea1ae03963 tempest-GroupSnapshotsTest-2014652361 tempest-GroupSnapshotsTest-2014652361-project] Calling method 'version_select' {{(pid=81221) _process_stack /opt/stack/cinder/cinder/api/openstack/wsgi.py:867}}
Jul 09 15:55:01.846315 dv-cinder-800228-1-iscsi devstack@c-api.service[81220]: DEBUG cinder.db.sqlalchemy.api [None req-fb85e3b1-a2e7-4d11-9c95-cea107dc9bd5 tempest-QosSpecsTestJSON-12824929 tempest-QosSpecsTestJSON-12824929-project-admin] qos_specs_update() value: {'id': '7974d19c-8cbd-45a7-ab0c-60b1326dfe25', 'key': 'iops_bytes', 'value': '500', 'specs_id': 'd7746f56-c4d1-4a4a-b5d0-7ac098907021', 'deleted': False} {{(pid=81220) qos_specs_update /opt/stack/cinder/cinder/db/sqlalchemy/api.py:4878}}
Jul 09 15:55:01.857715 dv-cinder-800228-1-iscsi devstack@c-api.service[81220]: INFO cinder.api.openstack.wsgi [None req-fb85e3b1-a2e7-4d11-9c95-cea107dc9bd5 tempest-QosSpecsTestJSON-12824929 tempest-QosSpecsTestJSON-12824929-project-admin] http://10.222.0.74/volume/v3/3614d39239684deab0389f19de18d7f6/qos-specs/d7746f56-c4d1-4a4a-b5d0-7ac098907021 returned with HTTP 200
Jul 09 15:55:01.858166 dv-cinder-800228-1-iscsi devstack@c-api.service[81221]: DEBUG cinder.api.v3.group_snapshots [None req-e4499d20-59fc-4df0-beb0-dbea1ae03963 tempest-GroupSnapshotsTest-2014652361 tempest-GroupSnapshotsTest-2014652361-project] show called for member 32c9b72a-9dc2-43f3-8a9d-d24935b74286 {{(pid=81221) show /opt/stack/cinder/cinder/api/v3/group_snapshots.py:59}}
Jul 09 15:55:01.869120 dv-cinder-800228-1-iscsi devstack@c-api.service[81220]: [pid: 81220|app: 0|req: 77/146] 10.222.0.74 () {60 vars in 1351 bytes} [Fri Jul 9 15:55:01 2021] PUT /volume/v3/3614d39239684deab0389f19de18d7f6/qos-specs/d7746f56-c4d1-4a4a-b5d0-7ac098907021 => generated 36 bytes in 63 msecs (HTTP/1.1 200) 7 headers in 284 bytes (1 switches on core 0)
