Jul 09 15:47:12.687017 dv-cinder-800220-1-smb neutron-server[78596]: DEBUG neutron.api.rpc.handlers.resources_rpc [None req-fcf66887-eb06-4289-81c5-f1b970dfc10a admin admin] Pushing event deleted for resources: {'SecurityGroup': ['ID=13065c4c-4ae8-4fb4-a90e-8f66a2d852ab,revision_number=None']} {{(pid=78596) push /opt/stack/neutron/neutron/api/rpc/handlers/resources_rpc.py:237}}
Jul 09 15:47:12.699828 dv-cinder-800220-1-smb neutron-server[78596]: DEBUG oslo_concurrency.lockutils [None req-fcf66887-eb06-4289-81c5-f1b970dfc10a admin admin] Lock "event-dispatch" released by "neutron.plugins.ml2.ovo_rpc._ObjectChangeHandler.dispatch_events" :: held 0.032s {{(pid=78596) inner /usr/local/lib/python3.8/dist-packages/oslo_concurrency/lockutils.py:367}}
Jul 09 15:47:12.702887 dv-cinder-800220-1-smb neutron-server[78596]: INFO neutron.wsgi [req-8f9a5a01-c0e0-4e70-956b-7590e9917dbd req-a1e1f841-a602-4122-aa27-232034b144cd service neutron] 10.222.0.69 "GET /v2.0/floatingips?fixed_ip_address=172.20.0.9&port_id=da881145-3109-4eb8-a3a5-3bc1aa1e7d94 HTTP/1.1" status: 200 len: 217 time: 0.2843499
Jul 09 15:47:12.711963 dv-cinder-800220-1-smb neutron-server[78596]: DEBUG neutron_lib.callbacks.manager [None req-fcf66887-eb06-4289-81c5-f1b970dfc10a admin admin] Notify callbacks [] for security_group, before_response {{(pid=78596) _notify_loop /usr/local/lib/python3.8/dist-packages/neutron_lib/callbacks/manager.py:192}}
Jul 09 15:47:12.713742 dv-cinder-800220-1-smb neutron-server[78596]: INFO neutron.wsgi [None req-fcf66887-eb06-4289-81c5-f1b970dfc10a admin admin] 10.222.0.63 "DELETE /v2.0/security-groups/13065c4c-4ae8-4fb4-a90e-8f66a2d852ab HTTP/1.1" status: 204 len: 168 time: 0.9803007
Jul 09 15:47:12.803365 dv-cinder-800220-1-smb neutron-server[78595]: DEBUG neutron.pecan_wsgi.hooks.policy_enforcement [req-e79dffb2-3f67-4ccb-bde9-b1fd041e8845 req-45693a63-7ebd-4fb5-b214-dc1c0de743b0 tempest-AttachVolumeNegativeTest-1242028917 tempest-AttachVolumeNegativeTest-1242028917-project] Attributes excluded by policy engine: ['standard_attr_id', 'binding:profile', 'binding:host_id', 'binding:vif_type', 'binding:vif_details'] {{(pid=78595) _exclude_attributes_by_policy /opt/stack/neutron/neutron/pecan_wsgi/hooks/policy_enforcement.py:255}}
Jul 09 15:47:12.804916 dv-cinder-800220-1-smb neutron-server[78595]: INFO neutron.wsgi [req-e79dffb2-3f67-4ccb-bde9-b1fd041e8845 req-45693a63-7ebd-4fb5-b214-dc1c0de743b0 tempest-AttachVolumeNegativeTest-1242028917 tempest-AttachVolumeNegativeTest-1242028917-project] 10.222.0.63 "GET /v2.0/ports?device_id=dbeb374c-cd0d-45cf-b82e-e1e68590ff05 HTTP/1.1" status: 200 len: 945 time: 0.2704954
Jul 09 15:47:12.834082 dv-cinder-800220-1-smb neutron-server[78596]: DEBUG neutron.pecan_wsgi.hooks.policy_enforcement [req-8f9a5a01-c0e0-4e70-956b-7590e9917dbd req-d9f04c86-c8ea-41fa-835f-1107c2dcd147 service neutron] Attributes excluded by policy engine: ['standard_attr_id', 'shared'] {{(pid=78596) _exclude_attributes_by_policy /opt/stack/neutron/neutron/pecan_wsgi/hooks/policy_enforcement.py:255}}
Jul 09 15:47:12.838649 dv-cinder-800220-1-smb neutron-server[78596]: INFO neutron.wsgi [req-8f9a5a01-c0e0-4e70-956b-7590e9917dbd req-d9f04c86-c8ea-41fa-835f-1107c2dcd147 service neutron] 10.222.0.69 "GET /v2.0/subnets?id=db7727cb-4913-4e2e-ad18-d9063112c230 HTTP/1.1" status: 200 len: 859 time: 0.1218779
Jul 09 15:47:12.899480 dv-cinder-800220-1-smb neutron-server[78596]: INFO neutron.wsgi [req-8f9a5a01-c0e0-4e70-956b-7590e9917dbd req-908387ac-e164-48bb-bdb7-daf9af31c47b service neutron] 10.222.0.69 "GET /v2.0/ports?network_id=6ef0f731-44e6-4e91-9d9f-5ccfeb33d4c0&device_owner=network%3Adhcp HTTP/1.1" status: 200 len: 210 time: 0.0538418
Jul 09 15:47:12.941274 dv-cinder-800220-1-smb neutron-server[78598]: DEBUG neutron.db.agents_db [None req-a2828e86-c326-48fa-ae20-ed684a7c265e None None] Agent healthcheck: found 6 active agents {{(pid=78598) agent_health_check /opt/stack/neutron/neutron/db/agents_db.py:328}}
Jul 09 15:47:12.961832 dv-cinder-800220-1-smb neutron-server[78596]: DEBUG neutron_lib.callbacks.manager [None req-ca202beb-ca9b-47e5-b5d4-a5f31a7fe017 admin admin] Notify callbacks [] for security_group, before_create {{(pid=78596) _notify_loop /usr/local/lib/python3.8/dist-packages/neutron_lib/callbacks/manager.py:192}}
Jul 09 15:47:12.962764 dv-cinder-800220-1-smb neutron-server[78595]: DEBUG neutron.api.rpc.handlers.resources_rpc [None req-e14dc267-2411-4b6d-838f-20d34575cf41 service neutron] Pushing event updated for resources: {'Port': ['ID=756b771b-cdb7-4950-a2dd-064aaa5d6867,revision_number=2']} {{(pid=78595) push /opt/stack/neutron/neutron/api/rpc/handlers/resources_rpc.py:237}}
Jul 09 15:47:12.996219 dv-cinder-800220-1-smb neutron-server[78595]: DEBUG oslo_concurrency.lockutils [None req-e14dc267-2411-4b6d-838f-20d34575cf41 service neutron] Lock "event-dispatch" released by "neutron.plugins.ml2.ovo_rpc._ObjectChangeHandler.dispatch_events" :: held 0.331s {{(pid=78595) inner /usr/local/lib/python3.8/dist-packages/oslo_concurrency/lockutils.py:367}}
Jul 09 15:47:13.033816 dv-cinder-800220-1-smb neutron-server[78595]: INFO neutron.wsgi [req-e79dffb2-3f67-4ccb-bde9-b1fd041e8845 req-93ac5e78-2a4e-4036-ac3c-11e30d3749c9 tempest-AttachVolumeNegativeTest-1242028917 tempest-AttachVolumeNegativeTest-1242028917-project] 10.222.0.63 "GET /v2.0/security-groups?id=7f0c67e6-a633-4e93-a5e4-d0fe84de17df&fields=id&fields=name HTTP/1.1" status: 200 len: 286 time: 0.1231942
Jul 09 15:47:13.038176 dv-cinder-800220-1-smb neutron-server[78595]: DEBUG neutron.plugins.ml2.managers [req-d6abea2f-2c78-4c9b-9cfe-dab08dd84b6c req-e14dc267-2411-4b6d-838f-20d34575cf41 service neutron] Attempting to bind port 756b771b-cdb7-4950-a2dd-064aaa5d6867 on host hv-cinder-80022 for vnic_type normal with profile {{(pid=78595) bind_port /opt/stack/neutron/neutron/plugins/ml2/managers.py:790}}
Jul 09 15:47:13.038899 dv-cinder-800220-1-smb neutron-server[78595]: DEBUG neutron.plugins.ml2.managers [req-d6abea2f-2c78-4c9b-9cfe-dab08dd84b6c req-e14dc267-2411-4b6d-838f-20d34575cf41 service neutron] Attempting to bind port 756b771b-cdb7-4950-a2dd-064aaa5d6867 by drivers openvswitch,hyperv on host hv-cinder-80022 at level 0 using segments [{'id': 'b3e5f526-8f7f-4da5-a1fd-0ca1db64e800', 'network_type': 'vlan', 'physical_network': 'physnet1', 'segmentation_id': 762, 'network_id': '6ef0f731-44e6-4e91-9d9f-5ccfeb33d4c0'}] {{(pid=78595) _bind_port_level /opt/stack/neutron/neutron/plugins/ml2/managers.py:815}}
Jul 09 15:47:13.039463 dv-cinder-800220-1-smb neutron-server[78595]: DEBUG neutron.plugins.ml2.drivers.mech_agent [req-d6abea2f-2c78-4c9b-9cfe-dab08dd84b6c req-e14dc267-2411-4b6d-838f-20d34575cf41 service neutron] Attempting to bind port 756b771b-cdb7-4950-a2dd-064aaa5d6867 on network 6ef0f731-44e6-4e91-9d9f-5ccfeb33d4c0 {{(pid=78595) bind_port /opt/stack/neutron/neutron/plugins/ml2/drivers/mech_agent.py:86}}
Jul 09 15:47:13.044531 dv-cinder-800220-1-smb neutron-server[78595]: DEBUG neutron.plugins.ml2.drivers.mech_agent [req-d6abea2f-2c78-4c9b-9cfe-dab08dd84b6c req-e14dc267-2411-4b6d-838f-20d34575cf41 service neutron] Port 756b771b-cdb7-4950-a2dd-064aaa5d6867 on network 6ef0f731-44e6-4e91-9d9f-5ccfeb33d4c0 not bound, no agent of type Open vSwitch agent registered on host hv-cinder-80022 {{(pid=78595) bind_port /opt/stack/neutron/neutron/plugins/ml2/drivers/mech_agent.py:98}}
Jul 09 15:47:13.045116 dv-cinder-800220-1-smb neutron-server[78595]: DEBUG neutron.plugins.ml2.drivers.mech_agent [req-d6abea2f-2c78-4c9b-9cfe-dab08dd84b6c req-e14dc267-2411-4b6d-838f-20d34575cf41 service neutron] Attempting to bind port 756b771b-cdb7-4950-a2dd-064aaa5d6867 on network 6ef0f731-44e6-4e91-9d9f-5ccfeb33d4c0 {{(pid=78595) bind_port /opt/stack/neutron/neutron/plugins/ml2/drivers/mech_agent.py:86}}
Jul 09 15:47:13.049381 dv-cinder-800220-1-smb neutron-server[78596]: DEBUG neutron.db.quota.driver [None req-ca202beb-ca9b-47e5-b5d4-a5f31a7fe017 admin admin] Resources subnetpool have unlimited quota limit. It is not required to calculate headroom {{(pid=78596) make_reservation /opt/stack/neutron/neutron/db/quota/driver.py:219}}
Jul 09 15:47:13.051939 dv-cinder-800220-1-smb neutron-server[78595]: DEBUG neutron.plugins.ml2.drivers.mech_agent [req-d6abea2f-2c78-4c9b-9cfe-dab08dd84b6c req-e14dc267-2411-4b6d-838f-20d34575cf41 service neutron] Checking agent: {'id': '618137dc-c1b4-49fb-a349-d6d3e640f7ce', 'agent_type': 'HyperV agent', 'binary': 'neutron-hyperv-agent', 'topic': 'N/A', 'host': 'hv-cinder-80022', 'admin_state_up': True, 'created_at': datetime.datetime(2021, 7, 9, 15, 44, 45), 'started_at': datetime.datetime(2021, 7, 9, 15, 44, 45), 'heartbeat_timestamp': datetime.datetime(2021, 7, 9, 15, 46, 45), 'description': None, 'resources_synced': None, 'availability_zone': None, 'alive': True, 'configurations': {'vswitch_mappings': {'physnet1$': 'br-data'}}, 'resource_versions': {}} {{(pid=78595) bind_port /opt/stack/neutron/neutron/plugins/ml2/drivers/mech_agent.py:105}}
Jul 09 15:47:13.052508 dv-cinder-800220-1-smb neutron-server[78595]: DEBUG neutron.plugins.ml2.drivers.mech_agent [req-d6abea2f-2c78-4c9b-9cfe-dab08dd84b6c req-e14dc267-2411-4b6d-838f-20d34575cf41 service neutron] Checking segment: {'id': 'b3e5f526-8f7f-4da5-a1fd-0ca1db64e800', 'network_type': 'vlan', 'physical_network': 'physnet1', 'segmentation_id': 762, 'network_id': '6ef0f731-44e6-4e91-9d9f-5ccfeb33d4c0'} for mappings: {'physnet1$': 'br-data'} with network types: ['local', 'flat', 'vlan'] {{(pid=78595) check_segment_for_agent /opt/stack/neutron/neutron/plugins/ml2/drivers/mech_agent.py:341}}
Jul 09 15:47:13.053107 dv-cinder-800220-1-smb neutron-server[78595]: DEBUG neutron.plugins.ml2.drivers.mech_agent [req-d6abea2f-2c78-4c9b-9cfe-dab08dd84b6c req-e14dc267-2411-4b6d-838f-20d34575cf41 service neutron] Bound using segment: {'id': 'b3e5f526-8f7f-4da5-a1fd-0ca1db64e800', 'network_type': 'vlan', 'physical_network': 'physnet1', 'segmentation_id': 762, 'network_id': '6ef0f731-44e6-4e91-9d9f-5ccfeb33d4c0'} {{(pid=78595) bind_port /opt/stack/neutron/neutron/plugins/ml2/drivers/mech_agent.py:115}}
Jul 09 15:47:13.053736 dv-cinder-800220-1-smb neutron-server[78595]: DEBUG neutron.plugins.ml2.managers [req-d6abea2f-2c78-4c9b-9cfe-dab08dd84b6c req-e14dc267-2411-4b6d-838f-20d34575cf41 service neutron] Bound port: 756b771b-cdb7-4950-a2dd-064aaa5d6867, host: hv-cinder-80022, vif_type: hyperv, vif_details: {"connectivity": "legacy", "port_filter": false}, binding_levels: [{'bound_driver': 'hyperv', 'bound_segment': {'id': 'b3e5f526-8f7f-4da5-a1fd-0ca1db64e800', 'network_type': 'vlan', 'physical_network': 'physnet1', 'segmentation_id': 762, 'network_id': '6ef0f731-44e6-4e91-9d9f-5ccfeb33d4c0'}}] {{(pid=78595) _bind_port_level /opt/stack/neutron/neutron/plugins/ml2/managers.py:928}}
Jul 09 15:47:13.054345 dv-cinder-800220-1-smb neutron-server[78595]: DEBUG neutron_lib.callbacks.manager [req-d6abea2f-2c78-4c9b-9cfe-dab08dd84b6c req-e14dc267-2411-4b6d-838f-20d34575cf41 service neutron] Notify callbacks ['neutron.plugins.ml2.plugin.SecurityGroupDbMixin._ensure_default_security_group_handler-1347549'] for port, before_update {{(pid=78595) _notify_loop /usr/local/lib/python3.8/dist-packages/neutron_lib/callbacks/manager.py:192}}
Jul 09 15:47:13.063476 dv-cinder-800220-1-smb neutron-server[78596]: DEBUG neutron.quota.resource [None req-ca202beb-ca9b-47e5-b5d4-a5f31a7fe017 admin admin] Usage tracker for resource:security_group_rule and tenant:c913c795802c41bd9c54b1c4244b07fb is out of sync, need to count used quota {{(pid=78596) count_used /opt/stack/neutron/neutron/quota/resource.py:270}}
Jul 09 15:47:13.074493 dv-cinder-800220-1-smb neutron-server[78596]: DEBUG neutron.quota.resource [None req-ca202beb-ca9b-47e5-b5d4-a5f31a7fe017 admin admin] Quota usage for security_group_rule was recalculated. Used quota:0. {{(pid=78596) count_used /opt/stack/neutron/neutron/quota/resource.py:290}}
Jul 09 15:47:13.101709 dv-cinder-800220-1-smb neutron-server[78596]: DEBUG neutron.db.quota.driver [None req-ca202beb-ca9b-47e5-b5d4-a5f31a7fe017 admin admin] Attempting to reserve 4 items for resource security_group_rule. Total usage: 0; quota limit: 100; headroom:100 {{(pid=78596) make_reservation /opt/stack/neutron/neutron/db/quota/driver.py:246}}
Jul 09 15:47:13.157033 dv-cinder-800220-1-smb neutron-server[78596]: INFO neutron.wsgi [req-8f9a5a01-c0e0-4e70-956b-7590e9917dbd req-4469e4e1-20d7-4b55-bb23-fc8cf060d0c2 service neutron] 10.222.0.69 "GET /v2.0/networks/6ef0f731-44e6-4e91-9d9f-5ccfeb33d4c0?fields=segments HTTP/1.1" status: 200 len: 212 time: 0.2404234
Jul 09 15:47:13.166645 dv-cinder-800220-1-smb neutron-server[78595]: DEBUG neutron.plugins.ml2.db [req-d6abea2f-2c78-4c9b-9cfe-dab08dd84b6c req-e14dc267-2411-4b6d-838f-20d34575cf41 service neutron] For port 756b771b-cdb7-4950-a2dd-064aaa5d6867, host hv-cinder-80022, cleared binding levels {{(pid=78595) clear_binding_levels /opt/stack/neutron/neutron/plugins/ml2/db.py:88}}
Jul 09 15:47:13.170513 dv-cinder-800220-1-smb neutron-server[78595]: DEBUG neutron.plugins.ml2.db [req-d6abea2f-2c78-4c9b-9cfe-dab08dd84b6c req-e14dc267-2411-4b6d-838f-20d34575cf41 service neutron] For port 756b771b-cdb7-4950-a2dd-064aaa5d6867, host hv-cinder-80022, set binding levels [PortBindingLevel(driver='hyperv',host='hv-cinder-80022',level=0,port_id=756b771b-cdb7-4950-a2dd-064aaa5d6867,segment=NetworkSegment(b3e5f526-8f7f-4da5-a1fd-0ca1db64e800),segment_id=b3e5f526-8f7f-4da5-a1fd-0ca1db64e800)] {{(pid=78595) set_binding_levels /opt/stack/neutron/neutron/plugins/ml2/db.py:60}}
Jul 09 15:47:13.178231 dv-cinder-800220-1-smb neutron-server[78595]: DEBUG neutron_lib.callbacks.manager [req-d6abea2f-2c78-4c9b-9cfe-dab08dd84b6c req-e14dc267-2411-4b6d-838f-20d34575cf41 service neutron] Notify callbacks ['neutron.plugins.ml2.plugin.SecurityGroupServerNotifierRpcMixin.notify_sg_on_port_change-1347354', 'neutron.plugins.ml2.ovo_rpc._ObjectChangeHandler.handle_event-53545', 'neutron.api.rpc.agentnotifiers.dhcp_rpc_agent_api.DhcpAgentNotifyAPI._native_event_send_dhcp_notification-641757', 'neutron.db.l3_db.L3RpcNotifierMixin._notify_gateway_port_ip_changed-8791662116554', 'neutron.db.l3_dvrscheduler_db._notify_l3_agent_port_update-8791661751062', 'neutron.db.l3_hascheduler_db._notify_l3_agent_ha_port_update-8791661751107'] for port, after_update {{(pid=78595) _notify_loop /usr/local/lib/python3.8/dist-packages/neutron_lib/callbacks/manager.py:192}}
Jul 09 15:47:13.184852 dv-cinder-800220-1-smb neutron-server[78595]: DEBUG oslo_concurrency.lockutils [None req-e14dc267-2411-4b6d-838f-20d34575cf41 service neutron] Lock "event-dispatch" acquired by "neutron.plugins.ml2.ovo_rpc._ObjectChangeHandler.dispatch_events" :: waited 0.000s {{(pid=78595) inner /usr/local/lib/python3.8/dist-packages/oslo_concurrency/lockutils.py:355}}
Jul 09 15:47:13.193936 dv-cinder-800220-1-smb neutron-server[78596]: DEBUG neutron.wsgi [-] (78596) accepted ('10.222.0.63', 50178) {{(pid=78596) server /usr/local/lib/python3.8/dist-packages/eventlet/wsgi.py:992}}
Jul 09 15:47:13.277389 dv-cinder-800220-1-smb neutron-server[78596]: DEBUG neutron_lib.callbacks.manager [None req-72808f20-90f7-4cd6-bf8d-17834bb2f7c5 admin admin] Notify callbacks [] for security_group, before_create {{(pid=78596) _notify_loop /usr/local/lib/python3.8/dist-packages/neutron_lib/callbacks/manager.py:192}}
Jul 09 15:47:13.278076 dv-cinder-800220-1-smb neutron-server[78595]: DEBUG neutron.api.rpc.handlers.resources_rpc [None req-e14dc267-2411-4b6d-838f-20d34575cf41 service neutron] Pushing event updated for resources: {'Port': ['ID=756b771b-cdb7-4950-a2dd-064aaa5d6867,revision_number=3']} {{(pid=78595) push /opt/stack/neutron/neutron/api/rpc/handlers/resources_rpc.py:237}}
Jul 09 15:47:13.282462 dv-cinder-800220-1-smb neutron-server[78595]: DEBUG oslo_concurrency.lockutils [None req-e14dc267-2411-4b6d-838f-20d34575cf41 service neutron] Lock "event-dispatch" released by "neutron.plugins.ml2.ovo_rpc._ObjectChangeHandler.dispatch_events" :: held 0.098s {{(pid=78595) inner /usr/local/lib/python3.8/dist-packages/oslo_concurrency/lockutils.py:367}}
Jul 09 15:47:13.286606 dv-cinder-800220-1-smb neutron-server[78595]: DEBUG neutron.pecan_wsgi.hooks.policy_enforcement [req-d6abea2f-2c78-4c9b-9cfe-dab08dd84b6c req-e14dc267-2411-4b6d-838f-20d34575cf41 service neutron] Attributes excluded by policy engine: ['standard_attr_id'] {{(pid=78595) _exclude_attributes_by_policy /opt/stack/neutron/neutron/pecan_wsgi/hooks/policy_enforcement.py:255}}
Jul 09 15:47:13.287493 dv-cinder-800220-1-smb neutron-server[78595]: DEBUG neutron_lib.callbacks.manager [req-d6abea2f-2c78-4c9b-9cfe-dab08dd84b6c req-e14dc267-2411-4b6d-838f-20d34575cf41 service neutron] Notify callbacks ['neutron.notifiers.nova.Notifier._send_nova_notification-904240', 'neutron.api.rpc.agentnotifiers.dhcp_rpc_agent_api.DhcpAgentNotifyAPI._send_dhcp_notification-641743'] for port, before_response {{(pid=78595) _notify_loop /usr/local/lib/python3.8/dist-packages/neutron_lib/callbacks/manager.py:192}}
Jul 09 15:47:13.289036 dv-cinder-800220-1-smb neutron-server[78595]: INFO neutron.wsgi [req-d6abea2f-2c78-4c9b-9cfe-dab08dd84b6c req-e14dc267-2411-4b6d-838f-20d34575cf41 service neutron] 10.222.0.69 "PUT /v2.0/ports/756b771b-cdb7-4950-a2dd-064aaa5d6867 HTTP/1.1" status: 200 len: 1094 time: 2.1416814
Jul 09 15:47:13.289649 dv-cinder-800220-1-smb neutron-server[78595]: DEBUG neutron.notifiers.nova [-] Sending events: [{'name': 'network-changed', 'server_uuid': 'd8eb556f-7b65-46e4-8523-04892f108244', 'tag': '756b771b-cdb7-4950-a2dd-064aaa5d6867'}] {{(pid=78595) send_events /opt/stack/neutron/neutron/notifiers/nova.py:262}}
Jul 09 15:47:13.329882 dv-cinder-800220-1-smb neutron-server[78596]: DEBUG neutron.db.quota.driver [None req-72808f20-90f7-4cd6-bf8d-17834bb2f7c5 admin admin] Resources subnetpool have unlimited quota limit. It is not required to calculate headroom {{(pid=78596) make_reservation /opt/stack/neutron/neutron/db/quota/driver.py:219}}
Jul 09 15:47:13.357868 dv-cinder-800220-1-smb neutron-server[78596]: DEBUG neutron.quota.resource [None req-72808f20-90f7-4cd6-bf8d-17834bb2f7c5 admin admin] Usage tracker for resource:security_group_rule and tenant:c1825a42d9af4d5f88cbd37ce51a0246 is out of sync, need to count used quota {{(pid=78596) count_used /opt/stack/neutron/neutron/quota/resource.py:270}}
Jul 09 15:47:13.361898 dv-cinder-800220-1-smb neutron-server[78595]: INFO neutron.notifiers.nova [-] Nova event response: {'name': 'network-changed', 'server_uuid': 'd8eb556f-7b65-46e4-8523-04892f108244', 'tag': '756b771b-cdb7-4950-a2dd-064aaa5d6867', 'status': 'completed', 'code': 200}
Jul 09 15:47:13.368278 dv-cinder-800220-1-smb neutron-server[78596]: DEBUG neutron.quota.resource [None req-72808f20-90f7-4cd6-bf8d-17834bb2f7c5 admin admin] Quota usage for security_group_rule was recalculated. Used quota:0. {{(pid=78596) count_used /opt/stack/neutron/neutron/quota/resource.py:290}}
Jul 09 15:47:13.401480 dv-cinder-800220-1-smb neutron-server[78596]: DEBUG neutron.db.quota.driver [None req-72808f20-90f7-4cd6-bf8d-17834bb2f7c5 admin admin] Attempting to reserve 4 items for resource security_group_rule. Total usage: 0; quota limit: 100; headroom:100 {{(pid=78596) make_reservation /opt/stack/neutron/neutron/db/quota/driver.py:246}}
Jul 09 15:47:13.410003 dv-cinder-800220-1-smb neutron-server[78596]: INFO neutron.wsgi [req-8f9a5a01-c0e0-4e70-956b-7590e9917dbd req-66b06bcb-ff70-43f6-8bf8-59d561c3f772 service neutron] 10.222.0.69 "GET /v2.0/networks/6ef0f731-44e6-4e91-9d9f-5ccfeb33d4c0?fields=provider%3Aphysical_network&fields=provider%3Anetwork_type HTTP/1.1" status: 200 len: 281 time: 0.2442670
Jul 09 15:47:13.445141 dv-cinder-800220-1-smb neutron-server[78596]: DEBUG neutron_lib.callbacks.manager [None req-ca202beb-ca9b-47e5-b5d4-a5f31a7fe017 admin admin] Notify callbacks [] for security_group, precommit_create {{(pid=78596) _notify_loop /usr/local/lib/python3.8/dist-packages/neutron_lib/callbacks/manager.py:192}}
Jul 09 15:47:13.454204 dv-cinder-800220-1-smb neutron-server[78596]: DEBUG neutron_lib.callbacks.manager [None req-ca202beb-ca9b-47e5-b5d4-a5f31a7fe017 admin admin] Notify callbacks ['neutron.plugins.ml2.ovo_rpc._ObjectChangeHandler.handle_event-353972'] for security_group, after_create {{(pid=78596) _notify_loop /usr/local/lib/python3.8/dist-packages/neutron_lib/callbacks/manager.py:192}}
Jul 09 15:47:13.480417 dv-cinder-800220-1-smb neutron-server[78595]: DEBUG neutron.pecan_wsgi.hooks.policy_enforcement [req-d6abea2f-2c78-4c9b-9cfe-dab08dd84b6c req-0d856dc7-0343-4a24-94ae-806a8a46d92a service neutron] Attributes excluded by policy engine: ['standard_attr_id'] {{(pid=78595) _exclude_attributes_by_policy /opt/stack/neutron/neutron/pecan_wsgi/hooks/policy_enforcement.py:255}}
Jul 09 15:47:13.482054 dv-cinder-800220-1-smb neutron-server[78595]: INFO neutron.wsgi [req-d6abea2f-2c78-4c9b-9cfe-dab08dd84b6c req-0d856dc7-0343-4a24-94ae-806a8a46d92a service neutron] 10.222.0.69 "GET /v2.0/ports?tenant_id=ef34ff48bbb849cc8becd603adb59f93&device_id=d8eb556f-7b65-46e4-8523-04892f108244 HTTP/1.1" status: 200 len: 1097 time: 0.1000574
Jul 09 15:47:13.492489 dv-cinder-800220-1-smb neutron-server[78596]: DEBUG oslo_concurrency.lockutils [None req-fcf66887-eb06-4289-81c5-f1b970dfc10a admin admin] Lock "event-dispatch" acquired by "neutron.plugins.ml2.ovo_rpc._ObjectChangeHandler.dispatch_events" :: waited 0.000s {{(pid=78596) inner /usr/local/lib/python3.8/dist-packages/oslo_concurrency/lockutils.py:355}}
Jul 09 15:47:13.603547 dv-cinder-800220-1-smb neutron-server[78596]: DEBUG neutron.api.rpc.handlers.resources_rpc [None req-ca202beb-ca9b-47e5-b5d4-a5f31a7fe017 admin admin] Pushing event updated for resources: {'SecurityGroup': ['ID=83e11af3-667c-4c74-8d44-ec43d970d7cd,revision_number=1']} {{(pid=78596) push /opt/stack/neutron/neutron/api/rpc/handlers/resources_rpc.py:237}}
Jul 09 15:47:13.617573 dv-cinder-800220-1-smb neutron-server[78596]: DEBUG oslo_concurrency.lockutils [None req-ca202beb-ca9b-47e5-b5d4-a5f31a7fe017 admin admin] Lock "event-dispatch" released by "neutron.plugins.ml2.ovo_rpc._ObjectChangeHandler.dispatch_events" :: held 0.125s {{(pid=78596) inner /usr/local/lib/python3.8/dist-packages/oslo_concurrency/lockutils.py:367}}
Jul 09 15:47:13.623744 dv-cinder-800220-1-smb neutron-server[78597]: DEBUG neutron.plugins.ml2.rpc [None req-b07651cb-d81a-4cc2-be50-a6760f393b74 None None] Device eb155cc6-1a91-48f5-8fab-c518617c9f4c details requested by agent hyperv_hv-cinder-80022 with host hv-cinder-80022 {{(pid=78597) get_device_details /opt/stack/neutron/neutron/plugins/ml2/rpc.py:88}}
Jul 09 15:47:13.627371 dv-cinder-800220-1-smb neutron-server[78595]: INFO neutron.wsgi [req-d6abea2f-2c78-4c9b-9cfe-dab08dd84b6c req-d59854ca-2e68-4bcd-9c4b-d7becd1a0ef5 service neutron] 10.222.0.69 "GET /v2.0/floatingips?fixed_ip_address=172.20.0.13&port_id=756b771b-cdb7-4950-a2dd-064aaa5d6867 HTTP/1.1" status: 200 len: 217 time: 0.1101229
Jul 09 15:47:13.741285 dv-cinder-800220-1-smb neutron-server[78597]: DEBUG neutron.plugins.ml2.rpc [None req-b07651cb-d81a-4cc2-be50-a6760f393b74 None None] Device 61d10d9d-9368-43aa-8274-3aef00b88e97 up at agent hyperv_hv-cinder-80022 {{(pid=78597) update_device_up /opt/stack/neutron/neutron/plugins/ml2/rpc.py:278}}
Jul 09 15:47:13.767750 dv-cinder-800220-1-smb neutron-server[78596]: INFO neutron.wsgi [None req-ca202beb-ca9b-47e5-b5d4-a5f31a7fe017 admin admin] 10.222.0.63 "GET /v2.0/security-groups?tenant_id=c913c795802c41bd9c54b1c4244b07fb&name=default HTTP/1.1" status: 200 len: 2979 time: 1.3882318
Jul 09 15:47:13.774559 dv-cinder-800220-1-smb neutron-server[78595]: DEBUG neutron.wsgi [-] (78595) accepted ('10.222.0.63', 50202) {{(pid=78595) server /usr/local/lib/python3.8/dist-packages/eventlet/wsgi.py:992}}
Jul 09 15:47:13.818295 dv-cinder-800220-1-smb neutron-server[78595]: DEBUG neutron.pecan_wsgi.hooks.policy_enforcement [req-d6abea2f-2c78-4c9b-9cfe-dab08dd84b6c req-30639c42-4d82-4b68-9cbe-1388d4512cb3 service neutron] Attributes excluded by policy engine: ['standard_attr_id', 'shared'] {{(pid=78595) _exclude_attributes_by_policy /opt/stack/neutron/neutron/pecan_wsgi/hooks/policy_enforcement.py:255}}
Jul 09 15:47:13.819740 dv-cinder-800220-1-smb neutron-server[78595]: INFO neutron.wsgi [req-d6abea2f-2c78-4c9b-9cfe-dab08dd84b6c req-30639c42-4d82-4b68-9cbe-1388d4512cb3 service neutron] 10.222.0.69 "GET /v2.0/subnets?id=db7727cb-4913-4e2e-ad18-d9063112c230 HTTP/1.1" status: 200 len: 859 time: 0.1749718
Jul 09 15:47:13.873192 dv-cinder-800220-1-smb neutron-server[78597]: DEBUG neutron.db.provisioning_blocks [None req-b07651cb-d81a-4cc2-be50-a6760f393b74 None None] Provisioning for port 61d10d9d-9368-43aa-8274-3aef00b88e97 completed by entity L2. {{(pid=78597) provisioning_complete /opt/stack/neutron/neutron/db/provisioning_blocks.py:133}}
Jul 09 15:47:13.886547 dv-cinder-800220-1-smb neutron-server[78597]: DEBUG neutron.db.provisioning_blocks [None req-b07651cb-d81a-4cc2-be50-a6760f393b74 None None] Provisioning complete for port 61d10d9d-9368-43aa-8274-3aef00b88e97 triggered by entity L2. {{(pid=78597) provisioning_complete /opt/stack/neutron/neutron/db/provisioning_blocks.py:139}}
Jul 09 15:47:13.887255 dv-cinder-800220-1-smb neutron-server[78597]: DEBUG neutron_lib.callbacks.manager [None req-b07651cb-d81a-4cc2-be50-a6760f393b74 None None] Notify callbacks ['neutron.plugins.ml2.plugin.Ml2Plugin._port_provisioned-1392998'] for port, provisioning_complete {{(pid=78597) _notify_loop /usr/local/lib/python3.8/dist-packages/neutron_lib/callbacks/manager.py:192}}
Jul 09 15:47:13.887837 dv-cinder-800220-1-smb neutron-server[78595]: INFO neutron.wsgi [req-d6abea2f-2c78-4c9b-9cfe-dab08dd84b6c req-58f6b3f9-d95b-44a9-980a-d39582416569 service neutron] 10.222.0.69 "GET /v2.0/ports?network_id=6ef0f731-44e6-4e91-9d9f-5ccfeb33d4c0&device_owner=network%3Adhcp HTTP/1.1" status: 200 len: 210 time: 0.0596161
Jul 09 15:47:13.942629 dv-cinder-800220-1-smb neutron-server[78595]: DEBUG neutron.pecan_wsgi.hooks.policy_enforcement [req-06bb0acb-c8ac-4d73-8478-fd6c21ec24f9 req-8ae4727d-bd4c-4e0d-aa92-19b256732afe tempest-DeleteServersTestJSON-2139496459 tempest-DeleteServersTestJSON-2139496459-project] Attributes excluded by policy engine: ['standard_attr_id', 'binding:profile', 'binding:host_id', 'binding:vif_type', 'binding:vif_details'] {{(pid=78595) _exclude_attributes_by_policy /opt/stack/neutron/neutron/pecan_wsgi/hooks/policy_enforcement.py:255}}
Jul 09 15:47:13.944195 dv-cinder-800220-1-smb neutron-server[78595]: INFO neutron.wsgi [req-06bb0acb-c8ac-4d73-8478-fd6c21ec24f9 req-8ae4727d-bd4c-4e0d-aa92-19b256732afe tempest-DeleteServersTestJSON-2139496459 tempest-DeleteServersTestJSON-2139496459-project] 10.222.0.63 "GET /v2.0/ports?device_id=f0f94d1e-fedf-4574-a4d7-dea9707a3252 HTTP/1.1" status: 200 len: 943 time: 0.3655043
Jul 09 15:47:13.952674 dv-cinder-800220-1-smb neutron-server[78595]: DEBUG neutron_lib.callbacks.manager [None req-81a27b01-be35-4133-ad7a-60b4e40f7ff1 admin admin] Notify callbacks [] for security_group, before_delete {{(pid=78595) _notify_loop /usr/local/lib/python3.8/dist-packages/neutron_lib/callbacks/manager.py:192}}
Jul 09 15:47:13.973110 dv-cinder-800220-1-smb neutron-server[78597]: DEBUG neutron.plugins.ml2.db [None req-b07651cb-d81a-4cc2-be50-a6760f393b74 None None] For port eb155cc6-1a91-48f5-8fab-c518617c9f4c, host hv-cinder-80022, got binding levels [PortBindingLevel(driver='hyperv',host='hv-cinder-80022',level=0,port_id=eb155cc6-1a91-48f5-8fab-c518617c9f4c,segment=NetworkSegment(b2920c80-a158-4910-a1ad-2c88869ab8a6),segment_id=b2920c80-a158-4910-a1ad-2c88869ab8a6)] {{(pid=78597) get_binding_level_objs /opt/stack/neutron/neutron/plugins/ml2/db.py:75}}
Jul 09 15:47:14.006712 dv-cinder-800220-1-smb neutron-server[78596]: DEBUG neutron.pecan_wsgi.hooks.policy_enforcement [req-84ffc4c1-cda8-4da4-9799-e996db142de9 req-985cd7c2-3bcb-496e-96ee-0889833561b9 tempest-ServerRescueNegativeTestJSON-1190863400 tempest-ServerRescueNegativeTestJSON-1190863400-project] Attributes excluded by policy engine: ['standard_attr_id', 'binding:profile', 'binding:host_id', 'binding:vif_type', 'binding:vif_details'] {{(pid=78596) _exclude_attributes_by_policy /opt/stack/neutron/neutron/pecan_wsgi/hooks/policy_enforcement.py:255}}
Jul 09 15:47:14.013999 dv-cinder-800220-1-smb neutron-server[78596]: INFO neutron.wsgi [req-84ffc4c1-cda8-4da4-9799-e996db142de9 req-985cd7c2-3bcb-496e-96ee-0889833561b9 tempest-ServerRescueNegativeTestJSON-1190863400 tempest-ServerRescueNegativeTestJSON-1190863400-project] 10.222.0.63 "GET /v2.0/ports?device_id=d8eb556f-7b65-46e4-8523-04892f108244 HTTP/1.1" status: 200 len: 944 time: 0.4734299
Jul 09 15:47:14.028823 dv-cinder-800220-1-smb neutron-server[78597]: DEBUG neutron.plugins.ml2.rpc [None req-b07651cb-d81a-4cc2-be50-a6760f393b74 None None] Returning: {'device': 'eb155cc6-1a91-48f5-8fab-c518617c9f4c', 'network_id': '1a569318-8a30-481e-9182-7df6942b3cb9', 'port_id': 'eb155cc6-1a91-48f5-8fab-c518617c9f4c', 'mac_address': 'fa:16:3e:18:a8:07', 'admin_state_up': True, 'network_type': 'vlan', 'segmentation_id': 791, 'physical_network': 'physnet1', 'mtu': 1500, 'fixed_ips': [{'subnet_id': '41667aad-0e40-43b1-bbbc-c0af510b0ca0', 'ip_address': '172.20.0.8'}], 'device_owner': 'compute:nova', 'allowed_address_pairs': [], 'port_security_enabled': True, 'qos_policy_id': None, 'network_qos_policy_id': None, 'profile': {}, 'propagate_uplink_status': False} {{(pid=78597) _get_device_details /opt/stack/neutron/neutron/plugins/ml2/rpc.py:168}}
Jul 09 15:47:14.088220 dv-cinder-800220-1-smb neutron-server[78596]: DEBUG neutron.pecan_wsgi.hooks.policy_enforcement [req-3b9f51e6-3c43-4461-8b97-c1e5150fd34d req-c6267d09-6f2f-48ec-b53d-a81d908ad9ef service neutron] Attributes excluded by policy engine: ['standard_attr_id'] {{(pid=78596) _exclude_attributes_by_policy /opt/stack/neutron/neutron/pecan_wsgi/hooks/policy_enforcement.py:255}}
Jul 09 15:47:14.089712 dv-cinder-800220-1-smb neutron-server[78596]: INFO neutron.wsgi [req-3b9f51e6-3c43-4461-8b97-c1e5150fd34d req-c6267d09-6f2f-48ec-b53d-a81d908ad9ef service neutron] 10.222.0.69 "GET /v2.0/ports?tenant_id=ef34ff48bbb849cc8becd603adb59f93&device_id=f3cb9573-31dd-45e1-8ff3-a7428b9cc80e HTTP/1.1" status: 200 len: 1096 time: 0.5538802
Jul 09 15:47:14.111841 dv-cinder-800220-1-smb neutron-server[78596]: DEBUG neutron_lib.callbacks.manager [None req-72808f20-90f7-4cd6-bf8d-17834bb2f7c5 admin admin] Notify callbacks [] for security_group, precommit_create {{(pid=78596) _notify_loop /usr/local/lib/python3.8/dist-packages/neutron_lib/callbacks/manager.py:192}}
Jul 09 15:47:14.172638 dv-cinder-800220-1-smb neutron-server[78595]: INFO neutron.wsgi [req-06bb0acb-c8ac-4d73-8478-fd6c21ec24f9 req-62ac28cd-8944-46b6-be26-e3abae09c6ca tempest-DeleteServersTestJSON-2139496459 tempest-DeleteServersTestJSON-2139496459-project] 10.222.0.63 "GET /v2.0/security-groups?id=696ad960-4b02-4b53-a17a-441856f22ffa&fields=id&fields=name HTTP/1.1" status: 200 len: 286 time: 0.1645379
Jul 09 15:47:14.174684 dv-cinder-800220-1-smb neutron-server[78596]: DEBUG neutron_lib.callbacks.manager [None req-72808f20-90f7-4cd6-bf8d-17834bb2f7c5 admin admin] Notify callbacks ['neutron.plugins.ml2.ovo_rpc._ObjectChangeHandler.handle_event-353972'] for security_group, after_create {{(pid=78596) _notify_loop /usr/local/lib/python3.8/dist-packages/neutron_lib/callbacks/manager.py:192}}
Jul 09 15:47:14.189131 dv-cinder-800220-1-smb neutron-server[78595]: DEBUG neutron_lib.callbacks.manager [None req-81a27b01-be35-4133-ad7a-60b4e40f7ff1 admin admin] Notify callbacks [] for security_group, precommit_delete {{(pid=78595) _notify_loop /usr/local/lib/python3.8/dist-packages/neutron_lib/callbacks/manager.py:192}}
Jul 09 15:47:14.283581 dv-cinder-800220-1-smb neutron-server[78597]: DEBUG neutron_lib.callbacks.manager [None req-b07651cb-d81a-4cc2-be50-a6760f393b74 None None] Notify callbacks ['neutron.plugins.ml2.plugin.SecurityGroupDbMixin._ensure_default_security_group_handler-1347549'] for port, before_update {{(pid=78597) _notify_loop /usr/local/lib/python3.8/dist-packages/neutron_lib/callbacks/manager.py:192}}
Jul 09 15:47:14.308674 dv-cinder-800220-1-smb neutron-server[78597]: DEBUG neutron_lib.callbacks.manager [None req-b07651cb-d81a-4cc2-be50-a6760f393b74 None None] Notify callbacks ['neutron.plugins.ml2.plugin.SecurityGroupDbMixin._ensure_default_security_group_handler-1347549'] for port, before_update {{(pid=78597) _notify_loop /usr/local/lib/python3.8/dist-packages/neutron_lib/callbacks/manager.py:192}}
Jul 09 15:47:14.316966 dv-cinder-800220-1-smb neutron-server[78596]: DEBUG oslo_concurrency.lockutils [None req-32c2b758-9bc9-4dd4-acac-3563125465e5 admin admin] Lock "event-dispatch" acquired by "neutron.plugins.ml2.ovo_rpc._ObjectChangeHandler.dispatch_events" :: waited 0.000s {{(pid=78596) inner /usr/local/lib/python3.8/dist-packages/oslo_concurrency/lockutils.py:355}}
Jul 09 15:47:14.344278 dv-cinder-800220-1-smb neutron-server[78597]: DEBUG neutron.notifiers.nova [None req-b07651cb-d81a-4cc2-be50-a6760f393b74 None None] Ignoring state change previous_port_status: DOWN current_port_status: BUILD port_id eb155cc6-1a91-48f5-8fab-c518617c9f4c {{(pid=78597) record_port_status_changed /opt/stack/neutron/neutron/notifiers/nova.py:224}}
Jul 09 15:47:14.391663 dv-cinder-800220-1-smb neutron-server[78596]: INFO neutron.wsgi [req-84ffc4c1-cda8-4da4-9799-e996db142de9 req-dbf9cdbb-fae2-4ca7-99a7-f1b65d654250 tempest-ServerRescueNegativeTestJSON-1190863400 tempest-ServerRescueNegativeTestJSON-1190863400-project] 10.222.0.63 "GET /v2.0/security-groups?id=ba86f48c-b863-4a36-af77-62d43d1ad92c&fields=id&fields=name HTTP/1.1" status: 200 len: 286 time: 0.3768845
Jul 09 15:47:14.423511 dv-cinder-800220-1-smb neutron-server[78597]: DEBUG neutron.notifiers.nova [-] Sending events: [{'server_uuid': 'dbeb374c-cd0d-45cf-b82e-e1e68590ff05', 'name': 'network-vif-plugged', 'status': 'completed', 'tag': '61d10d9d-9368-43aa-8274-3aef00b88e97'}] {{(pid=78597) send_events /opt/stack/neutron/neutron/notifiers/nova.py:262}}
Jul 09 15:47:14.449477 dv-cinder-800220-1-smb neutron-server[78595]: INFO neutron.wsgi [req-d6abea2f-2c78-4c9b-9cfe-dab08dd84b6c req-887d4f2b-2f79-4a7a-bbe5-0cf7d9fff63d service neutron] 10.222.0.69 "GET /v2.0/networks/6ef0f731-44e6-4e91-9d9f-5ccfeb33d4c0?fields=segments HTTP/1.1" status: 200 len: 212 time: 0.5500684
Jul 09 15:47:14.450174 dv-cinder-800220-1-smb neutron-server[78595]: DEBUG neutron_lib.callbacks.manager [None req-81a27b01-be35-4133-ad7a-60b4e40f7ff1 admin admin] Notify callbacks ['neutron.plugins.ml2.ovo_rpc._ObjectChangeHandler.handle_event-353972'] for security_group, after_delete {{(pid=78595) _notify_loop /usr/local/lib/python3.8/dist-packages/neutron_lib/callbacks/manager.py:192}}
Jul 09 15:47:14.477440 dv-cinder-800220-1-smb neutron-server[78596]: INFO neutron.wsgi [None req-72808f20-90f7-4cd6-bf8d-17834bb2f7c5 admin admin] 10.222.0.63 "GET /v2.0/security-groups?tenant_id=c1825a42d9af4d5f88cbd37ce51a0246&name=default HTTP/1.1" status: 200 len: 2979 time: 1.2805374
Jul 09 15:47:14.490382 dv-cinder-800220-1-smb neutron-server[78596]: DEBUG neutron.api.rpc.handlers.resources_rpc [None req-72808f20-90f7-4cd6-bf8d-17834bb2f7c5 admin admin] Pushing event updated for resources: {'SecurityGroup': ['ID=79abe6ff-98ab-4c5f-83fb-d067d2092043,revision_number=1']} {{(pid=78596) push /opt/stack/neutron/neutron/api/rpc/handlers/resources_rpc.py:237}}
Jul 09 15:47:14.492912 dv-cinder-800220-1-smb neutron-server[78596]: DEBUG neutron.wsgi [-] (78596) accepted ('10.222.0.63', 50230) {{(pid=78596) server /usr/local/lib/python3.8/dist-packages/eventlet/wsgi.py:992}}
Jul 09 15:47:14.500385 dv-cinder-800220-1-smb neutron-server[78596]: DEBUG oslo_concurrency.lockutils [None req-72808f20-90f7-4cd6-bf8d-17834bb2f7c5 admin admin] Lock "event-dispatch" released by "neutron.plugins.ml2.ovo_rpc._ObjectChangeHandler.dispatch_events" :: held 0.183s {{(pid=78596) inner /usr/local/lib/python3.8/dist-packages/oslo_concurrency/lockutils.py:367}}
Jul 09 15:47:14.548677 dv-cinder-800220-1-smb neutron-server[78597]: DEBUG neutron.plugins.ml2.db [None req-b07651cb-d81a-4cc2-be50-a6760f393b74 None None] For port eb155cc6-1a91-48f5-8fab-c518617c9f4c, host hv-cinder-80022, got binding levels [PortBindingLevel(driver='hyperv',host='hv-cinder-80022',level=0,port_id=eb155cc6-1a91-48f5-8fab-c518617c9f4c,segment=NetworkSegment(b2920c80-a158-4910-a1ad-2c88869ab8a6),segment_id=b2920c80-a158-4910-a1ad-2c88869ab8a6)] {{(pid=78597) get_binding_level_objs /opt/stack/neutron/neutron/plugins/ml2/db.py:75}}
Jul 09 15:47:14.563621 dv-cinder-800220-1-smb neutron-server[78597]: DEBUG neutron_lib.callbacks.manager [None req-b07651cb-d81a-4cc2-be50-a6760f393b74 None None] Notify callbacks ['neutron.plugins.ml2.plugin.SecurityGroupServerNotifierRpcMixin.notify_sg_on_port_change-1347354', 'neutron.plugins.ml2.ovo_rpc._ObjectChangeHandler.handle_event-53545', 'neutron.api.rpc.agentnotifiers.dhcp_rpc_agent_api.DhcpAgentNotifyAPI._native_event_send_dhcp_notification-641757', 'neutron.db.l3_db.L3RpcNotifierMixin._notify_gateway_port_ip_changed-8791662116554', 'neutron.db.l3_dvrscheduler_db._notify_l3_agent_port_update-8791661751062', 'neutron.db.l3_hascheduler_db._notify_l3_agent_ha_port_update-8791661751107'] for port, after_update {{(pid=78597) _notify_loop /usr/local/lib/python3.8/dist-packages/neutron_lib/callbacks/manager.py:192}}
Jul 09 15:47:14.579252 dv-cinder-800220-1-smb neutron-server[78597]: DEBUG neutron.plugins.ml2.db [None req-b07651cb-d81a-4cc2-be50-a6760f393b74 None None] For port 61d10d9d-9368-43aa-8274-3aef00b88e97, host hv-cinder-80022, got binding levels [PortBindingLevel(driver='hyperv',host='hv-cinder-80022',level=0,port_id=61d10d9d-9368-43aa-8274-3aef00b88e97,segment=NetworkSegment(458f4d97-ffd9-4638-b5e2-9ec8a51f1a8f),segment_id=458f4d97-ffd9-4638-b5e2-9ec8a51f1a8f)] {{(pid=78597) get_binding_level_objs /opt/stack/neutron/neutron/plugins/ml2/db.py:75}}
Jul 09 15:47:14.588631 dv-cinder-800220-1-smb neutron-server[78597]: DEBUG oslo_concurrency.lockutils [None req-60db5b5a-b5fd-425a-b70a-b73b38f0d806 None None] Lock "event-dispatch" acquired by "neutron.plugins.ml2.ovo_rpc._ObjectChangeHandler.dispatch_events" :: waited 0.000s {{(pid=78597) inner /usr/local/lib/python3.8/dist-packages/oslo_concurrency/lockutils.py:355}}
Jul 09 15:47:14.639366 dv-cinder-800220-1-smb neutron-server[78596]: DEBUG neutron.pecan_wsgi.hooks.policy_enforcement [req-3b9f51e6-3c43-4461-8b97-c1e5150fd34d req-58427075-ebd9-470d-8e02-e3f322a6cecf service neutron] Attributes excluded by policy engine: ['standard_attr_id', 'vlan_transparent'] {{(pid=78596) _exclude_attributes_by_policy /opt/stack/neutron/neutron/pecan_wsgi/hooks/policy_enforcement.py:255}}
Jul 09 15:47:14.640899 dv-cinder-800220-1-smb neutron-server[78596]: INFO neutron.wsgi [req-3b9f51e6-3c43-4461-8b97-c1e5150fd34d req-58427075-ebd9-470d-8e02-e3f322a6cecf service neutron] 10.222.0.69 "GET /v2.0/networks?id=6ef0f731-44e6-4e91-9d9f-5ccfeb33d4c0 HTTP/1.1" status: 200 len: 920 time: 0.5248864
Jul 09 15:47:14.673137 dv-cinder-800220-1-smb neutron-server[78597]: DEBUG neutron_lib.callbacks.manager [None req-b07651cb-d81a-4cc2-be50-a6760f393b74 None None] Notify callbacks ['neutron.plugins.ml2.plugin.SecurityGroupServerNotifierRpcMixin.notify_sg_on_port_change-1347354', 'neutron.plugins.ml2.ovo_rpc._ObjectChangeHandler.handle_event-53545', 'neutron.api.rpc.agentnotifiers.dhcp_rpc_agent_api.DhcpAgentNotifyAPI._native_event_send_dhcp_notification-641757', 'neutron.db.l3_db.L3RpcNotifierMixin._notify_gateway_port_ip_changed-8791662116554', 'neutron.db.l3_dvrscheduler_db._notify_l3_agent_port_update-8791661751062', 'neutron.db.l3_hascheduler_db._notify_l3_agent_ha_port_update-8791661751107'] for port, after_update {{(pid=78597) _notify_loop /usr/local/lib/python3.8/dist-packages/neutron_lib/callbacks/manager.py:192}}
Jul 09 15:47:14.678139 dv-cinder-800220-1-smb neutron-server[78595]: DEBUG oslo_concurrency.lockutils [None req-6a62d7af-3be0-4001-8ddd-13a2f0a22800 admin admin] Lock "event-dispatch" acquired by "neutron.plugins.ml2.ovo_rpc._ObjectChangeHandler.dispatch_events" :: waited 0.000s {{(pid=78595) inner /usr/local/lib/python3.8/dist-packages/oslo_concurrency/lockutils.py:355}}
Jul 09 15:47:14.685686 dv-cinder-800220-1-smb neutron-server[78597]: DEBUG neutron.api.rpc.handlers.resources_rpc [None req-b07651cb-d81a-4cc2-be50-a6760f393b74 None None] Pushing event updated for resources: {'Port': ['ID=eb155cc6-1a91-48f5-8fab-c518617c9f4c,revision_number=4']} {{(pid=78597) push /opt/stack/neutron/neutron/api/rpc/handlers/resources_rpc.py:237}}
Jul 09 15:47:14.689768 dv-cinder-800220-1-smb neutron-server[78597]: DEBUG oslo_concurrency.lockutils [None req-b07651cb-d81a-4cc2-be50-a6760f393b74 None None] Lock "event-dispatch" released by "neutron.plugins.ml2.ovo_rpc._ObjectChangeHandler.dispatch_events" :: held 0.101s {{(pid=78597) inner /usr/local/lib/python3.8/dist-packages/oslo_concurrency/lockutils.py:367}}
Jul 09 15:47:14.690296 dv-cinder-800220-1-smb neutron-server[78597]: DEBUG oslo_concurrency.lockutils [None req-b07651cb-d81a-4cc2-be50-a6760f393b74 None None] Lock "event-dispatch" acquired by "neutron.plugins.ml2.ovo_rpc._ObjectChangeHandler.dispatch_events" :: waited 0.000s {{(pid=78597) inner /usr/local/lib/python3.8/dist-packages/oslo_concurrency/lockutils.py:355}}
Jul 09 15:47:14.759741 dv-cinder-800220-1-smb neutron-server[78596]: INFO neutron.wsgi [req-3b9f51e6-3c43-4461-8b97-c1e5150fd34d req-8325c728-321c-46d2-bab7-1b9d1b8954ab service neutron] 10.222.0.69 "GET /v2.0/floatingips?fixed_ip_address=172.20.0.9&port_id=da881145-3109-4eb8-a3a5-3bc1aa1e7d94 HTTP/1.1" status: 200 len: 217 time: 0.1034195
Jul 09 15:47:14.795114 dv-cinder-800220-1-smb neutron-server[78595]: DEBUG neutron.api.rpc.handlers.resources_rpc [None req-81a27b01-be35-4133-ad7a-60b4e40f7ff1 admin admin] Pushing event deleted for resources: {'SecurityGroup': ['ID=83e11af3-667c-4c74-8d44-ec43d970d7cd,revision_number=None']} {{(pid=78595) push /opt/stack/neutron/neutron/api/rpc/handlers/resources_rpc.py:237}}
Jul 09 15:47:14.816962 dv-cinder-800220-1-smb neutron-server[78595]: DEBUG oslo_concurrency.lockutils [None req-81a27b01-be35-4133-ad7a-60b4e40f7ff1 admin admin] Lock "event-dispatch" released by "neutron.plugins.ml2.ovo_rpc._ObjectChangeHandler.dispatch_events" :: held 0.139s {{(pid=78595) inner /usr/local/lib/python3.8/dist-packages/oslo_concurrency/lockutils.py:367}}
Jul 09 15:47:14.819888 dv-cinder-800220-1-smb neutron-server[78595]: DEBUG neutron_lib.callbacks.manager [None req-81a27b01-be35-4133-ad7a-60b4e40f7ff1 admin admin] Notify callbacks [] for security_group, before_response {{(pid=78595) _notify_loop /usr/local/lib/python3.8/dist-packages/neutron_lib/callbacks/manager.py:192}}
Jul 09 15:47:14.821723 dv-cinder-800220-1-smb neutron-server[78597]: DEBUG neutron.api.rpc.handlers.resources_rpc [None req-b07651cb-d81a-4cc2-be50-a6760f393b74 None None] Pushing event updated for resources: {'Port': ['ID=61d10d9d-9368-43aa-8274-3aef00b88e97,revision_number=5']} {{(pid=78597) push /opt/stack/neutron/neutron/api/rpc/handlers/resources_rpc.py:237}}
Jul 09 15:47:14.833954 dv-cinder-800220-1-smb neutron-server[78595]: INFO neutron.wsgi [None req-81a27b01-be35-4133-ad7a-60b4e40f7ff1 admin admin] 10.222.0.63 "DELETE /v2.0/security-groups/83e11af3-667c-4c74-8d44-ec43d970d7cd HTTP/1.1" status: 204 len: 168 time: 1.0583985
Jul 09 15:47:14.837152 dv-cinder-800220-1-smb neutron-server[78595]: INFO neutron.wsgi [req-d6abea2f-2c78-4c9b-9cfe-dab08dd84b6c req-8f59ed75-5e62-4344-b683-3b5aa80a7356 service neutron] 10.222.0.69 "GET /v2.0/networks/6ef0f731-44e6-4e91-9d9f-5ccfeb33d4c0?fields=provider%3Aphysical_network&fields=provider%3Anetwork_type HTTP/1.1" status: 200 len: 281 time: 0.3791106
Jul 09 15:47:14.840873 dv-cinder-800220-1-smb neutron-server[78597]: DEBUG oslo_concurrency.lockutils [None req-b07651cb-d81a-4cc2-be50-a6760f393b74 None None] Lock "event-dispatch" released by "neutron.plugins.ml2.ovo_rpc._ObjectChangeHandler.dispatch_events" :: held 0.151s {{(pid=78597) inner /usr/local/lib/python3.8/dist-packages/oslo_concurrency/lockutils.py:367}}
Jul 09 15:47:14.859201 dv-cinder-800220-1-smb neutron-server[78595]: DEBUG neutron.pecan_wsgi.hooks.policy_enforcement [req-e3895e59-c954-4657-b20a-b3ae4eacd1f4 req-6bd07dac-85ce-4834-aebe-152b711db0eb tempest-AttachVolumeNegativeTest-1242028917 tempest-AttachVolumeNegativeTest-1242028917-project] Attributes excluded by policy engine: ['standard_attr_id', 'binding:profile', 'binding:host_id', 'binding:vif_type', 'binding:vif_details'] {{(pid=78595) _exclude_attributes_by_policy /opt/stack/neutron/neutron/pecan_wsgi/hooks/policy_enforcement.py:255}}
Jul 09 15:47:14.864353 dv-cinder-800220-1-smb neutron-server[78595]: INFO neutron.wsgi [req-e3895e59-c954-4657-b20a-b3ae4eacd1f4 req-6bd07dac-85ce-4834-aebe-152b711db0eb tempest-AttachVolumeNegativeTest-1242028917 tempest-AttachVolumeNegativeTest-1242028917-project] 10.222.0.63 "GET /v2.0/ports?device_id=dbeb374c-cd0d-45cf-b82e-e1e68590ff05 HTTP/1.1" status: 200 len: 945 time: 0.5584164
Jul 09 15:47:14.871415 dv-cinder-800220-1-smb neutron-server[78596]: DEBUG neutron_lib.callbacks.manager [None req-d740a399-feaf-4d23-9b47-6dcd8ed1ae5d admin admin] Notify callbacks [] for security_group, before_delete {{(pid=78596) _notify_loop /usr/local/lib/python3.8/dist-packages/neutron_lib/callbacks/manager.py:192}}
Jul 09 15:47:14.933493 dv-cinder-800220-1-smb neutron-server[78597]: DEBUG neutron.plugins.ml2.db [None req-b07651cb-d81a-4cc2-be50-a6760f393b74 None None] get_ports_and_sgs() called for port_ids ['eb155cc6-1a91-48f5-8fab-c518617c9f4c'] {{(pid=78597) get_ports_and_sgs /opt/stack/neutron/neutron/plugins/ml2/db.py:164}}
Jul 09 15:47:14.962053 dv-cinder-800220-1-smb neutron-server[78595]: INFO neutron.wsgi [req-e3895e59-c954-4657-b20a-b3ae4eacd1f4 req-e0c86a35-0f37-407c-866e-93c941dc12d6 tempest-AttachVolumeNegativeTest-1242028917 tempest-AttachVolumeNegativeTest-1242028917-project] 10.222.0.63 "GET /v2.0/security-groups?id=7f0c67e6-a633-4e93-a5e4-d0fe84de17df&fields=id&fields=name HTTP/1.1" status: 200 len: 286 time: 0.0884535
Jul 09 15:47:14.978291 dv-cinder-800220-1-smb neutron-server[78596]: DEBUG neutron_lib.callbacks.manager [None req-d740a399-feaf-4d23-9b47-6dcd8ed1ae5d admin admin] Notify callbacks [] for security_group, precommit_delete {{(pid=78596) _notify_loop /usr/local/lib/python3.8/dist-packages/neutron_lib/callbacks/manager.py:192}}
Jul 09 15:47:15.000957 dv-cinder-800220-1-smb neutron-server[78596]: DEBUG neutron.pecan_wsgi.hooks.policy_enforcement [req-3b9f51e6-3c43-4461-8b97-c1e5150fd34d req-1476c8d6-e079-4958-8483-3c569ec7ad05 service neutron] Attributes excluded by policy engine: ['standard_attr_id', 'shared'] {{(pid=78596) _exclude_attributes_by_policy /opt/stack/neutron/neutron/pecan_wsgi/hooks/policy_enforcement.py:255}}
Jul 09 15:47:15.002564 dv-cinder-800220-1-smb neutron-server[78596]: INFO neutron.wsgi [req-3b9f51e6-3c43-4461-8b97-c1e5150fd34d req-1476c8d6-e079-4958-8483-3c569ec7ad05 service neutron] 10.222.0.69 "GET /v2.0/subnets?id=db7727cb-4913-4e2e-ad18-d9063112c230 HTTP/1.1" status: 200 len: 859 time: 0.2208099
Jul 09 15:47:15.056371 dv-cinder-800220-1-smb neutron-server[78597]: DEBUG neutron_lib.callbacks.manager [None req-b07651cb-d81a-4cc2-be50-a6760f393b74 None None] Notify callbacks ['neutron.services.segments.db._update_segment_host_mapping_for_agent-8791662224321', 'neutron.plugins.ml2.plugin.Ml2Plugin._retry_binding_revived_agents-1393629'] for agent, after_update {{(pid=78597) _notify_loop /usr/local/lib/python3.8/dist-packages/neutron_lib/callbacks/manager.py:192}}
Jul 09 15:47:15.064702 dv-cinder-800220-1-smb neutron-server[78596]: INFO neutron.wsgi [req-3b9f51e6-3c43-4461-8b97-c1e5150fd34d req-37af462c-75cd-47f9-b6f6-d13e31093984 service neutron] 10.222.0.69 "GET /v2.0/ports?network_id=6ef0f731-44e6-4e91-9d9f-5ccfeb33d4c0&device_owner=network%3Adhcp HTTP/1.1" status: 200 len: 210 time: 0.0485883
Jul 09 15:47:15.084490 dv-cinder-800220-1-smb neutron-server[78595]: DEBUG neutron.pecan_wsgi.hooks.policy_enforcement [req-749064f1-fce0-458a-8262-d91920456f8c req-f254cfa9-91bc-4931-bf0b-31bccbd887be service neutron] Attributes excluded by policy engine: ['standard_attr_id'] {{(pid=78595) _exclude_attributes_by_policy /opt/stack/neutron/neutron/pecan_wsgi/hooks/policy_enforcement.py:255}}
Jul 09 15:47:15.086810 dv-cinder-800220-1-smb neutron-server[78595]: INFO neutron.wsgi [req-749064f1-fce0-458a-8262-d91920456f8c req-f254cfa9-91bc-4931-bf0b-31bccbd887be service neutron] 10.222.0.69 "GET /v2.0/ports?tenant_id=ef34ff48bbb849cc8becd603adb59f93&device_id=d8eb556f-7b65-46e4-8523-04892f108244 HTTP/1.1" status: 200 len: 1097 time: 0.1219318
Jul 09 15:47:15.181565 dv-cinder-800220-1-smb neutron-server[78596]: DEBUG neutron_lib.callbacks.manager [None req-d740a399-feaf-4d23-9b47-6dcd8ed1ae5d admin admin] Notify callbacks ['neutron.plugins.ml2.ovo_rpc._ObjectChangeHandler.handle_event-353972'] for security_group, after_delete {{(pid=78596) _notify_loop /usr/local/lib/python3.8/dist-packages/neutron_lib/callbacks/manager.py:192}}
Jul 09 15:47:15.210422 dv-cinder-800220-1-smb neutron-server[78596]: DEBUG oslo_concurrency.lockutils [None req-0c3077cd-91c0-45d9-b981-b86911dd58be admin admin] Lock "event-dispatch" acquired by "neutron.plugins.ml2.ovo_rpc._ObjectChangeHandler.dispatch_events" :: waited 0.000s {{(pid=78596) inner /usr/local/lib/python3.8/dist-packages/oslo_concurrency/lockutils.py:355}}
Jul 09 15:47:15.251279 dv-cinder-800220-1-smb neutron-server[78596]: DEBUG neutron.api.rpc.handlers.resources_rpc [None req-d740a399-feaf-4d23-9b47-6dcd8ed1ae5d admin admin] Pushing event deleted for resources: {'SecurityGroup': ['ID=79abe6ff-98ab-4c5f-83fb-d067d2092043,revision_number=None']} {{(pid=78596) push /opt/stack/neutron/neutron/api/rpc/handlers/resources_rpc.py:237}}
