Jul 09 15:47:25.352248 dv-cinder-800220-1-smb devstack@c-api.service[85487]: /usr/local/lib/python3.8/dist-packages/webob/acceptparse.py:1047: DeprecationWarning: The behavior of AcceptValidHeader.best_match is currently being maintained for backward compatibility, but it will be deprecated in the future, as it does not conform to the RFC.
Jul 09 15:47:25.352248 dv-cinder-800220-1-smb devstack@c-api.service[85487]: warnings.warn(
Jul 09 15:47:25.352870 dv-cinder-800220-1-smb devstack@c-api.service[85487]: DEBUG cinder.api.openstack.wsgi [None req-920b88d3-2e84-4fe9-9eb0-fd9bfe345558 tempest-GroupsTest-2008114003 tempest-GroupsTest-2008114003-project] Calling method 'detail' {{(pid=85487) _process_stack /opt/stack/cinder/cinder/api/openstack/wsgi.py:866}}
Jul 09 15:47:25.353782 dv-cinder-800220-1-smb devstack@c-api.service[85487]: DEBUG cinder.api.api_utils [None req-920b88d3-2e84-4fe9-9eb0-fd9bfe345558 tempest-GroupsTest-2008114003 tempest-GroupsTest-2008114003-project] Removing options '' from query. {{(pid=85487) remove_invalid_filter_options /opt/stack/cinder/cinder/api/api_utils.py:63}}
Jul 09 15:47:25.355743 dv-cinder-800220-1-smb devstack@c-api.service[85487]: DEBUG cinder.volume.api [None req-920b88d3-2e84-4fe9-9eb0-fd9bfe345558 tempest-GroupsTest-2008114003 tempest-GroupsTest-2008114003-project] Searching by: MultiDict([('no_migration_targets', True)]). {{(pid=85487) get_all /opt/stack/cinder/cinder/volume/api.py:617}}
Jul 09 15:47:25.380331 dv-cinder-800220-1-smb devstack@c-api.service[85488]: /usr/local/lib/python3.8/dist-packages/oslo_context/context.py:105: DeprecationWarning: Policy enforcement is depending on the value of is_admin. This key is deprecated. Please update your policy file to use the standard policy values.
Jul 09 15:47:25.380331 dv-cinder-800220-1-smb devstack@c-api.service[85488]: warnings.warn('Policy enforcement is depending on the value of '
Jul 09 15:47:25.381550 dv-cinder-800220-1-smb devstack@c-api.service[85488]: INFO cinder.volume.api [None req-53b66170-6efd-4c7f-badb-7cc0ff6cd68c tempest-VolumesServicesTestJSON-1206578155 tempest-VolumesServicesTestJSON-1206578155-project] Volume info retrieved successfully.
Jul 09 15:47:25.411723 dv-cinder-800220-1-smb devstack@c-api.service[85487]: INFO cinder.volume.api [None req-920b88d3-2e84-4fe9-9eb0-fd9bfe345558 tempest-GroupsTest-2008114003 tempest-GroupsTest-2008114003-project] Get all volumes completed successfully.
Jul 09 15:47:25.419082 dv-cinder-800220-1-smb devstack@c-api.service[85488]: INFO cinder.volume.api [None req-53b66170-6efd-4c7f-badb-7cc0ff6cd68c tempest-VolumesServicesTestJSON-1206578155 tempest-VolumesServicesTestJSON-1206578155-project] Delete volume request issued successfully.
Jul 09 15:47:25.419082 dv-cinder-800220-1-smb devstack@c-api.service[85488]: INFO cinder.api.openstack.wsgi [None req-53b66170-6efd-4c7f-badb-7cc0ff6cd68c tempest-VolumesServicesTestJSON-1206578155 tempest-VolumesServicesTestJSON-1206578155-project] http://10.222.0.63/volume/v3/003bad4fc12443cc849758c8d3d3c30e/volumes/106de161-05d8-4f64-a0de-9180b4054d63 returned with HTTP 202
Jul 09 15:47:25.424200 dv-cinder-800220-1-smb devstack@c-api.service[85488]: [pid: 85488|app: 0|req: 114/232] 10.222.0.63 () {58 vars in 1328 bytes} [Fri Jul 9 15:47:25 2021] DELETE /volume/v3/003bad4fc12443cc849758c8d3d3c30e/volumes/106de161-05d8-4f64-a0de-9180b4054d63 => generated 0 bytes in 241 msecs (HTTP/1.1 202) 6 headers in 233 bytes (1 switches on core 0)
Jul 09 15:47:25.426194 dv-cinder-800220-1-smb devstack@c-api.service[85487]: INFO cinder.api.openstack.wsgi [None req-920b88d3-2e84-4fe9-9eb0-fd9bfe345558 tempest-GroupsTest-2008114003 tempest-GroupsTest-2008114003-project] http://10.222.0.63/volume/v3/adc308ad1a6c4d30aa132b16e11b8267/volumes/detail returned with HTTP 200
Jul 09 15:47:25.429158 dv-cinder-800220-1-smb devstack@c-api.service[85488]: INFO cinder.api.openstack.wsgi [None req-50920028-ddb8-4210-9709-08715c9deaff tempest-DeleteServersTestJSON-2139496459 tempest-DeleteServersTestJSON-2139496459-project] GET http://10.222.0.63/volume/v3/dfe5a7c0bcf2498d83d9336d5d6706b4/volumes/665b8a8d-40e6-4a9d-8c7e-b59f0845bf76
Jul 09 15:47:25.430336 dv-cinder-800220-1-smb devstack@c-api.service[85488]: DEBUG cinder.api.openstack.wsgi [None req-50920028-ddb8-4210-9709-08715c9deaff tempest-DeleteServersTestJSON-2139496459 tempest-DeleteServersTestJSON-2139496459-project] Empty body provided in request {{(pid=85488) get_body /opt/stack/cinder/cinder/api/openstack/wsgi.py:713}}
Jul 09 15:47:25.430513 dv-cinder-800220-1-smb devstack@c-api.service[85487]: [pid: 85487|app: 0|req: 119/233] 10.222.0.63 () {60 vars in 1276 bytes} [Fri Jul 9 15:47:25 2021] GET /volume/v3/adc308ad1a6c4d30aa132b16e11b8267/volumes/detail => generated 15 bytes in 82 msecs (HTTP/1.1 200) 7 headers in 285 bytes (1 switches on core 0)
Jul 09 15:47:25.430687 dv-cinder-800220-1-smb devstack@c-api.service[85488]: /usr/local/lib/python3.8/dist-packages/webob/acceptparse.py:1047: DeprecationWarning: The behavior of AcceptValidHeader.best_match is currently being maintained for backward compatibility, but it will be deprecated in the future, as it does not conform to the RFC.
Jul 09 15:47:25.430687 dv-cinder-800220-1-smb devstack@c-api.service[85488]: warnings.warn(
Jul 09 15:47:25.431295 dv-cinder-800220-1-smb devstack@c-api.service[85488]: DEBUG cinder.api.openstack.wsgi [None req-50920028-ddb8-4210-9709-08715c9deaff tempest-DeleteServersTestJSON-2139496459 tempest-DeleteServersTestJSON-2139496459-project] Calling method 'show' {{(pid=85488) _process_stack /opt/stack/cinder/cinder/api/openstack/wsgi.py:866}}
Jul 09 15:47:25.435881 dv-cinder-800220-1-smb devstack@c-api.service[85487]: INFO cinder.api.openstack.wsgi [None req-ecec439c-9aa1-48f2-94ad-42ef3d284ba9 tempest-AttachVolumeNegativeTest-1242028917 tempest-AttachVolumeNegativeTest-1242028917-project] GET http://10.222.0.63/volume/v3/1fa22018184849f289169f3c02190fa1/volumes/1cd8e940-9640-4295-a9d2-31dc6ddae780
Jul 09 15:47:25.436328 dv-cinder-800220-1-smb devstack@c-api.service[85487]: DEBUG cinder.api.openstack.wsgi [None req-ecec439c-9aa1-48f2-94ad-42ef3d284ba9 tempest-AttachVolumeNegativeTest-1242028917 tempest-AttachVolumeNegativeTest-1242028917-project] Empty body provided in request {{(pid=85487) get_body /opt/stack/cinder/cinder/api/openstack/wsgi.py:713}}
Jul 09 15:47:25.436740 dv-cinder-800220-1-smb devstack@c-api.service[85487]: DEBUG cinder.api.openstack.wsgi [None req-ecec439c-9aa1-48f2-94ad-42ef3d284ba9 tempest-AttachVolumeNegativeTest-1242028917 tempest-AttachVolumeNegativeTest-1242028917-project] Calling method 'show' {{(pid=85487) _process_stack /opt/stack/cinder/cinder/api/openstack/wsgi.py:866}}
Jul 09 15:47:25.500304 dv-cinder-800220-1-smb devstack@c-api.service[85488]: /usr/local/lib/python3.8/dist-packages/oslo_context/context.py:105: DeprecationWarning: Policy enforcement is depending on the value of is_admin. This key is deprecated. Please update your policy file to use the standard policy values.
Jul 09 15:47:25.500304 dv-cinder-800220-1-smb devstack@c-api.service[85488]: warnings.warn('Policy enforcement is depending on the value of '
Jul 09 15:47:25.511106 dv-cinder-800220-1-smb devstack@c-api.service[85488]: INFO cinder.volume.api [None req-50920028-ddb8-4210-9709-08715c9deaff tempest-DeleteServersTestJSON-2139496459 tempest-DeleteServersTestJSON-2139496459-project] Volume info retrieved successfully.
Jul 09 15:47:25.544740 dv-cinder-800220-1-smb devstack@c-api.service[85487]: /usr/local/lib/python3.8/dist-packages/oslo_context/context.py:105: DeprecationWarning: Policy enforcement is depending on the value of is_admin. This key is deprecated. Please update your policy file to use the standard policy values.
Jul 09 15:47:25.544740 dv-cinder-800220-1-smb devstack@c-api.service[85487]: warnings.warn('Policy enforcement is depending on the value of '
Jul 09 15:47:25.561959 dv-cinder-800220-1-smb devstack@c-api.service[85488]: INFO cinder.api.openstack.wsgi [None req-50920028-ddb8-4210-9709-08715c9deaff tempest-DeleteServersTestJSON-2139496459 tempest-DeleteServersTestJSON-2139496459-project] http://10.222.0.63/volume/v3/dfe5a7c0bcf2498d83d9336d5d6706b4/volumes/665b8a8d-40e6-4a9d-8c7e-b59f0845bf76 returned with HTTP 200
Jul 09 15:47:25.571488 dv-cinder-800220-1-smb devstack@c-api.service[85488]: [pid: 85488|app: 0|req: 115/234] 10.222.0.63 () {58 vars in 1325 bytes} [Fri Jul 9 15:47:25 2021] GET /volume/v3/dfe5a7c0bcf2498d83d9336d5d6706b4/volumes/665b8a8d-40e6-4a9d-8c7e-b59f0845bf76 => generated 913 bytes in 141 msecs (HTTP/1.1 200) 7 headers in 285 bytes (1 switches on core 0)
Jul 09 15:47:25.571488 dv-cinder-800220-1-smb devstack@c-api.service[85488]: INFO cinder.api.openstack.wsgi [None req-f00916a2-8b6c-42e9-b881-ba50a4b5b2b5 tempest-VolumesServicesTestJSON-1206578155 tempest-VolumesServicesTestJSON-1206578155-project] GET http://10.222.0.63/volume/v3/003bad4fc12443cc849758c8d3d3c30e/volumes/106de161-05d8-4f64-a0de-9180b4054d63
Jul 09 15:47:25.571488 dv-cinder-800220-1-smb devstack@c-api.service[85488]: DEBUG cinder.api.openstack.wsgi [None req-f00916a2-8b6c-42e9-b881-ba50a4b5b2b5 tempest-VolumesServicesTestJSON-1206578155 tempest-VolumesServicesTestJSON-1206578155-project] Empty body provided in request {{(pid=85488) get_body /opt/stack/cinder/cinder/api/openstack/wsgi.py:713}}
Jul 09 15:47:25.571488 dv-cinder-800220-1-smb devstack@c-api.service[85488]: /usr/local/lib/python3.8/dist-packages/webob/acceptparse.py:1047: DeprecationWarning: The behavior of AcceptValidHeader.best_match is currently being maintained for backward compatibility, but it will be deprecated in the future, as it does not conform to the RFC.
Jul 09 15:47:25.571488 dv-cinder-800220-1-smb devstack@c-api.service[85488]: warnings.warn(
Jul 09 15:47:25.571962 dv-cinder-800220-1-smb devstack@c-api.service[85487]: INFO cinder.volume.api [None req-ecec439c-9aa1-48f2-94ad-42ef3d284ba9 tempest-AttachVolumeNegativeTest-1242028917 tempest-AttachVolumeNegativeTest-1242028917-project] Volume info retrieved successfully.
Jul 09 15:47:25.572057 dv-cinder-800220-1-smb devstack@c-api.service[85488]: DEBUG cinder.api.openstack.wsgi [None req-f00916a2-8b6c-42e9-b881-ba50a4b5b2b5 tempest-VolumesServicesTestJSON-1206578155 tempest-VolumesServicesTestJSON-1206578155-project] Calling method 'show' {{(pid=85488) _process_stack /opt/stack/cinder/cinder/api/openstack/wsgi.py:866}}
Jul 09 15:47:25.608089 dv-cinder-800220-1-smb devstack@c-api.service[85487]: /usr/local/lib/python3.8/dist-packages/oslo_context/context.py:105: DeprecationWarning: Policy enforcement is depending on the value of is_admin. This key is deprecated. Please update your policy file to use the standard policy values.
Jul 09 15:47:25.608089 dv-cinder-800220-1-smb devstack@c-api.service[85487]: warnings.warn('Policy enforcement is depending on the value of '
Jul 09 15:47:25.620291 dv-cinder-800220-1-smb devstack@c-api.service[85487]: INFO cinder.api.openstack.wsgi [None req-ecec439c-9aa1-48f2-94ad-42ef3d284ba9 tempest-AttachVolumeNegativeTest-1242028917 tempest-AttachVolumeNegativeTest-1242028917-project] http://10.222.0.63/volume/v3/1fa22018184849f289169f3c02190fa1/volumes/1cd8e940-9640-4295-a9d2-31dc6ddae780 returned with HTTP 200
Jul 09 15:47:25.629627 dv-cinder-800220-1-smb devstack@c-api.service[85487]: [pid: 85487|app: 0|req: 120/235] 10.222.0.63 () {58 vars in 1325 bytes} [Fri Jul 9 15:47:25 2021] GET /volume/v3/1fa22018184849f289169f3c02190fa1/volumes/1cd8e940-9640-4295-a9d2-31dc6ddae780 => generated 917 bytes in 190 msecs (HTTP/1.1 200) 7 headers in 285 bytes (1 switches on core 0)
Jul 09 15:47:25.629627 dv-cinder-800220-1-smb devstack@c-api.service[85487]: INFO cinder.api.openstack.wsgi [None req-760e10c4-4dee-4c8b-8230-aab884971005 tempest-GroupsTest-2008114003 tempest-GroupsTest-2008114003-project] POST http://10.222.0.63/volume/v3/adc308ad1a6c4d30aa132b16e11b8267/groups/082eec23-51a3-40a0-8ff9-c4f5243ef1fd/action
Jul 09 15:47:25.631178 dv-cinder-800220-1-smb devstack@c-api.service[85487]: /usr/local/lib/python3.8/dist-packages/webob/acceptparse.py:1047: DeprecationWarning: The behavior of AcceptValidHeader.best_match is currently being maintained for backward compatibility, but it will be deprecated in the future, as it does not conform to the RFC.
Jul 09 15:47:25.631178 dv-cinder-800220-1-smb devstack@c-api.service[85487]: warnings.warn(
Jul 09 15:47:25.631178 dv-cinder-800220-1-smb devstack@c-api.service[85487]: DEBUG cinder.api.openstack.wsgi [None req-760e10c4-4dee-4c8b-8230-aab884971005 tempest-GroupsTest-2008114003 tempest-GroupsTest-2008114003-project] Action body: b'{"delete": {"delete-volumes": true}}' {{(pid=85487) get_method /opt/stack/cinder/cinder/api/openstack/wsgi.py:981}}
Jul 09 15:47:25.631423 dv-cinder-800220-1-smb devstack@c-api.service[85487]: DEBUG cinder.api.openstack.wsgi [None req-760e10c4-4dee-4c8b-8230-aab884971005 tempest-GroupsTest-2008114003 tempest-GroupsTest-2008114003-project] Action: 'action', calling method: delete_group, body: {"delete": {"delete-volumes": true}} {{(pid=85487) _process_stack /opt/stack/cinder/cinder/api/openstack/wsgi.py:864}}
Jul 09 15:47:25.632207 dv-cinder-800220-1-smb devstack@c-api.service[85487]: DEBUG cinder.api.v3.groups [None req-760e10c4-4dee-4c8b-8230-aab884971005 tempest-GroupsTest-2008114003 tempest-GroupsTest-2008114003-project] delete called for group 082eec23-51a3-40a0-8ff9-c4f5243ef1fd {{(pid=85487) _delete /opt/stack/cinder/cinder/api/v3/groups.py:117}}
Jul 09 15:47:25.632497 dv-cinder-800220-1-smb devstack@c-api.service[85487]: INFO cinder.api.v3.groups [None req-760e10c4-4dee-4c8b-8230-aab884971005 tempest-GroupsTest-2008114003 tempest-GroupsTest-2008114003-project] Delete group with id: 082eec23-51a3-40a0-8ff9-c4f5243ef1fd
Jul 09 15:47:25.632788 dv-cinder-800220-1-smb devstack@c-api.service[85488]: /usr/local/lib/python3.8/dist-packages/oslo_context/context.py:105: DeprecationWarning: Policy enforcement is depending on the value of is_admin. This key is deprecated. Please update your policy file to use the standard policy values.
Jul 09 15:47:25.632788 dv-cinder-800220-1-smb devstack@c-api.service[85488]: warnings.warn('Policy enforcement is depending on the value of '
Jul 09 15:47:25.641699 dv-cinder-800220-1-smb devstack@c-api.service[85488]: INFO cinder.volume.api [None req-f00916a2-8b6c-42e9-b881-ba50a4b5b2b5 tempest-VolumesServicesTestJSON-1206578155 tempest-VolumesServicesTestJSON-1206578155-project] Volume info retrieved successfully.
Jul 09 15:47:25.645979 dv-cinder-800220-1-smb devstack@c-api.service[85487]: INFO cinder.api.openstack.wsgi [None req-760e10c4-4dee-4c8b-8230-aab884971005 tempest-GroupsTest-2008114003 tempest-GroupsTest-2008114003-project] http://10.222.0.63/volume/v3/adc308ad1a6c4d30aa132b16e11b8267/groups/082eec23-51a3-40a0-8ff9-c4f5243ef1fd/action returned with HTTP 404
Jul 09 15:47:25.647066 dv-cinder-800220-1-smb devstack@c-api.service[85487]: [pid: 85487|app: 0|req: 121/236] 10.222.0.63 () {62 vars in 1405 bytes} [Fri Jul 9 15:47:25 2021] POST /volume/v3/adc308ad1a6c4d30aa132b16e11b8267/groups/082eec23-51a3-40a0-8ff9-c4f5243ef1fd/action => generated 108 bytes in 25 msecs (HTTP/1.1 404) 7 headers in 293 bytes (1 switches on core 0)
Jul 09 15:47:25.659639 dv-cinder-800220-1-smb devstack@c-api.service[85487]: INFO cinder.api.openstack.wsgi [None req-6105c8e3-6c68-4315-a43b-a9a0f288034c tempest-GroupsTest-780081230 tempest-GroupsTest-780081230-project-admin] DELETE http://10.222.0.63/volume/v3/fc094525522a4929b7d948585d1c04fc/group_types/9fdb944e-0c62-4ed9-a0df-dcd88cf0a770
Jul 09 15:47:25.664847 dv-cinder-800220-1-smb devstack@c-api.service[85487]: DEBUG cinder.api.openstack.wsgi [None req-6105c8e3-6c68-4315-a43b-a9a0f288034c tempest-GroupsTest-780081230 tempest-GroupsTest-780081230-project-admin] Empty body provided in request {{(pid=85487) get_body /opt/stack/cinder/cinder/api/openstack/wsgi.py:713}}
Jul 09 15:47:25.665305 dv-cinder-800220-1-smb devstack@c-api.service[85487]: DEBUG cinder.api.openstack.wsgi [None req-6105c8e3-6c68-4315-a43b-a9a0f288034c tempest-GroupsTest-780081230 tempest-GroupsTest-780081230-project-admin] Calling method 'version_select' {{(pid=85487) _process_stack /opt/stack/cinder/cinder/api/openstack/wsgi.py:866}}
Jul 09 15:47:25.675162 dv-cinder-800220-1-smb devstack@c-api.service[85488]: INFO cinder.api.openstack.wsgi [None req-f00916a2-8b6c-42e9-b881-ba50a4b5b2b5 tempest-VolumesServicesTestJSON-1206578155 tempest-VolumesServicesTestJSON-1206578155-project] http://10.222.0.63/volume/v3/003bad4fc12443cc849758c8d3d3c30e/volumes/106de161-05d8-4f64-a0de-9180b4054d63 returned with HTTP 200
Jul 09 15:47:25.682199 dv-cinder-800220-1-smb devstack@c-api.service[85488]: [pid: 85488|app: 0|req: 116/237] 10.222.0.63 () {58 vars in 1325 bytes} [Fri Jul 9 15:47:25 2021] GET /volume/v3/003bad4fc12443cc849758c8d3d3c30e/volumes/106de161-05d8-4f64-a0de-9180b4054d63 => generated 914 bytes in 114 msecs (HTTP/1.1 200) 7 headers in 285 bytes (1 switches on core 0)
Jul 09 15:47:25.687378 dv-cinder-800220-1-smb devstack@c-api.service[85488]: INFO cinder.api.openstack.wsgi [req-cbdd2716-89ea-4d3d-bd44-b8129e907876 req-6034875b-aa0f-42b3-a88a-a5876d216a3d tempest-AttachVolumeNegativeTest-1242028917 tempest-AttachVolumeNegativeTest-1242028917-project] POST http://10.222.0.63/volume/v3/1fa22018184849f289169f3c02190fa1/attachments/9347d110-d66d-432e-b015-ec9f4900fec8/action
Jul 09 15:47:25.688071 dv-cinder-800220-1-smb devstack@c-api.service[85488]: /usr/local/lib/python3.8/dist-packages/webob/acceptparse.py:1047: DeprecationWarning: The behavior of AcceptValidHeader.best_match is currently being maintained for backward compatibility, but it will be deprecated in the future, as it does not conform to the RFC.
Jul 09 15:47:25.688071 dv-cinder-800220-1-smb devstack@c-api.service[85488]: warnings.warn(
Jul 09 15:47:25.688740 dv-cinder-800220-1-smb devstack@c-api.service[85488]: DEBUG cinder.api.openstack.wsgi [req-cbdd2716-89ea-4d3d-bd44-b8129e907876 req-6034875b-aa0f-42b3-a88a-a5876d216a3d tempest-AttachVolumeNegativeTest-1242028917 tempest-AttachVolumeNegativeTest-1242028917-project] Action body: b'{"os-complete": null}' {{(pid=85488) get_method /opt/stack/cinder/cinder/api/openstack/wsgi.py:981}}
Jul 09 15:47:25.689186 dv-cinder-800220-1-smb devstack@c-api.service[85488]: DEBUG cinder.api.openstack.wsgi [req-cbdd2716-89ea-4d3d-bd44-b8129e907876 req-6034875b-aa0f-42b3-a88a-a5876d216a3d tempest-AttachVolumeNegativeTest-1242028917 tempest-AttachVolumeNegativeTest-1242028917-project] Action: 'action', calling method: version_select, body: {"os-complete": null} {{(pid=85488) _process_stack /opt/stack/cinder/cinder/api/openstack/wsgi.py:864}}
Jul 09 15:47:25.719827 dv-cinder-800220-1-smb devstack@c-api.service[85487]: INFO cinder.api.openstack.wsgi [None req-6105c8e3-6c68-4315-a43b-a9a0f288034c tempest-GroupsTest-780081230 tempest-GroupsTest-780081230-project-admin] http://10.222.0.63/volume/v3/fc094525522a4929b7d948585d1c04fc/group_types/9fdb944e-0c62-4ed9-a0df-dcd88cf0a770 returned with HTTP 202
Jul 09 15:47:25.721595 dv-cinder-800220-1-smb devstack@c-api.service[85487]: [pid: 85487|app: 0|req: 122/238] 10.222.0.63 () {60 vars in 1381 bytes} [Fri Jul 9 15:47:25 2021] DELETE /volume/v3/fc094525522a4929b7d948585d1c04fc/group_types/9fdb944e-0c62-4ed9-a0df-dcd88cf0a770 => generated 0 bytes in 69 msecs (HTTP/1.1 202) 6 headers in 234 bytes (1 switches on core 0)
Jul 09 15:47:25.732814 dv-cinder-800220-1-smb devstack@c-api.service[85487]: INFO cinder.api.openstack.wsgi [None req-a557c162-7fab-434d-82ed-bee4cd80c07b tempest-GroupsTest-780081230 tempest-GroupsTest-780081230-project-admin] POST http://10.222.0.63/volume/v3/fc094525522a4929b7d948585d1c04fc/types
Jul 09 15:47:25.733645 dv-cinder-800220-1-smb devstack@c-api.service[85487]: DEBUG cinder.api.openstack.wsgi [None req-a557c162-7fab-434d-82ed-bee4cd80c07b tempest-GroupsTest-780081230 tempest-GroupsTest-780081230-project-admin] Action: 'create', calling method: _create, body: {"volume_type": {"name": "tempest-GroupsTest-volume-type-414041076"}} {{(pid=85487) _process_stack /opt/stack/cinder/cinder/api/openstack/wsgi.py:864}}
Jul 09 15:47:25.785948 dv-cinder-800220-1-smb devstack@c-api.service[85488]: /usr/local/lib/python3.8/dist-packages/oslo_context/context.py:105: DeprecationWarning: Policy enforcement is depending on the value of is_admin. This key is deprecated. Please update your policy file to use the standard policy values.
Jul 09 15:47:25.785948 dv-cinder-800220-1-smb devstack@c-api.service[85488]: warnings.warn('Policy enforcement is depending on the value of '
Jul 09 15:47:25.792759 dv-cinder-800220-1-smb devstack@c-api.service[85487]: INFO cinder.api.openstack.wsgi [None req-a557c162-7fab-434d-82ed-bee4cd80c07b tempest-GroupsTest-780081230 tempest-GroupsTest-780081230-project-admin] http://10.222.0.63/volume/v3/fc094525522a4929b7d948585d1c04fc/types returned with HTTP 200
Jul 09 15:47:25.794122 dv-cinder-800220-1-smb devstack@c-api.service[85487]: [pid: 85487|app: 0|req: 123/239] 10.222.0.63 () {60 vars in 1229 bytes} [Fri Jul 9 15:47:25 2021] POST /volume/v3/fc094525522a4929b7d948585d1c04fc/types => generated 215 bytes in 65 msecs (HTTP/1.1 200) 7 headers in 285 bytes (1 switches on core 0)
Jul 09 15:47:25.804910 dv-cinder-800220-1-smb devstack@c-api.service[85487]: INFO cinder.api.openstack.wsgi [None req-06675b94-8cd1-4eb8-9056-1c53e0d1b502 tempest-GroupsTest-780081230 tempest-GroupsTest-780081230-project-admin] POST http://10.222.0.63/volume/v3/fc094525522a4929b7d948585d1c04fc/group_types
Jul 09 15:47:25.805782 dv-cinder-800220-1-smb devstack@c-api.service[85487]: DEBUG cinder.api.openstack.wsgi [None req-06675b94-8cd1-4eb8-9056-1c53e0d1b502 tempest-GroupsTest-780081230 tempest-GroupsTest-780081230-project-admin] Action: 'create', calling method: version_select, body: {"group_type": {"name": "tempest-GroupsTest-group-type-908419941"}} {{(pid=85487) _process_stack /opt/stack/cinder/cinder/api/openstack/wsgi.py:864}}
Jul 09 15:47:25.810298 dv-cinder-800220-1-smb devstack@c-api.service[85488]: INFO cinder.api.openstack.wsgi [req-cbdd2716-89ea-4d3d-bd44-b8129e907876 req-6034875b-aa0f-42b3-a88a-a5876d216a3d tempest-AttachVolumeNegativeTest-1242028917 tempest-AttachVolumeNegativeTest-1242028917-project] http://10.222.0.63/volume/v3/1fa22018184849f289169f3c02190fa1/attachments/9347d110-d66d-432e-b015-ec9f4900fec8/action returned with HTTP 204
Jul 09 15:47:25.811696 dv-cinder-800220-1-smb devstack@c-api.service[85488]: [pid: 85488|app: 0|req: 117/240] 10.222.0.69 () {64 vars in 1499 bytes} [Fri Jul 9 15:47:25 2021] POST /volume/v3/1fa22018184849f289169f3c02190fa1/attachments/9347d110-d66d-432e-b015-ec9f4900fec8/action => generated 0 bytes in 133 msecs (HTTP/1.1 204) 7 headers in 292 bytes (1 switches on core 0)
Jul 09 15:47:25.856451 dv-cinder-800220-1-smb devstack@c-api.service[85487]: INFO cinder.api.openstack.wsgi [None req-06675b94-8cd1-4eb8-9056-1c53e0d1b502 tempest-GroupsTest-780081230 tempest-GroupsTest-780081230-project-admin] http://10.222.0.63/volume/v3/fc094525522a4929b7d948585d1c04fc/group_types returned with HTTP 202
Jul 09 15:47:25.867430 dv-cinder-800220-1-smb devstack@c-api.service[85488]: INFO cinder.api.openstack.wsgi [None req-e84ec595-41a9-4583-adc4-156ef0486d1f tempest-GroupsTest-2008114003 tempest-GroupsTest-2008114003-project] POST http://10.222.0.63/volume/v3/adc308ad1a6c4d30aa132b16e11b8267/groups
Jul 09 15:47:25.868023 dv-cinder-800220-1-smb devstack@c-api.service[85488]: /usr/local/lib/python3.8/dist-packages/webob/acceptparse.py:1047: DeprecationWarning: The behavior of AcceptValidHeader.best_match is currently being maintained for backward compatibility, but it will be deprecated in the future, as it does not conform to the RFC.
Jul 09 15:47:25.868023 dv-cinder-800220-1-smb devstack@c-api.service[85488]: warnings.warn(
Jul 09 15:47:25.868392 dv-cinder-800220-1-smb devstack@c-api.service[85488]: DEBUG cinder.api.openstack.wsgi [None req-e84ec595-41a9-4583-adc4-156ef0486d1f tempest-GroupsTest-2008114003 tempest-GroupsTest-2008114003-project] Action: 'create', calling method: version_select, body: {"group": {"group_type": "22a20321-145b-48a9-93b6-266d3caaa883", "volume_types": ["28663b0d-4257-400b-bd3c-a809dd634875"], "name": "tempest-GroupsTest-Group-164291387"}} {{(pid=85488) _process_stack /opt/stack/cinder/cinder/api/openstack/wsgi.py:864}}
Jul 09 15:47:25.869716 dv-cinder-800220-1-smb devstack@c-api.service[85488]: DEBUG cinder.api.v3.groups [None req-e84ec595-41a9-4583-adc4-156ef0486d1f tempest-GroupsTest-2008114003 tempest-GroupsTest-2008114003-project] Creating new group {'group': {'group_type': '22a20321-145b-48a9-93b6-266d3caaa883', 'volume_types': ['28663b0d-4257-400b-bd3c-a809dd634875'], 'name': 'tempest-GroupsTest-Group-164291387'}} {{(pid=85488) create /opt/stack/cinder/cinder/api/v3/groups.py:190}}
Jul 09 15:47:25.872650 dv-cinder-800220-1-smb devstack@c-api.service[85487]: [pid: 85487|app: 0|req: 124/241] 10.222.0.63 () {62 vars in 1288 bytes} [Fri Jul 9 15:47:25 2021] POST /volume/v3/fc094525522a4929b7d948585d1c04fc/group_types => generated 172 bytes in 73 msecs (HTTP/1.1 202) 7 headers in 292 bytes (1 switches on core 0)
Jul 09 15:47:25.885151 dv-cinder-800220-1-smb devstack@c-api.service[85488]: INFO cinder.api.v3.groups [None req-e84ec595-41a9-4583-adc4-156ef0486d1f tempest-GroupsTest-2008114003 tempest-GroupsTest-2008114003-project] Creating group tempest-GroupsTest-Group-164291387.
Jul 09 15:47:25.916200 dv-cinder-800220-1-smb devstack@c-api.service[85488]: INFO cinder.volume.api [None req-e84ec595-41a9-4583-adc4-156ef0486d1f tempest-GroupsTest-2008114003 tempest-GroupsTest-2008114003-project] Availability Zones retrieved successfully.
Jul 09 15:47:25.949346 dv-cinder-800220-1-smb devstack@c-api.service[85488]: DEBUG cinder.quota [None req-e84ec595-41a9-4583-adc4-156ef0486d1f tempest-GroupsTest-2008114003 tempest-GroupsTest-2008114003-project] Created reservations ['c84cf41a-8f30-489c-89c4-f0f182b87fc4'] {{(pid=85488) reserve /opt/stack/cinder/cinder/quota.py:756}}
Jul 09 15:47:26.001608 dv-cinder-800220-1-smb devstack@c-api.service[85488]: INFO cinder.api.openstack.wsgi [None req-e84ec595-41a9-4583-adc4-156ef0486d1f tempest-GroupsTest-2008114003 tempest-GroupsTest-2008114003-project] http://10.222.0.63/volume/v3/adc308ad1a6c4d30aa132b16e11b8267/groups returned with HTTP 202
Jul 09 15:47:26.003003 dv-cinder-800220-1-smb devstack@c-api.service[85488]: [pid: 85488|app: 0|req: 118/242] 10.222.0.63 () {62 vars in 1274 bytes} [Fri Jul 9 15:47:25 2021] POST /volume/v3/adc308ad1a6c4d30aa132b16e11b8267/groups => generated 103 bytes in 140 msecs (HTTP/1.1 202) 7 headers in 292 bytes (1 switches on core 0)
Jul 09 15:47:26.013048 dv-cinder-800220-1-smb devstack@c-api.service[85487]: INFO cinder.api.openstack.wsgi [None req-0fd26fe6-535c-4678-b014-561c41fb086e tempest-GroupsTest-2008114003 tempest-GroupsTest-2008114003-project] GET http://10.222.0.63/volume/v3/adc308ad1a6c4d30aa132b16e11b8267/groups/29bef474-85ea-47bb-9891-98a8e974f612
Jul 09 15:47:26.013897 dv-cinder-800220-1-smb devstack@c-api.service[85487]: DEBUG cinder.api.openstack.wsgi [None req-0fd26fe6-535c-4678-b014-561c41fb086e tempest-GroupsTest-2008114003 tempest-GroupsTest-2008114003-project] Empty body provided in request {{(pid=85487) get_body /opt/stack/cinder/cinder/api/openstack/wsgi.py:713}}
Jul 09 15:47:26.014591 dv-cinder-800220-1-smb devstack@c-api.service[85487]: DEBUG cinder.api.openstack.wsgi [None req-0fd26fe6-535c-4678-b014-561c41fb086e tempest-GroupsTest-2008114003 tempest-GroupsTest-2008114003-project] Calling method 'version_select' {{(pid=85487) _process_stack /opt/stack/cinder/cinder/api/openstack/wsgi.py:866}}
Jul 09 15:47:26.014860 dv-cinder-800220-1-smb devstack@c-api.service[85487]: DEBUG cinder.api.v3.groups [None req-0fd26fe6-535c-4678-b014-561c41fb086e tempest-GroupsTest-2008114003 tempest-GroupsTest-2008114003-project] show called for member 29bef474-85ea-47bb-9891-98a8e974f612 {{(pid=85487) show /opt/stack/cinder/cinder/api/v3/groups.py:58}}
Jul 09 15:47:26.024110 dv-cinder-800220-1-smb devstack@c-api.service[85487]: /usr/local/lib/python3.8/dist-packages/oslo_context/context.py:105: DeprecationWarning: Policy enforcement is depending on the value of is_admin. This key is deprecated. Please update your policy file to use the standard policy values.
Jul 09 15:47:26.024110 dv-cinder-800220-1-smb devstack@c-api.service[85487]: warnings.warn('Policy enforcement is depending on the value of '
Jul 09 15:47:26.057215 dv-cinder-800220-1-smb devstack@c-api.service[85487]: INFO cinder.api.openstack.wsgi [None req-0fd26fe6-535c-4678-b014-561c41fb086e tempest-GroupsTest-2008114003 tempest-GroupsTest-2008114003-project] http://10.222.0.63/volume/v3/adc308ad1a6c4d30aa132b16e11b8267/groups/29bef474-85ea-47bb-9891-98a8e974f612 returned with HTTP 200
Jul 09 15:47:26.057985 dv-cinder-800220-1-smb devstack@c-api.service[85487]: [pid: 85487|app: 0|req: 125/243] 10.222.0.63 () {60 vars in 1363 bytes} [Fri Jul 9 15:47:26 2021] GET /volume/v3/adc308ad1a6c4d30aa132b16e11b8267/groups/29bef474-85ea-47bb-9891-98a8e974f612 => generated 331 bytes in 50 msecs (HTTP/1.1 200) 7 headers in 286 bytes (2 switches on core 0)
Jul 09 15:47:26.359524 dv-cinder-800220-1-smb devstack@c-api.service[85488]: INFO cinder.api.openstack.wsgi [None req-b8036684-e97b-4900-8592-f74e4aeb4675 tempest-SnapshotsActionsTest-1732409930 tempest-SnapshotsActionsTest-1732409930-project] GET http://10.222.0.63/volume/v3/dc104f8c6269443582d97aa4a0fcb5b2/snapshots/348882f1-af55-4209-9bf5-0d2bdefafbd5
Jul 09 15:47:26.360073 dv-cinder-800220-1-smb devstack@c-api.service[85488]: DEBUG cinder.api.openstack.wsgi [None req-b8036684-e97b-4900-8592-f74e4aeb4675 tempest-SnapshotsActionsTest-1732409930 tempest-SnapshotsActionsTest-1732409930-project] Empty body provided in request {{(pid=85488) get_body /opt/stack/cinder/cinder/api/openstack/wsgi.py:713}}
Jul 09 15:47:26.360289 dv-cinder-800220-1-smb devstack@c-api.service[85488]: /usr/local/lib/python3.8/dist-packages/webob/acceptparse.py:1047: DeprecationWarning: The behavior of AcceptValidHeader.best_match is currently being maintained for backward compatibility, but it will be deprecated in the future, as it does not conform to the RFC.
Jul 09 15:47:26.360289 dv-cinder-800220-1-smb devstack@c-api.service[85488]: warnings.warn(
Jul 09 15:47:26.360591 dv-cinder-800220-1-smb devstack@c-api.service[85488]: DEBUG cinder.api.openstack.wsgi [None req-b8036684-e97b-4900-8592-f74e4aeb4675 tempest-SnapshotsActionsTest-1732409930 tempest-SnapshotsActionsTest-1732409930-project] Calling method 'show' {{(pid=85488) _process_stack /opt/stack/cinder/cinder/api/openstack/wsgi.py:866}}
Jul 09 15:47:26.403970 dv-cinder-800220-1-smb devstack@c-api.service[85488]: /usr/local/lib/python3.8/dist-packages/oslo_context/context.py:105: DeprecationWarning: Policy enforcement is depending on the value of is_admin. This key is deprecated. Please update your policy file to use the standard policy values.
Jul 09 15:47:26.403970 dv-cinder-800220-1-smb devstack@c-api.service[85488]: warnings.warn('Policy enforcement is depending on the value of '
Jul 09 15:47:26.405653 dv-cinder-800220-1-smb devstack@c-api.service[85488]: INFO cinder.volume.api [None req-b8036684-e97b-4900-8592-f74e4aeb4675 tempest-SnapshotsActionsTest-1732409930 tempest-SnapshotsActionsTest-1732409930-project] Snapshot retrieved successfully.
Jul 09 15:47:26.408822 dv-cinder-800220-1-smb devstack@c-api.service[85488]: INFO cinder.api.openstack.wsgi [None req-b8036684-e97b-4900-8592-f74e4aeb4675 tempest-SnapshotsActionsTest-1732409930 tempest-SnapshotsActionsTest-1732409930-project] http://10.222.0.63/volume/v3/dc104f8c6269443582d97aa4a0fcb5b2/snapshots/348882f1-af55-4209-9bf5-0d2bdefafbd5 returned with HTTP 200
Jul 09 15:47:26.411006 dv-cinder-800220-1-smb devstack@c-api.service[85488]: [pid: 85488|app: 0|req: 119/244] 10.222.0.63 () {58 vars in 1331 bytes} [Fri Jul 9 15:47:26 2021] GET /volume/v3/dc104f8c6269443582d97aa4a0fcb5b2/snapshots/348882f1-af55-4209-9bf5-0d2bdefafbd5 => generated 569 bytes in 56 msecs (HTTP/1.1 200) 7 headers in 285 bytes (2 switches on core 0)
Jul 09 15:47:26.428140 dv-cinder-800220-1-smb devstack@c-api.service[85487]: INFO cinder.api.openstack.wsgi [None req-ac126ed8-ed84-4d53-870a-2162a04e50ff tempest-SnapshotsActionsTest-161069731 tempest-SnapshotsActionsTest-161069731-project-admin] POST http://10.222.0.63/volume/v3/bbe38b3d11214f86895e5cbbaeae6536/snapshots/348882f1-af55-4209-9bf5-0d2bdefafbd5/action
Jul 09 15:47:26.428755 dv-cinder-800220-1-smb devstack@c-api.service[85487]: /usr/local/lib/python3.8/dist-packages/webob/acceptparse.py:1047: DeprecationWarning: The behavior of AcceptValidHeader.best_match is currently being maintained for backward compatibility, but it will be deprecated in the future, as it does not conform to the RFC.
Jul 09 15:47:26.428755 dv-cinder-800220-1-smb devstack@c-api.service[85487]: warnings.warn(
Jul 09 15:47:26.429384 dv-cinder-800220-1-smb devstack@c-api.service[85487]: DEBUG cinder.api.openstack.wsgi [None req-ac126ed8-ed84-4d53-870a-2162a04e50ff tempest-SnapshotsActionsTest-161069731 tempest-SnapshotsActionsTest-161069731-project-admin] Action body: b'{"os-reset_status": {"status": "creating"}}' {{(pid=85487) get_method /opt/stack/cinder/cinder/api/openstack/wsgi.py:981}}
Jul 09 15:47:26.429925 dv-cinder-800220-1-smb devstack@c-api.service[85487]: DEBUG cinder.api.openstack.wsgi [None req-ac126ed8-ed84-4d53-870a-2162a04e50ff tempest-SnapshotsActionsTest-161069731 tempest-SnapshotsActionsTest-161069731-project-admin] Action: 'action', calling method: _reset_status, body: {"os-reset_status": {"status": "creating"}} {{(pid=85487) _process_stack /opt/stack/cinder/cinder/api/openstack/wsgi.py:864}}
Jul 09 15:47:26.431267 dv-cinder-800220-1-smb devstack@c-api.service[85487]: DEBUG cinder.api.contrib.admin_actions [None req-ac126ed8-ed84-4d53-870a-2162a04e50ff tempest-SnapshotsActionsTest-161069731 tempest-SnapshotsActionsTest-161069731-project-admin] Updating snapshot '348882f1-af55-4209-9bf5-0d2bdefafbd5' with '{'status': 'creating'}' {{(pid=85487) _reset_status /opt/stack/cinder/cinder/api/contrib/admin_actions.py:100}}
Jul 09 15:47:26.523974 dv-cinder-800220-1-smb devstack@c-api.service[85487]: /usr/local/lib/python3.8/dist-packages/oslo_context/context.py:105: DeprecationWarning: Policy enforcement is depending on the value of is_admin. This key is deprecated. Please update your policy file to use the standard policy values.
Jul 09 15:47:26.523974 dv-cinder-800220-1-smb devstack@c-api.service[85487]: warnings.warn('Policy enforcement is depending on the value of '
Jul 09 15:47:26.581475 dv-cinder-800220-1-smb devstack@c-api.service[85488]: INFO cinder.api.openstack.wsgi [None req-92682691-6746-4ff5-81ca-e8bfc9d901c1 tempest-DeleteServersTestJSON-2139496459 tempest-DeleteServersTestJSON-2139496459-project] GET http://10.222.0.63/volume/v3/dfe5a7c0bcf2498d83d9336d5d6706b4/volumes/665b8a8d-40e6-4a9d-8c7e-b59f0845bf76
Jul 09 15:47:26.582445 dv-cinder-800220-1-smb devstack@c-api.service[85488]: DEBUG cinder.api.openstack.wsgi [None req-92682691-6746-4ff5-81ca-e8bfc9d901c1 tempest-DeleteServersTestJSON-2139496459 tempest-DeleteServersTestJSON-2139496459-project] Empty body provided in request {{(pid=85488) get_body /opt/stack/cinder/cinder/api/openstack/wsgi.py:713}}
Jul 09 15:47:26.582445 dv-cinder-800220-1-smb devstack@c-api.service[85488]: /usr/local/lib/python3.8/dist-packages/webob/acceptparse.py:1047: DeprecationWarning: The behavior of AcceptValidHeader.best_match is currently being maintained for backward compatibility, but it will be deprecated in the future, as it does not conform to the RFC.
Jul 09 15:47:26.582445 dv-cinder-800220-1-smb devstack@c-api.service[85488]: warnings.warn(
Jul 09 15:47:26.583050 dv-cinder-800220-1-smb devstack@c-api.service[85488]: DEBUG cinder.api.openstack.wsgi [None req-92682691-6746-4ff5-81ca-e8bfc9d901c1 tempest-DeleteServersTestJSON-2139496459 tempest-DeleteServersTestJSON-2139496459-project] Calling method 'show' {{(pid=85488) _process_stack /opt/stack/cinder/cinder/api/openstack/wsgi.py:866}}
Jul 09 15:47:26.609744 dv-cinder-800220-1-smb devstack@c-api.service[85487]: INFO cinder.api.openstack.wsgi [None req-ac126ed8-ed84-4d53-870a-2162a04e50ff tempest-SnapshotsActionsTest-161069731 tempest-SnapshotsActionsTest-161069731-project-admin] http://10.222.0.63/volume/v3/bbe38b3d11214f86895e5cbbaeae6536/snapshots/348882f1-af55-4209-9bf5-0d2bdefafbd5/action returned with HTTP 202
Jul 09 15:47:26.632187 dv-cinder-800220-1-smb devstack@c-api.service[85487]: [pid: 85487|app: 0|req: 126/245] 10.222.0.63 () {60 vars in 1373 bytes} [Fri Jul 9 15:47:26 2021] POST /volume/v3/bbe38b3d11214f86895e5cbbaeae6536/snapshots/348882f1-af55-4209-9bf5-0d2bdefafbd5/action => generated 0 bytes in 195 msecs (HTTP/1.1 202) 7 headers in 289 bytes (2 switches on core 0)
Jul 09 15:47:26.637959 dv-cinder-800220-1-smb devstack@c-api.service[85487]: INFO cinder.api.openstack.wsgi [None req-05099158-f27a-4e6c-970b-3f4e031112c5 tempest-SnapshotsActionsTest-1732409930 tempest-SnapshotsActionsTest-1732409930-project] GET http://10.222.0.63/volume/v3/dc104f8c6269443582d97aa4a0fcb5b2/snapshots/348882f1-af55-4209-9bf5-0d2bdefafbd5
Jul 09 15:47:26.638800 dv-cinder-800220-1-smb devstack@c-api.service[85487]: DEBUG cinder.api.openstack.wsgi [None req-05099158-f27a-4e6c-970b-3f4e031112c5 tempest-SnapshotsActionsTest-1732409930 tempest-SnapshotsActionsTest-1732409930-project] Empty body provided in request {{(pid=85487) get_body /opt/stack/cinder/cinder/api/openstack/wsgi.py:713}}
Jul 09 15:47:26.639074 dv-cinder-800220-1-smb devstack@c-api.service[85487]: /usr/local/lib/python3.8/dist-packages/webob/acceptparse.py:1047: DeprecationWarning: The behavior of AcceptValidHeader.best_match is currently being maintained for backward compatibility, but it will be deprecated in the future, as it does not conform to the RFC.
Jul 09 15:47:26.639074 dv-cinder-800220-1-smb devstack@c-api.service[85487]: warnings.warn(
Jul 09 15:47:26.639670 dv-cinder-800220-1-smb devstack@c-api.service[85487]: DEBUG cinder.api.openstack.wsgi [None req-05099158-f27a-4e6c-970b-3f4e031112c5 tempest-SnapshotsActionsTest-1732409930 tempest-SnapshotsActionsTest-1732409930-project] Calling method 'show' {{(pid=85487) _process_stack /opt/stack/cinder/cinder/api/openstack/wsgi.py:866}}
Jul 09 15:47:26.761817 dv-cinder-800220-1-smb devstack@c-api.service[85487]: /usr/local/lib/python3.8/dist-packages/oslo_context/context.py:105: DeprecationWarning: Policy enforcement is depending on the value of is_admin. This key is deprecated. Please update your policy file to use the standard policy values.
Jul 09 15:47:26.761817 dv-cinder-800220-1-smb devstack@c-api.service[85487]: warnings.warn('Policy enforcement is depending on the value of '
Jul 09 15:47:26.764816 dv-cinder-800220-1-smb devstack@c-api.service[85487]: INFO cinder.volume.api [None req-05099158-f27a-4e6c-970b-3f4e031112c5 tempest-SnapshotsActionsTest-1732409930 tempest-SnapshotsActionsTest-1732409930-project] Snapshot retrieved successfully.
Jul 09 15:47:26.771067 dv-cinder-800220-1-smb devstack@c-api.service[85487]: INFO cinder.api.openstack.wsgi [None req-05099158-f27a-4e6c-970b-3f4e031112c5 tempest-SnapshotsActionsTest-1732409930 tempest-SnapshotsActionsTest-1732409930-project] http://10.222.0.63/volume/v3/dc104f8c6269443582d97aa4a0fcb5b2/snapshots/348882f1-af55-4209-9bf5-0d2bdefafbd5 returned with HTTP 200
Jul 09 15:47:26.780305 dv-cinder-800220-1-smb devstack@c-api.service[85487]: [pid: 85487|app: 0|req: 127/246] 10.222.0.63 () {58 vars in 1331 bytes} [Fri Jul 9 15:47:26 2021] GET /volume/v3/dc104f8c6269443582d97aa4a0fcb5b2/snapshots/348882f1-af55-4209-9bf5-0d2bdefafbd5 => generated 568 bytes in 149 msecs (HTTP/1.1 200) 7 headers in 285 bytes (1 switches on core 0)
Jul 09 15:47:26.785094 dv-cinder-800220-1-smb devstack@c-api.service[85487]: INFO cinder.api.openstack.wsgi [None req-8751a53c-f986-43f3-8d6e-1fff1be46f0d tempest-AttachVolumeNegativeTest-1242028917 tempest-AttachVolumeNegativeTest-1242028917-project] GET http://10.222.0.63/volume/v3/1fa22018184849f289169f3c02190fa1/volumes/1cd8e940-9640-4295-a9d2-31dc6ddae780
Jul 09 15:47:26.785874 dv-cinder-800220-1-smb devstack@c-api.service[85487]: DEBUG cinder.api.openstack.wsgi [None req-8751a53c-f986-43f3-8d6e-1fff1be46f0d tempest-AttachVolumeNegativeTest-1242028917 tempest-AttachVolumeNegativeTest-1242028917-project] Empty body provided in request {{(pid=85487) get_body /opt/stack/cinder/cinder/api/openstack/wsgi.py:713}}
Jul 09 15:47:26.786201 dv-cinder-800220-1-smb devstack@c-api.service[85487]: /usr/local/lib/python3.8/dist-packages/webob/acceptparse.py:1047: DeprecationWarning: The behavior of AcceptValidHeader.best_match is currently being maintained for backward compatibility, but it will be deprecated in the future, as it does not conform to the RFC.
Jul 09 15:47:26.786201 dv-cinder-800220-1-smb devstack@c-api.service[85487]: warnings.warn(
Jul 09 15:47:26.786846 dv-cinder-800220-1-smb devstack@c-api.service[85487]: DEBUG cinder.api.openstack.wsgi [None req-8751a53c-f986-43f3-8d6e-1fff1be46f0d tempest-AttachVolumeNegativeTest-1242028917 tempest-AttachVolumeNegativeTest-1242028917-project] Calling method 'show' {{(pid=85487) _process_stack /opt/stack/cinder/cinder/api/openstack/wsgi.py:866}}
Jul 09 15:47:26.788967 dv-cinder-800220-1-smb devstack@c-api.service[85488]: /usr/local/lib/python3.8/dist-packages/oslo_context/context.py:105: DeprecationWarning: Policy enforcement is depending on the value of is_admin. This key is deprecated. Please update your policy file to use the standard policy values.
Jul 09 15:47:26.788967 dv-cinder-800220-1-smb devstack@c-api.service[85488]: warnings.warn('Policy enforcement is depending on the value of '
Jul 09 15:47:26.805405 dv-cinder-800220-1-smb devstack@c-api.service[85488]: INFO cinder.volume.api [None req-92682691-6746-4ff5-81ca-e8bfc9d901c1 tempest-DeleteServersTestJSON-2139496459 tempest-DeleteServersTestJSON-2139496459-project] Volume info retrieved successfully.
Jul 09 15:47:26.838947 dv-cinder-800220-1-smb devstack@c-api.service[85487]: /usr/local/lib/python3.8/dist-packages/oslo_context/context.py:105: DeprecationWarning: Policy enforcement is depending on the value of is_admin. This key is deprecated. Please update your policy file to use the standard policy values.
Jul 09 15:47:26.838947 dv-cinder-800220-1-smb devstack@c-api.service[85487]: warnings.warn('Policy enforcement is depending on the value of '
Jul 09 15:47:26.848373 dv-cinder-800220-1-smb devstack@c-api.service[85487]: INFO cinder.volume.api [None req-8751a53c-f986-43f3-8d6e-1fff1be46f0d tempest-AttachVolumeNegativeTest-1242028917 tempest-AttachVolumeNegativeTest-1242028917-project] Volume info retrieved successfully.
Jul 09 15:47:26.857698 dv-cinder-800220-1-smb devstack@c-api.service[85488]: INFO cinder.api.openstack.wsgi [None req-92682691-6746-4ff5-81ca-e8bfc9d901c1 tempest-DeleteServersTestJSON-2139496459 tempest-DeleteServersTestJSON-2139496459-project] http://10.222.0.63/volume/v3/dfe5a7c0bcf2498d83d9336d5d6706b4/volumes/665b8a8d-40e6-4a9d-8c7e-b59f0845bf76 returned with HTTP 200
Jul 09 15:47:26.870058 dv-cinder-800220-1-smb devstack@c-api.service[85488]: [pid: 85488|app: 0|req: 120/247] 10.222.0.63 () {58 vars in 1325 bytes} [Fri Jul 9 15:47:26 2021] GET /volume/v3/dfe5a7c0bcf2498d83d9336d5d6706b4/volumes/665b8a8d-40e6-4a9d-8c7e-b59f0845bf76 => generated 914 bytes in 284 msecs (HTTP/1.1 200) 7 headers in 285 bytes (1 switches on core 0)
Jul 09 15:47:26.870058 dv-cinder-800220-1-smb devstack@c-api.service[85488]: INFO cinder.api.openstack.wsgi [None req-18c6799d-a95a-4adb-874c-f34677c6e6fb tempest-VolumesServicesTestJSON-1206578155 tempest-VolumesServicesTestJSON-1206578155-project] GET http://10.222.0.63/volume/v3/003bad4fc12443cc849758c8d3d3c30e/volumes/106de161-05d8-4f64-a0de-9180b4054d63
Jul 09 15:47:26.870058 dv-cinder-800220-1-smb devstack@c-api.service[85488]: DEBUG cinder.api.openstack.wsgi [None req-18c6799d-a95a-4adb-874c-f34677c6e6fb tempest-VolumesServicesTestJSON-1206578155 tempest-VolumesServicesTestJSON-1206578155-project] Empty body provided in request {{(pid=85488) get_body /opt/stack/cinder/cinder/api/openstack/wsgi.py:713}}
Jul 09 15:47:26.870058 dv-cinder-800220-1-smb devstack@c-api.service[85488]: /usr/local/lib/python3.8/dist-packages/webob/acceptparse.py:1047: DeprecationWarning: The behavior of AcceptValidHeader.best_match is currently being maintained for backward compatibility, but it will be deprecated in the future, as it does not conform to the RFC.
Jul 09 15:47:26.870058 dv-cinder-800220-1-smb devstack@c-api.service[85488]: warnings.warn(
Jul 09 15:47:26.870058 dv-cinder-800220-1-smb devstack@c-api.service[85488]: DEBUG cinder.api.openstack.wsgi [None req-18c6799d-a95a-4adb-874c-f34677c6e6fb tempest-VolumesServicesTestJSON-1206578155 tempest-VolumesServicesTestJSON-1206578155-project] Calling method 'show' {{(pid=85488) _process_stack /opt/stack/cinder/cinder/api/openstack/wsgi.py:866}}
Jul 09 15:47:26.880327 dv-cinder-800220-1-smb devstack@c-api.service[85487]: /usr/local/lib/python3.8/dist-packages/oslo_context/context.py:105: DeprecationWarning: Policy enforcement is depending on the value of is_admin. This key is deprecated. Please update your policy file to use the standard policy values.
Jul 09 15:47:26.880327 dv-cinder-800220-1-smb devstack@c-api.service[85487]: warnings.warn('Policy enforcement is depending on the value of '
Jul 09 15:47:26.902182 dv-cinder-800220-1-smb devstack@c-api.service[85487]: INFO cinder.api.openstack.wsgi [None req-8751a53c-f986-43f3-8d6e-1fff1be46f0d tempest-AttachVolumeNegativeTest-1242028917 tempest-AttachVolumeNegativeTest-1242028917-project] http://10.222.0.63/volume/v3/1fa22018184849f289169f3c02190fa1/volumes/1cd8e940-9640-4295-a9d2-31dc6ddae780 returned with HTTP 200
Jul 09 15:47:26.914056 dv-cinder-800220-1-smb devstack@c-api.service[85487]: [pid: 85487|app: 0|req: 128/248] 10.222.0.63 () {58 vars in 1325 bytes} [Fri Jul 9 15:47:26 2021] GET /volume/v3/1fa22018184849f289169f3c02190fa1/volumes/1cd8e940-9640-4295-a9d2-31dc6ddae780 => generated 1209 bytes in 122 msecs (HTTP/1.1 200) 7 headers in 286 bytes (1 switches on core 0)
Jul 09 15:47:26.914056 dv-cinder-800220-1-smb devstack@c-api.service[85487]: INFO cinder.api.openstack.wsgi [None req-7d6cf258-bbc9-4a83-99a4-a33eae5269d8 tempest-SnapshotsActionsTest-161069731 tempest-SnapshotsActionsTest-161069731-project-admin] POST http://10.222.0.63/volume/v3/bbe38b3d11214f86895e5cbbaeae6536/snapshots/348882f1-af55-4209-9bf5-0d2bdefafbd5/action
Jul 09 15:47:26.914056 dv-cinder-800220-1-smb devstack@c-api.service[85487]: /usr/local/lib/python3.8/dist-packages/webob/acceptparse.py:1047: DeprecationWarning: The behavior of AcceptValidHeader.best_match is currently being maintained for backward compatibility, but it will be deprecated in the future, as it does not conform to the RFC.
Jul 09 15:47:26.914056 dv-cinder-800220-1-smb devstack@c-api.service[85487]: warnings.warn(
Jul 09 15:47:26.914056 dv-cinder-800220-1-smb devstack@c-api.service[85487]: DEBUG cinder.api.openstack.wsgi [None req-7d6cf258-bbc9-4a83-99a4-a33eae5269d8 tempest-SnapshotsActionsTest-161069731 tempest-SnapshotsActionsTest-161069731-project-admin] Action body: b'{"os-force_delete": {}}' {{(pid=85487) get_method /opt/stack/cinder/cinder/api/openstack/wsgi.py:981}}
Jul 09 15:47:26.914056 dv-cinder-800220-1-smb devstack@c-api.service[85487]: DEBUG cinder.api.openstack.wsgi [None req-7d6cf258-bbc9-4a83-99a4-a33eae5269d8 tempest-SnapshotsActionsTest-161069731 tempest-SnapshotsActionsTest-161069731-project-admin] Action: 'action', calling method: _force_delete, body: {"os-force_delete": {}} {{(pid=85487) _process_stack /opt/stack/cinder/cinder/api/openstack/wsgi.py:864}}
Jul 09 15:47:26.944466 dv-cinder-800220-1-smb devstack@c-api.service[85487]: /usr/local/lib/python3.8/dist-packages/oslo_context/context.py:105: DeprecationWarning: Policy enforcement is depending on the value of is_admin. This key is deprecated. Please update your policy file to use the standard policy values.
Jul 09 15:47:26.944466 dv-cinder-800220-1-smb devstack@c-api.service[85487]: warnings.warn('Policy enforcement is depending on the value of '
Jul 09 15:47:26.945635 dv-cinder-800220-1-smb devstack@c-api.service[85487]: INFO cinder.volume.api [None req-7d6cf258-bbc9-4a83-99a4-a33eae5269d8 tempest-SnapshotsActionsTest-161069731 tempest-SnapshotsActionsTest-161069731-project-admin] Snapshot retrieved successfully.
Jul 09 15:47:26.972221 dv-cinder-800220-1-smb devstack@c-api.service[85488]: INFO cinder.api.openstack.wsgi [None req-18c6799d-a95a-4adb-874c-f34677c6e6fb tempest-VolumesServicesTestJSON-1206578155 tempest-VolumesServicesTestJSON-1206578155-project] http://10.222.0.63/volume/v3/003bad4fc12443cc849758c8d3d3c30e/volumes/106de161-05d8-4f64-a0de-9180b4054d63 returned with HTTP 404
Jul 09 15:47:26.974561 dv-cinder-800220-1-smb devstack@c-api.service[85488]: [pid: 85488|app: 0|req: 121/249] 10.222.0.63 () {58 vars in 1325 bytes} [Fri Jul 9 15:47:26 2021] GET /volume/v3/003bad4fc12443cc849758c8d3d3c30e/volumes/106de161-05d8-4f64-a0de-9180b4054d63 => generated 109 bytes in 114 msecs (HTTP/1.1 404) 7 headers in 292 bytes (1 switches on core 0)
Jul 09 15:47:27.028392 dv-cinder-800220-1-smb devstack@c-api.service[85487]: INFO cinder.volume.api [None req-7d6cf258-bbc9-4a83-99a4-a33eae5269d8 tempest-SnapshotsActionsTest-161069731 tempest-SnapshotsActionsTest-161069731-project-admin] Snapshot delete request issued successfully.
