Jul 08 22:21:24.424558 dv-cinder-800093-1-smb devstack@c-api.service[99762]: INFO cinder.api.openstack.wsgi [None req-49d17f1e-2477-4da7-809b-f22eb2e42b68 tempest-GroupTypesTest-1298967761 tempest-GroupTypesTest-1298967761-project-admin] POST http://10.222.0.49/volume/v3/4aa88b8c80b2411e87dd365b8dc19ece/group_types
Jul 08 22:21:24.425669 dv-cinder-800093-1-smb devstack@c-api.service[99762]: /usr/local/lib/python3.8/dist-packages/webob/acceptparse.py:1047: DeprecationWarning: The behavior of AcceptValidHeader.best_match is currently being maintained for backward compatibility, but it will be deprecated in the future, as it does not conform to the RFC.
Jul 08 22:21:24.425669 dv-cinder-800093-1-smb devstack@c-api.service[99762]: warnings.warn(
Jul 08 22:21:24.426274 dv-cinder-800093-1-smb devstack@c-api.service[99762]: DEBUG cinder.api.openstack.wsgi [None req-49d17f1e-2477-4da7-809b-f22eb2e42b68 tempest-GroupTypesTest-1298967761 tempest-GroupTypesTest-1298967761-project-admin] Action: 'create', calling method: version_select, body: {"group_type": {"name": "tempest-GroupTypesTest-group-type-223238732", "description": "tempest-group-type-description-988358262", "group_specs": {"consistent_group_snapshot_enabled": " False"}, "is_public": true}} {{(pid=99762) _process_stack /opt/stack/cinder/cinder/api/openstack/wsgi.py:864}}
Jul 08 22:21:24.506464 dv-cinder-800093-1-smb devstack@c-api.service[99762]: INFO cinder.api.openstack.wsgi [None req-49d17f1e-2477-4da7-809b-f22eb2e42b68 tempest-GroupTypesTest-1298967761 tempest-GroupTypesTest-1298967761-project-admin] http://10.222.0.49/volume/v3/4aa88b8c80b2411e87dd365b8dc19ece/group_types returned with HTTP 202
Jul 08 22:21:24.516570 dv-cinder-800093-1-smb devstack@c-api.service[99762]: [pid: 99762|app: 0|req: 37/65] 10.222.0.49 () {62 vars in 1289 bytes} [Thu Jul 8 22:21:24 2021] POST /volume/v3/4aa88b8c80b2411e87dd365b8dc19ece/group_types => generated 263 bytes in 354 msecs (HTTP/1.1 202) 7 headers in 292 bytes (1 switches on core 0)
Jul 08 22:21:24.521538 dv-cinder-800093-1-smb devstack@c-api.service[99763]: INFO cinder.api.openstack.wsgi [None req-7822dea1-fd39-4994-bad1-f470b4a9289a tempest-GroupTypesTest-1298967761 tempest-GroupTypesTest-1298967761-project-admin] GET http://10.222.0.49/volume/v3/4aa88b8c80b2411e87dd365b8dc19ece/group_types
Jul 08 22:21:24.525089 dv-cinder-800093-1-smb devstack@c-api.service[99763]: DEBUG cinder.api.openstack.wsgi [None req-7822dea1-fd39-4994-bad1-f470b4a9289a tempest-GroupTypesTest-1298967761 tempest-GroupTypesTest-1298967761-project-admin] Empty body provided in request {{(pid=99763) get_body /opt/stack/cinder/cinder/api/openstack/wsgi.py:713}}
Jul 08 22:21:24.525089 dv-cinder-800093-1-smb devstack@c-api.service[99763]: /usr/local/lib/python3.8/dist-packages/webob/acceptparse.py:1047: DeprecationWarning: The behavior of AcceptValidHeader.best_match is currently being maintained for backward compatibility, but it will be deprecated in the future, as it does not conform to the RFC.
Jul 08 22:21:24.525089 dv-cinder-800093-1-smb devstack@c-api.service[99763]: warnings.warn(
Jul 08 22:21:24.529500 dv-cinder-800093-1-smb devstack@c-api.service[99763]: DEBUG cinder.api.openstack.wsgi [None req-7822dea1-fd39-4994-bad1-f470b4a9289a tempest-GroupTypesTest-1298967761 tempest-GroupTypesTest-1298967761-project-admin] Calling method 'version_select' {{(pid=99763) _process_stack /opt/stack/cinder/cinder/api/openstack/wsgi.py:866}}
Jul 08 22:21:24.555026 dv-cinder-800093-1-smb devstack@c-api.service[99762]: INFO cinder.api.openstack.wsgi [None req-8e049d03-73ff-4e20-95b9-525fe4cc4fa9 tempest-VolumesTestJSON-142183922 tempest-VolumesTestJSON-142183922-project] GET http://10.222.0.49/volume/v3/82e8fc6f48d04d4a85370e0304928038/volumes/62373e46-b951-4f88-a00a-ca2e1544b6a4
Jul 08 22:21:24.558563 dv-cinder-800093-1-smb devstack@c-api.service[99762]: DEBUG cinder.api.openstack.wsgi [None req-8e049d03-73ff-4e20-95b9-525fe4cc4fa9 tempest-VolumesTestJSON-142183922 tempest-VolumesTestJSON-142183922-project] Empty body provided in request {{(pid=99762) get_body /opt/stack/cinder/cinder/api/openstack/wsgi.py:713}}
Jul 08 22:21:24.561543 dv-cinder-800093-1-smb devstack@c-api.service[99762]: DEBUG cinder.api.openstack.wsgi [None req-8e049d03-73ff-4e20-95b9-525fe4cc4fa9 tempest-VolumesTestJSON-142183922 tempest-VolumesTestJSON-142183922-project] Calling method 'show' {{(pid=99762) _process_stack /opt/stack/cinder/cinder/api/openstack/wsgi.py:866}}
Jul 08 22:21:24.595843 dv-cinder-800093-1-smb devstack@c-api.service[99762]: INFO cinder.api.openstack.wsgi [None req-8e049d03-73ff-4e20-95b9-525fe4cc4fa9 tempest-VolumesTestJSON-142183922 tempest-VolumesTestJSON-142183922-project] http://10.222.0.49/volume/v3/82e8fc6f48d04d4a85370e0304928038/volumes/62373e46-b951-4f88-a00a-ca2e1544b6a4 returned with HTTP 404
Jul 08 22:21:24.596223 dv-cinder-800093-1-smb devstack@c-api.service[99763]: INFO cinder.api.openstack.wsgi [None req-7822dea1-fd39-4994-bad1-f470b4a9289a tempest-GroupTypesTest-1298967761 tempest-GroupTypesTest-1298967761-project-admin] http://10.222.0.49/volume/v3/4aa88b8c80b2411e87dd365b8dc19ece/group_types returned with HTTP 200
Jul 08 22:21:24.596906 dv-cinder-800093-1-smb devstack@c-api.service[99763]: [pid: 99763|app: 0|req: 29/66] 10.222.0.49 () {60 vars in 1267 bytes} [Thu Jul 8 22:21:24 2021] GET /volume/v3/4aa88b8c80b2411e87dd365b8dc19ece/group_types => generated 497 bytes in 82 msecs (HTTP/1.1 200) 7 headers in 286 bytes (1 switches on core 0)
Jul 08 22:21:24.612753 dv-cinder-800093-1-smb devstack@c-api.service[99762]: [pid: 99762|app: 0|req: 38/67] 10.222.0.49 () {58 vars in 1325 bytes} [Thu Jul 8 22:21:24 2021] GET /volume/v3/82e8fc6f48d04d4a85370e0304928038/volumes/62373e46-b951-4f88-a00a-ca2e1544b6a4 => generated 109 bytes in 69 msecs (HTTP/1.1 404) 7 headers in 292 bytes (1 switches on core 0)
Jul 08 22:21:24.619897 dv-cinder-800093-1-smb devstack@c-api.service[99762]: INFO cinder.api.openstack.wsgi [None req-26e6f909-39c3-4662-87c8-65507a48d9ce tempest-VolumesTestJSON-142183922 tempest-VolumesTestJSON-142183922-project] DELETE http://10.222.0.49/volume/v3/82e8fc6f48d04d4a85370e0304928038/volumes/1e5a12d1-bd12-4295-9755-faf1053b9a71
Jul 08 22:21:24.620401 dv-cinder-800093-1-smb devstack@c-api.service[99763]: INFO cinder.api.openstack.wsgi [None req-edc760d1-e293-4f02-8e4a-cedfc648aec3 tempest-GroupTypesTest-1298967761 tempest-GroupTypesTest-1298967761-project-admin] PUT http://10.222.0.49/volume/v3/4aa88b8c80b2411e87dd365b8dc19ece/group_types/d55f68a3-57e2-4559-871f-d8e76c4456c5
Jul 08 22:21:24.620792 dv-cinder-800093-1-smb devstack@c-api.service[99762]: DEBUG cinder.api.openstack.wsgi [None req-26e6f909-39c3-4662-87c8-65507a48d9ce tempest-VolumesTestJSON-142183922 tempest-VolumesTestJSON-142183922-project] Empty body provided in request {{(pid=99762) get_body /opt/stack/cinder/cinder/api/openstack/wsgi.py:713}}
Jul 08 22:21:24.621449 dv-cinder-800093-1-smb devstack@c-api.service[99762]: DEBUG cinder.api.openstack.wsgi [None req-26e6f909-39c3-4662-87c8-65507a48d9ce tempest-VolumesTestJSON-142183922 tempest-VolumesTestJSON-142183922-project] Calling method 'delete' {{(pid=99762) _process_stack /opt/stack/cinder/cinder/api/openstack/wsgi.py:866}}
Jul 08 22:21:24.621697 dv-cinder-800093-1-smb devstack@c-api.service[99763]: DEBUG cinder.api.openstack.wsgi [None req-edc760d1-e293-4f02-8e4a-cedfc648aec3 tempest-GroupTypesTest-1298967761 tempest-GroupTypesTest-1298967761-project-admin] Action: 'update', calling method: version_select, body: {"group_type": {"name": "tempest-GroupTypesTest-updated-group-type-1003055033", "description": "updated-group-type-desc"}} {{(pid=99763) _process_stack /opt/stack/cinder/cinder/api/openstack/wsgi.py:864}}
Jul 08 22:21:24.622291 dv-cinder-800093-1-smb devstack@c-api.service[99762]: INFO cinder.api.v3.volumes [None req-26e6f909-39c3-4662-87c8-65507a48d9ce tempest-VolumesTestJSON-142183922 tempest-VolumesTestJSON-142183922-project] Delete volume with id: 1e5a12d1-bd12-4295-9755-faf1053b9a71
Jul 08 22:21:24.646578 dv-cinder-800093-1-smb devstack@c-api.service[99762]: /usr/local/lib/python3.8/dist-packages/oslo_context/context.py:105: DeprecationWarning: Policy enforcement is depending on the value of is_admin. This key is deprecated. Please update your policy file to use the standard policy values.
Jul 08 22:21:24.646578 dv-cinder-800093-1-smb devstack@c-api.service[99762]: warnings.warn('Policy enforcement is depending on the value of '
Jul 08 22:21:24.648211 dv-cinder-800093-1-smb devstack@c-api.service[99762]: INFO cinder.volume.api [None req-26e6f909-39c3-4662-87c8-65507a48d9ce tempest-VolumesTestJSON-142183922 tempest-VolumesTestJSON-142183922-project] Volume info retrieved successfully.
Jul 08 22:21:24.703196 dv-cinder-800093-1-smb devstack@c-api.service[99763]: INFO cinder.api.openstack.wsgi [None req-edc760d1-e293-4f02-8e4a-cedfc648aec3 tempest-GroupTypesTest-1298967761 tempest-GroupTypesTest-1298967761-project-admin] http://10.222.0.49/volume/v3/4aa88b8c80b2411e87dd365b8dc19ece/group_types/d55f68a3-57e2-4559-871f-d8e76c4456c5 returned with HTTP 200
Jul 08 22:21:24.719662 dv-cinder-800093-1-smb devstack@c-api.service[99762]: INFO cinder.volume.api [None req-26e6f909-39c3-4662-87c8-65507a48d9ce tempest-VolumesTestJSON-142183922 tempest-VolumesTestJSON-142183922-project] Delete volume request issued successfully.
Jul 08 22:21:24.720078 dv-cinder-800093-1-smb devstack@c-api.service[99762]: INFO cinder.api.openstack.wsgi [None req-26e6f909-39c3-4662-87c8-65507a48d9ce tempest-VolumesTestJSON-142183922 tempest-VolumesTestJSON-142183922-project] http://10.222.0.49/volume/v3/82e8fc6f48d04d4a85370e0304928038/volumes/1e5a12d1-bd12-4295-9755-faf1053b9a71 returned with HTTP 202
Jul 08 22:21:24.720926 dv-cinder-800093-1-smb devstack@c-api.service[99762]: [pid: 99762|app: 0|req: 39/68] 10.222.0.49 () {58 vars in 1328 bytes} [Thu Jul 8 22:21:24 2021] DELETE /volume/v3/82e8fc6f48d04d4a85370e0304928038/volumes/1e5a12d1-bd12-4295-9755-faf1053b9a71 => generated 0 bytes in 107 msecs (HTTP/1.1 202) 6 headers in 233 bytes (1 switches on core 0)
Jul 08 22:21:24.733467 dv-cinder-800093-1-smb devstack@c-api.service[99763]: [pid: 99763|app: 0|req: 30/69] 10.222.0.49 () {62 vars in 1399 bytes} [Thu Jul 8 22:21:24 2021] PUT /volume/v3/4aa88b8c80b2411e87dd365b8dc19ece/group_types/d55f68a3-57e2-4559-871f-d8e76c4456c5 => generated 255 bytes in 127 msecs (HTTP/1.1 200) 7 headers in 286 bytes (1 switches on core 0)
Jul 08 22:21:24.748160 dv-cinder-800093-1-smb devstack@c-api.service[99762]: INFO cinder.api.openstack.wsgi [None req-0f7686a8-2722-4dcc-b4dd-3d401f1db164 tempest-VolumesTestJSON-142183922 tempest-VolumesTestJSON-142183922-project] GET http://10.222.0.49/volume/v3/82e8fc6f48d04d4a85370e0304928038/volumes/1e5a12d1-bd12-4295-9755-faf1053b9a71
Jul 08 22:21:24.751342 dv-cinder-800093-1-smb devstack@c-api.service[99763]: INFO cinder.api.openstack.wsgi [None req-b69b521e-63cb-4038-9664-4bc47e2d653a tempest-GroupTypesTest-1298967761 tempest-GroupTypesTest-1298967761-project-admin] GET http://10.222.0.49/volume/v3/4aa88b8c80b2411e87dd365b8dc19ece/group_types/d55f68a3-57e2-4559-871f-d8e76c4456c5
Jul 08 22:21:24.752821 dv-cinder-800093-1-smb devstack@c-api.service[99762]: DEBUG cinder.api.openstack.wsgi [None req-0f7686a8-2722-4dcc-b4dd-3d401f1db164 tempest-VolumesTestJSON-142183922 tempest-VolumesTestJSON-142183922-project] Empty body provided in request {{(pid=99762) get_body /opt/stack/cinder/cinder/api/openstack/wsgi.py:713}}
Jul 08 22:21:24.752965 dv-cinder-800093-1-smb devstack@c-api.service[99762]: /usr/local/lib/python3.8/dist-packages/webob/acceptparse.py:1047: DeprecationWarning: The behavior of AcceptValidHeader.best_match is currently being maintained for backward compatibility, but it will be deprecated in the future, as it does not conform to the RFC.
Jul 08 22:21:24.752965 dv-cinder-800093-1-smb devstack@c-api.service[99762]: warnings.warn(
Jul 08 22:21:24.753266 dv-cinder-800093-1-smb devstack@c-api.service[99762]: DEBUG cinder.api.openstack.wsgi [None req-0f7686a8-2722-4dcc-b4dd-3d401f1db164 tempest-VolumesTestJSON-142183922 tempest-VolumesTestJSON-142183922-project] Calling method 'show' {{(pid=99762) _process_stack /opt/stack/cinder/cinder/api/openstack/wsgi.py:866}}
Jul 08 22:21:24.768848 dv-cinder-800093-1-smb devstack@c-api.service[99763]: DEBUG cinder.api.openstack.wsgi [None req-b69b521e-63cb-4038-9664-4bc47e2d653a tempest-GroupTypesTest-1298967761 tempest-GroupTypesTest-1298967761-project-admin] Empty body provided in request {{(pid=99763) get_body /opt/stack/cinder/cinder/api/openstack/wsgi.py:713}}
Jul 08 22:21:24.774897 dv-cinder-800093-1-smb devstack@c-api.service[99763]: DEBUG cinder.api.openstack.wsgi [None req-b69b521e-63cb-4038-9664-4bc47e2d653a tempest-GroupTypesTest-1298967761 tempest-GroupTypesTest-1298967761-project-admin] Calling method 'version_select' {{(pid=99763) _process_stack /opt/stack/cinder/cinder/api/openstack/wsgi.py:866}}
Jul 08 22:21:24.857363 dv-cinder-800093-1-smb devstack@c-api.service[99762]: /usr/local/lib/python3.8/dist-packages/oslo_context/context.py:105: DeprecationWarning: Policy enforcement is depending on the value of is_admin. This key is deprecated. Please update your policy file to use the standard policy values.
Jul 08 22:21:24.857363 dv-cinder-800093-1-smb devstack@c-api.service[99762]: warnings.warn('Policy enforcement is depending on the value of '
Jul 08 22:21:24.858754 dv-cinder-800093-1-smb devstack@c-api.service[99763]: INFO cinder.api.openstack.wsgi [None req-b69b521e-63cb-4038-9664-4bc47e2d653a tempest-GroupTypesTest-1298967761 tempest-GroupTypesTest-1298967761-project-admin] http://10.222.0.49/volume/v3/4aa88b8c80b2411e87dd365b8dc19ece/group_types/d55f68a3-57e2-4559-871f-d8e76c4456c5 returned with HTTP 200
Jul 08 22:21:24.858754 dv-cinder-800093-1-smb devstack@c-api.service[99763]: [pid: 99763|app: 0|req: 31/70] 10.222.0.49 () {60 vars in 1378 bytes} [Thu Jul 8 22:21:24 2021] GET /volume/v3/4aa88b8c80b2411e87dd365b8dc19ece/group_types/d55f68a3-57e2-4559-871f-d8e76c4456c5 => generated 255 bytes in 90 msecs (HTTP/1.1 200) 7 headers in 286 bytes (1 switches on core 0)
Jul 08 22:21:24.858754 dv-cinder-800093-1-smb devstack@c-api.service[99763]: INFO cinder.api.openstack.wsgi [None req-e8227fe0-b28f-4fb0-af8f-8ca9c2832e30 tempest-GroupTypesTest-1298967761 tempest-GroupTypesTest-1298967761-project-admin] DELETE http://10.222.0.49/volume/v3/4aa88b8c80b2411e87dd365b8dc19ece/group_types/d55f68a3-57e2-4559-871f-d8e76c4456c5
Jul 08 22:21:24.858754 dv-cinder-800093-1-smb devstack@c-api.service[99763]: DEBUG cinder.api.openstack.wsgi [None req-e8227fe0-b28f-4fb0-af8f-8ca9c2832e30 tempest-GroupTypesTest-1298967761 tempest-GroupTypesTest-1298967761-project-admin] Empty body provided in request {{(pid=99763) get_body /opt/stack/cinder/cinder/api/openstack/wsgi.py:713}}
Jul 08 22:21:24.858754 dv-cinder-800093-1-smb devstack@c-api.service[99763]: DEBUG cinder.api.openstack.wsgi [None req-e8227fe0-b28f-4fb0-af8f-8ca9c2832e30 tempest-GroupTypesTest-1298967761 tempest-GroupTypesTest-1298967761-project-admin] Calling method 'version_select' {{(pid=99763) _process_stack /opt/stack/cinder/cinder/api/openstack/wsgi.py:866}}
Jul 08 22:21:24.898600 dv-cinder-800093-1-smb devstack@c-api.service[99762]: INFO cinder.volume.api [None req-0f7686a8-2722-4dcc-b4dd-3d401f1db164 tempest-VolumesTestJSON-142183922 tempest-VolumesTestJSON-142183922-project] Volume info retrieved successfully.
Jul 08 22:21:24.953735 dv-cinder-800093-1-smb devstack@c-api.service[99763]: INFO cinder.api.openstack.wsgi [None req-e8227fe0-b28f-4fb0-af8f-8ca9c2832e30 tempest-GroupTypesTest-1298967761 tempest-GroupTypesTest-1298967761-project-admin] http://10.222.0.49/volume/v3/4aa88b8c80b2411e87dd365b8dc19ece/group_types/d55f68a3-57e2-4559-871f-d8e76c4456c5 returned with HTTP 202
Jul 08 22:21:24.955160 dv-cinder-800093-1-smb devstack@c-api.service[99763]: [pid: 99763|app: 0|req: 32/71] 10.222.0.49 () {60 vars in 1381 bytes} [Thu Jul 8 22:21:24 2021] DELETE /volume/v3/4aa88b8c80b2411e87dd365b8dc19ece/group_types/d55f68a3-57e2-4559-871f-d8e76c4456c5 => generated 0 bytes in 115 msecs (HTTP/1.1 202) 6 headers in 234 bytes (1 switches on core 0)
Jul 08 22:21:24.983785 dv-cinder-800093-1-smb devstack@c-api.service[99762]: INFO cinder.api.openstack.wsgi [None req-0f7686a8-2722-4dcc-b4dd-3d401f1db164 tempest-VolumesTestJSON-142183922 tempest-VolumesTestJSON-142183922-project] http://10.222.0.49/volume/v3/82e8fc6f48d04d4a85370e0304928038/volumes/1e5a12d1-bd12-4295-9755-faf1053b9a71 returned with HTTP 200
Jul 08 22:21:24.987916 dv-cinder-800093-1-smb devstack@c-api.service[99762]: [pid: 99762|app: 0|req: 40/72] 10.222.0.49 () {58 vars in 1325 bytes} [Thu Jul 8 22:21:24 2021] GET /volume/v3/82e8fc6f48d04d4a85370e0304928038/volumes/1e5a12d1-bd12-4295-9755-faf1053b9a71 => generated 921 bytes in 263 msecs (HTTP/1.1 200) 7 headers in 285 bytes (1 switches on core 0)
Jul 08 22:21:26.002587 dv-cinder-800093-1-smb devstack@c-api.service[99763]: INFO cinder.api.openstack.wsgi [None req-a4fef683-04d1-471e-bff7-97ce47acfc04 tempest-VolumesTestJSON-142183922 tempest-VolumesTestJSON-142183922-project] GET http://10.222.0.49/volume/v3/82e8fc6f48d04d4a85370e0304928038/volumes/1e5a12d1-bd12-4295-9755-faf1053b9a71
Jul 08 22:21:26.003727 dv-cinder-800093-1-smb devstack@c-api.service[99763]: DEBUG cinder.api.openstack.wsgi [None req-a4fef683-04d1-471e-bff7-97ce47acfc04 tempest-VolumesTestJSON-142183922 tempest-VolumesTestJSON-142183922-project] Empty body provided in request {{(pid=99763) get_body /opt/stack/cinder/cinder/api/openstack/wsgi.py:713}}
Jul 08 22:21:26.004332 dv-cinder-800093-1-smb devstack@c-api.service[99763]: DEBUG cinder.api.openstack.wsgi [None req-a4fef683-04d1-471e-bff7-97ce47acfc04 tempest-VolumesTestJSON-142183922 tempest-VolumesTestJSON-142183922-project] Calling method 'show' {{(pid=99763) _process_stack /opt/stack/cinder/cinder/api/openstack/wsgi.py:866}}
Jul 08 22:21:26.039779 dv-cinder-800093-1-smb devstack@c-api.service[99763]: INFO cinder.api.openstack.wsgi [None req-a4fef683-04d1-471e-bff7-97ce47acfc04 tempest-VolumesTestJSON-142183922 tempest-VolumesTestJSON-142183922-project] http://10.222.0.49/volume/v3/82e8fc6f48d04d4a85370e0304928038/volumes/1e5a12d1-bd12-4295-9755-faf1053b9a71 returned with HTTP 404
Jul 08 22:21:26.052405 dv-cinder-800093-1-smb devstack@c-api.service[99763]: [pid: 99763|app: 0|req: 33/73] 10.222.0.49 () {58 vars in 1325 bytes} [Thu Jul 8 22:21:25 2021] GET /volume/v3/82e8fc6f48d04d4a85370e0304928038/volumes/1e5a12d1-bd12-4295-9755-faf1053b9a71 => generated 109 bytes in 51 msecs (HTTP/1.1 404) 7 headers in 292 bytes (1 switches on core 0)
Jul 08 22:21:34.342922 dv-cinder-800093-1-smb devstack@c-api.service[99762]: INFO cinder.api.openstack.wsgi [req-5139edb5-9745-4f62-b2cb-dc7921c1f4af req-621f39ec-7489-4a34-a0f9-259698de3808 tempest-VolumesNegativeTest-71887585 tempest-VolumesNegativeTest-71887585-project] DELETE http://10.222.0.49/volume/v3/cb8032d44716447aa5989a805a3ca3a0/volumes/tempest-invalid-28647173
Jul 08 22:21:34.344234 dv-cinder-800093-1-smb devstack@c-api.service[99762]: DEBUG cinder.api.openstack.wsgi [req-5139edb5-9745-4f62-b2cb-dc7921c1f4af req-621f39ec-7489-4a34-a0f9-259698de3808 tempest-VolumesNegativeTest-71887585 tempest-VolumesNegativeTest-71887585-project] Empty body provided in request {{(pid=99762) get_body /opt/stack/cinder/cinder/api/openstack/wsgi.py:713}}
Jul 08 22:21:34.344759 dv-cinder-800093-1-smb devstack@c-api.service[99762]: /usr/local/lib/python3.8/dist-packages/webob/acceptparse.py:1047: DeprecationWarning: The behavior of AcceptValidHeader.best_match is currently being maintained for backward compatibility, but it will be deprecated in the future, as it does not conform to the RFC.
Jul 08 22:21:34.344759 dv-cinder-800093-1-smb devstack@c-api.service[99762]: warnings.warn(
Jul 08 22:21:34.345747 dv-cinder-800093-1-smb devstack@c-api.service[99762]: DEBUG cinder.api.openstack.wsgi [req-5139edb5-9745-4f62-b2cb-dc7921c1f4af req-621f39ec-7489-4a34-a0f9-259698de3808 tempest-VolumesNegativeTest-71887585 tempest-VolumesNegativeTest-71887585-project] Calling method 'delete' {{(pid=99762) _process_stack /opt/stack/cinder/cinder/api/openstack/wsgi.py:866}}
Jul 08 22:21:34.346402 dv-cinder-800093-1-smb devstack@c-api.service[99762]: INFO cinder.api.v3.volumes [req-5139edb5-9745-4f62-b2cb-dc7921c1f4af req-621f39ec-7489-4a34-a0f9-259698de3808 tempest-VolumesNegativeTest-71887585 tempest-VolumesNegativeTest-71887585-project] Delete volume with id: tempest-invalid-28647173
Jul 08 22:21:34.374294 dv-cinder-800093-1-smb devstack@c-api.service[99762]: INFO cinder.api.openstack.wsgi [req-5139edb5-9745-4f62-b2cb-dc7921c1f4af req-621f39ec-7489-4a34-a0f9-259698de3808 tempest-VolumesNegativeTest-71887585 tempest-VolumesNegativeTest-71887585-project] http://10.222.0.49/volume/v3/cb8032d44716447aa5989a805a3ca3a0/volumes/tempest-invalid-28647173 returned with HTTP 404
Jul 08 22:21:34.409562 dv-cinder-800093-1-smb devstack@c-api.service[99762]: [pid: 99762|app: 0|req: 41/74] 10.222.0.49 () {62 vars in 1565 bytes} [Thu Jul 8 22:21:34 2021] DELETE /volume/v3/cb8032d44716447aa5989a805a3ca3a0/volumes/tempest-invalid-28647173 => generated 97 bytes in 74 msecs (HTTP/1.1 404) 7 headers in 291 bytes (1 switches on core 0)
Jul 08 22:21:34.680674 dv-cinder-800093-1-smb devstack@c-api.service[99763]: INFO cinder.api.openstack.wsgi [req-80b4c258-737b-4691-b393-74601e3d9b57 req-5d8aefb1-8f7f-412d-8cff-bd961299c0e2 tempest-VolumesNegativeTest-71887585 tempest-VolumesNegativeTest-71887585-project] DELETE http://10.222.0.49/volume/v3/cb8032d44716447aa5989a805a3ca3a0/volumes/346ce641-3c3e-45bd-b6a3-cff471f775d4
Jul 08 22:21:34.683938 dv-cinder-800093-1-smb devstack@c-api.service[99763]: DEBUG cinder.api.openstack.wsgi [req-80b4c258-737b-4691-b393-74601e3d9b57 req-5d8aefb1-8f7f-412d-8cff-bd961299c0e2 tempest-VolumesNegativeTest-71887585 tempest-VolumesNegativeTest-71887585-project] Empty body provided in request {{(pid=99763) get_body /opt/stack/cinder/cinder/api/openstack/wsgi.py:713}}
Jul 08 22:21:34.684672 dv-cinder-800093-1-smb devstack@c-api.service[99763]: DEBUG cinder.api.openstack.wsgi [req-80b4c258-737b-4691-b393-74601e3d9b57 req-5d8aefb1-8f7f-412d-8cff-bd961299c0e2 tempest-VolumesNegativeTest-71887585 tempest-VolumesNegativeTest-71887585-project] Calling method 'delete' {{(pid=99763) _process_stack /opt/stack/cinder/cinder/api/openstack/wsgi.py:866}}
Jul 08 22:21:34.685282 dv-cinder-800093-1-smb devstack@c-api.service[99763]: INFO cinder.api.v3.volumes [req-80b4c258-737b-4691-b393-74601e3d9b57 req-5d8aefb1-8f7f-412d-8cff-bd961299c0e2 tempest-VolumesNegativeTest-71887585 tempest-VolumesNegativeTest-71887585-project] Delete volume with id: 346ce641-3c3e-45bd-b6a3-cff471f775d4
Jul 08 22:21:34.729918 dv-cinder-800093-1-smb devstack@c-api.service[99763]: INFO cinder.api.openstack.wsgi [req-80b4c258-737b-4691-b393-74601e3d9b57 req-5d8aefb1-8f7f-412d-8cff-bd961299c0e2 tempest-VolumesNegativeTest-71887585 tempest-VolumesNegativeTest-71887585-project] http://10.222.0.49/volume/v3/cb8032d44716447aa5989a805a3ca3a0/volumes/346ce641-3c3e-45bd-b6a3-cff471f775d4 returned with HTTP 404
Jul 08 22:21:34.739471 dv-cinder-800093-1-smb devstack@c-api.service[99763]: [pid: 99763|app: 0|req: 34/75] 10.222.0.49 () {62 vars in 1601 bytes} [Thu Jul 8 22:21:34 2021] DELETE /volume/v3/cb8032d44716447aa5989a805a3ca3a0/volumes/346ce641-3c3e-45bd-b6a3-cff471f775d4 => generated 109 bytes in 63 msecs (HTTP/1.1 404) 7 headers in 292 bytes (1 switches on core 0)
Jul 08 22:21:34.787983 dv-cinder-800093-1-smb devstack@c-api.service[99762]: INFO cinder.api.openstack.wsgi [req-86addf57-fab4-4095-9dca-e626b0a1465a req-199b24f8-a059-4125-861a-e032aa3e45c4 tempest-VolumesNegativeTest-71887585 tempest-VolumesNegativeTest-71887585-project] GET http://10.222.0.49/volume/v3/cb8032d44716447aa5989a805a3ca3a0/volumes/f39e7323-6703-45c2-834d-a3a5f020acc7
Jul 08 22:21:34.788687 dv-cinder-800093-1-smb devstack@c-api.service[99762]: DEBUG cinder.api.openstack.wsgi [req-86addf57-fab4-4095-9dca-e626b0a1465a req-199b24f8-a059-4125-861a-e032aa3e45c4 tempest-VolumesNegativeTest-71887585 tempest-VolumesNegativeTest-71887585-project] Empty body provided in request {{(pid=99762) get_body /opt/stack/cinder/cinder/api/openstack/wsgi.py:713}}
Jul 08 22:21:34.789252 dv-cinder-800093-1-smb devstack@c-api.service[99762]: DEBUG cinder.api.openstack.wsgi [req-86addf57-fab4-4095-9dca-e626b0a1465a req-199b24f8-a059-4125-861a-e032aa3e45c4 tempest-VolumesNegativeTest-71887585 tempest-VolumesNegativeTest-71887585-project] Calling method 'show' {{(pid=99762) _process_stack /opt/stack/cinder/cinder/api/openstack/wsgi.py:866}}
Jul 08 22:21:34.820556 dv-cinder-800093-1-smb devstack@c-api.service[99762]: INFO cinder.api.openstack.wsgi [req-86addf57-fab4-4095-9dca-e626b0a1465a req-199b24f8-a059-4125-861a-e032aa3e45c4 tempest-VolumesNegativeTest-71887585 tempest-VolumesNegativeTest-71887585-project] http://10.222.0.49/volume/v3/cb8032d44716447aa5989a805a3ca3a0/volumes/f39e7323-6703-45c2-834d-a3a5f020acc7 returned with HTTP 404
Jul 08 22:21:34.836248 dv-cinder-800093-1-smb devstack@c-api.service[99762]: [pid: 99762|app: 0|req: 42/76] 10.222.0.49 () {60 vars in 1579 bytes} [Thu Jul 8 22:21:34 2021] GET /volume/v3/cb8032d44716447aa5989a805a3ca3a0/volumes/f39e7323-6703-45c2-834d-a3a5f020acc7 => generated 109 bytes in 46 msecs (HTTP/1.1 404) 7 headers in 292 bytes (1 switches on core 0)
Jul 08 22:21:36.577044 dv-cinder-800093-1-smb devstack@c-api.service[99763]: INFO cinder.api.openstack.wsgi [None req-f56b0512-696c-41ee-bc4c-b5da1ddcdb39 tempest-VolumeQuotasAdminTestJSON-1726801318 tempest-VolumeQuotasAdminTestJSON-1726801318-project-admin] GET http://10.222.0.49/volume/v3/082bb9adf4274904ad64fe21f65f0e87/os-quota-sets/cb82bfc215ba4cdc9d23ad71b5ab83ed
Jul 08 22:21:36.577677 dv-cinder-800093-1-smb devstack@c-api.service[99763]: DEBUG cinder.api.openstack.wsgi [None req-f56b0512-696c-41ee-bc4c-b5da1ddcdb39 tempest-VolumeQuotasAdminTestJSON-1726801318 tempest-VolumeQuotasAdminTestJSON-1726801318-project-admin] Empty body provided in request {{(pid=99763) get_body /opt/stack/cinder/cinder/api/openstack/wsgi.py:713}}
Jul 08 22:21:36.578109 dv-cinder-800093-1-smb devstack@c-api.service[99763]: DEBUG cinder.api.openstack.wsgi [None req-f56b0512-696c-41ee-bc4c-b5da1ddcdb39 tempest-VolumeQuotasAdminTestJSON-1726801318 tempest-VolumeQuotasAdminTestJSON-1726801318-project-admin] Calling method 'show' {{(pid=99763) _process_stack /opt/stack/cinder/cinder/api/openstack/wsgi.py:866}}
Jul 08 22:21:36.597807 dv-cinder-800093-1-smb devstack@c-api.service[99763]: WARNING cinder.quota [None req-f56b0512-696c-41ee-bc4c-b5da1ddcdb39 tempest-VolumeQuotasAdminTestJSON-1726801318 tempest-VolumeQuotasAdminTestJSON-1726801318-project-admin] Deprecated: Default quota for resource: backups is set by the default quota flag: quota_backups, it is now deprecated. Please use the default quota class for default quota.
Jul 08 22:21:36.603319 dv-cinder-800093-1-smb devstack@c-api.service[99763]: WARNING cinder.quota [None req-f56b0512-696c-41ee-bc4c-b5da1ddcdb39 tempest-VolumeQuotasAdminTestJSON-1726801318 tempest-VolumeQuotasAdminTestJSON-1726801318-project-admin] Deprecated: Default quota for resource: backup_gigabytes is set by the default quota flag: quota_backup_gigabytes, it is now deprecated. Please use the default quota class for default quota.
Jul 08 22:21:36.604857 dv-cinder-800093-1-smb devstack@c-api.service[99763]: WARNING cinder.quota [None req-f56b0512-696c-41ee-bc4c-b5da1ddcdb39 tempest-VolumeQuotasAdminTestJSON-1726801318 tempest-VolumeQuotasAdminTestJSON-1726801318-project-admin] Deprecated: Default quota for resource: volumes_lvmdriver-1 is set by the default quota flag: quota_volumes_lvmdriver-1, it is now deprecated. Please use the default quota class for default quota.
Jul 08 22:21:36.606530 dv-cinder-800093-1-smb devstack@c-api.service[99763]: WARNING cinder.quota [None req-f56b0512-696c-41ee-bc4c-b5da1ddcdb39 tempest-VolumeQuotasAdminTestJSON-1726801318 tempest-VolumeQuotasAdminTestJSON-1726801318-project-admin] Deprecated: Default quota for resource: gigabytes_lvmdriver-1 is set by the default quota flag: quota_gigabytes_lvmdriver-1, it is now deprecated. Please use the default quota class for default quota.
Jul 08 22:21:36.608600 dv-cinder-800093-1-smb devstack@c-api.service[99763]: WARNING cinder.quota [None req-f56b0512-696c-41ee-bc4c-b5da1ddcdb39 tempest-VolumeQuotasAdminTestJSON-1726801318 tempest-VolumeQuotasAdminTestJSON-1726801318-project-admin] Deprecated: Default quota for resource: snapshots_lvmdriver-1 is set by the default quota flag: quota_snapshots_lvmdriver-1, it is now deprecated. Please use the default quota class for default quota.
Jul 08 22:21:36.610589 dv-cinder-800093-1-smb devstack@c-api.service[99763]: WARNING cinder.quota [None req-f56b0512-696c-41ee-bc4c-b5da1ddcdb39 tempest-VolumeQuotasAdminTestJSON-1726801318 tempest-VolumeQuotasAdminTestJSON-1726801318-project-admin] Deprecated: Default quota for resource: snapshots___DEFAULT__ is set by the default quota flag: quota_snapshots___DEFAULT__, it is now deprecated. Please use the default quota class for default quota.
Jul 08 22:21:36.621503 dv-cinder-800093-1-smb devstack@c-api.service[99763]: INFO cinder.api.openstack.wsgi [None req-f56b0512-696c-41ee-bc4c-b5da1ddcdb39 tempest-VolumeQuotasAdminTestJSON-1726801318 tempest-VolumeQuotasAdminTestJSON-1726801318-project-admin] http://10.222.0.49/volume/v3/082bb9adf4274904ad64fe21f65f0e87/os-quota-sets/cb82bfc215ba4cdc9d23ad71b5ab83ed returned with HTTP 200
Jul 08 22:21:36.632020 dv-cinder-800093-1-smb devstack@c-api.service[99763]: [pid: 99763|app: 0|req: 35/77] 10.222.0.49 () {58 vars in 1331 bytes} [Thu Jul 8 22:21:35 2021] GET /volume/v3/082bb9adf4274904ad64fe21f65f0e87/os-quota-sets/cb82bfc215ba4cdc9d23ad71b5ab83ed => generated 361 bytes in 675 msecs (HTTP/1.1 200) 7 headers in 285 bytes (1 switches on core 0)
Jul 08 22:21:36.639107 dv-cinder-800093-1-smb devstack@c-api.service[99762]: INFO cinder.api.openstack.wsgi [None req-397caa23-79ee-4fe4-98ca-9bbb9b32bff2 tempest-VolumeQuotasAdminTestJSON-1726801318 tempest-VolumeQuotasAdminTestJSON-1726801318-project-admin] GET http://10.222.0.49/volume/v3/082bb9adf4274904ad64fe21f65f0e87/os-quota-sets/cb82bfc215ba4cdc9d23ad71b5ab83ed/defaults
Jul 08 22:21:36.639718 dv-cinder-800093-1-smb devstack@c-api.service[99762]: DEBUG cinder.api.openstack.wsgi [None req-397caa23-79ee-4fe4-98ca-9bbb9b32bff2 tempest-VolumeQuotasAdminTestJSON-1726801318 tempest-VolumeQuotasAdminTestJSON-1726801318-project-admin] Empty body provided in request {{(pid=99762) get_body /opt/stack/cinder/cinder/api/openstack/wsgi.py:713}}
Jul 08 22:21:36.640198 dv-cinder-800093-1-smb devstack@c-api.service[99762]: DEBUG cinder.api.openstack.wsgi [None req-397caa23-79ee-4fe4-98ca-9bbb9b32bff2 tempest-VolumeQuotasAdminTestJSON-1726801318 tempest-VolumeQuotasAdminTestJSON-1726801318-project-admin] Calling method 'defaults' {{(pid=99762) _process_stack /opt/stack/cinder/cinder/api/openstack/wsgi.py:866}}
Jul 08 22:21:36.653297 dv-cinder-800093-1-smb devstack@c-api.service[99762]: WARNING cinder.quota [None req-397caa23-79ee-4fe4-98ca-9bbb9b32bff2 tempest-VolumeQuotasAdminTestJSON-1726801318 tempest-VolumeQuotasAdminTestJSON-1726801318-project-admin] Deprecated: Default quota for resource: backups is set by the default quota flag: quota_backups, it is now deprecated. Please use the default quota class for default quota.
Jul 08 22:21:36.654440 dv-cinder-800093-1-smb devstack@c-api.service[99762]: WARNING cinder.quota [None req-397caa23-79ee-4fe4-98ca-9bbb9b32bff2 tempest-VolumeQuotasAdminTestJSON-1726801318 tempest-VolumeQuotasAdminTestJSON-1726801318-project-admin] Deprecated: Default quota for resource: backup_gigabytes is set by the default quota flag: quota_backup_gigabytes, it is now deprecated. Please use the default quota class for default quota.
Jul 08 22:21:36.655688 dv-cinder-800093-1-smb devstack@c-api.service[99762]: WARNING cinder.quota [None req-397caa23-79ee-4fe4-98ca-9bbb9b32bff2 tempest-VolumeQuotasAdminTestJSON-1726801318 tempest-VolumeQuotasAdminTestJSON-1726801318-project-admin] Deprecated: Default quota for resource: volumes_lvmdriver-1 is set by the default quota flag: quota_volumes_lvmdriver-1, it is now deprecated. Please use the default quota class for default quota.
Jul 08 22:21:36.656587 dv-cinder-800093-1-smb devstack@c-api.service[99762]: WARNING cinder.quota [None req-397caa23-79ee-4fe4-98ca-9bbb9b32bff2 tempest-VolumeQuotasAdminTestJSON-1726801318 tempest-VolumeQuotasAdminTestJSON-1726801318-project-admin] Deprecated: Default quota for resource: gigabytes_lvmdriver-1 is set by the default quota flag: quota_gigabytes_lvmdriver-1, it is now deprecated. Please use the default quota class for default quota.
Jul 08 22:21:36.657699 dv-cinder-800093-1-smb devstack@c-api.service[99762]: WARNING cinder.quota [None req-397caa23-79ee-4fe4-98ca-9bbb9b32bff2 tempest-VolumeQuotasAdminTestJSON-1726801318 tempest-VolumeQuotasAdminTestJSON-1726801318-project-admin] Deprecated: Default quota for resource: snapshots_lvmdriver-1 is set by the default quota flag: quota_snapshots_lvmdriver-1, it is now deprecated. Please use the default quota class for default quota.
Jul 08 22:21:36.671811 dv-cinder-800093-1-smb devstack@c-api.service[99762]: INFO cinder.api.openstack.wsgi [None req-397caa23-79ee-4fe4-98ca-9bbb9b32bff2 tempest-VolumeQuotasAdminTestJSON-1726801318 tempest-VolumeQuotasAdminTestJSON-1726801318-project-admin] http://10.222.0.49/volume/v3/082bb9adf4274904ad64fe21f65f0e87/os-quota-sets/cb82bfc215ba4cdc9d23ad71b5ab83ed/defaults returned with HTTP 200
Jul 08 22:21:36.677714 dv-cinder-800093-1-smb devstack@c-api.service[99762]: [pid: 99762|app: 0|req: 43/78] 10.222.0.49 () {58 vars in 1358 bytes} [Thu Jul 8 22:21:36 2021] GET /volume/v3/082bb9adf4274904ad64fe21f65f0e87/os-quota-sets/cb82bfc215ba4cdc9d23ad71b5ab83ed/defaults => generated 361 bytes in 41 msecs (HTTP/1.1 200) 7 headers in 285 bytes (1 switches on core 0)
Jul 08 22:21:36.685278 dv-cinder-800093-1-smb devstack@c-api.service[99763]: INFO cinder.api.openstack.wsgi [None req-c70fed84-8b61-4820-8b01-61783b939f03 tempest-VolumeQuotasAdminTestJSON-1726801318 tempest-VolumeQuotasAdminTestJSON-1726801318-project-admin] PUT http://10.222.0.49/volume/v3/082bb9adf4274904ad64fe21f65f0e87/os-quota-sets/cb82bfc215ba4cdc9d23ad71b5ab83ed
Jul 08 22:21:36.686407 dv-cinder-800093-1-smb devstack@c-api.service[99763]: DEBUG cinder.api.openstack.wsgi [None req-c70fed84-8b61-4820-8b01-61783b939f03 tempest-VolumeQuotasAdminTestJSON-1726801318 tempest-VolumeQuotasAdminTestJSON-1726801318-project-admin] Action: 'update', calling method: update, body: {"quota_set": {"volumes": 15}} {{(pid=99763) _process_stack /opt/stack/cinder/cinder/api/openstack/wsgi.py:864}}
Jul 08 22:21:36.787624 dv-cinder-800093-1-smb devstack@c-api.service[99763]: INFO cinder.api.openstack.wsgi [None req-c70fed84-8b61-4820-8b01-61783b939f03 tempest-VolumeQuotasAdminTestJSON-1726801318 tempest-VolumeQuotasAdminTestJSON-1726801318-project-admin] http://10.222.0.49/volume/v3/082bb9adf4274904ad64fe21f65f0e87/os-quota-sets/cb82bfc215ba4cdc9d23ad71b5ab83ed returned with HTTP 200
Jul 08 22:21:36.788416 dv-cinder-800093-1-smb devstack@c-api.service[99763]: [pid: 99763|app: 0|req: 36/79] 10.222.0.49 () {60 vars in 1351 bytes} [Thu Jul 8 22:21:36 2021] PUT /volume/v3/082bb9adf4274904ad64fe21f65f0e87/os-quota-sets/cb82bfc215ba4cdc9d23ad71b5ab83ed => generated 319 bytes in 109 msecs (HTTP/1.1 200) 7 headers in 285 bytes (1 switches on core 0)
Jul 08 22:21:36.800345 dv-cinder-800093-1-smb devstack@c-api.service[99762]: INFO cinder.api.openstack.wsgi [None req-23df1639-b830-4d0e-869b-bd7b56aac06a tempest-VolumeQuotasAdminTestJSON-1726801318 tempest-VolumeQuotasAdminTestJSON-1726801318-project-admin] DELETE http://10.222.0.49/volume/v3/082bb9adf4274904ad64fe21f65f0e87/os-quota-sets/cb82bfc215ba4cdc9d23ad71b5ab83ed
Jul 08 22:21:36.800886 dv-cinder-800093-1-smb devstack@c-api.service[99762]: DEBUG cinder.api.openstack.wsgi [None req-23df1639-b830-4d0e-869b-bd7b56aac06a tempest-VolumeQuotasAdminTestJSON-1726801318 tempest-VolumeQuotasAdminTestJSON-1726801318-project-admin] Empty body provided in request {{(pid=99762) get_body /opt/stack/cinder/cinder/api/openstack/wsgi.py:713}}
Jul 08 22:21:36.801306 dv-cinder-800093-1-smb devstack@c-api.service[99762]: DEBUG cinder.api.openstack.wsgi [None req-23df1639-b830-4d0e-869b-bd7b56aac06a tempest-VolumeQuotasAdminTestJSON-1726801318 tempest-VolumeQuotasAdminTestJSON-1726801318-project-admin] Calling method 'delete' {{(pid=99762) _process_stack /opt/stack/cinder/cinder/api/openstack/wsgi.py:866}}
Jul 08 22:21:36.832583 dv-cinder-800093-1-smb devstack@c-api.service[99762]: INFO cinder.api.openstack.wsgi [None req-23df1639-b830-4d0e-869b-bd7b56aac06a tempest-VolumeQuotasAdminTestJSON-1726801318 tempest-VolumeQuotasAdminTestJSON-1726801318-project-admin] http://10.222.0.49/volume/v3/082bb9adf4274904ad64fe21f65f0e87/os-quota-sets/cb82bfc215ba4cdc9d23ad71b5ab83ed returned with HTTP 200
Jul 08 22:21:36.837395 dv-cinder-800093-1-smb devstack@c-api.service[99762]: [pid: 99762|app: 0|req: 44/80] 10.222.0.49 () {58 vars in 1334 bytes} [Thu Jul 8 22:21:36 2021] DELETE /volume/v3/082bb9adf4274904ad64fe21f65f0e87/os-quota-sets/cb82bfc215ba4cdc9d23ad71b5ab83ed => generated 0 bytes in 39 msecs (HTTP/1.1 200) 7 headers in 283 bytes (1 switches on core 0)
Jul 08 22:21:36.845008 dv-cinder-800093-1-smb devstack@c-api.service[99763]: INFO cinder.api.openstack.wsgi [None req-63b50485-e05d-485e-aa23-0d144e3ca50f tempest-VolumeQuotasAdminTestJSON-1726801318 tempest-VolumeQuotasAdminTestJSON-1726801318-project-admin] GET http://10.222.0.49/volume/v3/082bb9adf4274904ad64fe21f65f0e87/os-quota-sets/cb82bfc215ba4cdc9d23ad71b5ab83ed
Jul 08 22:21:36.845676 dv-cinder-800093-1-smb devstack@c-api.service[99763]: DEBUG cinder.api.openstack.wsgi [None req-63b50485-e05d-485e-aa23-0d144e3ca50f tempest-VolumeQuotasAdminTestJSON-1726801318 tempest-VolumeQuotasAdminTestJSON-1726801318-project-admin] Empty body provided in request {{(pid=99763) get_body /opt/stack/cinder/cinder/api/openstack/wsgi.py:713}}
Jul 08 22:21:36.846367 dv-cinder-800093-1-smb devstack@c-api.service[99763]: DEBUG cinder.api.openstack.wsgi [None req-63b50485-e05d-485e-aa23-0d144e3ca50f tempest-VolumeQuotasAdminTestJSON-1726801318 tempest-VolumeQuotasAdminTestJSON-1726801318-project-admin] Calling method 'show' {{(pid=99763) _process_stack /opt/stack/cinder/cinder/api/openstack/wsgi.py:866}}
Jul 08 22:21:36.882236 dv-cinder-800093-1-smb devstack@c-api.service[99763]: INFO cinder.api.openstack.wsgi [None req-63b50485-e05d-485e-aa23-0d144e3ca50f tempest-VolumeQuotasAdminTestJSON-1726801318 tempest-VolumeQuotasAdminTestJSON-1726801318-project-admin] http://10.222.0.49/volume/v3/082bb9adf4274904ad64fe21f65f0e87/os-quota-sets/cb82bfc215ba4cdc9d23ad71b5ab83ed returned with HTTP 200
Jul 08 22:21:36.892092 dv-cinder-800093-1-smb devstack@c-api.service[99763]: [pid: 99763|app: 0|req: 37/81] 10.222.0.49 () {58 vars in 1331 bytes} [Thu Jul 8 22:21:36 2021] GET /volume/v3/082bb9adf4274904ad64fe21f65f0e87/os-quota-sets/cb82bfc215ba4cdc9d23ad71b5ab83ed => generated 361 bytes in 53 msecs (HTTP/1.1 200) 7 headers in 285 bytes (1 switches on core 0)
Jul 08 22:21:36.896767 dv-cinder-800093-1-smb devstack@c-api.service[99762]: INFO cinder.api.openstack.wsgi [None req-07c05565-d845-4843-a279-0de700433c79 tempest-VolumeQuotasAdminTestJSON-1726801318 tempest-VolumeQuotasAdminTestJSON-1726801318-project-admin] PUT http://10.222.0.49/volume/v3/082bb9adf4274904ad64fe21f65f0e87/os-quota-sets/cb82bfc215ba4cdc9d23ad71b5ab83ed
Jul 08 22:21:36.897794 dv-cinder-800093-1-smb devstack@c-api.service[99762]: DEBUG cinder.api.openstack.wsgi [None req-07c05565-d845-4843-a279-0de700433c79 tempest-VolumeQuotasAdminTestJSON-1726801318 tempest-VolumeQuotasAdminTestJSON-1726801318-project-admin] Action: 'update', calling method: update, body: {"quota_set": {"volumes": 10, "per_volume_gigabytes": -1, "snapshots": 10, "gigabytes": 1000, "backups": 10, "backup_gigabytes": 1000}} {{(pid=99762) _process_stack /opt/stack/cinder/cinder/api/openstack/wsgi.py:864}}
Jul 08 22:21:37.178382 dv-cinder-800093-1-smb devstack@c-api.service[99762]: INFO cinder.api.openstack.wsgi [None req-07c05565-d845-4843-a279-0de700433c79 tempest-VolumeQuotasAdminTestJSON-1726801318 tempest-VolumeQuotasAdminTestJSON-1726801318-project-admin] http://10.222.0.49/volume/v3/082bb9adf4274904ad64fe21f65f0e87/os-quota-sets/cb82bfc215ba4cdc9d23ad71b5ab83ed returned with HTTP 200
Jul 08 22:21:37.181757 dv-cinder-800093-1-smb devstack@c-api.service[99762]: [pid: 99762|app: 0|req: 45/82] 10.222.0.49 () {60 vars in 1352 bytes} [Thu Jul 8 22:21:36 2021] PUT /volume/v3/082bb9adf4274904ad64fe21f65f0e87/os-quota-sets/cb82bfc215ba4cdc9d23ad71b5ab83ed => generated 319 bytes in 291 msecs (HTTP/1.1 200) 7 headers in 285 bytes (1 switches on core 0)
Jul 08 22:21:37.193322 dv-cinder-800093-1-smb devstack@c-api.service[99763]: INFO cinder.api.openstack.wsgi [None req-f6ff5ca3-51d4-47a4-b8b6-e658000d2785 tempest-VolumeQuotasAdminTestJSON-1726801318 tempest-VolumeQuotasAdminTestJSON-1726801318-project-admin] GET http://10.222.0.49/volume/v3/082bb9adf4274904ad64fe21f65f0e87/os-quota-sets/cb82bfc215ba4cdc9d23ad71b5ab83ed/defaults
Jul 08 22:21:37.193925 dv-cinder-800093-1-smb devstack@c-api.service[99763]: DEBUG cinder.api.openstack.wsgi [None req-f6ff5ca3-51d4-47a4-b8b6-e658000d2785 tempest-VolumeQuotasAdminTestJSON-1726801318 tempest-VolumeQuotasAdminTestJSON-1726801318-project-admin] Empty body provided in request {{(pid=99763) get_body /opt/stack/cinder/cinder/api/openstack/wsgi.py:713}}
Jul 08 22:21:37.194551 dv-cinder-800093-1-smb devstack@c-api.service[99763]: DEBUG cinder.api.openstack.wsgi [None req-f6ff5ca3-51d4-47a4-b8b6-e658000d2785 tempest-VolumeQuotasAdminTestJSON-1726801318 tempest-VolumeQuotasAdminTestJSON-1726801318-project-admin] Calling method 'defaults' {{(pid=99763) _process_stack /opt/stack/cinder/cinder/api/openstack/wsgi.py:866}}
Jul 08 22:21:37.240562 dv-cinder-800093-1-smb devstack@c-api.service[99763]: INFO cinder.api.openstack.wsgi [None req-f6ff5ca3-51d4-47a4-b8b6-e658000d2785 tempest-VolumeQuotasAdminTestJSON-1726801318 tempest-VolumeQuotasAdminTestJSON-1726801318-project-admin] http://10.222.0.49/volume/v3/082bb9adf4274904ad64fe21f65f0e87/os-quota-sets/cb82bfc215ba4cdc9d23ad71b5ab83ed/defaults returned with HTTP 200
Jul 08 22:21:37.252849 dv-cinder-800093-1-smb devstack@c-api.service[99763]: [pid: 99763|app: 0|req: 38/83] 10.222.0.49 () {58 vars in 1358 bytes} [Thu Jul 8 22:21:37 2021] GET /volume/v3/082bb9adf4274904ad64fe21f65f0e87/os-quota-sets/cb82bfc215ba4cdc9d23ad71b5ab83ed/defaults => generated 361 bytes in 59 msecs (HTTP/1.1 200) 7 headers in 285 bytes (1 switches on core 0)
Jul 08 22:21:37.261247 dv-cinder-800093-1-smb devstack@c-api.service[99762]: INFO cinder.api.openstack.wsgi [None req-2c8f4538-bc96-48be-8312-9ef01ce5290d tempest-VolumeQuotasAdminTestJSON-1726801318 tempest-VolumeQuotasAdminTestJSON-1726801318-project-admin] GET http://10.222.0.49/volume/v3/082bb9adf4274904ad64fe21f65f0e87/os-quota-sets/cb82bfc215ba4cdc9d23ad71b5ab83ed
Jul 08 22:21:37.261850 dv-cinder-800093-1-smb devstack@c-api.service[99762]: DEBUG cinder.api.openstack.wsgi [None req-2c8f4538-bc96-48be-8312-9ef01ce5290d tempest-VolumeQuotasAdminTestJSON-1726801318 tempest-VolumeQuotasAdminTestJSON-1726801318-project-admin] Empty body provided in request {{(pid=99762) get_body /opt/stack/cinder/cinder/api/openstack/wsgi.py:713}}
Jul 08 22:21:37.262469 dv-cinder-800093-1-smb devstack@c-api.service[99762]: DEBUG cinder.api.openstack.wsgi [None req-2c8f4538-bc96-48be-8312-9ef01ce5290d tempest-VolumeQuotasAdminTestJSON-1726801318 tempest-VolumeQuotasAdminTestJSON-1726801318-project-admin] Calling method 'show' {{(pid=99762) _process_stack /opt/stack/cinder/cinder/api/openstack/wsgi.py:866}}
Jul 08 22:21:37.307580 dv-cinder-800093-1-smb devstack@c-api.service[99762]: INFO cinder.api.openstack.wsgi [None req-2c8f4538-bc96-48be-8312-9ef01ce5290d tempest-VolumeQuotasAdminTestJSON-1726801318 tempest-VolumeQuotasAdminTestJSON-1726801318-project-admin] http://10.222.0.49/volume/v3/082bb9adf4274904ad64fe21f65f0e87/os-quota-sets/cb82bfc215ba4cdc9d23ad71b5ab83ed returned with HTTP 200
Jul 08 22:21:37.309383 dv-cinder-800093-1-smb devstack@c-api.service[99762]: [pid: 99762|app: 0|req: 46/84] 10.222.0.49 () {58 vars in 1331 bytes} [Thu Jul 8 22:21:37 2021] GET /volume/v3/082bb9adf4274904ad64fe21f65f0e87/os-quota-sets/cb82bfc215ba4cdc9d23ad71b5ab83ed => generated 361 bytes in 56 msecs (HTTP/1.1 200) 7 headers in 285 bytes (1 switches on core 0)
Jul 08 22:21:37.322504 dv-cinder-800093-1-smb devstack@c-api.service[99763]: INFO cinder.api.openstack.wsgi [None req-948f4ade-c640-4278-89e5-0b6280f6e956 tempest-VolumeQuotasAdminTestJSON-1726801318 tempest-VolumeQuotasAdminTestJSON-1726801318-project-admin] GET http://10.222.0.49/volume/v3/082bb9adf4274904ad64fe21f65f0e87/os-quota-sets/cb82bfc215ba4cdc9d23ad71b5ab83ed?usage=True
Jul 08 22:21:37.323050 dv-cinder-800093-1-smb devstack@c-api.service[99763]: DEBUG cinder.api.openstack.wsgi [None req-948f4ade-c640-4278-89e5-0b6280f6e956 tempest-VolumeQuotasAdminTestJSON-1726801318 tempest-VolumeQuotasAdminTestJSON-1726801318-project-admin] Empty body provided in request {{(pid=99763) get_body /opt/stack/cinder/cinder/api/openstack/wsgi.py:713}}
Jul 08 22:21:37.323465 dv-cinder-800093-1-smb devstack@c-api.service[99763]: DEBUG cinder.api.openstack.wsgi [None req-948f4ade-c640-4278-89e5-0b6280f6e956 tempest-VolumeQuotasAdminTestJSON-1726801318 tempest-VolumeQuotasAdminTestJSON-1726801318-project-admin] Calling method 'show' {{(pid=99763) _process_stack /opt/stack/cinder/cinder/api/openstack/wsgi.py:866}}
Jul 08 22:21:37.371149 dv-cinder-800093-1-smb devstack@c-api.service[99763]: INFO cinder.api.openstack.wsgi [None req-948f4ade-c640-4278-89e5-0b6280f6e956 tempest-VolumeQuotasAdminTestJSON-1726801318 tempest-VolumeQuotasAdminTestJSON-1726801318-project-admin] http://10.222.0.49/volume/v3/082bb9adf4274904ad64fe21f65f0e87/os-quota-sets/cb82bfc215ba4cdc9d23ad71b5ab83ed?usage=True returned with HTTP 200
Jul 08 22:21:37.373310 dv-cinder-800093-1-smb devstack@c-api.service[99763]: [pid: 99763|app: 0|req: 39/85] 10.222.0.49 () {58 vars in 1352 bytes} [Thu Jul 8 22:21:37 2021] GET /volume/v3/082bb9adf4274904ad64fe21f65f0e87/os-quota-sets/cb82bfc215ba4cdc9d23ad71b5ab83ed?usage=True => generated 868 bytes in 57 msecs (HTTP/1.1 200) 7 headers in 285 bytes (1 switches on core 0)
Jul 08 22:21:37.625074 dv-cinder-800093-1-smb devstack@c-api.service[99763]: INFO cinder.api.openstack.wsgi [None req-0a78969c-53ae-4942-8918-93fa5261bac5 tempest-GroupsV314Test-1992273691 tempest-GroupsV314Test-1992273691-project-admin] POST http://10.222.0.49/volume/v3/b05f76b8f631425dade89080adc038c1/types
Jul 08 22:21:37.626717 dv-cinder-800093-1-smb devstack@c-api.service[99763]: DEBUG cinder.api.openstack.wsgi [None req-0a78969c-53ae-4942-8918-93fa5261bac5 tempest-GroupsV314Test-1992273691 tempest-GroupsV314Test-1992273691-project-admin] Action: 'create', calling method: _create, body: {"volume_type": {"name": "tempest-GroupsV314Test-volume-type-583196154"}} {{(pid=99763) _process_stack /opt/stack/cinder/cinder/api/openstack/wsgi.py:864}}
Jul 08 22:21:37.685070 dv-cinder-800093-1-smb devstack@c-api.service[99763]: INFO cinder.api.openstack.wsgi [None req-0a78969c-53ae-4942-8918-93fa5261bac5 tempest-GroupsV314Test-1992273691 tempest-GroupsV314Test-1992273691-project-admin] http://10.222.0.49/volume/v3/b05f76b8f631425dade89080adc038c1/types returned with HTTP 200
Jul 08 22:21:37.686139 dv-cinder-800093-1-smb devstack@c-api.service[99763]: [pid: 99763|app: 0|req: 40/86] 10.222.0.49 () {60 vars in 1229 bytes} [Thu Jul 8 22:21:37 2021] POST /volume/v3/b05f76b8f631425dade89080adc038c1/types => generated 219 bytes in 259 msecs (HTTP/1.1 200) 7 headers in 285 bytes (2 switches on core 0)
Jul 08 22:21:37.702740 dv-cinder-800093-1-smb devstack@c-api.service[99763]: INFO cinder.api.openstack.wsgi [None req-c65a1b46-de3e-4fb2-8707-29a62f07027d tempest-GroupsV314Test-1992273691 tempest-GroupsV314Test-1992273691-project-admin] POST http://10.222.0.49/volume/v3/b05f76b8f631425dade89080adc038c1/group_types
Jul 08 22:21:37.704265 dv-cinder-800093-1-smb devstack@c-api.service[99763]: DEBUG cinder.api.openstack.wsgi [None req-c65a1b46-de3e-4fb2-8707-29a62f07027d tempest-GroupsV314Test-1992273691 tempest-GroupsV314Test-1992273691-project-admin] Action: 'create', calling method: version_select, body: {"group_type": {"name": "tempest-GroupsV314Test-group-type-753021731"}} {{(pid=99763) _process_stack /opt/stack/cinder/cinder/api/openstack/wsgi.py:864}}
Jul 08 22:21:37.709847 dv-cinder-800093-1-smb devstack@c-api.service[99762]: INFO cinder.api.openstack.wsgi [None req-90b533b3-08f4-4cce-957c-64be74169c19 tempest-VolumeQuotasAdminTestJSON-613404236 tempest-VolumeQuotasAdminTestJSON-613404236-project] POST http://10.222.0.49/volume/v3/cb82bfc215ba4cdc9d23ad71b5ab83ed/volumes
Jul 08 22:21:37.711963 dv-cinder-800093-1-smb devstack@c-api.service[99762]: DEBUG cinder.api.openstack.wsgi [None req-90b533b3-08f4-4cce-957c-64be74169c19 tempest-VolumeQuotasAdminTestJSON-613404236 tempest-VolumeQuotasAdminTestJSON-613404236-project] Action: 'create', calling method: create, body: {"volume": {"size": 1, "name": "tempest-VolumeQuotasAdminTestJSON-Volume-2116544470"}} {{(pid=99762) _process_stack /opt/stack/cinder/cinder/api/openstack/wsgi.py:864}}
