Jul 08 22:22:03.159989 dv-cinder-800093-1-smb devstack@c-api.service[99763]: [pid: 99763|app: 0|req: 170/364] 10.222.0.49 () {58 vars in 1241 bytes} [Thu Jul 8 22:22:03 2021] GET /volume/v3/c3263d5698cb4c159118557c5209e0d8/snapshots/detail => generated 1059 bytes in 20 msecs (HTTP/1.1 200) 7 headers in 286 bytes (1 switches on core 0)
Jul 08 22:22:03.173073 dv-cinder-800093-1-smb devstack@c-api.service[99762]: INFO cinder.api.openstack.wsgi [None req-c8e1c44d-3346-46f1-8c6d-69ffc51758dd tempest-GroupSnapshotsTest-945185070 tempest-GroupSnapshotsTest-945185070-project] GET http://10.222.0.49/volume/v3/c3263d5698cb4c159118557c5209e0d8/snapshots/23fd251f-9cf1-4bc4-baee-c1b5678f9a88
Jul 08 22:22:03.173587 dv-cinder-800093-1-smb devstack@c-api.service[99762]: DEBUG cinder.api.openstack.wsgi [None req-c8e1c44d-3346-46f1-8c6d-69ffc51758dd tempest-GroupSnapshotsTest-945185070 tempest-GroupSnapshotsTest-945185070-project] Empty body provided in request {{(pid=99762) get_body /opt/stack/cinder/cinder/api/openstack/wsgi.py:713}}
Jul 08 22:22:03.173708 dv-cinder-800093-1-smb devstack@c-api.service[99762]: /usr/local/lib/python3.8/dist-packages/webob/acceptparse.py:1047: DeprecationWarning: The behavior of AcceptValidHeader.best_match is currently being maintained for backward compatibility, but it will be deprecated in the future, as it does not conform to the RFC.
Jul 08 22:22:03.173708 dv-cinder-800093-1-smb devstack@c-api.service[99762]: warnings.warn(
Jul 08 22:22:03.174250 dv-cinder-800093-1-smb devstack@c-api.service[99762]: DEBUG cinder.api.openstack.wsgi [None req-c8e1c44d-3346-46f1-8c6d-69ffc51758dd tempest-GroupSnapshotsTest-945185070 tempest-GroupSnapshotsTest-945185070-project] Calling method 'show' {{(pid=99762) _process_stack /opt/stack/cinder/cinder/api/openstack/wsgi.py:866}}
Jul 08 22:22:03.185655 dv-cinder-800093-1-smb devstack@c-api.service[99762]: /usr/local/lib/python3.8/dist-packages/oslo_context/context.py:105: DeprecationWarning: Policy enforcement is depending on the value of is_admin. This key is deprecated. Please update your policy file to use the standard policy values.
Jul 08 22:22:03.185655 dv-cinder-800093-1-smb devstack@c-api.service[99762]: warnings.warn('Policy enforcement is depending on the value of '
Jul 08 22:22:03.187311 dv-cinder-800093-1-smb devstack@c-api.service[99762]: INFO cinder.volume.api [None req-c8e1c44d-3346-46f1-8c6d-69ffc51758dd tempest-GroupSnapshotsTest-945185070 tempest-GroupSnapshotsTest-945185070-project] Snapshot retrieved successfully.
Jul 08 22:22:03.189247 dv-cinder-800093-1-smb devstack@c-api.service[99762]: INFO cinder.api.openstack.wsgi [None req-c8e1c44d-3346-46f1-8c6d-69ffc51758dd tempest-GroupSnapshotsTest-945185070 tempest-GroupSnapshotsTest-945185070-project] http://10.222.0.49/volume/v3/c3263d5698cb4c159118557c5209e0d8/snapshots/23fd251f-9cf1-4bc4-baee-c1b5678f9a88 returned with HTTP 200
Jul 08 22:22:03.190356 dv-cinder-800093-1-smb devstack@c-api.service[99762]: [pid: 99762|app: 0|req: 195/365] 10.222.0.49 () {58 vars in 1331 bytes} [Thu Jul 8 22:22:03 2021] GET /volume/v3/c3263d5698cb4c159118557c5209e0d8/snapshots/23fd251f-9cf1-4bc4-baee-c1b5678f9a88 => generated 534 bytes in 23 msecs (HTTP/1.1 200) 7 headers in 285 bytes (1 switches on core 0)
Jul 08 22:22:03.590675 dv-cinder-800093-1-smb devstack@c-api.service[99763]: INFO cinder.api.openstack.wsgi [None req-b8e9e061-5973-4a67-973d-921b6813964e tempest-VolumePoolsAdminTestsJSON-1191948895 tempest-VolumePoolsAdminTestsJSON-1191948895-project-admin] GET http://10.222.0.49/volume/v3/e644895c276b43e19c986427a51c7fa0/scheduler-stats/get_pools?detail=True
Jul 08 22:22:03.592176 dv-cinder-800093-1-smb devstack@c-api.service[99763]: DEBUG cinder.api.openstack.wsgi [None req-b8e9e061-5973-4a67-973d-921b6813964e tempest-VolumePoolsAdminTestsJSON-1191948895 tempest-VolumePoolsAdminTestsJSON-1191948895-project-admin] Empty body provided in request {{(pid=99763) get_body /opt/stack/cinder/cinder/api/openstack/wsgi.py:713}}
Jul 08 22:22:03.592176 dv-cinder-800093-1-smb devstack@c-api.service[99763]: /usr/local/lib/python3.8/dist-packages/webob/acceptparse.py:1047: DeprecationWarning: The behavior of AcceptValidHeader.best_match is currently being maintained for backward compatibility, but it will be deprecated in the future, as it does not conform to the RFC.
Jul 08 22:22:03.592176 dv-cinder-800093-1-smb devstack@c-api.service[99763]: warnings.warn(
Jul 08 22:22:03.592464 dv-cinder-800093-1-smb devstack@c-api.service[99763]: DEBUG cinder.api.openstack.wsgi [None req-b8e9e061-5973-4a67-973d-921b6813964e tempest-VolumePoolsAdminTestsJSON-1191948895 tempest-VolumePoolsAdminTestsJSON-1191948895-project-admin] Calling method 'get_pools' {{(pid=99763) _process_stack /opt/stack/cinder/cinder/api/openstack/wsgi.py:866}}
Jul 08 22:22:03.619962 dv-cinder-800093-1-smb devstack@c-api.service[99763]: INFO cinder.api.openstack.wsgi [None req-b8e9e061-5973-4a67-973d-921b6813964e tempest-VolumePoolsAdminTestsJSON-1191948895 tempest-VolumePoolsAdminTestsJSON-1191948895-project-admin] http://10.222.0.49/volume/v3/e644895c276b43e19c986427a51c7fa0/scheduler-stats/get_pools?detail=True returned with HTTP 200
Jul 08 22:22:03.621189 dv-cinder-800093-1-smb devstack@c-api.service[99763]: [pid: 99763|app: 0|req: 171/366] 10.222.0.49 () {58 vars in 1291 bytes} [Thu Jul 8 22:22:03 2021] GET /volume/v3/e644895c276b43e19c986427a51c7fa0/scheduler-stats/get_pools?detail=True => generated 619 bytes in 277 msecs (HTTP/1.1 200) 7 headers in 285 bytes (1 switches on core 0)
Jul 08 22:22:03.642291 dv-cinder-800093-1-smb devstack@c-api.service[99762]: INFO cinder.api.openstack.wsgi [None req-9a95db07-3a63-446f-a21c-30eb4bc0af30 tempest-VolumePoolsAdminTestsJSON-1191948895 tempest-VolumePoolsAdminTestsJSON-1191948895-project-admin] GET http://10.222.0.49/volume/v3/e644895c276b43e19c986427a51c7fa0/scheduler-stats/get_pools
Jul 08 22:22:03.642922 dv-cinder-800093-1-smb devstack@c-api.service[99762]: DEBUG cinder.api.openstack.wsgi [None req-9a95db07-3a63-446f-a21c-30eb4bc0af30 tempest-VolumePoolsAdminTestsJSON-1191948895 tempest-VolumePoolsAdminTestsJSON-1191948895-project-admin] Empty body provided in request {{(pid=99762) get_body /opt/stack/cinder/cinder/api/openstack/wsgi.py:713}}
Jul 08 22:22:03.645408 dv-cinder-800093-1-smb devstack@c-api.service[99762]: /usr/local/lib/python3.8/dist-packages/webob/acceptparse.py:1047: DeprecationWarning: The behavior of AcceptValidHeader.best_match is currently being maintained for backward compatibility, but it will be deprecated in the future, as it does not conform to the RFC.
Jul 08 22:22:03.645408 dv-cinder-800093-1-smb devstack@c-api.service[99762]: warnings.warn(
Jul 08 22:22:03.645931 dv-cinder-800093-1-smb devstack@c-api.service[99762]: DEBUG cinder.api.openstack.wsgi [None req-9a95db07-3a63-446f-a21c-30eb4bc0af30 tempest-VolumePoolsAdminTestsJSON-1191948895 tempest-VolumePoolsAdminTestsJSON-1191948895-project-admin] Calling method 'get_pools' {{(pid=99762) _process_stack /opt/stack/cinder/cinder/api/openstack/wsgi.py:866}}
Jul 08 22:22:03.669364 dv-cinder-800093-1-smb devstack@c-api.service[99762]: INFO cinder.api.openstack.wsgi [None req-9a95db07-3a63-446f-a21c-30eb4bc0af30 tempest-VolumePoolsAdminTestsJSON-1191948895 tempest-VolumePoolsAdminTestsJSON-1191948895-project-admin] http://10.222.0.49/volume/v3/e644895c276b43e19c986427a51c7fa0/scheduler-stats/get_pools returned with HTTP 200
Jul 08 22:22:03.670553 dv-cinder-800093-1-smb devstack@c-api.service[99762]: [pid: 99762|app: 0|req: 196/367] 10.222.0.49 () {58 vars in 1268 bytes} [Thu Jul 8 22:22:03 2021] GET /volume/v3/e644895c276b43e19c986427a51c7fa0/scheduler-stats/get_pools => generated 56 bytes in 37 msecs (HTTP/1.1 200) 7 headers in 284 bytes (1 switches on core 0)
Jul 08 22:22:03.988217 dv-cinder-800093-1-smb devstack@c-api.service[99763]: INFO cinder.api.openstack.wsgi [None req-67bd8a0c-8a10-4fce-ab38-685a0f452912 tempest-VolumeTypesAccessTest-670034833 tempest-VolumeTypesAccessTest-670034833-project] GET http://10.222.0.49/volume/v3/3f64736289f94f538c305005d791c264/volumes/2cc1822f-1765-44c2-b57e-2228c8c60ff8
Jul 08 22:22:03.988793 dv-cinder-800093-1-smb devstack@c-api.service[99763]: DEBUG cinder.api.openstack.wsgi [None req-67bd8a0c-8a10-4fce-ab38-685a0f452912 tempest-VolumeTypesAccessTest-670034833 tempest-VolumeTypesAccessTest-670034833-project] Empty body provided in request {{(pid=99763) get_body /opt/stack/cinder/cinder/api/openstack/wsgi.py:713}}
Jul 08 22:22:03.989498 dv-cinder-800093-1-smb devstack@c-api.service[99763]: DEBUG cinder.api.openstack.wsgi [None req-67bd8a0c-8a10-4fce-ab38-685a0f452912 tempest-VolumeTypesAccessTest-670034833 tempest-VolumeTypesAccessTest-670034833-project] Calling method 'show' {{(pid=99763) _process_stack /opt/stack/cinder/cinder/api/openstack/wsgi.py:866}}
Jul 08 22:22:04.007150 dv-cinder-800093-1-smb devstack@c-api.service[99763]: /usr/local/lib/python3.8/dist-packages/oslo_context/context.py:105: DeprecationWarning: Policy enforcement is depending on the value of is_admin. This key is deprecated. Please update your policy file to use the standard policy values.
Jul 08 22:22:04.007150 dv-cinder-800093-1-smb devstack@c-api.service[99763]: warnings.warn('Policy enforcement is depending on the value of '
Jul 08 22:22:04.015520 dv-cinder-800093-1-smb devstack@c-api.service[99763]: INFO cinder.volume.api [None req-67bd8a0c-8a10-4fce-ab38-685a0f452912 tempest-VolumeTypesAccessTest-670034833 tempest-VolumeTypesAccessTest-670034833-project] Volume info retrieved successfully.
Jul 08 22:22:04.040168 dv-cinder-800093-1-smb devstack@c-api.service[99763]: INFO cinder.api.openstack.wsgi [None req-67bd8a0c-8a10-4fce-ab38-685a0f452912 tempest-VolumeTypesAccessTest-670034833 tempest-VolumeTypesAccessTest-670034833-project] http://10.222.0.49/volume/v3/3f64736289f94f538c305005d791c264/volumes/2cc1822f-1765-44c2-b57e-2228c8c60ff8 returned with HTTP 200
Jul 08 22:22:04.040896 dv-cinder-800093-1-smb devstack@c-api.service[99763]: [pid: 99763|app: 0|req: 172/368] 10.222.0.49 () {58 vars in 1325 bytes} [Thu Jul 8 22:22:03 2021] GET /volume/v3/3f64736289f94f538c305005d791c264/volumes/2cc1822f-1765-44c2-b57e-2228c8c60ff8 => generated 954 bytes in 56 msecs (HTTP/1.1 200) 7 headers in 285 bytes (1 switches on core 0)
Jul 08 22:22:04.055718 dv-cinder-800093-1-smb devstack@c-api.service[99762]: INFO cinder.api.openstack.wsgi [None req-9499bdbe-a3fa-480f-a8ed-c2860cf5c7db tempest-VolumeTypesAccessTest-917264898 tempest-VolumeTypesAccessTest-917264898-project-admin] POST http://10.222.0.49/volume/v3/5e28145c1ce14e998afd55f1d75d3713/types/7300a86e-cea0-49f8-a433-836cd2489045/action
Jul 08 22:22:04.056759 dv-cinder-800093-1-smb devstack@c-api.service[99762]: DEBUG cinder.api.openstack.wsgi [None req-9499bdbe-a3fa-480f-a8ed-c2860cf5c7db tempest-VolumeTypesAccessTest-917264898 tempest-VolumeTypesAccessTest-917264898-project-admin] Action body: b'{"removeProjectAccess": {"project": "3f64736289f94f538c305005d791c264"}}' {{(pid=99762) get_method /opt/stack/cinder/cinder/api/openstack/wsgi.py:981}}
Jul 08 22:22:04.057164 dv-cinder-800093-1-smb devstack@c-api.service[99762]: DEBUG cinder.api.openstack.wsgi [None req-9499bdbe-a3fa-480f-a8ed-c2860cf5c7db tempest-VolumeTypesAccessTest-917264898 tempest-VolumeTypesAccessTest-917264898-project-admin] Action: 'action', calling method: _removeProjectAccess, body: {"removeProjectAccess": {"project": "3f64736289f94f538c305005d791c264"}} {{(pid=99762) _process_stack /opt/stack/cinder/cinder/api/openstack/wsgi.py:864}}
Jul 08 22:22:04.069242 dv-cinder-800093-1-smb devstack@c-api.service[99763]: INFO cinder.api.openstack.wsgi [req-c4506e76-87e4-49f4-a08e-be92f1b3360c req-e6d75250-acf9-4e0b-a364-565ae55d788f tempest-DeleteServersTestJSON-1815463948 tempest-DeleteServersTestJSON-1815463948-project] DELETE http://10.222.0.49/volume/v3/e4c3488213d140c2b65cfd2a61af53de/attachments/02b279c2-a3d6-414f-b217-5764c3d77bde
Jul 08 22:22:04.069873 dv-cinder-800093-1-smb devstack@c-api.service[99763]: DEBUG cinder.api.openstack.wsgi [req-c4506e76-87e4-49f4-a08e-be92f1b3360c req-e6d75250-acf9-4e0b-a364-565ae55d788f tempest-DeleteServersTestJSON-1815463948 tempest-DeleteServersTestJSON-1815463948-project] Empty body provided in request {{(pid=99763) get_body /opt/stack/cinder/cinder/api/openstack/wsgi.py:713}}
Jul 08 22:22:04.070090 dv-cinder-800093-1-smb devstack@c-api.service[99763]: /usr/local/lib/python3.8/dist-packages/webob/acceptparse.py:1047: DeprecationWarning: The behavior of AcceptValidHeader.best_match is currently being maintained for backward compatibility, but it will be deprecated in the future, as it does not conform to the RFC.
Jul 08 22:22:04.070090 dv-cinder-800093-1-smb devstack@c-api.service[99763]: warnings.warn(
Jul 08 22:22:04.070621 dv-cinder-800093-1-smb devstack@c-api.service[99763]: DEBUG cinder.api.openstack.wsgi [req-c4506e76-87e4-49f4-a08e-be92f1b3360c req-e6d75250-acf9-4e0b-a364-565ae55d788f tempest-DeleteServersTestJSON-1815463948 tempest-DeleteServersTestJSON-1815463948-project] Calling method 'version_select' {{(pid=99763) _process_stack /opt/stack/cinder/cinder/api/openstack/wsgi.py:866}}
Jul 08 22:22:04.078183 dv-cinder-800093-1-smb devstack@c-api.service[99762]: INFO cinder.api.openstack.wsgi [None req-9499bdbe-a3fa-480f-a8ed-c2860cf5c7db tempest-VolumeTypesAccessTest-917264898 tempest-VolumeTypesAccessTest-917264898-project-admin] http://10.222.0.49/volume/v3/5e28145c1ce14e998afd55f1d75d3713/types/7300a86e-cea0-49f8-a433-836cd2489045/action returned with HTTP 202
Jul 08 22:22:04.080353 dv-cinder-800093-1-smb devstack@c-api.service[99762]: [pid: 99762|app: 0|req: 197/369] 10.222.0.49 () {60 vars in 1361 bytes} [Thu Jul 8 22:22:04 2021] POST /volume/v3/5e28145c1ce14e998afd55f1d75d3713/types/7300a86e-cea0-49f8-a433-836cd2489045/action => generated 0 bytes in 28 msecs (HTTP/1.1 202) 6 headers in 233 bytes (1 switches on core 0)
Jul 08 22:22:04.087924 dv-cinder-800093-1-smb devstack@c-api.service[99763]: /usr/local/lib/python3.8/dist-packages/oslo_context/context.py:105: DeprecationWarning: Policy enforcement is depending on the value of is_admin. This key is deprecated. Please update your policy file to use the standard policy values.
Jul 08 22:22:04.087924 dv-cinder-800093-1-smb devstack@c-api.service[99763]: warnings.warn('Policy enforcement is depending on the value of '
Jul 08 22:22:04.090308 dv-cinder-800093-1-smb devstack@c-api.service[99762]: INFO cinder.api.openstack.wsgi [None req-fabfa059-6d50-4c84-b63d-dcf4ed1f043d tempest-VolumeTypesAccessTest-917264898 tempest-VolumeTypesAccessTest-917264898-project-admin] POST http://10.222.0.49/volume/v3/5e28145c1ce14e998afd55f1d75d3713/types
Jul 08 22:22:04.091209 dv-cinder-800093-1-smb devstack@c-api.service[99762]: DEBUG cinder.api.openstack.wsgi [None req-fabfa059-6d50-4c84-b63d-dcf4ed1f043d tempest-VolumeTypesAccessTest-917264898 tempest-VolumeTypesAccessTest-917264898-project-admin] Action: 'create', calling method: _create, body: {"volume_type": {"name": "tempest-VolumeTypesAccessTest-volume-type-270440937", "os-volume-type-access:is_public": false}} {{(pid=99762) _process_stack /opt/stack/cinder/cinder/api/openstack/wsgi.py:864}}
Jul 08 22:22:04.120922 dv-cinder-800093-1-smb devstack@c-api.service[99762]: INFO cinder.api.openstack.wsgi [None req-fabfa059-6d50-4c84-b63d-dcf4ed1f043d tempest-VolumeTypesAccessTest-917264898 tempest-VolumeTypesAccessTest-917264898-project-admin] http://10.222.0.49/volume/v3/5e28145c1ce14e998afd55f1d75d3713/types returned with HTTP 200
Jul 08 22:22:04.122279 dv-cinder-800093-1-smb devstack@c-api.service[99762]: [pid: 99762|app: 0|req: 198/370] 10.222.0.49 () {60 vars in 1230 bytes} [Thu Jul 8 22:22:04 2021] POST /volume/v3/5e28145c1ce14e998afd55f1d75d3713/types => generated 228 bytes in 36 msecs (HTTP/1.1 200) 7 headers in 285 bytes (1 switches on core 0)
Jul 08 22:22:04.131601 dv-cinder-800093-1-smb devstack@c-api.service[99762]: INFO cinder.api.openstack.wsgi [None req-36380aa6-cd47-4dbb-8e45-7a99b5609f3f tempest-VolumeTypesAccessTest-917264898 tempest-VolumeTypesAccessTest-917264898-project-admin] POST http://10.222.0.49/volume/v3/5e28145c1ce14e998afd55f1d75d3713/types/955263b2-aefd-42e7-8d86-76dc87d87114/action
Jul 08 22:22:04.132711 dv-cinder-800093-1-smb devstack@c-api.service[99762]: DEBUG cinder.api.openstack.wsgi [None req-36380aa6-cd47-4dbb-8e45-7a99b5609f3f tempest-VolumeTypesAccessTest-917264898 tempest-VolumeTypesAccessTest-917264898-project-admin] Action body: b'{"addProjectAccess": {"project": "3f64736289f94f538c305005d791c264"}}' {{(pid=99762) get_method /opt/stack/cinder/cinder/api/openstack/wsgi.py:981}}
Jul 08 22:22:04.133107 dv-cinder-800093-1-smb devstack@c-api.service[99762]: DEBUG cinder.api.openstack.wsgi [None req-36380aa6-cd47-4dbb-8e45-7a99b5609f3f tempest-VolumeTypesAccessTest-917264898 tempest-VolumeTypesAccessTest-917264898-project-admin] Action: 'action', calling method: _addProjectAccess, body: {"addProjectAccess": {"project": "3f64736289f94f538c305005d791c264"}} {{(pid=99762) _process_stack /opt/stack/cinder/cinder/api/openstack/wsgi.py:864}}
Jul 08 22:22:04.152096 dv-cinder-800093-1-smb devstack@c-api.service[99762]: INFO cinder.api.openstack.wsgi [None req-36380aa6-cd47-4dbb-8e45-7a99b5609f3f tempest-VolumeTypesAccessTest-917264898 tempest-VolumeTypesAccessTest-917264898-project-admin] http://10.222.0.49/volume/v3/5e28145c1ce14e998afd55f1d75d3713/types/955263b2-aefd-42e7-8d86-76dc87d87114/action returned with HTTP 202
Jul 08 22:22:04.153752 dv-cinder-800093-1-smb devstack@c-api.service[99762]: [pid: 99762|app: 0|req: 199/371] 10.222.0.49 () {60 vars in 1361 bytes} [Thu Jul 8 22:22:04 2021] POST /volume/v3/5e28145c1ce14e998afd55f1d75d3713/types/955263b2-aefd-42e7-8d86-76dc87d87114/action => generated 0 bytes in 26 msecs (HTTP/1.1 202) 6 headers in 233 bytes (1 switches on core 0)
Jul 08 22:22:04.161711 dv-cinder-800093-1-smb devstack@c-api.service[99762]: INFO cinder.api.openstack.wsgi [None req-7904b3de-2f57-4824-834c-a748455b81cc tempest-VolumeTypesAccessTest-917264898 tempest-VolumeTypesAccessTest-917264898-project-admin] POST http://10.222.0.49/volume/v3/5e28145c1ce14e998afd55f1d75d3713/types/955263b2-aefd-42e7-8d86-76dc87d87114/action
Jul 08 22:22:04.162658 dv-cinder-800093-1-smb devstack@c-api.service[99762]: DEBUG cinder.api.openstack.wsgi [None req-7904b3de-2f57-4824-834c-a748455b81cc tempest-VolumeTypesAccessTest-917264898 tempest-VolumeTypesAccessTest-917264898-project-admin] Action body: b'{"addProjectAccess": {"project": "d962d21675584003ba11bd58e82d5e3d"}}' {{(pid=99762) get_method /opt/stack/cinder/cinder/api/openstack/wsgi.py:981}}
Jul 08 22:22:04.162996 dv-cinder-800093-1-smb devstack@c-api.service[99762]: DEBUG cinder.api.openstack.wsgi [None req-7904b3de-2f57-4824-834c-a748455b81cc tempest-VolumeTypesAccessTest-917264898 tempest-VolumeTypesAccessTest-917264898-project-admin] Action: 'action', calling method: _addProjectAccess, body: {"addProjectAccess": {"project": "d962d21675584003ba11bd58e82d5e3d"}} {{(pid=99762) _process_stack /opt/stack/cinder/cinder/api/openstack/wsgi.py:864}}
Jul 08 22:22:04.180040 dv-cinder-800093-1-smb devstack@c-api.service[99762]: INFO cinder.api.openstack.wsgi [None req-7904b3de-2f57-4824-834c-a748455b81cc tempest-VolumeTypesAccessTest-917264898 tempest-VolumeTypesAccessTest-917264898-project-admin] http://10.222.0.49/volume/v3/5e28145c1ce14e998afd55f1d75d3713/types/955263b2-aefd-42e7-8d86-76dc87d87114/action returned with HTTP 202
Jul 08 22:22:04.184310 dv-cinder-800093-1-smb devstack@c-api.service[99762]: [pid: 99762|app: 0|req: 200/372] 10.222.0.49 () {60 vars in 1361 bytes} [Thu Jul 8 22:22:04 2021] POST /volume/v3/5e28145c1ce14e998afd55f1d75d3713/types/955263b2-aefd-42e7-8d86-76dc87d87114/action => generated 0 bytes in 23 msecs (HTTP/1.1 202) 6 headers in 233 bytes (1 switches on core 0)
Jul 08 22:22:04.191262 dv-cinder-800093-1-smb devstack@c-api.service[99762]: INFO cinder.api.openstack.wsgi [None req-fabc58ab-cb31-494a-9bed-42e89f4b2946 tempest-VolumeTypesAccessTest-917264898 tempest-VolumeTypesAccessTest-917264898-project-admin] GET http://10.222.0.49/volume/v3/5e28145c1ce14e998afd55f1d75d3713/types/955263b2-aefd-42e7-8d86-76dc87d87114/os-volume-type-access
Jul 08 22:22:04.191859 dv-cinder-800093-1-smb devstack@c-api.service[99762]: DEBUG cinder.api.openstack.wsgi [None req-fabc58ab-cb31-494a-9bed-42e89f4b2946 tempest-VolumeTypesAccessTest-917264898 tempest-VolumeTypesAccessTest-917264898-project-admin] Empty body provided in request {{(pid=99762) get_body /opt/stack/cinder/cinder/api/openstack/wsgi.py:713}}
Jul 08 22:22:04.192353 dv-cinder-800093-1-smb devstack@c-api.service[99762]: DEBUG cinder.api.openstack.wsgi [None req-fabc58ab-cb31-494a-9bed-42e89f4b2946 tempest-VolumeTypesAccessTest-917264898 tempest-VolumeTypesAccessTest-917264898-project-admin] Calling method 'index' {{(pid=99762) _process_stack /opt/stack/cinder/cinder/api/openstack/wsgi.py:866}}
Jul 08 22:22:04.193864 dv-cinder-800093-1-smb devstack@c-api.service[99763]: DEBUG cinder.volume.api [req-c4506e76-87e4-49f4-a08e-be92f1b3360c req-e6d75250-acf9-4e0b-a364-565ae55d788f tempest-DeleteServersTestJSON-1815463948 tempest-DeleteServersTestJSON-1815463948-project] Remaining volume attachments: VolumeAttachmentList(objects=[]) {{(pid=99763) attachment_delete /opt/stack/cinder/cinder/volume/api.py:2269}}
Jul 08 22:22:04.194377 dv-cinder-800093-1-smb devstack@c-api.service[99763]: DEBUG cinder.volume.api [req-c4506e76-87e4-49f4-a08e-be92f1b3360c req-e6d75250-acf9-4e0b-a364-565ae55d788f tempest-DeleteServersTestJSON-1815463948 tempest-DeleteServersTestJSON-1815463948-project] Pending status list for volume during attachment-delete: [] {{(pid=99763) attachment_delete /opt/stack/cinder/cinder/volume/api.py:2281}}
Jul 08 22:22:04.200163 dv-cinder-800093-1-smb devstack@c-api.service[99763]: INFO cinder.api.openstack.wsgi [req-c4506e76-87e4-49f4-a08e-be92f1b3360c req-e6d75250-acf9-4e0b-a364-565ae55d788f tempest-DeleteServersTestJSON-1815463948 tempest-DeleteServersTestJSON-1815463948-project] http://10.222.0.49/volume/v3/e4c3488213d140c2b65cfd2a61af53de/attachments/02b279c2-a3d6-414f-b217-5764c3d77bde returned with HTTP 200
Jul 08 22:22:04.201179 dv-cinder-800093-1-smb devstack@c-api.service[99763]: [pid: 99763|app: 0|req: 173/373] 10.222.0.83 () {62 vars in 1447 bytes} [Thu Jul 8 22:22:04 2021] DELETE /volume/v3/e4c3488213d140c2b65cfd2a61af53de/attachments/02b279c2-a3d6-414f-b217-5764c3d77bde => generated 19 bytes in 137 msecs (HTTP/1.1 200) 7 headers in 285 bytes (2 switches on core 0)
Jul 08 22:22:04.205376 dv-cinder-800093-1-smb devstack@c-api.service[99763]: INFO cinder.api.openstack.wsgi [None req-6add3541-6221-4163-898e-ba15a349ff38 tempest-GroupSnapshotsTest-945185070 tempest-GroupSnapshotsTest-945185070-project] GET http://10.222.0.49/volume/v3/c3263d5698cb4c159118557c5209e0d8/snapshots/23fd251f-9cf1-4bc4-baee-c1b5678f9a88
Jul 08 22:22:04.205779 dv-cinder-800093-1-smb devstack@c-api.service[99763]: DEBUG cinder.api.openstack.wsgi [None req-6add3541-6221-4163-898e-ba15a349ff38 tempest-GroupSnapshotsTest-945185070 tempest-GroupSnapshotsTest-945185070-project] Empty body provided in request {{(pid=99763) get_body /opt/stack/cinder/cinder/api/openstack/wsgi.py:713}}
Jul 08 22:22:04.205949 dv-cinder-800093-1-smb devstack@c-api.service[99763]: /usr/local/lib/python3.8/dist-packages/webob/acceptparse.py:1047: DeprecationWarning: The behavior of AcceptValidHeader.best_match is currently being maintained for backward compatibility, but it will be deprecated in the future, as it does not conform to the RFC.
Jul 08 22:22:04.205949 dv-cinder-800093-1-smb devstack@c-api.service[99763]: warnings.warn(
Jul 08 22:22:04.206263 dv-cinder-800093-1-smb devstack@c-api.service[99763]: DEBUG cinder.api.openstack.wsgi [None req-6add3541-6221-4163-898e-ba15a349ff38 tempest-GroupSnapshotsTest-945185070 tempest-GroupSnapshotsTest-945185070-project] Calling method 'show' {{(pid=99763) _process_stack /opt/stack/cinder/cinder/api/openstack/wsgi.py:866}}
Jul 08 22:22:04.209798 dv-cinder-800093-1-smb devstack@c-api.service[99762]: INFO cinder.api.openstack.wsgi [None req-fabc58ab-cb31-494a-9bed-42e89f4b2946 tempest-VolumeTypesAccessTest-917264898 tempest-VolumeTypesAccessTest-917264898-project-admin] http://10.222.0.49/volume/v3/5e28145c1ce14e998afd55f1d75d3713/types/955263b2-aefd-42e7-8d86-76dc87d87114/os-volume-type-access returned with HTTP 200
Jul 08 22:22:04.216163 dv-cinder-800093-1-smb devstack@c-api.service[99762]: [pid: 99762|app: 0|req: 201/374] 10.222.0.49 () {58 vars in 1385 bytes} [Thu Jul 8 22:22:04 2021] GET /volume/v3/5e28145c1ce14e998afd55f1d75d3713/types/955263b2-aefd-42e7-8d86-76dc87d87114/os-volume-type-access => generated 244 bytes in 26 msecs (HTTP/1.1 200) 7 headers in 285 bytes (1 switches on core 0)
Jul 08 22:22:04.216341 dv-cinder-800093-1-smb devstack@c-api.service[99763]: INFO cinder.api.openstack.wsgi [None req-6add3541-6221-4163-898e-ba15a349ff38 tempest-GroupSnapshotsTest-945185070 tempest-GroupSnapshotsTest-945185070-project] http://10.222.0.49/volume/v3/c3263d5698cb4c159118557c5209e0d8/snapshots/23fd251f-9cf1-4bc4-baee-c1b5678f9a88 returned with HTTP 404
Jul 08 22:22:04.218478 dv-cinder-800093-1-smb devstack@c-api.service[99763]: [pid: 99763|app: 0|req: 174/375] 10.222.0.49 () {58 vars in 1331 bytes} [Thu Jul 8 22:22:04 2021] GET /volume/v3/c3263d5698cb4c159118557c5209e0d8/snapshots/23fd251f-9cf1-4bc4-baee-c1b5678f9a88 => generated 111 bytes in 17 msecs (HTTP/1.1 404) 7 headers in 292 bytes (1 switches on core 0)
Jul 08 22:22:04.221939 dv-cinder-800093-1-smb devstack@c-api.service[99762]: INFO cinder.api.openstack.wsgi [None req-e7863dd2-0ace-4814-8411-abc8e9043f6b tempest-VolumeTypesAccessTest-917264898 tempest-VolumeTypesAccessTest-917264898-project-admin] POST http://10.222.0.49/volume/v3/5e28145c1ce14e998afd55f1d75d3713/types/955263b2-aefd-42e7-8d86-76dc87d87114/action
Jul 08 22:22:04.223701 dv-cinder-800093-1-smb devstack@c-api.service[99762]: DEBUG cinder.api.openstack.wsgi [None req-e7863dd2-0ace-4814-8411-abc8e9043f6b tempest-VolumeTypesAccessTest-917264898 tempest-VolumeTypesAccessTest-917264898-project-admin] Action body: b'{"removeProjectAccess": {"project": "d962d21675584003ba11bd58e82d5e3d"}}' {{(pid=99762) get_method /opt/stack/cinder/cinder/api/openstack/wsgi.py:981}}
Jul 08 22:22:04.223832 dv-cinder-800093-1-smb devstack@c-api.service[99763]: INFO cinder.api.openstack.wsgi [None req-fe99d8d7-1fc1-47f4-a2ef-5f0169060604 tempest-GroupSnapshotsTest-945185070 tempest-GroupSnapshotsTest-945185070-project] GET http://10.222.0.49/volume/v3/c3263d5698cb4c159118557c5209e0d8/snapshots/ce490315-ff42-41ac-8480-51fcfe34d80d
Jul 08 22:22:04.224224 dv-cinder-800093-1-smb devstack@c-api.service[99763]: DEBUG cinder.api.openstack.wsgi [None req-fe99d8d7-1fc1-47f4-a2ef-5f0169060604 tempest-GroupSnapshotsTest-945185070 tempest-GroupSnapshotsTest-945185070-project] Empty body provided in request {{(pid=99763) get_body /opt/stack/cinder/cinder/api/openstack/wsgi.py:713}}
Jul 08 22:22:04.232451 dv-cinder-800093-1-smb devstack@c-api.service[99763]: DEBUG cinder.api.openstack.wsgi [None req-fe99d8d7-1fc1-47f4-a2ef-5f0169060604 tempest-GroupSnapshotsTest-945185070 tempest-GroupSnapshotsTest-945185070-project] Calling method 'show' {{(pid=99763) _process_stack /opt/stack/cinder/cinder/api/openstack/wsgi.py:866}}
Jul 08 22:22:04.232852 dv-cinder-800093-1-smb devstack@c-api.service[99762]: DEBUG cinder.api.openstack.wsgi [None req-e7863dd2-0ace-4814-8411-abc8e9043f6b tempest-VolumeTypesAccessTest-917264898 tempest-VolumeTypesAccessTest-917264898-project-admin] Action: 'action', calling method: _removeProjectAccess, body: {"removeProjectAccess": {"project": "d962d21675584003ba11bd58e82d5e3d"}} {{(pid=99762) _process_stack /opt/stack/cinder/cinder/api/openstack/wsgi.py:864}}
Jul 08 22:22:04.234952 dv-cinder-800093-1-smb devstack@c-api.service[99763]: INFO cinder.api.openstack.wsgi [None req-fe99d8d7-1fc1-47f4-a2ef-5f0169060604 tempest-GroupSnapshotsTest-945185070 tempest-GroupSnapshotsTest-945185070-project] http://10.222.0.49/volume/v3/c3263d5698cb4c159118557c5209e0d8/snapshots/ce490315-ff42-41ac-8480-51fcfe34d80d returned with HTTP 404
Jul 08 22:22:04.239056 dv-cinder-800093-1-smb devstack@c-api.service[99763]: [pid: 99763|app: 0|req: 175/376] 10.222.0.49 () {58 vars in 1331 bytes} [Thu Jul 8 22:22:04 2021] GET /volume/v3/c3263d5698cb4c159118557c5209e0d8/snapshots/ce490315-ff42-41ac-8480-51fcfe34d80d => generated 111 bytes in 20 msecs (HTTP/1.1 404) 7 headers in 292 bytes (1 switches on core 0)
Jul 08 22:22:04.244003 dv-cinder-800093-1-smb devstack@c-api.service[99763]: INFO cinder.api.openstack.wsgi [None req-21f723ae-9fcf-40f1-a763-c2652162d147 tempest-GroupSnapshotsTest-945185070 tempest-GroupSnapshotsTest-945185070-project] GET http://10.222.0.49/volume/v3/c3263d5698cb4c159118557c5209e0d8/group_snapshots/a689614e-a485-4b71-b01f-ca9912c6e823
Jul 08 22:22:04.244764 dv-cinder-800093-1-smb devstack@c-api.service[99763]: DEBUG cinder.api.openstack.wsgi [None req-21f723ae-9fcf-40f1-a763-c2652162d147 tempest-GroupSnapshotsTest-945185070 tempest-GroupSnapshotsTest-945185070-project] Empty body provided in request {{(pid=99763) get_body /opt/stack/cinder/cinder/api/openstack/wsgi.py:713}}
Jul 08 22:22:04.245173 dv-cinder-800093-1-smb devstack@c-api.service[99763]: DEBUG cinder.api.openstack.wsgi [None req-21f723ae-9fcf-40f1-a763-c2652162d147 tempest-GroupSnapshotsTest-945185070 tempest-GroupSnapshotsTest-945185070-project] Calling method 'version_select' {{(pid=99763) _process_stack /opt/stack/cinder/cinder/api/openstack/wsgi.py:866}}
Jul 08 22:22:04.245893 dv-cinder-800093-1-smb devstack@c-api.service[99763]: DEBUG cinder.api.v3.group_snapshots [None req-21f723ae-9fcf-40f1-a763-c2652162d147 tempest-GroupSnapshotsTest-945185070 tempest-GroupSnapshotsTest-945185070-project] show called for member a689614e-a485-4b71-b01f-ca9912c6e823 {{(pid=99763) show /opt/stack/cinder/cinder/api/v3/group_snapshots.py:58}}
Jul 08 22:22:04.247089 dv-cinder-800093-1-smb devstack@c-api.service[99762]: INFO cinder.api.openstack.wsgi [None req-e7863dd2-0ace-4814-8411-abc8e9043f6b tempest-VolumeTypesAccessTest-917264898 tempest-VolumeTypesAccessTest-917264898-project-admin] http://10.222.0.49/volume/v3/5e28145c1ce14e998afd55f1d75d3713/types/955263b2-aefd-42e7-8d86-76dc87d87114/action returned with HTTP 202
Jul 08 22:22:04.249117 dv-cinder-800093-1-smb devstack@c-api.service[99762]: [pid: 99762|app: 0|req: 202/377] 10.222.0.49 () {60 vars in 1361 bytes} [Thu Jul 8 22:22:04 2021] POST /volume/v3/5e28145c1ce14e998afd55f1d75d3713/types/955263b2-aefd-42e7-8d86-76dc87d87114/action => generated 0 bytes in 32 msecs (HTTP/1.1 202) 6 headers in 233 bytes (1 switches on core 0)
Jul 08 22:22:04.251355 dv-cinder-800093-1-smb devstack@c-api.service[99763]: INFO cinder.api.openstack.wsgi [None req-21f723ae-9fcf-40f1-a763-c2652162d147 tempest-GroupSnapshotsTest-945185070 tempest-GroupSnapshotsTest-945185070-project] http://10.222.0.49/volume/v3/c3263d5698cb4c159118557c5209e0d8/group_snapshots/a689614e-a485-4b71-b01f-ca9912c6e823 returned with HTTP 404
Jul 08 22:22:04.257631 dv-cinder-800093-1-smb devstack@c-api.service[99763]: [pid: 99763|app: 0|req: 176/378] 10.222.0.49 () {60 vars in 1390 bytes} [Thu Jul 8 22:22:04 2021] GET /volume/v3/c3263d5698cb4c159118557c5209e0d8/group_snapshots/a689614e-a485-4b71-b01f-ca9912c6e823 => generated 116 bytes in 16 msecs (HTTP/1.1 404) 7 headers in 293 bytes (1 switches on core 0)
Jul 08 22:22:04.260048 dv-cinder-800093-1-smb devstack@c-api.service[99762]: INFO cinder.api.openstack.wsgi [None req-6d2fab49-be55-4d69-864a-9a9432ba8704 tempest-VolumeTypesAccessTest-917264898 tempest-VolumeTypesAccessTest-917264898-project-admin] POST http://10.222.0.49/volume/v3/5e28145c1ce14e998afd55f1d75d3713/types/955263b2-aefd-42e7-8d86-76dc87d87114/action
Jul 08 22:22:04.260730 dv-cinder-800093-1-smb devstack@c-api.service[99762]: DEBUG cinder.api.openstack.wsgi [None req-6d2fab49-be55-4d69-864a-9a9432ba8704 tempest-VolumeTypesAccessTest-917264898 tempest-VolumeTypesAccessTest-917264898-project-admin] Action body: b'{"removeProjectAccess": {"project": "3f64736289f94f538c305005d791c264"}}' {{(pid=99762) get_method /opt/stack/cinder/cinder/api/openstack/wsgi.py:981}}
Jul 08 22:22:04.261062 dv-cinder-800093-1-smb devstack@c-api.service[99762]: DEBUG cinder.api.openstack.wsgi [None req-6d2fab49-be55-4d69-864a-9a9432ba8704 tempest-VolumeTypesAccessTest-917264898 tempest-VolumeTypesAccessTest-917264898-project-admin] Action: 'action', calling method: _removeProjectAccess, body: {"removeProjectAccess": {"project": "3f64736289f94f538c305005d791c264"}} {{(pid=99762) _process_stack /opt/stack/cinder/cinder/api/openstack/wsgi.py:864}}
Jul 08 22:22:04.261891 dv-cinder-800093-1-smb devstack@c-api.service[99763]: INFO cinder.api.openstack.wsgi [None req-31f074b3-e133-42b0-9fbb-de00585e9de5 tempest-GroupSnapshotsTest-945185070 tempest-GroupSnapshotsTest-945185070-project] DELETE http://10.222.0.49/volume/v3/c3263d5698cb4c159118557c5209e0d8/group_snapshots/a689614e-a485-4b71-b01f-ca9912c6e823
Jul 08 22:22:04.262526 dv-cinder-800093-1-smb devstack@c-api.service[99763]: DEBUG cinder.api.openstack.wsgi [None req-31f074b3-e133-42b0-9fbb-de00585e9de5 tempest-GroupSnapshotsTest-945185070 tempest-GroupSnapshotsTest-945185070-project] Empty body provided in request {{(pid=99763) get_body /opt/stack/cinder/cinder/api/openstack/wsgi.py:713}}
Jul 08 22:22:04.263081 dv-cinder-800093-1-smb devstack@c-api.service[99763]: DEBUG cinder.api.openstack.wsgi [None req-31f074b3-e133-42b0-9fbb-de00585e9de5 tempest-GroupSnapshotsTest-945185070 tempest-GroupSnapshotsTest-945185070-project] Calling method 'version_select' {{(pid=99763) _process_stack /opt/stack/cinder/cinder/api/openstack/wsgi.py:866}}
Jul 08 22:22:04.263602 dv-cinder-800093-1-smb devstack@c-api.service[99763]: DEBUG cinder.api.v3.group_snapshots [None req-31f074b3-e133-42b0-9fbb-de00585e9de5 tempest-GroupSnapshotsTest-945185070 tempest-GroupSnapshotsTest-945185070-project] delete called for member a689614e-a485-4b71-b01f-ca9912c6e823 {{(pid=99763) delete /opt/stack/cinder/cinder/api/v3/group_snapshots.py:72}}
Jul 08 22:22:04.264024 dv-cinder-800093-1-smb devstack@c-api.service[99763]: INFO cinder.api.v3.group_snapshots [None req-31f074b3-e133-42b0-9fbb-de00585e9de5 tempest-GroupSnapshotsTest-945185070 tempest-GroupSnapshotsTest-945185070-project] Delete group_snapshot with id: a689614e-a485-4b71-b01f-ca9912c6e823
Jul 08 22:22:04.268978 dv-cinder-800093-1-smb devstack@c-api.service[99763]: INFO cinder.api.openstack.wsgi [None req-31f074b3-e133-42b0-9fbb-de00585e9de5 tempest-GroupSnapshotsTest-945185070 tempest-GroupSnapshotsTest-945185070-project] http://10.222.0.49/volume/v3/c3263d5698cb4c159118557c5209e0d8/group_snapshots/a689614e-a485-4b71-b01f-ca9912c6e823 returned with HTTP 404
Jul 08 22:22:04.274384 dv-cinder-800093-1-smb devstack@c-api.service[99763]: [pid: 99763|app: 0|req: 177/379] 10.222.0.49 () {60 vars in 1393 bytes} [Thu Jul 8 22:22:04 2021] DELETE /volume/v3/c3263d5698cb4c159118557c5209e0d8/group_snapshots/a689614e-a485-4b71-b01f-ca9912c6e823 => generated 116 bytes in 18 msecs (HTTP/1.1 404) 7 headers in 293 bytes (1 switches on core 0)
Jul 08 22:22:04.278822 dv-cinder-800093-1-smb devstack@c-api.service[99763]: INFO cinder.api.openstack.wsgi [None req-96f65e14-d8d7-4791-ba34-008d6076e8ce tempest-GroupSnapshotsTest-945185070 tempest-GroupSnapshotsTest-945185070-project] GET http://10.222.0.49/volume/v3/c3263d5698cb4c159118557c5209e0d8/volumes/detail
Jul 08 22:22:04.279538 dv-cinder-800093-1-smb devstack@c-api.service[99763]: DEBUG cinder.api.openstack.wsgi [None req-96f65e14-d8d7-4791-ba34-008d6076e8ce tempest-GroupSnapshotsTest-945185070 tempest-GroupSnapshotsTest-945185070-project] Empty body provided in request {{(pid=99763) get_body /opt/stack/cinder/cinder/api/openstack/wsgi.py:713}}
Jul 08 22:22:04.280128 dv-cinder-800093-1-smb devstack@c-api.service[99763]: DEBUG cinder.api.openstack.wsgi [None req-96f65e14-d8d7-4791-ba34-008d6076e8ce tempest-GroupSnapshotsTest-945185070 tempest-GroupSnapshotsTest-945185070-project] Calling method 'detail' {{(pid=99763) _process_stack /opt/stack/cinder/cinder/api/openstack/wsgi.py:866}}
Jul 08 22:22:04.280948 dv-cinder-800093-1-smb devstack@c-api.service[99763]: DEBUG cinder.api.api_utils [None req-96f65e14-d8d7-4791-ba34-008d6076e8ce tempest-GroupSnapshotsTest-945185070 tempest-GroupSnapshotsTest-945185070-project] Removing options '' from query. {{(pid=99763) remove_invalid_filter_options /opt/stack/cinder/cinder/api/api_utils.py:73}}
Jul 08 22:22:04.283263 dv-cinder-800093-1-smb devstack@c-api.service[99763]: DEBUG cinder.volume.api [None req-96f65e14-d8d7-4791-ba34-008d6076e8ce tempest-GroupSnapshotsTest-945185070 tempest-GroupSnapshotsTest-945185070-project] Searching by: MultiDict([('no_migration_targets', True)]). {{(pid=99763) get_all /opt/stack/cinder/cinder/volume/api.py:617}}
Jul 08 22:22:04.290209 dv-cinder-800093-1-smb devstack@c-api.service[99762]: INFO cinder.api.openstack.wsgi [None req-6d2fab49-be55-4d69-864a-9a9432ba8704 tempest-VolumeTypesAccessTest-917264898 tempest-VolumeTypesAccessTest-917264898-project-admin] http://10.222.0.49/volume/v3/5e28145c1ce14e998afd55f1d75d3713/types/955263b2-aefd-42e7-8d86-76dc87d87114/action returned with HTTP 202
Jul 08 22:22:04.291072 dv-cinder-800093-1-smb devstack@c-api.service[99762]: [pid: 99762|app: 0|req: 203/380] 10.222.0.49 () {60 vars in 1361 bytes} [Thu Jul 8 22:22:04 2021] POST /volume/v3/5e28145c1ce14e998afd55f1d75d3713/types/955263b2-aefd-42e7-8d86-76dc87d87114/action => generated 0 bytes in 35 msecs (HTTP/1.1 202) 6 headers in 233 bytes (2 switches on core 0)
Jul 08 22:22:04.300955 dv-cinder-800093-1-smb devstack@c-api.service[99762]: INFO cinder.api.openstack.wsgi [None req-25298003-3a5c-48e8-8f86-3313cb19cf00 tempest-VolumeTypesAccessTest-917264898 tempest-VolumeTypesAccessTest-917264898-project-admin] DELETE http://10.222.0.49/volume/v3/5e28145c1ce14e998afd55f1d75d3713/types/955263b2-aefd-42e7-8d86-76dc87d87114
Jul 08 22:22:04.303041 dv-cinder-800093-1-smb devstack@c-api.service[99762]: DEBUG cinder.api.openstack.wsgi [None req-25298003-3a5c-48e8-8f86-3313cb19cf00 tempest-VolumeTypesAccessTest-917264898 tempest-VolumeTypesAccessTest-917264898-project-admin] Empty body provided in request {{(pid=99762) get_body /opt/stack/cinder/cinder/api/openstack/wsgi.py:713}}
Jul 08 22:22:04.303522 dv-cinder-800093-1-smb devstack@c-api.service[99762]: DEBUG cinder.api.openstack.wsgi [None req-25298003-3a5c-48e8-8f86-3313cb19cf00 tempest-VolumeTypesAccessTest-917264898 tempest-VolumeTypesAccessTest-917264898-project-admin] Calling method '_delete' {{(pid=99762) _process_stack /opt/stack/cinder/cinder/api/openstack/wsgi.py:866}}
Jul 08 22:22:04.345463 dv-cinder-800093-1-smb devstack@c-api.service[99763]: INFO cinder.volume.api [None req-96f65e14-d8d7-4791-ba34-008d6076e8ce tempest-GroupSnapshotsTest-945185070 tempest-GroupSnapshotsTest-945185070-project] Get all volumes completed successfully.
Jul 08 22:22:04.347001 dv-cinder-800093-1-smb devstack@c-api.service[99763]: WARNING stevedore.named [None req-96f65e14-d8d7-4791-ba34-008d6076e8ce tempest-GroupSnapshotsTest-945185070 tempest-GroupSnapshotsTest-945185070-project] Could not load cinder.keymgr.conf_key_mgr.ConfKeyManager
Jul 08 22:22:04.347544 dv-cinder-800093-1-smb devstack@c-api.service[99763]: WARNING castellan.key_manager [None req-96f65e14-d8d7-4791-ba34-008d6076e8ce tempest-GroupSnapshotsTest-945185070 tempest-GroupSnapshotsTest-945185070-project] Deprecation Warning : cinder.keymgr.conf_key_mgr.ConfKeyManager is not a stevedore based driver, trying to load it as a class: stevedore.exception.NoMatches: No 'castellan.drivers' driver found, looking for 'cinder.keymgr.conf_key_mgr.ConfKeyManager'
Jul 08 22:22:04.357938 dv-cinder-800093-1-smb devstack@c-api.service[99762]: INFO cinder.api.openstack.wsgi [None req-25298003-3a5c-48e8-8f86-3313cb19cf00 tempest-VolumeTypesAccessTest-917264898 tempest-VolumeTypesAccessTest-917264898-project-admin] http://10.222.0.49/volume/v3/5e28145c1ce14e998afd55f1d75d3713/types/955263b2-aefd-42e7-8d86-76dc87d87114 returned with HTTP 202
Jul 08 22:22:04.359101 dv-cinder-800093-1-smb devstack@c-api.service[99763]: DEBUG oslo_db.sqlalchemy.engines [None req-96f65e14-d8d7-4791-ba34-008d6076e8ce tempest-GroupSnapshotsTest-945185070 tempest-GroupSnapshotsTest-945185070-project] MySQL server mode set to STRICT_TRANS_TABLES,STRICT_ALL_TABLES,NO_ZERO_IN_DATE,NO_ZERO_DATE,ERROR_FOR_DIVISION_BY_ZERO,TRADITIONAL,NO_ENGINE_SUBSTITUTION {{(pid=99763) _check_effective_sql_mode /usr/local/lib/python3.8/dist-packages/oslo_db/sqlalchemy/engines.py:314}}
Jul 08 22:22:04.359920 dv-cinder-800093-1-smb devstack@c-api.service[99762]: [pid: 99762|app: 0|req: 204/381] 10.222.0.49 () {58 vars in 1322 bytes} [Thu Jul 8 22:22:04 2021] DELETE /volume/v3/5e28145c1ce14e998afd55f1d75d3713/types/955263b2-aefd-42e7-8d86-76dc87d87114 => generated 0 bytes in 64 msecs (HTTP/1.1 202) 6 headers in 233 bytes (1 switches on core 0)
Jul 08 22:22:04.369257 dv-cinder-800093-1-smb devstack@c-api.service[99762]: INFO cinder.api.openstack.wsgi [None req-43c657cc-be87-4d02-b699-9009fe1372e4 tempest-VolumeTypesAccessTest-917264898 tempest-VolumeTypesAccessTest-917264898-project-admin] GET http://10.222.0.49/volume/v3/5e28145c1ce14e998afd55f1d75d3713/types/955263b2-aefd-42e7-8d86-76dc87d87114
Jul 08 22:22:04.369727 dv-cinder-800093-1-smb devstack@c-api.service[99762]: DEBUG cinder.api.openstack.wsgi [None req-43c657cc-be87-4d02-b699-9009fe1372e4 tempest-VolumeTypesAccessTest-917264898 tempest-VolumeTypesAccessTest-917264898-project-admin] Empty body provided in request {{(pid=99762) get_body /opt/stack/cinder/cinder/api/openstack/wsgi.py:713}}
Jul 08 22:22:04.369831 dv-cinder-800093-1-smb devstack@c-api.service[99763]: /usr/local/lib/python3.8/dist-packages/oslo_context/context.py:105: DeprecationWarning: Policy enforcement is depending on the value of is_admin. This key is deprecated. Please update your policy file to use the standard policy values.
Jul 08 22:22:04.369831 dv-cinder-800093-1-smb devstack@c-api.service[99763]: warnings.warn('Policy enforcement is depending on the value of '
Jul 08 22:22:04.370138 dv-cinder-800093-1-smb devstack@c-api.service[99762]: DEBUG cinder.api.openstack.wsgi [None req-43c657cc-be87-4d02-b699-9009fe1372e4 tempest-VolumeTypesAccessTest-917264898 tempest-VolumeTypesAccessTest-917264898-project-admin] Calling method 'show' {{(pid=99762) _process_stack /opt/stack/cinder/cinder/api/openstack/wsgi.py:866}}
Jul 08 22:22:04.375260 dv-cinder-800093-1-smb devstack@c-api.service[99762]: INFO cinder.api.openstack.wsgi [None req-43c657cc-be87-4d02-b699-9009fe1372e4 tempest-VolumeTypesAccessTest-917264898 tempest-VolumeTypesAccessTest-917264898-project-admin] http://10.222.0.49/volume/v3/5e28145c1ce14e998afd55f1d75d3713/types/955263b2-aefd-42e7-8d86-76dc87d87114 returned with HTTP 404
Jul 08 22:22:04.376683 dv-cinder-800093-1-smb devstack@c-api.service[99762]: [pid: 99762|app: 0|req: 205/382] 10.222.0.49 () {58 vars in 1319 bytes} [Thu Jul 8 22:22:04 2021] GET /volume/v3/5e28145c1ce14e998afd55f1d75d3713/types/955263b2-aefd-42e7-8d86-76dc87d87114 => generated 114 bytes in 13 msecs (HTTP/1.1 404) 7 headers in 292 bytes (2 switches on core 0)
Jul 08 22:22:04.377779 dv-cinder-800093-1-smb devstack@c-api.service[99763]: WARNING stevedore.named [None req-96f65e14-d8d7-4791-ba34-008d6076e8ce tempest-GroupSnapshotsTest-945185070 tempest-GroupSnapshotsTest-945185070-project] Could not load cinder.keymgr.conf_key_mgr.ConfKeyManager
Jul 08 22:22:04.378266 dv-cinder-800093-1-smb devstack@c-api.service[99763]: WARNING castellan.key_manager [None req-96f65e14-d8d7-4791-ba34-008d6076e8ce tempest-GroupSnapshotsTest-945185070 tempest-GroupSnapshotsTest-945185070-project] Deprecation Warning : cinder.keymgr.conf_key_mgr.ConfKeyManager is not a stevedore based driver, trying to load it as a class: stevedore.exception.NoMatches: No 'castellan.drivers' driver found, looking for 'cinder.keymgr.conf_key_mgr.ConfKeyManager'
Jul 08 22:22:04.384126 dv-cinder-800093-1-smb devstack@c-api.service[99762]: INFO cinder.api.openstack.wsgi [None req-4e293b77-baa4-482f-b990-18fa5b82c1fb tempest-VolumeTypesAccessTest-670034833 tempest-VolumeTypesAccessTest-670034833-project] DELETE http://10.222.0.49/volume/v3/3f64736289f94f538c305005d791c264/volumes/2cc1822f-1765-44c2-b57e-2228c8c60ff8
Jul 08 22:22:04.384639 dv-cinder-800093-1-smb devstack@c-api.service[99762]: DEBUG cinder.api.openstack.wsgi [None req-4e293b77-baa4-482f-b990-18fa5b82c1fb tempest-VolumeTypesAccessTest-670034833 tempest-VolumeTypesAccessTest-670034833-project] Empty body provided in request {{(pid=99762) get_body /opt/stack/cinder/cinder/api/openstack/wsgi.py:713}}
Jul 08 22:22:04.385158 dv-cinder-800093-1-smb devstack@c-api.service[99762]: DEBUG cinder.api.openstack.wsgi [None req-4e293b77-baa4-482f-b990-18fa5b82c1fb tempest-VolumeTypesAccessTest-670034833 tempest-VolumeTypesAccessTest-670034833-project] Calling method 'delete' {{(pid=99762) _process_stack /opt/stack/cinder/cinder/api/openstack/wsgi.py:866}}
Jul 08 22:22:04.385639 dv-cinder-800093-1-smb devstack@c-api.service[99762]: INFO cinder.api.v3.volumes [None req-4e293b77-baa4-482f-b990-18fa5b82c1fb tempest-VolumeTypesAccessTest-670034833 tempest-VolumeTypesAccessTest-670034833-project] Delete volume with id: 2cc1822f-1765-44c2-b57e-2228c8c60ff8
Jul 08 22:22:04.387310 dv-cinder-800093-1-smb devstack@c-api.service[99763]: DEBUG oslo_db.sqlalchemy.engines [None req-96f65e14-d8d7-4791-ba34-008d6076e8ce tempest-GroupSnapshotsTest-945185070 tempest-GroupSnapshotsTest-945185070-project] MySQL server mode set to STRICT_TRANS_TABLES,STRICT_ALL_TABLES,NO_ZERO_IN_DATE,NO_ZERO_DATE,ERROR_FOR_DIVISION_BY_ZERO,TRADITIONAL,NO_ENGINE_SUBSTITUTION {{(pid=99763) _check_effective_sql_mode /usr/local/lib/python3.8/dist-packages/oslo_db/sqlalchemy/engines.py:314}}
Jul 08 22:22:04.395095 dv-cinder-800093-1-smb devstack@c-api.service[99763]: /usr/local/lib/python3.8/dist-packages/oslo_context/context.py:105: DeprecationWarning: Policy enforcement is depending on the value of is_admin. This key is deprecated. Please update your policy file to use the standard policy values.
Jul 08 22:22:04.395095 dv-cinder-800093-1-smb devstack@c-api.service[99763]: warnings.warn('Policy enforcement is depending on the value of '
Jul 08 22:22:04.408608 dv-cinder-800093-1-smb devstack@c-api.service[99762]: /usr/local/lib/python3.8/dist-packages/oslo_context/context.py:105: DeprecationWarning: Policy enforcement is depending on the value of is_admin. This key is deprecated. Please update your policy file to use the standard policy values.
Jul 08 22:22:04.408608 dv-cinder-800093-1-smb devstack@c-api.service[99762]: warnings.warn('Policy enforcement is depending on the value of '
Jul 08 22:22:04.409780 dv-cinder-800093-1-smb devstack@c-api.service[99762]: INFO cinder.volume.api [None req-4e293b77-baa4-482f-b990-18fa5b82c1fb tempest-VolumeTypesAccessTest-670034833 tempest-VolumeTypesAccessTest-670034833-project] Volume info retrieved successfully.
Jul 08 22:22:04.415836 dv-cinder-800093-1-smb devstack@c-api.service[99763]: INFO cinder.api.openstack.wsgi [None req-96f65e14-d8d7-4791-ba34-008d6076e8ce tempest-GroupSnapshotsTest-945185070 tempest-GroupSnapshotsTest-945185070-project] http://10.222.0.49/volume/v3/c3263d5698cb4c159118557c5209e0d8/volumes/detail returned with HTTP 200
Jul 08 22:22:04.417431 dv-cinder-800093-1-smb devstack@c-api.service[99763]: [pid: 99763|app: 0|req: 178/383] 10.222.0.49 () {60 vars in 1276 bytes} [Thu Jul 8 22:22:04 2021] GET /volume/v3/c3263d5698cb4c159118557c5209e0d8/volumes/detail => generated 1993 bytes in 142 msecs (HTTP/1.1 200) 7 headers in 287 bytes (1 switches on core 0)
Jul 08 22:22:04.447324 dv-cinder-800093-1-smb devstack@c-api.service[99763]: INFO cinder.api.openstack.wsgi [None req-84ae0bfe-1536-4af7-bb9d-172f5a5af108 tempest-GroupSnapshotsTest-945185070 tempest-GroupSnapshotsTest-945185070-project] POST http://10.222.0.49/volume/v3/c3263d5698cb4c159118557c5209e0d8/groups/0e8c8a18-0f2c-400c-9317-ac8335de8b31/action
Jul 08 22:22:04.448666 dv-cinder-800093-1-smb devstack@c-api.service[99763]: /usr/local/lib/python3.8/dist-packages/webob/acceptparse.py:1047: DeprecationWarning: The behavior of AcceptValidHeader.best_match is currently being maintained for backward compatibility, but it will be deprecated in the future, as it does not conform to the RFC.
Jul 08 22:22:04.448666 dv-cinder-800093-1-smb devstack@c-api.service[99763]: warnings.warn(
Jul 08 22:22:04.449092 dv-cinder-800093-1-smb devstack@c-api.service[99763]: DEBUG cinder.api.openstack.wsgi [None req-84ae0bfe-1536-4af7-bb9d-172f5a5af108 tempest-GroupSnapshotsTest-945185070 tempest-GroupSnapshotsTest-945185070-project] Action body: b'{"delete": {"delete-volumes": true}}' {{(pid=99763) get_method /opt/stack/cinder/cinder/api/openstack/wsgi.py:981}}
Jul 08 22:22:04.449426 dv-cinder-800093-1-smb devstack@c-api.service[99763]: DEBUG cinder.api.openstack.wsgi [None req-84ae0bfe-1536-4af7-bb9d-172f5a5af108 tempest-GroupSnapshotsTest-945185070 tempest-GroupSnapshotsTest-945185070-project] Action: 'action', calling method: delete_group, body: {"delete": {"delete-volumes": true}} {{(pid=99763) _process_stack /opt/stack/cinder/cinder/api/openstack/wsgi.py:864}}
Jul 08 22:22:04.450321 dv-cinder-800093-1-smb devstack@c-api.service[99763]: DEBUG cinder.api.v3.groups [None req-84ae0bfe-1536-4af7-bb9d-172f5a5af108 tempest-GroupSnapshotsTest-945185070 tempest-GroupSnapshotsTest-945185070-project] delete called for group 0e8c8a18-0f2c-400c-9317-ac8335de8b31 {{(pid=99763) _delete /opt/stack/cinder/cinder/api/v3/groups.py:117}}
