Jul 08 22:21:15.897090 dv-cinder-800093-1-smb devstack@c-api.service[99763]: INFO cinder.volume.api [None req-c07aaed8-db9f-4786-9ab0-9bdec6aa0a68 tempest-VolumesTestJSON-142183922 tempest-VolumesTestJSON-142183922-project] Availability Zones retrieved successfully.
Jul 08 22:21:15.956157 dv-cinder-800093-1-smb devstack@c-api.service[99762]: INFO cinder.api.openstack.wsgi [req-58f616ce-dc26-4d0f-94a6-99328a6f1b75 req-d43168ae-419c-4dd1-9669-dda369651f61 tempest-VolumesSnapshotsTestJSON-2104766365 tempest-VolumesSnapshotsTestJSON-2104766365-project] GET http://10.222.0.49/volume/v3/4e222f05995c428ab12e36e51bdba3be/volumes/1b9a15ea-e25d-4cf4-9369-f19b99fe365f
Jul 08 22:21:15.957859 dv-cinder-800093-1-smb devstack@c-api.service[99762]: DEBUG cinder.api.openstack.wsgi [req-58f616ce-dc26-4d0f-94a6-99328a6f1b75 req-d43168ae-419c-4dd1-9669-dda369651f61 tempest-VolumesSnapshotsTestJSON-2104766365 tempest-VolumesSnapshotsTestJSON-2104766365-project] Empty body provided in request {{(pid=99762) get_body /opt/stack/cinder/cinder/api/openstack/wsgi.py:713}}
Jul 08 22:21:15.959035 dv-cinder-800093-1-smb devstack@c-api.service[99762]: /usr/local/lib/python3.8/dist-packages/webob/acceptparse.py:1047: DeprecationWarning: The behavior of AcceptValidHeader.best_match is currently being maintained for backward compatibility, but it will be deprecated in the future, as it does not conform to the RFC.
Jul 08 22:21:15.959035 dv-cinder-800093-1-smb devstack@c-api.service[99762]: warnings.warn(
Jul 08 22:21:15.960876 dv-cinder-800093-1-smb devstack@c-api.service[99762]: DEBUG cinder.api.openstack.wsgi [req-58f616ce-dc26-4d0f-94a6-99328a6f1b75 req-d43168ae-419c-4dd1-9669-dda369651f61 tempest-VolumesSnapshotsTestJSON-2104766365 tempest-VolumesSnapshotsTestJSON-2104766365-project] Calling method 'show' {{(pid=99762) _process_stack /opt/stack/cinder/cinder/api/openstack/wsgi.py:866}}
Jul 08 22:21:15.997010 dv-cinder-800093-1-smb devstack@c-api.service[99763]: DEBUG cinder.volume.api [None req-c07aaed8-db9f-4786-9ab0-9bdec6aa0a68 tempest-VolumesTestJSON-142183922 tempest-VolumesTestJSON-142183922-project] Flow 'volume_create_api' (475df89a-bf56-4b60-88cc-8b21bd2051a0) transitioned into state 'RUNNING' from state 'PENDING' {{(pid=99763) _flow_receiver /usr/local/lib/python3.8/dist-packages/taskflow/listeners/logging.py:141}}
Jul 08 22:21:15.997503 dv-cinder-800093-1-smb devstack@c-api.service[99762]: /usr/local/lib/python3.8/dist-packages/oslo_context/context.py:105: DeprecationWarning: Policy enforcement is depending on the value of is_admin. This key is deprecated. Please update your policy file to use the standard policy values.
Jul 08 22:21:15.997503 dv-cinder-800093-1-smb devstack@c-api.service[99762]: warnings.warn('Policy enforcement is depending on the value of '
Jul 08 22:21:16.002385 dv-cinder-800093-1-smb devstack@c-api.service[99763]: DEBUG cinder.volume.api [None req-c07aaed8-db9f-4786-9ab0-9bdec6aa0a68 tempest-VolumesTestJSON-142183922 tempest-VolumesTestJSON-142183922-project] Task 'cinder.volume.flows.api.create_volume.ExtractVolumeRequestTask;volume:create' (1c4e3807-2a83-4397-bddb-a7c1954df278) transitioned into state 'RUNNING' from state 'PENDING' {{(pid=99763) _task_receiver /usr/local/lib/python3.8/dist-packages/taskflow/listeners/logging.py:190}}
Jul 08 22:21:16.005273 dv-cinder-800093-1-smb devstack@c-api.service[99763]: DEBUG cinder.volume.flows.api.create_volume [None req-c07aaed8-db9f-4786-9ab0-9bdec6aa0a68 tempest-VolumesTestJSON-142183922 tempest-VolumesTestJSON-142183922-project] Validating volume size '1' using validate_int {{(pid=99763) _extract_size /opt/stack/cinder/cinder/volume/flows/api/create_volume.py:201}}
Jul 08 22:21:16.014275 dv-cinder-800093-1-smb devstack@c-api.service[99762]: INFO cinder.volume.api [req-58f616ce-dc26-4d0f-94a6-99328a6f1b75 req-d43168ae-419c-4dd1-9669-dda369651f61 tempest-VolumesSnapshotsTestJSON-2104766365 tempest-VolumesSnapshotsTestJSON-2104766365-project] Volume info retrieved successfully.
Jul 08 22:21:16.049038 dv-cinder-800093-1-smb devstack@c-api.service[99762]: INFO cinder.api.openstack.wsgi [req-58f616ce-dc26-4d0f-94a6-99328a6f1b75 req-d43168ae-419c-4dd1-9669-dda369651f61 tempest-VolumesSnapshotsTestJSON-2104766365 tempest-VolumesSnapshotsTestJSON-2104766365-project] http://10.222.0.49/volume/v3/4e222f05995c428ab12e36e51bdba3be/volumes/1b9a15ea-e25d-4cf4-9369-f19b99fe365f returned with HTTP 200
Jul 08 22:21:16.050545 dv-cinder-800093-1-smb devstack@c-api.service[99762]: [pid: 99762|app: 0|req: 12/20] 10.222.0.49 () {60 vars in 1579 bytes} [Thu Jul 8 22:21:15 2021] GET /volume/v3/4e222f05995c428ab12e36e51bdba3be/volumes/1b9a15ea-e25d-4cf4-9369-f19b99fe365f => generated 916 bytes in 102 msecs (HTTP/1.1 200) 7 headers in 285 bytes (1 switches on core 0)
Jul 08 22:21:16.084574 dv-cinder-800093-1-smb devstack@c-api.service[99762]: INFO cinder.api.openstack.wsgi [req-c3dba559-09a2-4613-be81-cfa4e51a1610 req-e4cd7126-c933-4243-bc7e-bded6a58ad44 tempest-VolumesSnapshotsTestJSON-2104766365 tempest-VolumesSnapshotsTestJSON-2104766365-project] POST http://10.222.0.49/volume/v3/4e222f05995c428ab12e36e51bdba3be/snapshots
Jul 08 22:21:16.086138 dv-cinder-800093-1-smb devstack@c-api.service[99762]: /usr/local/lib/python3.8/dist-packages/webob/acceptparse.py:1047: DeprecationWarning: The behavior of AcceptValidHeader.best_match is currently being maintained for backward compatibility, but it will be deprecated in the future, as it does not conform to the RFC.
Jul 08 22:21:16.086138 dv-cinder-800093-1-smb devstack@c-api.service[99762]: warnings.warn(
Jul 08 22:21:16.087940 dv-cinder-800093-1-smb devstack@c-api.service[99762]: DEBUG cinder.api.openstack.wsgi [req-c3dba559-09a2-4613-be81-cfa4e51a1610 req-e4cd7126-c933-4243-bc7e-bded6a58ad44 tempest-VolumesSnapshotsTestJSON-2104766365 tempest-VolumesSnapshotsTestJSON-2104766365-project] Action: 'create', calling method: create, body: {"snapshot": {"volume_id": "1b9a15ea-e25d-4cf4-9369-f19b99fe365f", "force": false, "name": "tempest-VolumesSnapshotsTestJSON-Snapshot-908212386", "description": null, "metadata": {}}} {{(pid=99762) _process_stack /opt/stack/cinder/cinder/api/openstack/wsgi.py:864}}
Jul 08 22:21:16.094421 dv-cinder-800093-1-smb devstack@c-api.service[99763]: DEBUG cinder.volume.api [None req-c07aaed8-db9f-4786-9ab0-9bdec6aa0a68 tempest-VolumesTestJSON-142183922 tempest-VolumesTestJSON-142183922-project] Task 'cinder.volume.flows.api.create_volume.ExtractVolumeRequestTask;volume:create' (1c4e3807-2a83-4397-bddb-a7c1954df278) transitioned into state 'SUCCESS' from state 'RUNNING' with result '{'size': 1, 'snapshot_id': None, 'source_volid': None, 'volume_type': VolumeType(created_at=2021-07-08T22:11:20Z,deleted=False,deleted_at=None,description='Default Volume Type',extra_specs={},id=b65cdb6d-86f3-4d5e-b18f-1723885f6001,is_public=True,name='__DEFAULT__',projects=[],qos_specs=,qos_specs_id=None,updated_at=2021-07-08T22:11:20Z), 'volume_type_id': 'b65cdb6d-86f3-4d5e-b18f-1723885f6001', 'encryption_key_id': None, 'qos_specs': None, 'consistencygroup_id': None, 'cgsnapshot_id': None, 'group_id': None, 'replication_status': 'disabled', 'refresh_az': False, 'backup_id': None, 'multiattach': False, 'availability_zones': ['nova']}' {{(pid=99763) _task_receiver /usr/local/lib/python3.8/dist-packages/taskflow/listeners/logging.py:178}}
Jul 08 22:21:16.096915 dv-cinder-800093-1-smb devstack@c-api.service[99763]: DEBUG cinder.volume.api [None req-c07aaed8-db9f-4786-9ab0-9bdec6aa0a68 tempest-VolumesTestJSON-142183922 tempest-VolumesTestJSON-142183922-project] Task 'cinder.volume.flows.api.create_volume.QuotaReserveTask;volume:create' (18764520-8678-4bcc-b793-bdfb76bdc9ee) transitioned into state 'RUNNING' from state 'PENDING' {{(pid=99763) _task_receiver /usr/local/lib/python3.8/dist-packages/taskflow/listeners/logging.py:190}}
Jul 08 22:21:16.117440 dv-cinder-800093-1-smb devstack@c-api.service[99762]: /usr/local/lib/python3.8/dist-packages/oslo_context/context.py:105: DeprecationWarning: Policy enforcement is depending on the value of is_admin. This key is deprecated. Please update your policy file to use the standard policy values.
Jul 08 22:21:16.117440 dv-cinder-800093-1-smb devstack@c-api.service[99762]: warnings.warn('Policy enforcement is depending on the value of '
Jul 08 22:21:16.121385 dv-cinder-800093-1-smb devstack@c-api.service[99762]: INFO cinder.volume.api [req-c3dba559-09a2-4613-be81-cfa4e51a1610 req-e4cd7126-c933-4243-bc7e-bded6a58ad44 tempest-VolumesSnapshotsTestJSON-2104766365 tempest-VolumesSnapshotsTestJSON-2104766365-project] Volume info retrieved successfully.
Jul 08 22:21:16.123773 dv-cinder-800093-1-smb devstack@c-api.service[99762]: INFO cinder.api.v2.snapshots [req-c3dba559-09a2-4613-be81-cfa4e51a1610 req-e4cd7126-c933-4243-bc7e-bded6a58ad44 tempest-VolumesSnapshotsTestJSON-2104766365 tempest-VolumesSnapshotsTestJSON-2104766365-project] Create snapshot from volume 1b9a15ea-e25d-4cf4-9369-f19b99fe365f
Jul 08 22:21:16.183992 dv-cinder-800093-1-smb devstack@c-api.service[99763]: WARNING cinder.quota [None req-c07aaed8-db9f-4786-9ab0-9bdec6aa0a68 tempest-VolumesTestJSON-142183922 tempest-VolumesTestJSON-142183922-project] Deprecated: Default quota for resource: volumes___DEFAULT__ is set by the default quota flag: quota_volumes___DEFAULT__, it is now deprecated. Please use the default quota class for default quota.
Jul 08 22:21:16.185088 dv-cinder-800093-1-smb devstack@c-api.service[99762]: WARNING cinder.quota [req-c3dba559-09a2-4613-be81-cfa4e51a1610 req-e4cd7126-c933-4243-bc7e-bded6a58ad44 tempest-VolumesSnapshotsTestJSON-2104766365 tempest-VolumesSnapshotsTestJSON-2104766365-project] Deprecated: Default quota for resource: snapshots___DEFAULT__ is set by the default quota flag: quota_snapshots___DEFAULT__, it is now deprecated. Please use the default quota class for default quota.
Jul 08 22:21:16.188106 dv-cinder-800093-1-smb devstack@c-api.service[99763]: WARNING cinder.quota [None req-c07aaed8-db9f-4786-9ab0-9bdec6aa0a68 tempest-VolumesTestJSON-142183922 tempest-VolumesTestJSON-142183922-project] Deprecated: Default quota for resource: gigabytes___DEFAULT__ is set by the default quota flag: quota_gigabytes___DEFAULT__, it is now deprecated. Please use the default quota class for default quota.
Jul 08 22:21:16.226190 dv-cinder-800093-1-smb devstack@c-api.service[99763]: DEBUG cinder.quota [None req-c07aaed8-db9f-4786-9ab0-9bdec6aa0a68 tempest-VolumesTestJSON-142183922 tempest-VolumesTestJSON-142183922-project] Created reservations ['6e469314-5803-492b-af81-cfda56e8cc35', '3fe375f6-c1a2-4419-9cc6-d6b4602422a5', '01aaed7e-5c8c-4291-9fce-08b91fe93c1a', '4aecba70-bab1-44bc-8802-e77ea8c3dd8b'] {{(pid=99763) reserve /opt/stack/cinder/cinder/quota.py:755}}
Jul 08 22:21:16.230871 dv-cinder-800093-1-smb devstack@c-api.service[99763]: DEBUG cinder.volume.api [None req-c07aaed8-db9f-4786-9ab0-9bdec6aa0a68 tempest-VolumesTestJSON-142183922 tempest-VolumesTestJSON-142183922-project] Task 'cinder.volume.flows.api.create_volume.QuotaReserveTask;volume:create' (18764520-8678-4bcc-b793-bdfb76bdc9ee) transitioned into state 'SUCCESS' from state 'RUNNING' with result '{'reservations': ['6e469314-5803-492b-af81-cfda56e8cc35', '3fe375f6-c1a2-4419-9cc6-d6b4602422a5', '01aaed7e-5c8c-4291-9fce-08b91fe93c1a', '4aecba70-bab1-44bc-8802-e77ea8c3dd8b']}' {{(pid=99763) _task_receiver /usr/local/lib/python3.8/dist-packages/taskflow/listeners/logging.py:178}}
Jul 08 22:21:16.234264 dv-cinder-800093-1-smb devstack@c-api.service[99763]: DEBUG cinder.volume.api [None req-c07aaed8-db9f-4786-9ab0-9bdec6aa0a68 tempest-VolumesTestJSON-142183922 tempest-VolumesTestJSON-142183922-project] Task 'cinder.volume.flows.api.create_volume.EntryCreateTask;volume:create' (5582645b-c5f7-4089-9b5c-87e6095f45bf) transitioned into state 'RUNNING' from state 'PENDING' {{(pid=99763) _task_receiver /usr/local/lib/python3.8/dist-packages/taskflow/listeners/logging.py:190}}
Jul 08 22:21:16.257531 dv-cinder-800093-1-smb devstack@c-api.service[99762]: DEBUG cinder.quota [req-c3dba559-09a2-4613-be81-cfa4e51a1610 req-e4cd7126-c933-4243-bc7e-bded6a58ad44 tempest-VolumesSnapshotsTestJSON-2104766365 tempest-VolumesSnapshotsTestJSON-2104766365-project] Created reservations ['06aaffd1-6bdb-4fc4-9ccb-29e3f14334f8', 'aec5b282-8016-4076-8aa5-52edb312d423', 'c8fd9974-0d11-4a2e-bda2-512c885017f2', '7ad2ffe4-e241-40aa-bb58-c8b40f5fa3ed'] {{(pid=99762) reserve /opt/stack/cinder/cinder/quota.py:755}}
Jul 08 22:21:16.293908 dv-cinder-800093-1-smb devstack@c-api.service[99763]: DEBUG cinder.volume.api [None req-c07aaed8-db9f-4786-9ab0-9bdec6aa0a68 tempest-VolumesTestJSON-142183922 tempest-VolumesTestJSON-142183922-project] Task 'cinder.volume.flows.api.create_volume.EntryCreateTask;volume:create' (5582645b-c5f7-4089-9b5c-87e6095f45bf) transitioned into state 'SUCCESS' from state 'RUNNING' with result '{'volume_id': '62373e46-b951-4f88-a00a-ca2e1544b6a4', 'volume_properties': VolumeProperties(attach_status='detached',availability_zone='nova',cgsnapshot_id=None,consistencygroup_id=None,display_description=None,display_name='tempest-VolumesTestJSON-volume-1645845716',encryption_key_id=None,group_id=None,group_type_id=,metadata={Type='work'},multiattach=False,project_id='82e8fc6f48d04d4a85370e0304928038',qos_specs=None,replication_status=,reservations=['6e469314-5803-492b-af81-cfda56e8cc35','3fe375f6-c1a2-4419-9cc6-d6b4602422a5','01aaed7e-5c8c-4291-9fce-08b91fe93c1a','4aecba70-bab1-44bc-8802-e77ea8c3dd8b'],size=1,snapshot_id=None,source_replicaid=,source_volid=None,status='creating',user_id='6967ba24dad04d2c9b4857464dee2dd9',volume_type_id=b65cdb6d-86f3-4d5e-b18f-1723885f6001), 'volume': Volume(_name_id=None,admin_metadata=,attach_status='detached',availability_zone='nova',bootable=False,cluster=,cluster_name=None,consistencygroup=,consistencygroup_id=None,created_at=2021-07-08T22:21:16Z,deleted=False,deleted_at=None,display_description=None,display_name='tempest-VolumesTestJSON-volume-1645845716',ec2_id=None,encryption_key_id=None,glance_metadata=,group=,group_id=None,host=None,id=62373e46-b951-4f88-a00a-ca2e1544b6a4,launched_at=None,metadata={Type='work'},migration_status=None,multiattach=False,previous_status=None,project_id='82e8fc6f48d04d4a85370e0304928038',provider_auth=None,provider_geometry=None,provider_id=None,provider_location=None,replication_driver_data=None,replication_extended_status=None,replication_status=None,scheduled_at=None,service_uuid=None,shared_targets=True,size=1,snapshot_id=None,snapshots=,source_volid=None,status='creating',terminated_at=None,updated_at=None,user_id='6967ba24dad04d2c9b4857464dee2dd9',volume_attachment=,volume_type=VolumeType(b65cdb6d-86f3-4d5e-b18f-1723885f6001),volume_type_id=b65cdb6d-86f3-4d5e-b18f-1723885f6001)}' {{(pid=99763) _task_receiver /usr/local/lib/python3.8/dist-packages/taskflow/listeners/logging.py:178}}
Jul 08 22:21:16.298380 dv-cinder-800093-1-smb devstack@c-api.service[99763]: DEBUG cinder.volume.api [None req-c07aaed8-db9f-4786-9ab0-9bdec6aa0a68 tempest-VolumesTestJSON-142183922 tempest-VolumesTestJSON-142183922-project] Task 'cinder.volume.flows.api.create_volume.QuotaCommitTask;volume:create' (f4cbc9e1-761f-4252-802e-936108a4d939) transitioned into state 'RUNNING' from state 'PENDING' {{(pid=99763) _task_receiver /usr/local/lib/python3.8/dist-packages/taskflow/listeners/logging.py:190}}
Jul 08 22:21:16.376576 dv-cinder-800093-1-smb devstack@c-api.service[99763]: DEBUG cinder.volume.api [None req-c07aaed8-db9f-4786-9ab0-9bdec6aa0a68 tempest-VolumesTestJSON-142183922 tempest-VolumesTestJSON-142183922-project] Task 'cinder.volume.flows.api.create_volume.QuotaCommitTask;volume:create' (f4cbc9e1-761f-4252-802e-936108a4d939) transitioned into state 'SUCCESS' from state 'RUNNING' with result '{'volume_properties': VolumeProperties(attach_status='detached',availability_zone='nova',cgsnapshot_id=None,consistencygroup_id=None,display_description=None,display_name='tempest-VolumesTestJSON-volume-1645845716',encryption_key_id=None,group_id=None,group_type_id=,metadata={Type='work'},multiattach=False,project_id='82e8fc6f48d04d4a85370e0304928038',qos_specs=None,replication_status=,reservations=['6e469314-5803-492b-af81-cfda56e8cc35','3fe375f6-c1a2-4419-9cc6-d6b4602422a5','01aaed7e-5c8c-4291-9fce-08b91fe93c1a','4aecba70-bab1-44bc-8802-e77ea8c3dd8b'],size=1,snapshot_id=None,source_replicaid=,source_volid=None,status='creating',user_id='6967ba24dad04d2c9b4857464dee2dd9',volume_type_id=b65cdb6d-86f3-4d5e-b18f-1723885f6001)}' {{(pid=99763) _task_receiver /usr/local/lib/python3.8/dist-packages/taskflow/listeners/logging.py:178}}
Jul 08 22:21:16.381617 dv-cinder-800093-1-smb devstack@c-api.service[99763]: DEBUG cinder.volume.api [None req-c07aaed8-db9f-4786-9ab0-9bdec6aa0a68 tempest-VolumesTestJSON-142183922 tempest-VolumesTestJSON-142183922-project] Task 'cinder.volume.flows.api.create_volume.VolumeCastTask;volume:create' (12fcbd3b-9881-48fd-91a2-58f742b9876f) transitioned into state 'RUNNING' from state 'PENDING' {{(pid=99763) _task_receiver /usr/local/lib/python3.8/dist-packages/taskflow/listeners/logging.py:190}}
Jul 08 22:21:16.415858 dv-cinder-800093-1-smb devstack@c-api.service[99763]: DEBUG cinder.volume.api [None req-c07aaed8-db9f-4786-9ab0-9bdec6aa0a68 tempest-VolumesTestJSON-142183922 tempest-VolumesTestJSON-142183922-project] Task 'cinder.volume.flows.api.create_volume.VolumeCastTask;volume:create' (12fcbd3b-9881-48fd-91a2-58f742b9876f) transitioned into state 'SUCCESS' from state 'RUNNING' with result 'None' {{(pid=99763) _task_receiver /usr/local/lib/python3.8/dist-packages/taskflow/listeners/logging.py:178}}
Jul 08 22:21:16.424779 dv-cinder-800093-1-smb devstack@c-api.service[99763]: DEBUG cinder.volume.api [None req-c07aaed8-db9f-4786-9ab0-9bdec6aa0a68 tempest-VolumesTestJSON-142183922 tempest-VolumesTestJSON-142183922-project] Flow 'volume_create_api' (475df89a-bf56-4b60-88cc-8b21bd2051a0) transitioned into state 'SUCCESS' from state 'RUNNING' {{(pid=99763) _flow_receiver /usr/local/lib/python3.8/dist-packages/taskflow/listeners/logging.py:141}}
Jul 08 22:21:16.426412 dv-cinder-800093-1-smb devstack@c-api.service[99763]: INFO cinder.volume.api [None req-c07aaed8-db9f-4786-9ab0-9bdec6aa0a68 tempest-VolumesTestJSON-142183922 tempest-VolumesTestJSON-142183922-project] Create volume request issued successfully.
Jul 08 22:21:16.448561 dv-cinder-800093-1-smb devstack@c-api.service[99763]: INFO cinder.api.openstack.wsgi [None req-c07aaed8-db9f-4786-9ab0-9bdec6aa0a68 tempest-VolumesTestJSON-142183922 tempest-VolumesTestJSON-142183922-project] http://10.222.0.49/volume/v3/82e8fc6f48d04d4a85370e0304928038/volumes returned with HTTP 202
Jul 08 22:21:16.451621 dv-cinder-800093-1-smb devstack@c-api.service[99763]: [pid: 99763|app: 0|req: 9/21] 10.222.0.49 () {60 vars in 1236 bytes} [Thu Jul 8 22:21:15 2021] POST /volume/v3/82e8fc6f48d04d4a85370e0304928038/volumes => generated 829 bytes in 592 msecs (HTTP/1.1 202) 7 headers in 291 bytes (1 switches on core 0)
Jul 08 22:21:16.464907 dv-cinder-800093-1-smb devstack@c-api.service[99762]: INFO cinder.volume.api [req-c3dba559-09a2-4613-be81-cfa4e51a1610 req-e4cd7126-c933-4243-bc7e-bded6a58ad44 tempest-VolumesSnapshotsTestJSON-2104766365 tempest-VolumesSnapshotsTestJSON-2104766365-project] Snapshot create request issued successfully.
Jul 08 22:21:16.465796 dv-cinder-800093-1-smb devstack@c-api.service[99763]: INFO cinder.api.openstack.wsgi [None req-61b1a40c-78fd-45a0-a902-2df757299280 tempest-VolumesTestJSON-142183922 tempest-VolumesTestJSON-142183922-project] GET http://10.222.0.49/volume/v3/82e8fc6f48d04d4a85370e0304928038/volumes/62373e46-b951-4f88-a00a-ca2e1544b6a4
Jul 08 22:21:16.466418 dv-cinder-800093-1-smb devstack@c-api.service[99763]: DEBUG cinder.api.openstack.wsgi [None req-61b1a40c-78fd-45a0-a902-2df757299280 tempest-VolumesTestJSON-142183922 tempest-VolumesTestJSON-142183922-project] Empty body provided in request {{(pid=99763) get_body /opt/stack/cinder/cinder/api/openstack/wsgi.py:713}}
Jul 08 22:21:16.466688 dv-cinder-800093-1-smb devstack@c-api.service[99763]: /usr/local/lib/python3.8/dist-packages/webob/acceptparse.py:1047: DeprecationWarning: The behavior of AcceptValidHeader.best_match is currently being maintained for backward compatibility, but it will be deprecated in the future, as it does not conform to the RFC.
Jul 08 22:21:16.466688 dv-cinder-800093-1-smb devstack@c-api.service[99763]: warnings.warn(
Jul 08 22:21:16.466874 dv-cinder-800093-1-smb devstack@c-api.service[99762]: INFO cinder.api.openstack.wsgi [req-c3dba559-09a2-4613-be81-cfa4e51a1610 req-e4cd7126-c933-4243-bc7e-bded6a58ad44 tempest-VolumesSnapshotsTestJSON-2104766365 tempest-VolumesSnapshotsTestJSON-2104766365-project] http://10.222.0.49/volume/v3/4e222f05995c428ab12e36e51bdba3be/snapshots returned with HTTP 202
Jul 08 22:21:16.467271 dv-cinder-800093-1-smb devstack@c-api.service[99763]: DEBUG cinder.api.openstack.wsgi [None req-61b1a40c-78fd-45a0-a902-2df757299280 tempest-VolumesTestJSON-142183922 tempest-VolumesTestJSON-142183922-project] Calling method 'show' {{(pid=99763) _process_stack /opt/stack/cinder/cinder/api/openstack/wsgi.py:866}}
Jul 08 22:21:16.470811 dv-cinder-800093-1-smb devstack@c-api.service[99762]: [pid: 99762|app: 0|req: 13/22] 10.222.0.49 () {64 vars in 1528 bytes} [Thu Jul 8 22:21:16 2021] POST /volume/v3/4e222f05995c428ab12e36e51bdba3be/snapshots => generated 310 bytes in 392 msecs (HTTP/1.1 202) 7 headers in 291 bytes (2 switches on core 0)
Jul 08 22:21:16.484448 dv-cinder-800093-1-smb devstack@c-api.service[99763]: /usr/local/lib/python3.8/dist-packages/oslo_context/context.py:105: DeprecationWarning: Policy enforcement is depending on the value of is_admin. This key is deprecated. Please update your policy file to use the standard policy values.
Jul 08 22:21:16.484448 dv-cinder-800093-1-smb devstack@c-api.service[99763]: warnings.warn('Policy enforcement is depending on the value of '
Jul 08 22:21:16.492929 dv-cinder-800093-1-smb devstack@c-api.service[99763]: INFO cinder.volume.api [None req-61b1a40c-78fd-45a0-a902-2df757299280 tempest-VolumesTestJSON-142183922 tempest-VolumesTestJSON-142183922-project] Volume info retrieved successfully.
Jul 08 22:21:16.512187 dv-cinder-800093-1-smb devstack@c-api.service[99763]: INFO cinder.api.openstack.wsgi [None req-61b1a40c-78fd-45a0-a902-2df757299280 tempest-VolumesTestJSON-142183922 tempest-VolumesTestJSON-142183922-project] http://10.222.0.49/volume/v3/82e8fc6f48d04d4a85370e0304928038/volumes/62373e46-b951-4f88-a00a-ca2e1544b6a4 returned with HTTP 200
Jul 08 22:21:16.522036 dv-cinder-800093-1-smb devstack@c-api.service[99763]: [pid: 99763|app: 0|req: 10/23] 10.222.0.49 () {58 vars in 1325 bytes} [Thu Jul 8 22:21:16 2021] GET /volume/v3/82e8fc6f48d04d4a85370e0304928038/volumes/62373e46-b951-4f88-a00a-ca2e1544b6a4 => generated 897 bytes in 63 msecs (HTTP/1.1 200) 7 headers in 285 bytes (1 switches on core 0)
Jul 08 22:21:16.523296 dv-cinder-800093-1-smb devstack@c-api.service[99762]: INFO cinder.api.openstack.wsgi [req-36f35802-7402-43db-a8bb-b9db24d03e49 req-e62779fd-9cc9-4b4e-92fd-6604efe2c0f9 tempest-VolumesSnapshotsTestJSON-2104766365 tempest-VolumesSnapshotsTestJSON-2104766365-project] GET http://10.222.0.49/volume/v3/4e222f05995c428ab12e36e51bdba3be/snapshots/afc3d6bf-ca52-4892-9945-d4aed48b5a63
Jul 08 22:21:16.544708 dv-cinder-800093-1-smb devstack@c-api.service[99762]: DEBUG cinder.api.openstack.wsgi [req-36f35802-7402-43db-a8bb-b9db24d03e49 req-e62779fd-9cc9-4b4e-92fd-6604efe2c0f9 tempest-VolumesSnapshotsTestJSON-2104766365 tempest-VolumesSnapshotsTestJSON-2104766365-project] Empty body provided in request {{(pid=99762) get_body /opt/stack/cinder/cinder/api/openstack/wsgi.py:713}}
Jul 08 22:21:16.545148 dv-cinder-800093-1-smb devstack@c-api.service[99762]: /usr/local/lib/python3.8/dist-packages/webob/acceptparse.py:1047: DeprecationWarning: The behavior of AcceptValidHeader.best_match is currently being maintained for backward compatibility, but it will be deprecated in the future, as it does not conform to the RFC.
Jul 08 22:21:16.545148 dv-cinder-800093-1-smb devstack@c-api.service[99762]: warnings.warn(
Jul 08 22:21:16.546960 dv-cinder-800093-1-smb devstack@c-api.service[99762]: DEBUG cinder.api.openstack.wsgi [req-36f35802-7402-43db-a8bb-b9db24d03e49 req-e62779fd-9cc9-4b4e-92fd-6604efe2c0f9 tempest-VolumesSnapshotsTestJSON-2104766365 tempest-VolumesSnapshotsTestJSON-2104766365-project] Calling method 'show' {{(pid=99762) _process_stack /opt/stack/cinder/cinder/api/openstack/wsgi.py:866}}
Jul 08 22:21:16.582188 dv-cinder-800093-1-smb devstack@c-api.service[99762]: /usr/local/lib/python3.8/dist-packages/oslo_context/context.py:105: DeprecationWarning: Policy enforcement is depending on the value of is_admin. This key is deprecated. Please update your policy file to use the standard policy values.
Jul 08 22:21:16.582188 dv-cinder-800093-1-smb devstack@c-api.service[99762]: warnings.warn('Policy enforcement is depending on the value of '
Jul 08 22:21:16.592490 dv-cinder-800093-1-smb devstack@c-api.service[99762]: INFO cinder.volume.api [req-36f35802-7402-43db-a8bb-b9db24d03e49 req-e62779fd-9cc9-4b4e-92fd-6604efe2c0f9 tempest-VolumesSnapshotsTestJSON-2104766365 tempest-VolumesSnapshotsTestJSON-2104766365-project] Snapshot retrieved successfully.
Jul 08 22:21:16.606678 dv-cinder-800093-1-smb devstack@c-api.service[99762]: INFO cinder.api.openstack.wsgi [req-36f35802-7402-43db-a8bb-b9db24d03e49 req-e62779fd-9cc9-4b4e-92fd-6604efe2c0f9 tempest-VolumesSnapshotsTestJSON-2104766365 tempest-VolumesSnapshotsTestJSON-2104766365-project] http://10.222.0.49/volume/v3/4e222f05995c428ab12e36e51bdba3be/snapshots/afc3d6bf-ca52-4892-9945-d4aed48b5a63 returned with HTTP 200
Jul 08 22:21:16.607464 dv-cinder-800093-1-smb devstack@c-api.service[99762]: [pid: 99762|app: 0|req: 14/24] 10.222.0.49 () {60 vars in 1585 bytes} [Thu Jul 8 22:21:16 2021] GET /volume/v3/4e222f05995c428ab12e36e51bdba3be/snapshots/afc3d6bf-ca52-4892-9945-d4aed48b5a63 => generated 442 bytes in 111 msecs (HTTP/1.1 200) 7 headers in 285 bytes (1 switches on core 0)
Jul 08 22:21:16.643867 dv-cinder-800093-1-smb devstack@c-api.service[99763]: WARNING keystonemiddleware.auth_token [None req-61b1a40c-78fd-45a0-a902-2df757299280 tempest-VolumesTestJSON-142183922 tempest-VolumesTestJSON-142183922-project] A valid token was submitted as a service token, but it was not a valid service token. This is incorrect but backwards compatible behaviour. This will be removed in future releases.
Jul 08 22:21:16.646940 dv-cinder-800093-1-smb devstack@c-api.service[99763]: INFO cinder.api.openstack.wsgi [req-8cef64e7-6cff-4763-8d59-3534e646a884 req-8be1d4d1-aafe-48c7-9c34-930e034df783 tempest-VolumesSnapshotsTestJSON-2104766365 tempest-VolumesSnapshotsTestJSON-2104766365-project] GET http://10.222.0.49/volume/v3/4e222f05995c428ab12e36e51bdba3be/snapshots/detail
Jul 08 22:21:16.647396 dv-cinder-800093-1-smb devstack@c-api.service[99763]: DEBUG cinder.api.openstack.wsgi [req-8cef64e7-6cff-4763-8d59-3534e646a884 req-8be1d4d1-aafe-48c7-9c34-930e034df783 tempest-VolumesSnapshotsTestJSON-2104766365 tempest-VolumesSnapshotsTestJSON-2104766365-project] Empty body provided in request {{(pid=99763) get_body /opt/stack/cinder/cinder/api/openstack/wsgi.py:713}}
Jul 08 22:21:16.647578 dv-cinder-800093-1-smb devstack@c-api.service[99763]: /usr/local/lib/python3.8/dist-packages/webob/acceptparse.py:1047: DeprecationWarning: The behavior of AcceptValidHeader.best_match is currently being maintained for backward compatibility, but it will be deprecated in the future, as it does not conform to the RFC.
Jul 08 22:21:16.647578 dv-cinder-800093-1-smb devstack@c-api.service[99763]: warnings.warn(
Jul 08 22:21:16.647887 dv-cinder-800093-1-smb devstack@c-api.service[99763]: DEBUG cinder.api.openstack.wsgi [req-8cef64e7-6cff-4763-8d59-3534e646a884 req-8be1d4d1-aafe-48c7-9c34-930e034df783 tempest-VolumesSnapshotsTestJSON-2104766365 tempest-VolumesSnapshotsTestJSON-2104766365-project] Calling method 'detail' {{(pid=99763) _process_stack /opt/stack/cinder/cinder/api/openstack/wsgi.py:866}}
Jul 08 22:21:16.648495 dv-cinder-800093-1-smb devstack@c-api.service[99763]: DEBUG cinder.api.api_utils [req-8cef64e7-6cff-4763-8d59-3534e646a884 req-8be1d4d1-aafe-48c7-9c34-930e034df783 tempest-VolumesSnapshotsTestJSON-2104766365 tempest-VolumesSnapshotsTestJSON-2104766365-project] Removing options '' from query. {{(pid=99763) remove_invalid_filter_options /opt/stack/cinder/cinder/api/api_utils.py:73}}
Jul 08 22:21:16.662988 dv-cinder-800093-1-smb devstack@c-api.service[99763]: DEBUG cinder.db.sqlalchemy.api [req-8cef64e7-6cff-4763-8d59-3534e646a884 req-8be1d4d1-aafe-48c7-9c34-930e034df783 tempest-VolumesSnapshotsTestJSON-2104766365 tempest-VolumesSnapshotsTestJSON-2104766365-project] Building query based on filter {{(pid=99763) _process_snaps_filters /opt/stack/cinder/cinder/db/sqlalchemy/api.py:3138}}
Jul 08 22:21:16.753032 dv-cinder-800093-1-smb devstack@c-api.service[99763]: INFO cinder.volume.api [req-8cef64e7-6cff-4763-8d59-3534e646a884 req-8be1d4d1-aafe-48c7-9c34-930e034df783 tempest-VolumesSnapshotsTestJSON-2104766365 tempest-VolumesSnapshotsTestJSON-2104766365-project] Get all snapshots completed successfully.
Jul 08 22:21:16.763081 dv-cinder-800093-1-smb devstack@c-api.service[99763]: /usr/local/lib/python3.8/dist-packages/oslo_context/context.py:105: DeprecationWarning: Policy enforcement is depending on the value of is_admin. This key is deprecated. Please update your policy file to use the standard policy values.
Jul 08 22:21:16.763081 dv-cinder-800093-1-smb devstack@c-api.service[99763]: warnings.warn('Policy enforcement is depending on the value of '
Jul 08 22:21:16.764656 dv-cinder-800093-1-smb devstack@c-api.service[99763]: INFO cinder.api.openstack.wsgi [req-8cef64e7-6cff-4763-8d59-3534e646a884 req-8be1d4d1-aafe-48c7-9c34-930e034df783 tempest-VolumesSnapshotsTestJSON-2104766365 tempest-VolumesSnapshotsTestJSON-2104766365-project] http://10.222.0.49/volume/v3/4e222f05995c428ab12e36e51bdba3be/snapshots/detail returned with HTTP 200
Jul 08 22:21:16.765766 dv-cinder-800093-1-smb devstack@c-api.service[99763]: [pid: 99763|app: 0|req: 11/25] 10.222.0.49 () {60 vars in 1495 bytes} [Thu Jul 8 22:21:16 2021] GET /volume/v3/4e222f05995c428ab12e36e51bdba3be/snapshots/detail => generated 445 bytes in 125 msecs (HTTP/1.1 200) 7 headers in 285 bytes (1 switches on core 0)
Jul 08 22:21:16.804818 dv-cinder-800093-1-smb devstack@c-api.service[99762]: INFO cinder.api.openstack.wsgi [req-d6de4e11-b15b-461b-963c-50fd11e8a7b4 req-7c73306b-b205-4e9f-8463-f68544123cdd tempest-VolumesSnapshotsTestJSON-2104766365 tempest-VolumesSnapshotsTestJSON-2104766365-project] GET http://10.222.0.49/volume/v3/4e222f05995c428ab12e36e51bdba3be/snapshots/afc3d6bf-ca52-4892-9945-d4aed48b5a63
Jul 08 22:21:16.805275 dv-cinder-800093-1-smb devstack@c-api.service[99762]: DEBUG cinder.api.openstack.wsgi [req-d6de4e11-b15b-461b-963c-50fd11e8a7b4 req-7c73306b-b205-4e9f-8463-f68544123cdd tempest-VolumesSnapshotsTestJSON-2104766365 tempest-VolumesSnapshotsTestJSON-2104766365-project] Empty body provided in request {{(pid=99762) get_body /opt/stack/cinder/cinder/api/openstack/wsgi.py:713}}
Jul 08 22:21:16.805474 dv-cinder-800093-1-smb devstack@c-api.service[99762]: /usr/local/lib/python3.8/dist-packages/webob/acceptparse.py:1047: DeprecationWarning: The behavior of AcceptValidHeader.best_match is currently being maintained for backward compatibility, but it will be deprecated in the future, as it does not conform to the RFC.
Jul 08 22:21:16.805474 dv-cinder-800093-1-smb devstack@c-api.service[99762]: warnings.warn(
Jul 08 22:21:16.805789 dv-cinder-800093-1-smb devstack@c-api.service[99762]: DEBUG cinder.api.openstack.wsgi [req-d6de4e11-b15b-461b-963c-50fd11e8a7b4 req-7c73306b-b205-4e9f-8463-f68544123cdd tempest-VolumesSnapshotsTestJSON-2104766365 tempest-VolumesSnapshotsTestJSON-2104766365-project] Calling method 'show' {{(pid=99762) _process_stack /opt/stack/cinder/cinder/api/openstack/wsgi.py:866}}
Jul 08 22:21:16.826346 dv-cinder-800093-1-smb devstack@c-api.service[99762]: /usr/local/lib/python3.8/dist-packages/oslo_context/context.py:105: DeprecationWarning: Policy enforcement is depending on the value of is_admin. This key is deprecated. Please update your policy file to use the standard policy values.
Jul 08 22:21:16.826346 dv-cinder-800093-1-smb devstack@c-api.service[99762]: warnings.warn('Policy enforcement is depending on the value of '
Jul 08 22:21:16.827867 dv-cinder-800093-1-smb devstack@c-api.service[99762]: INFO cinder.volume.api [req-d6de4e11-b15b-461b-963c-50fd11e8a7b4 req-7c73306b-b205-4e9f-8463-f68544123cdd tempest-VolumesSnapshotsTestJSON-2104766365 tempest-VolumesSnapshotsTestJSON-2104766365-project] Snapshot retrieved successfully.
Jul 08 22:21:16.832794 dv-cinder-800093-1-smb devstack@c-api.service[99762]: INFO cinder.api.openstack.wsgi [req-d6de4e11-b15b-461b-963c-50fd11e8a7b4 req-7c73306b-b205-4e9f-8463-f68544123cdd tempest-VolumesSnapshotsTestJSON-2104766365 tempest-VolumesSnapshotsTestJSON-2104766365-project] http://10.222.0.49/volume/v3/4e222f05995c428ab12e36e51bdba3be/snapshots/afc3d6bf-ca52-4892-9945-d4aed48b5a63 returned with HTTP 200
Jul 08 22:21:16.840046 dv-cinder-800093-1-smb devstack@c-api.service[99762]: [pid: 99762|app: 0|req: 15/26] 10.222.0.49 () {60 vars in 1585 bytes} [Thu Jul 8 22:21:16 2021] GET /volume/v3/4e222f05995c428ab12e36e51bdba3be/snapshots/afc3d6bf-ca52-4892-9945-d4aed48b5a63 => generated 442 bytes in 41 msecs (HTTP/1.1 200) 7 headers in 285 bytes (1 switches on core 0)
Jul 08 22:21:17.528485 dv-cinder-800093-1-smb devstack@c-api.service[99763]: INFO cinder.api.openstack.wsgi [None req-c2728de8-feae-4b61-bc1c-76cfc1f9c677 tempest-VolumesTestJSON-142183922 tempest-VolumesTestJSON-142183922-project] GET http://10.222.0.49/volume/v3/82e8fc6f48d04d4a85370e0304928038/volumes/62373e46-b951-4f88-a00a-ca2e1544b6a4
Jul 08 22:21:17.528956 dv-cinder-800093-1-smb devstack@c-api.service[99763]: DEBUG cinder.api.openstack.wsgi [None req-c2728de8-feae-4b61-bc1c-76cfc1f9c677 tempest-VolumesTestJSON-142183922 tempest-VolumesTestJSON-142183922-project] Empty body provided in request {{(pid=99763) get_body /opt/stack/cinder/cinder/api/openstack/wsgi.py:713}}
Jul 08 22:21:17.529142 dv-cinder-800093-1-smb devstack@c-api.service[99763]: /usr/local/lib/python3.8/dist-packages/webob/acceptparse.py:1047: DeprecationWarning: The behavior of AcceptValidHeader.best_match is currently being maintained for backward compatibility, but it will be deprecated in the future, as it does not conform to the RFC.
Jul 08 22:21:17.529142 dv-cinder-800093-1-smb devstack@c-api.service[99763]: warnings.warn(
Jul 08 22:21:17.529571 dv-cinder-800093-1-smb devstack@c-api.service[99763]: DEBUG cinder.api.openstack.wsgi [None req-c2728de8-feae-4b61-bc1c-76cfc1f9c677 tempest-VolumesTestJSON-142183922 tempest-VolumesTestJSON-142183922-project] Calling method 'show' {{(pid=99763) _process_stack /opt/stack/cinder/cinder/api/openstack/wsgi.py:866}}
Jul 08 22:21:17.577158 dv-cinder-800093-1-smb devstack@c-api.service[99763]: /usr/local/lib/python3.8/dist-packages/oslo_context/context.py:105: DeprecationWarning: Policy enforcement is depending on the value of is_admin. This key is deprecated. Please update your policy file to use the standard policy values.
Jul 08 22:21:17.577158 dv-cinder-800093-1-smb devstack@c-api.service[99763]: warnings.warn('Policy enforcement is depending on the value of '
Jul 08 22:21:17.587571 dv-cinder-800093-1-smb devstack@c-api.service[99763]: INFO cinder.volume.api [None req-c2728de8-feae-4b61-bc1c-76cfc1f9c677 tempest-VolumesTestJSON-142183922 tempest-VolumesTestJSON-142183922-project] Volume info retrieved successfully.
Jul 08 22:21:17.622503 dv-cinder-800093-1-smb devstack@c-api.service[99763]: INFO cinder.api.openstack.wsgi [None req-c2728de8-feae-4b61-bc1c-76cfc1f9c677 tempest-VolumesTestJSON-142183922 tempest-VolumesTestJSON-142183922-project] http://10.222.0.49/volume/v3/82e8fc6f48d04d4a85370e0304928038/volumes/62373e46-b951-4f88-a00a-ca2e1544b6a4 returned with HTTP 200
Jul 08 22:21:17.635974 dv-cinder-800093-1-smb devstack@c-api.service[99763]: [pid: 99763|app: 0|req: 12/27] 10.222.0.49 () {58 vars in 1325 bytes} [Thu Jul 8 22:21:17 2021] GET /volume/v3/82e8fc6f48d04d4a85370e0304928038/volumes/62373e46-b951-4f88-a00a-ca2e1544b6a4 => generated 922 bytes in 110 msecs (HTTP/1.1 200) 7 headers in 285 bytes (1 switches on core 0)
Jul 08 22:21:17.700238 dv-cinder-800093-1-smb devstack@c-api.service[99762]: INFO cinder.api.openstack.wsgi [req-c21cc8bf-148f-4fac-8401-ff9d4feb3b5f req-527aae0c-8793-4230-a45f-13f1baf9780a tempest-VolumesTestJSON-142183922 tempest-VolumesTestJSON-142183922-project] GET http://10.222.0.49/volume/v3/82e8fc6f48d04d4a85370e0304928038/volumes/62373e46-b951-4f88-a00a-ca2e1544b6a4
Jul 08 22:21:17.700765 dv-cinder-800093-1-smb devstack@c-api.service[99762]: DEBUG cinder.api.openstack.wsgi [req-c21cc8bf-148f-4fac-8401-ff9d4feb3b5f req-527aae0c-8793-4230-a45f-13f1baf9780a tempest-VolumesTestJSON-142183922 tempest-VolumesTestJSON-142183922-project] Empty body provided in request {{(pid=99762) get_body /opt/stack/cinder/cinder/api/openstack/wsgi.py:713}}
Jul 08 22:21:17.700949 dv-cinder-800093-1-smb devstack@c-api.service[99762]: /usr/local/lib/python3.8/dist-packages/webob/acceptparse.py:1047: DeprecationWarning: The behavior of AcceptValidHeader.best_match is currently being maintained for backward compatibility, but it will be deprecated in the future, as it does not conform to the RFC.
Jul 08 22:21:17.700949 dv-cinder-800093-1-smb devstack@c-api.service[99762]: warnings.warn(
Jul 08 22:21:17.701271 dv-cinder-800093-1-smb devstack@c-api.service[99762]: DEBUG cinder.api.openstack.wsgi [req-c21cc8bf-148f-4fac-8401-ff9d4feb3b5f req-527aae0c-8793-4230-a45f-13f1baf9780a tempest-VolumesTestJSON-142183922 tempest-VolumesTestJSON-142183922-project] Calling method 'show' {{(pid=99762) _process_stack /opt/stack/cinder/cinder/api/openstack/wsgi.py:866}}
Jul 08 22:21:17.726505 dv-cinder-800093-1-smb devstack@c-api.service[99762]: /usr/local/lib/python3.8/dist-packages/oslo_context/context.py:105: DeprecationWarning: Policy enforcement is depending on the value of is_admin. This key is deprecated. Please update your policy file to use the standard policy values.
Jul 08 22:21:17.726505 dv-cinder-800093-1-smb devstack@c-api.service[99762]: warnings.warn('Policy enforcement is depending on the value of '
Jul 08 22:21:17.738799 dv-cinder-800093-1-smb devstack@c-api.service[99762]: INFO cinder.volume.api [req-c21cc8bf-148f-4fac-8401-ff9d4feb3b5f req-527aae0c-8793-4230-a45f-13f1baf9780a tempest-VolumesTestJSON-142183922 tempest-VolumesTestJSON-142183922-project] Volume info retrieved successfully.
Jul 08 22:21:17.775842 dv-cinder-800093-1-smb devstack@c-api.service[99762]: INFO cinder.api.openstack.wsgi [req-c21cc8bf-148f-4fac-8401-ff9d4feb3b5f req-527aae0c-8793-4230-a45f-13f1baf9780a tempest-VolumesTestJSON-142183922 tempest-VolumesTestJSON-142183922-project] http://10.222.0.49/volume/v3/82e8fc6f48d04d4a85370e0304928038/volumes/62373e46-b951-4f88-a00a-ca2e1544b6a4 returned with HTTP 200
Jul 08 22:21:17.777757 dv-cinder-800093-1-smb devstack@c-api.service[99762]: [pid: 99762|app: 0|req: 16/28] 10.222.0.49 () {60 vars in 1579 bytes} [Thu Jul 8 22:21:17 2021] GET /volume/v3/82e8fc6f48d04d4a85370e0304928038/volumes/62373e46-b951-4f88-a00a-ca2e1544b6a4 => generated 922 bytes in 82 msecs (HTTP/1.1 200) 7 headers in 285 bytes (1 switches on core 0)
Jul 08 22:21:17.791223 dv-cinder-800093-1-smb devstack@c-api.service[99763]: INFO cinder.api.openstack.wsgi [None req-1f78a865-6209-485d-83eb-ec3f1c0c79f9 tempest-VolumesTestJSON-142183922 tempest-VolumesTestJSON-142183922-project] POST http://10.222.0.49/volume/v3/82e8fc6f48d04d4a85370e0304928038/volumes
Jul 08 22:21:17.792834 dv-cinder-800093-1-smb devstack@c-api.service[99763]: /usr/local/lib/python3.8/dist-packages/webob/acceptparse.py:1047: DeprecationWarning: The behavior of AcceptValidHeader.best_match is currently being maintained for backward compatibility, but it will be deprecated in the future, as it does not conform to the RFC.
Jul 08 22:21:17.792834 dv-cinder-800093-1-smb devstack@c-api.service[99763]: warnings.warn(
Jul 08 22:21:17.793358 dv-cinder-800093-1-smb devstack@c-api.service[99763]: DEBUG cinder.api.openstack.wsgi [None req-1f78a865-6209-485d-83eb-ec3f1c0c79f9 tempest-VolumesTestJSON-142183922 tempest-VolumesTestJSON-142183922-project] Action: 'create', calling method: create, body: {"volume": {"metadata": {"Type": "work"}, "size": 1, "display_name": "tempest-VolumesTestJSON-volume-267847655"}} {{(pid=99763) _process_stack /opt/stack/cinder/cinder/api/openstack/wsgi.py:864}}
Jul 08 22:21:17.794856 dv-cinder-800093-1-smb devstack@c-api.service[99763]: DEBUG cinder.api.v3.volumes [None req-1f78a865-6209-485d-83eb-ec3f1c0c79f9 tempest-VolumesTestJSON-142183922 tempest-VolumesTestJSON-142183922-project] Create volume request body: {'volume': {'metadata': {'Type': 'work'}, 'size': 1, 'display_name': 'tempest-VolumesTestJSON-volume-267847655'}} {{(pid=99763) create /opt/stack/cinder/cinder/api/v3/volumes.py:289}}
Jul 08 22:21:17.795247 dv-cinder-800093-1-smb devstack@c-api.service[99763]: INFO cinder.api.v3.volumes [None req-1f78a865-6209-485d-83eb-ec3f1c0c79f9 tempest-VolumesTestJSON-142183922 tempest-VolumesTestJSON-142183922-project] Create volume of 1 GB
Jul 08 22:21:17.808814 dv-cinder-800093-1-smb devstack@c-api.service[99763]: INFO cinder.volume.api [None req-1f78a865-6209-485d-83eb-ec3f1c0c79f9 tempest-VolumesTestJSON-142183922 tempest-VolumesTestJSON-142183922-project] Availability Zones retrieved successfully.
Jul 08 22:21:17.852806 dv-cinder-800093-1-smb devstack@c-api.service[99763]: DEBUG cinder.volume.api [None req-1f78a865-6209-485d-83eb-ec3f1c0c79f9 tempest-VolumesTestJSON-142183922 tempest-VolumesTestJSON-142183922-project] Flow 'volume_create_api' (e93dc973-1e85-4f80-9500-1bad94e97714) transitioned into state 'RUNNING' from state 'PENDING' {{(pid=99763) _flow_receiver /usr/local/lib/python3.8/dist-packages/taskflow/listeners/logging.py:141}}
Jul 08 22:21:17.863305 dv-cinder-800093-1-smb devstack@c-api.service[99763]: DEBUG cinder.volume.api [None req-1f78a865-6209-485d-83eb-ec3f1c0c79f9 tempest-VolumesTestJSON-142183922 tempest-VolumesTestJSON-142183922-project] Task 'cinder.volume.flows.api.create_volume.ExtractVolumeRequestTask;volume:create' (24c34beb-9fea-4111-8b28-ff69adb0e276) transitioned into state 'RUNNING' from state 'PENDING' {{(pid=99763) _task_receiver /usr/local/lib/python3.8/dist-packages/taskflow/listeners/logging.py:190}}
Jul 08 22:21:17.865554 dv-cinder-800093-1-smb devstack@c-api.service[99763]: DEBUG cinder.volume.flows.api.create_volume [None req-1f78a865-6209-485d-83eb-ec3f1c0c79f9 tempest-VolumesTestJSON-142183922 tempest-VolumesTestJSON-142183922-project] Validating volume size '1' using validate_int {{(pid=99763) _extract_size /opt/stack/cinder/cinder/volume/flows/api/create_volume.py:201}}
Jul 08 22:21:17.868222 dv-cinder-800093-1-smb devstack@c-api.service[99762]: INFO cinder.api.openstack.wsgi [req-b39d531c-c807-4df7-b891-6659e3bb5dd2 req-5d3148df-f35e-4a27-8708-341f2a3ac742 tempest-VolumesSnapshotsTestJSON-2104766365 tempest-VolumesSnapshotsTestJSON-2104766365-project] GET http://10.222.0.49/volume/v3/4e222f05995c428ab12e36e51bdba3be/snapshots/afc3d6bf-ca52-4892-9945-d4aed48b5a63
Jul 08 22:21:17.869204 dv-cinder-800093-1-smb devstack@c-api.service[99762]: DEBUG cinder.api.openstack.wsgi [req-b39d531c-c807-4df7-b891-6659e3bb5dd2 req-5d3148df-f35e-4a27-8708-341f2a3ac742 tempest-VolumesSnapshotsTestJSON-2104766365 tempest-VolumesSnapshotsTestJSON-2104766365-project] Empty body provided in request {{(pid=99762) get_body /opt/stack/cinder/cinder/api/openstack/wsgi.py:713}}
Jul 08 22:21:17.869507 dv-cinder-800093-1-smb devstack@c-api.service[99762]: /usr/local/lib/python3.8/dist-packages/webob/acceptparse.py:1047: DeprecationWarning: The behavior of AcceptValidHeader.best_match is currently being maintained for backward compatibility, but it will be deprecated in the future, as it does not conform to the RFC.
Jul 08 22:21:17.869507 dv-cinder-800093-1-smb devstack@c-api.service[99762]: warnings.warn(
Jul 08 22:21:17.869924 dv-cinder-800093-1-smb devstack@c-api.service[99762]: DEBUG cinder.api.openstack.wsgi [req-b39d531c-c807-4df7-b891-6659e3bb5dd2 req-5d3148df-f35e-4a27-8708-341f2a3ac742 tempest-VolumesSnapshotsTestJSON-2104766365 tempest-VolumesSnapshotsTestJSON-2104766365-project] Calling method 'show' {{(pid=99762) _process_stack /opt/stack/cinder/cinder/api/openstack/wsgi.py:866}}
Jul 08 22:21:17.885970 dv-cinder-800093-1-smb devstack@c-api.service[99762]: /usr/local/lib/python3.8/dist-packages/oslo_context/context.py:105: DeprecationWarning: Policy enforcement is depending on the value of is_admin. This key is deprecated. Please update your policy file to use the standard policy values.
Jul 08 22:21:17.885970 dv-cinder-800093-1-smb devstack@c-api.service[99762]: warnings.warn('Policy enforcement is depending on the value of '
Jul 08 22:21:17.888641 dv-cinder-800093-1-smb devstack@c-api.service[99762]: INFO cinder.volume.api [req-b39d531c-c807-4df7-b891-6659e3bb5dd2 req-5d3148df-f35e-4a27-8708-341f2a3ac742 tempest-VolumesSnapshotsTestJSON-2104766365 tempest-VolumesSnapshotsTestJSON-2104766365-project] Snapshot retrieved successfully.
Jul 08 22:21:17.891172 dv-cinder-800093-1-smb devstack@c-api.service[99762]: INFO cinder.api.openstack.wsgi [req-b39d531c-c807-4df7-b891-6659e3bb5dd2 req-5d3148df-f35e-4a27-8708-341f2a3ac742 tempest-VolumesSnapshotsTestJSON-2104766365 tempest-VolumesSnapshotsTestJSON-2104766365-project] http://10.222.0.49/volume/v3/4e222f05995c428ab12e36e51bdba3be/snapshots/afc3d6bf-ca52-4892-9945-d4aed48b5a63 returned with HTTP 200
Jul 08 22:21:17.893872 dv-cinder-800093-1-smb devstack@c-api.service[99762]: [pid: 99762|app: 0|req: 17/29] 10.222.0.49 () {60 vars in 1585 bytes} [Thu Jul 8 22:21:17 2021] GET /volume/v3/4e222f05995c428ab12e36e51bdba3be/snapshots/afc3d6bf-ca52-4892-9945-d4aed48b5a63 => generated 535 bytes in 31 msecs (HTTP/1.1 200) 7 headers in 285 bytes (2 switches on core 0)
Jul 08 22:21:17.922310 dv-cinder-800093-1-smb devstack@c-api.service[99762]: INFO cinder.api.openstack.wsgi [req-404b9d2c-96d1-4032-89a1-c9107743a385 req-f4383a5e-ef7f-4d7d-b924-97551eccded1 tempest-VolumesSnapshotsTestJSON-2104766365 tempest-VolumesSnapshotsTestJSON-2104766365-project] DELETE http://10.222.0.49/volume/v3/4e222f05995c428ab12e36e51bdba3be/snapshots/afc3d6bf-ca52-4892-9945-d4aed48b5a63
Jul 08 22:21:17.923061 dv-cinder-800093-1-smb devstack@c-api.service[99762]: DEBUG cinder.api.openstack.wsgi [req-404b9d2c-96d1-4032-89a1-c9107743a385 req-f4383a5e-ef7f-4d7d-b924-97551eccded1 tempest-VolumesSnapshotsTestJSON-2104766365 tempest-VolumesSnapshotsTestJSON-2104766365-project] Empty body provided in request {{(pid=99762) get_body /opt/stack/cinder/cinder/api/openstack/wsgi.py:713}}
Jul 08 22:21:17.923415 dv-cinder-800093-1-smb devstack@c-api.service[99762]: /usr/local/lib/python3.8/dist-packages/webob/acceptparse.py:1047: DeprecationWarning: The behavior of AcceptValidHeader.best_match is currently being maintained for backward compatibility, but it will be deprecated in the future, as it does not conform to the RFC.
Jul 08 22:21:17.923415 dv-cinder-800093-1-smb devstack@c-api.service[99762]: warnings.warn(
Jul 08 22:21:17.924102 dv-cinder-800093-1-smb devstack@c-api.service[99762]: DEBUG cinder.api.openstack.wsgi [req-404b9d2c-96d1-4032-89a1-c9107743a385 req-f4383a5e-ef7f-4d7d-b924-97551eccded1 tempest-VolumesSnapshotsTestJSON-2104766365 tempest-VolumesSnapshotsTestJSON-2104766365-project] Calling method 'delete' {{(pid=99762) _process_stack /opt/stack/cinder/cinder/api/openstack/wsgi.py:866}}
Jul 08 22:21:17.924598 dv-cinder-800093-1-smb devstack@c-api.service[99762]: INFO cinder.api.v2.snapshots [req-404b9d2c-96d1-4032-89a1-c9107743a385 req-f4383a5e-ef7f-4d7d-b924-97551eccded1 tempest-VolumesSnapshotsTestJSON-2104766365 tempest-VolumesSnapshotsTestJSON-2104766365-project] Delete snapshot with id: afc3d6bf-ca52-4892-9945-d4aed48b5a63
Jul 08 22:21:17.937805 dv-cinder-800093-1-smb devstack@c-api.service[99762]: /usr/local/lib/python3.8/dist-packages/oslo_context/context.py:105: DeprecationWarning: Policy enforcement is depending on the value of is_admin. This key is deprecated. Please update your policy file to use the standard policy values.
Jul 08 22:21:17.937805 dv-cinder-800093-1-smb devstack@c-api.service[99762]: warnings.warn('Policy enforcement is depending on the value of '
Jul 08 22:21:17.939433 dv-cinder-800093-1-smb devstack@c-api.service[99763]: DEBUG cinder.volume.api [None req-1f78a865-6209-485d-83eb-ec3f1c0c79f9 tempest-VolumesTestJSON-142183922 tempest-VolumesTestJSON-142183922-project] Task 'cinder.volume.flows.api.create_volume.ExtractVolumeRequestTask;volume:create' (24c34beb-9fea-4111-8b28-ff69adb0e276) transitioned into state 'SUCCESS' from state 'RUNNING' with result '{'size': 1, 'snapshot_id': None, 'source_volid': None, 'volume_type': VolumeType(created_at=2021-07-08T22:11:20Z,deleted=False,deleted_at=None,description='Default Volume Type',extra_specs={},id=b65cdb6d-86f3-4d5e-b18f-1723885f6001,is_public=True,name='__DEFAULT__',projects=[],qos_specs=,qos_specs_id=None,updated_at=2021-07-08T22:11:20Z), 'volume_type_id': 'b65cdb6d-86f3-4d5e-b18f-1723885f6001', 'encryption_key_id': None, 'qos_specs': None, 'consistencygroup_id': None, 'cgsnapshot_id': None, 'group_id': None, 'replication_status': 'disabled', 'refresh_az': False, 'backup_id': None, 'multiattach': False, 'availability_zones': ['nova']}' {{(pid=99763) _task_receiver /usr/local/lib/python3.8/dist-packages/taskflow/listeners/logging.py:178}}
