Jul 08 22:21:04.276388 dv-cinder-800093-1-iscsi neutron-server[93029]: DEBUG neutron_lib.callbacks.manager [None req-9b2be08d-9614-493d-985c-d901253cce3f None None] Notify callbacks ['neutron.plugins.ml2.plugin.SecurityGroupDbMixin._ensure_default_security_group_handler-620004'] for port, before_update {{(pid=93029) _notify_loop /usr/local/lib/python3.8/dist-packages/neutron_lib/callbacks/manager.py:192}}
Jul 08 22:21:04.448984 dv-cinder-800093-1-iscsi neutron-server[93029]: DEBUG neutron.plugins.ml2.db [None req-9b2be08d-9614-493d-985c-d901253cce3f None None] For port b7f54bc1-736e-404a-af51-7af03e79fe6b, host dv-cinder-800093-1-iscsi, got binding levels [PortBindingLevel(driver='openvswitch',host='dv-cinder-800093-1-iscsi',level=0,port_id=b7f54bc1-736e-404a-af51-7af03e79fe6b,segment=NetworkSegment(e58a2190-bce1-4357-bd6b-a4289323df2c),segment_id=e58a2190-bce1-4357-bd6b-a4289323df2c)] {{(pid=93029) get_binding_level_objs /opt/stack/neutron/neutron/plugins/ml2/db.py:74}}
Jul 08 22:21:04.458950 dv-cinder-800093-1-iscsi neutron-server[93029]: DEBUG neutron_lib.callbacks.manager [None req-9b2be08d-9614-493d-985c-d901253cce3f None None] Notify callbacks ['neutron.plugins.ml2.plugin.SecurityGroupServerNotifierRpcMixin.notify_sg_on_port_change-608568', 'neutron.plugins.ml2.ovo_rpc._ObjectChangeHandler.handle_event-27306', 'neutron.api.rpc.agentnotifiers.dhcp_rpc_agent_api.DhcpAgentNotifyAPI._native_event_send_dhcp_notification-3695544', 'neutron.db.l3_db.L3RpcNotifierMixin._notify_gateway_port_ip_changed-8761123251743', 'neutron.db.l3_dvrscheduler_db._notify_l3_agent_port_update-8761122828261', 'neutron.db.l3_hascheduler_db._notify_l3_agent_ha_port_update-8761122828566'] for port, after_update {{(pid=93029) _notify_loop /usr/local/lib/python3.8/dist-packages/neutron_lib/callbacks/manager.py:192}}
Jul 08 22:21:04.557867 dv-cinder-800093-1-iscsi neutron-server[93029]: DEBUG neutron.api.rpc.handlers.resources_rpc [None req-9b2be08d-9614-493d-985c-d901253cce3f None None] Pushing event updated for resources: {'Port': ['ID=b7f54bc1-736e-404a-af51-7af03e79fe6b,revision_number=5']} {{(pid=93029) push /opt/stack/neutron/neutron/api/rpc/handlers/resources_rpc.py:237}}
Jul 08 22:21:04.592176 dv-cinder-800093-1-iscsi neutron-server[93029]: DEBUG neutron.db.l3_dvr_db [None req-d8154bfd-234c-4128-841d-7aac67a7eaa2 None None] Set router 5ea21cc7-472d-4f06-a3f1-480035fde464 gateway port host: dv-cinder-800093-1-iscsi {{(pid=93029) _build_routers_list /opt/stack/neutron/neutron/db/l3_dvr_db.py:894}}
Jul 08 22:21:04.651078 dv-cinder-800093-1-iscsi neutron-server[93027]: DEBUG neutron.wsgi [-] (93027) accepted ('10.222.0.43', 39716) {{(pid=93027) server /usr/local/lib/python3.8/dist-packages/eventlet/wsgi.py:982}}
Jul 08 22:21:04.698248 dv-cinder-800093-1-iscsi neutron-server[93027]: DEBUG neutron_lib.callbacks.manager [None req-82984c36-399c-4daf-8837-117f137fe5d0 admin admin] Notify callbacks [] for security_group, before_create {{(pid=93027) _notify_loop /usr/local/lib/python3.8/dist-packages/neutron_lib/callbacks/manager.py:192}}
Jul 08 22:21:04.774605 dv-cinder-800093-1-iscsi neutron-server[93028]: INFO neutron.wsgi [req-39871717-94ab-44e8-891e-a2c34c30c711 req-6bb62ba0-3735-461b-93a7-4a990b5e4d91 service neutron] 10.222.0.43 "GET /v2.0/networks/148cd707-9173-4930-a6b9-1abef03364ca?fields=provider%3Aphysical_network&fields=provider%3Anetwork_type HTTP/1.1" status: 200 len: 281 time: 0.3623073
Jul 08 22:21:05.022771 dv-cinder-800093-1-iscsi neutron-server[93028]: DEBUG neutron.plugins.ml2.db [req-0bdeaf39-ba6d-4627-8ff8-1af479e657d7 req-758f362e-8ac8-4874-ab06-5616ece8691f service neutron] For port 24c6330c-adb9-4619-9eb1-5ae92db70173, host hv-cinder-80009, cleared binding levels {{(pid=93028) clear_binding_levels /opt/stack/neutron/neutron/plugins/ml2/db.py:87}}
Jul 08 22:21:05.034400 dv-cinder-800093-1-iscsi neutron-server[93029]: DEBUG neutron.plugins.ml2.rpc [None req-9b2be08d-9614-493d-985c-d901253cce3f None None] Device c4181c41-9306-4acc-988b-f00982014cc6 up at agent ovs-agent-dv-cinder-800093-1-iscsi {{(pid=93029) update_device_up /opt/stack/neutron/neutron/plugins/ml2/rpc.py:296}}
Jul 08 22:21:05.064929 dv-cinder-800093-1-iscsi neutron-server[93028]: DEBUG neutron.plugins.ml2.db [req-0bdeaf39-ba6d-4627-8ff8-1af479e657d7 req-758f362e-8ac8-4874-ab06-5616ece8691f service neutron] For port 24c6330c-adb9-4619-9eb1-5ae92db70173, host hv-cinder-80009, set binding levels [PortBindingLevel(driver='hyperv',host='hv-cinder-80009',level=0,port_id=24c6330c-adb9-4619-9eb1-5ae92db70173,segment=NetworkSegment(8c249e62-5418-4da2-9730-7f0d2773ea27),segment_id=8c249e62-5418-4da2-9730-7f0d2773ea27)] {{(pid=93028) set_binding_levels /opt/stack/neutron/neutron/plugins/ml2/db.py:59}}
Jul 08 22:21:05.084616 dv-cinder-800093-1-iscsi neutron-server[93028]: DEBUG neutron.pecan_wsgi.hooks.policy_enforcement [req-bf6b19fb-9b9f-46e9-9714-c13339dfcc90 req-38763267-3e13-4bcd-a0bd-011a85e2984f tempest-DeleteServersTestJSON-455858306 tempest-DeleteServersTestJSON-455858306-project] Attributes excluded by policy engine: ['standard_attr_id', 'binding:profile', 'binding:host_id', 'binding:vif_type', 'binding:vif_details'] {{(pid=93028) _exclude_attributes_by_policy /opt/stack/neutron/neutron/pecan_wsgi/hooks/policy_enforcement.py:255}}
Jul 08 22:21:05.086229 dv-cinder-800093-1-iscsi neutron-server[93028]: INFO neutron.wsgi [req-bf6b19fb-9b9f-46e9-9714-c13339dfcc90 req-38763267-3e13-4bcd-a0bd-011a85e2984f tempest-DeleteServersTestJSON-455858306 tempest-DeleteServersTestJSON-455858306-project] 10.222.0.43 "GET /v2.0/ports?device_id=36576be1-4ac3-44c4-b6e3-f698c5e126ac HTTP/1.1" status: 200 len: 943 time: 0.8103886
Jul 08 22:21:05.091507 dv-cinder-800093-1-iscsi neutron-server[93027]: DEBUG neutron_lib.callbacks.manager [None req-82984c36-399c-4daf-8837-117f137fe5d0 admin admin] Notify callbacks [] for security_group, precommit_create {{(pid=93027) _notify_loop /usr/local/lib/python3.8/dist-packages/neutron_lib/callbacks/manager.py:192}}
Jul 08 22:21:05.098709 dv-cinder-800093-1-iscsi neutron-server[93027]: DEBUG neutron_lib.callbacks.manager [None req-82984c36-399c-4daf-8837-117f137fe5d0 admin admin] Notify callbacks ['neutron.plugins.ml2.ovo_rpc._ObjectChangeHandler.handle_payload_event-4145530'] for security_group, after_create {{(pid=93027) _notify_loop /usr/local/lib/python3.8/dist-packages/neutron_lib/callbacks/manager.py:192}}
Jul 08 22:21:05.104136 dv-cinder-800093-1-iscsi neutron-server[93028]: DEBUG neutron_lib.callbacks.manager [req-0bdeaf39-ba6d-4627-8ff8-1af479e657d7 req-758f362e-8ac8-4874-ab06-5616ece8691f service neutron] Notify callbacks ['neutron.plugins.ml2.plugin.SecurityGroupServerNotifierRpcMixin.notify_sg_on_port_change-608568', 'neutron.plugins.ml2.ovo_rpc._ObjectChangeHandler.handle_event-27306', 'neutron.api.rpc.agentnotifiers.dhcp_rpc_agent_api.DhcpAgentNotifyAPI._native_event_send_dhcp_notification-3695544', 'neutron.db.l3_db.L3RpcNotifierMixin._notify_gateway_port_ip_changed-8761123251743', 'neutron.db.l3_dvrscheduler_db._notify_l3_agent_port_update-8761122828261', 'neutron.db.l3_hascheduler_db._notify_l3_agent_ha_port_update-8761122828566'] for port, after_update {{(pid=93028) _notify_loop /usr/local/lib/python3.8/dist-packages/neutron_lib/callbacks/manager.py:192}}
Jul 08 22:21:05.270880 dv-cinder-800093-1-iscsi neutron-server[93027]: INFO neutron.wsgi [None req-82984c36-399c-4daf-8837-117f137fe5d0 admin admin] 10.222.0.43 "GET /v2.0/security-groups?tenant_id=c6a9a6c3a49c4f239bc1103061a25452&name=default HTTP/1.1" status: 200 len: 2979 time: 0.6185689
Jul 08 22:21:05.271913 dv-cinder-800093-1-iscsi neutron-server[93027]: DEBUG neutron.wsgi [-] (93027) accepted ('10.222.0.43', 39738) {{(pid=93027) server /usr/local/lib/python3.8/dist-packages/eventlet/wsgi.py:982}}
Jul 08 22:21:05.276996 dv-cinder-800093-1-iscsi neutron-server[93027]: DEBUG neutron.api.rpc.handlers.resources_rpc [None req-82984c36-399c-4daf-8837-117f137fe5d0 admin admin] Pushing event updated for resources: {'SecurityGroup': ['ID=f5129006-83d7-4af9-bca5-feaa52d6ba14,revision_number=1']} {{(pid=93027) push /opt/stack/neutron/neutron/api/rpc/handlers/resources_rpc.py:237}}
Jul 08 22:21:05.324104 dv-cinder-800093-1-iscsi neutron-server[93028]: DEBUG neutron.api.rpc.handlers.resources_rpc [None req-758f362e-8ac8-4874-ab06-5616ece8691f service neutron] Pushing event updated for resources: {'Port': ['ID=24c6330c-adb9-4619-9eb1-5ae92db70173,revision_number=3']} {{(pid=93028) push /opt/stack/neutron/neutron/api/rpc/handlers/resources_rpc.py:237}}
Jul 08 22:21:05.379132 dv-cinder-800093-1-iscsi neutron-server[93028]: DEBUG neutron.pecan_wsgi.hooks.policy_enforcement [req-0bdeaf39-ba6d-4627-8ff8-1af479e657d7 req-758f362e-8ac8-4874-ab06-5616ece8691f service neutron] Attributes excluded by policy engine: ['standard_attr_id'] {{(pid=93028) _exclude_attributes_by_policy /opt/stack/neutron/neutron/pecan_wsgi/hooks/policy_enforcement.py:255}}
Jul 08 22:21:05.379777 dv-cinder-800093-1-iscsi neutron-server[93028]: DEBUG neutron_lib.callbacks.manager [req-0bdeaf39-ba6d-4627-8ff8-1af479e657d7 req-758f362e-8ac8-4874-ab06-5616ece8691f service neutron] Notify callbacks ['neutron.notifiers.nova.Notifier._send_nova_notification-481471', 'neutron.api.rpc.agentnotifiers.dhcp_rpc_agent_api.DhcpAgentNotifyAPI._send_dhcp_notification-3695530'] for port, before_response {{(pid=93028) _notify_loop /usr/local/lib/python3.8/dist-packages/neutron_lib/callbacks/manager.py:192}}
Jul 08 22:21:05.381049 dv-cinder-800093-1-iscsi neutron-server[93028]: INFO neutron.wsgi [req-0bdeaf39-ba6d-4627-8ff8-1af479e657d7 req-758f362e-8ac8-4874-ab06-5616ece8691f service neutron] 10.222.0.67 "PUT /v2.0/ports/24c6330c-adb9-4619-9eb1-5ae92db70173 HTTP/1.1" status: 200 len: 1093 time: 6.1389558
Jul 08 22:21:05.381512 dv-cinder-800093-1-iscsi neutron-server[93028]: DEBUG neutron.notifiers.nova [-] Sending events: [{'name': 'network-changed', 'server_uuid': '36576be1-4ac3-44c4-b6e3-f698c5e126ac', 'tag': '24c6330c-adb9-4619-9eb1-5ae92db70173'}] {{(pid=93028) send_events /opt/stack/neutron/neutron/notifiers/nova.py:262}}
Jul 08 22:21:05.397309 dv-cinder-800093-1-iscsi neutron-server[93029]: DEBUG neutron.db.provisioning_blocks [None req-9b2be08d-9614-493d-985c-d901253cce3f None None] Provisioning for port c4181c41-9306-4acc-988b-f00982014cc6 completed by entity L2. {{(pid=93029) provisioning_complete /opt/stack/neutron/neutron/db/provisioning_blocks.py:133}}
Jul 08 22:21:05.416791 dv-cinder-800093-1-iscsi neutron-server[93029]: DEBUG neutron.db.provisioning_blocks [None req-9b2be08d-9614-493d-985c-d901253cce3f None None] Provisioning complete for port c4181c41-9306-4acc-988b-f00982014cc6 triggered by entity L2. {{(pid=93029) provisioning_complete /opt/stack/neutron/neutron/db/provisioning_blocks.py:139}}
Jul 08 22:21:05.417555 dv-cinder-800093-1-iscsi neutron-server[93029]: DEBUG neutron_lib.callbacks.manager [None req-9b2be08d-9614-493d-985c-d901253cce3f None None] Notify callbacks ['neutron.plugins.ml2.plugin.Ml2Plugin._port_provisioned-961659'] for port, provisioning_complete {{(pid=93029) _notify_loop /usr/local/lib/python3.8/dist-packages/neutron_lib/callbacks/manager.py:192}}
Jul 08 22:21:05.465467 dv-cinder-800093-1-iscsi neutron-server[93027]: DEBUG neutron_lib.callbacks.manager [None req-728bbd98-2524-4115-a4a8-77c23c8fc34a admin admin] Notify callbacks [] for security_group, before_delete {{(pid=93027) _notify_loop /usr/local/lib/python3.8/dist-packages/neutron_lib/callbacks/manager.py:192}}
Jul 08 22:21:05.497686 dv-cinder-800093-1-iscsi neutron-server[93027]: DEBUG neutron_lib.callbacks.manager [None req-728bbd98-2524-4115-a4a8-77c23c8fc34a admin admin] Notify callbacks [] for security_group, precommit_delete {{(pid=93027) _notify_loop /usr/local/lib/python3.8/dist-packages/neutron_lib/callbacks/manager.py:192}}
Jul 08 22:21:05.531996 dv-cinder-800093-1-iscsi neutron-server[93028]: DEBUG neutron.wsgi [-] (93028) accepted ('10.222.0.43', 39754) {{(pid=93028) server /usr/local/lib/python3.8/dist-packages/eventlet/wsgi.py:982}}
Jul 08 22:21:05.623979 dv-cinder-800093-1-iscsi neutron-server[93027]: DEBUG neutron_lib.callbacks.manager [None req-728bbd98-2524-4115-a4a8-77c23c8fc34a admin admin] Notify callbacks ['neutron.plugins.ml2.ovo_rpc._ObjectChangeHandler.handle_payload_event-4145530'] for security_group, after_delete {{(pid=93027) _notify_loop /usr/local/lib/python3.8/dist-packages/neutron_lib/callbacks/manager.py:192}}
Jul 08 22:21:05.628203 dv-cinder-800093-1-iscsi neutron-server[93027]: DEBUG neutron_lib.callbacks.manager [None req-728bbd98-2524-4115-a4a8-77c23c8fc34a admin admin] Notify callbacks [] for security_group, before_response {{(pid=93027) _notify_loop /usr/local/lib/python3.8/dist-packages/neutron_lib/callbacks/manager.py:192}}
Jul 08 22:21:05.630887 dv-cinder-800093-1-iscsi neutron-server[93027]: INFO neutron.wsgi [None req-728bbd98-2524-4115-a4a8-77c23c8fc34a admin admin] 10.222.0.43 "DELETE /v2.0/security-groups/f5129006-83d7-4af9-bca5-feaa52d6ba14 HTTP/1.1" status: 204 len: 168 time: 0.3407547
Jul 08 22:21:05.661808 dv-cinder-800093-1-iscsi neutron-server[93027]: DEBUG neutron.api.rpc.handlers.resources_rpc [None req-728bbd98-2524-4115-a4a8-77c23c8fc34a admin admin] Pushing event deleted for resources: {'SecurityGroup': ['ID=f5129006-83d7-4af9-bca5-feaa52d6ba14,revision_number=None']} {{(pid=93027) push /opt/stack/neutron/neutron/api/rpc/handlers/resources_rpc.py:237}}
Jul 08 22:21:05.746063 dv-cinder-800093-1-iscsi neutron-server[93028]: INFO neutron.wsgi [req-bf6b19fb-9b9f-46e9-9714-c13339dfcc90 req-3d93a532-1691-4a49-8bd1-26afbf6ffe66 tempest-DeleteServersTestJSON-455858306 tempest-DeleteServersTestJSON-455858306-project] 10.222.0.43 "GET /v2.0/security-groups?id=86ac4900-5047-43be-9216-ad99828080b2&fields=id&fields=name HTTP/1.1" status: 200 len: 286 time: 0.6493564
Jul 08 22:21:05.883945 dv-cinder-800093-1-iscsi neutron-server[93029]: DEBUG neutron_lib.callbacks.manager [None req-d10f9edd-2180-4cd1-8565-e416a604efc0 None None] Notify callbacks ['neutron.services.segments.db._update_segment_host_mapping_for_agent-8761123131203', 'neutron.plugins.ml2.plugin.Ml2Plugin._retry_binding_revived_agents-961672'] for agent, after_update {{(pid=93029) _notify_loop /usr/local/lib/python3.8/dist-packages/neutron_lib/callbacks/manager.py:192}}
Jul 08 22:21:05.900776 dv-cinder-800093-1-iscsi neutron-server[93029]: DEBUG neutron_lib.callbacks.manager [None req-9b2be08d-9614-493d-985c-d901253cce3f None None] Notify callbacks ['neutron.plugins.ml2.plugin.SecurityGroupDbMixin._ensure_default_security_group_handler-620004'] for port, before_update {{(pid=93029) _notify_loop /usr/local/lib/python3.8/dist-packages/neutron_lib/callbacks/manager.py:192}}
Jul 08 22:21:05.935059 dv-cinder-800093-1-iscsi neutron-server[93028]: INFO neutron.wsgi [req-849fcd19-e210-49f2-a316-5856a1323873 req-0685aaa4-116a-4a1a-9fab-1e4d3fe5fdb4 tempest-AttachVolumeTestJSON-1520691415 tempest-AttachVolumeTestJSON-1520691415-project] 10.222.0.43 "GET /v2.0/security-groups?name=tempest-securitygroup--1206196690&fields=id&tenant_id=a6a487cb0e3444c695c2fadd762b8b32 HTTP/1.1" status: 200 len: 267 time: 0.3910453
Jul 08 22:21:06.066185 dv-cinder-800093-1-iscsi neutron-server[93029]: DEBUG neutron.db.l3_hamode_db [None req-d8154bfd-234c-4128-841d-7aac67a7eaa2 None None] neutron.services.l3_router.l3_router_plugin.L3RouterPlugin method _process_sync_ha_data called with arguments (, [{'id': '5ea21cc7-472d-4f06-a3f1-480035fde464', 'name': 'tempest-ServerRescueNegativeTestJSON-702707657-router', 'tenant_id': '162878b0207d4306a3d2e2a452b80417', 'admin_state_up': True, 'status': 'ACTIVE', 'external_gateway_info': {'network_id': '941c7cce-172c-4d6e-96dd-1c34cb9c7511', 'external_fixed_ips': [{'subnet_id': '1c56bb80-7ac3-4ff4-ade8-e4c678debf99', 'ip_address': '172.27.1.48'}], 'enable_snat': True}, 'gw_port_id': 'c15b0761-07e8-44e1-bb39-f37f2879f009', 'description': '', 'availability_zones': ['nova'], 'distributed': False, 'ha': False, 'ha_vr_id': 0, 'availability_zone_hints': [], 'routes': [], 'flavor_id': None, 'tags': [], 'created_at': '2021-07-08T22:20:42Z', 'updated_at': '2021-07-08T22:20:54Z', 'revision_number': 4, 'project_id': '162878b0207d4306a3d2e2a452b80417', 'gw_port': {'id': 'c15b0761-07e8-44e1-bb39-f37f2879f009', 'name': '', 'network_id': '941c7cce-172c-4d6e-96dd-1c34cb9c7511', 'tenant_id': '', 'mac_address': 'fa:16:3e:2f:db:28', 'admin_state_up': True, 'status': 'ACTIVE', 'device_id': '5ea21cc7-472d-4f06-a3f1-480035fde464', 'device_owner': 'network:router_gateway', 'standard_attr_id': 80, 'fixed_ips': [{'subnet_id': '1c56bb80-7ac3-4ff4-ade8-e4c678debf99', 'ip_address': '172.27.1.48', 'prefixlen': 24}], 'allowed_address_pairs': [], 'extra_dhcp_opts': [], 'security_groups': [], 'description': '', 'binding:vnic_type': 'normal', 'binding:profile': {}, 'binding:host_id': 'dv-cinder-800093-1-iscsi', 'binding:vif_type': 'ovs', 'binding:vif_details': {'connectivity': 'l2', 'port_filter': True, 'ovs_hybrid_plug': False, 'datapath_type': 'system', 'bridge_name': 'br-int'}, 'port_security_enabled': False, 'tags': [], 'created_at': '2021-07-08T22:20:44Z', 'updated_at': '2021-07-08T22:20:54Z', 'revision_number': 4, 'project_id': '', 'subnets': [{'id': '1c56bb80-7ac3-4ff4-ade8-e4c678debf99', 'cidr': '172.27.1.0/24', 'gateway_ip': '172.27.1.1', 'dns_nameservers': [], 'ipv6_ra_mode': None, 'subnetpool_id': None}], 'extra_subnets': [], 'address_scopes': {4: None, 6: None}, 'mtu': 1500}, 'enable_snat': True, 'gw_port_host': 'dv-cinder-800093-1-iscsi', '_interfaces': [{'id': '8380f0b7-b4c1-49e2-866b-6be1bba319fb', 'name': '', 'network_id': '148cd707-9173-4930-a6b9-1abef03364ca', 'tenant_id': '162878b0207d4306a3d2e2a452b80417', 'mac_address': 'fa:16:3e:06:70:01', 'admin_state_up': True, 'status': 'DOWN', 'device_id': '5ea21cc7-472d-4f06-a3f1-480035fde464', 'device_owner': 'network:router_interface', 'standard_attr_id': 98, 'fixed_ips': [{'subnet_id': '1a8e2f8c-4697-4386-b80b-1194abdcaf52', 'ip_address': '172.20.0.1', 'prefixlen': 28}], 'allowed_address_pairs': [], 'extra_dhcp_opts': [], 'security_groups': [], 'description': '', 'binding:vnic_type': 'normal', 'binding:profile': {}, 'binding:host_id': 'dv-cinder-800093-1-iscsi', 'binding:vif_type': 'ovs', 'binding:vif_details': {'connectivity': 'l2', 'port_filter': True, 'ovs_hybrid_plug': False, 'datapath_type': 'system', 'bridge_name': 'br-int'}, 'port_security_enabled': False, 'tags': [], 'created_at': '2021-07-08T22:20:52Z', 'updated_at': '2021-07-08T22:21:03Z', 'revision_number': 4, 'project_id': '162878b0207d4306a3d2e2a452b80417', 'subnets': [{'id': '1a8e2f8c-4697-4386-b80b-1194abdcaf52', 'cidr': '172.20.0.0/28', 'gateway_ip': '172.20.0.1', 'dns_nameservers': [], 'ipv6_ra_mode': None, 'subnetpool_id': None}], 'extra_subnets': [], 'address_scopes': {4: None, 6: None}, 'mtu': 1500}]}], 'dv-cinder-800093-1-iscsi', False) {} {{(pid=93029) wrapper /usr/local/lib/python3.8/dist-packages/oslo_log/helpers.py:65}}
Jul 08 22:21:06.167024 dv-cinder-800093-1-iscsi neutron-server[93028]: DEBUG neutron.pecan_wsgi.hooks.policy_enforcement [req-0bdeaf39-ba6d-4627-8ff8-1af479e657d7 req-045a89a9-80ea-4f19-866f-146659ca92bb service neutron] Attributes excluded by policy engine: ['standard_attr_id'] {{(pid=93028) _exclude_attributes_by_policy /opt/stack/neutron/neutron/pecan_wsgi/hooks/policy_enforcement.py:255}}
Jul 08 22:21:06.173277 dv-cinder-800093-1-iscsi neutron-server[93028]: INFO neutron.wsgi [req-0bdeaf39-ba6d-4627-8ff8-1af479e657d7 req-045a89a9-80ea-4f19-866f-146659ca92bb service neutron] 10.222.0.67 "GET /v2.0/ports?tenant_id=c2d5ebe3f95144a889030c6c8717a865&device_id=36576be1-4ac3-44c4-b6e3-f698c5e126ac HTTP/1.1" status: 200 len: 1096 time: 0.6353559
Jul 08 22:21:06.180711 dv-cinder-800093-1-iscsi neutron-server[93029]: DEBUG neutron.api.rpc.handlers.l3_rpc [None req-d8154bfd-234c-4128-841d-7aac67a7eaa2 None None] The sync data for ids ['5ea21cc7-472d-4f06-a3f1-480035fde464'] in dv-cinder-800093-1-iscsi is: [{'id': '5ea21cc7-472d-4f06-a3f1-480035fde464', 'name': 'tempest-ServerRescueNegativeTestJSON-702707657-router', 'tenant_id': '162878b0207d4306a3d2e2a452b80417', 'admin_state_up': True, 'status': 'ACTIVE', 'external_gateway_info': {'network_id': '941c7cce-172c-4d6e-96dd-1c34cb9c7511', 'external_fixed_ips': [{'subnet_id': '1c56bb80-7ac3-4ff4-ade8-e4c678debf99', 'ip_address': '172.27.1.48'}], 'enable_snat': True}, 'gw_port_id': 'c15b0761-07e8-44e1-bb39-f37f2879f009', 'description': '', 'availability_zones': ['nova'], 'distributed': False, 'ha': False, 'ha_vr_id': 0, 'availability_zone_hints': [], 'routes': [], 'flavor_id': None, 'tags': [], 'created_at': '2021-07-08T22:20:42Z', 'updated_at': '2021-07-08T22:20:54Z', 'revision_number': 4, 'project_id': '162878b0207d4306a3d2e2a452b80417', 'gw_port': {'id': 'c15b0761-07e8-44e1-bb39-f37f2879f009', 'name': '', 'network_id': '941c7cce-172c-4d6e-96dd-1c34cb9c7511', 'tenant_id': '', 'mac_address': 'fa:16:3e:2f:db:28', 'admin_state_up': True, 'status': 'ACTIVE', 'device_id': '5ea21cc7-472d-4f06-a3f1-480035fde464', 'device_owner': 'network:router_gateway', 'standard_attr_id': 80, 'fixed_ips': [{'subnet_id': '1c56bb80-7ac3-4ff4-ade8-e4c678debf99', 'ip_address': '172.27.1.48', 'prefixlen': 24}], 'allowed_address_pairs': [], 'extra_dhcp_opts': [], 'security_groups': [], 'description': '', 'binding:vnic_type': 'normal', 'binding:profile': {}, 'binding:host_id': 'dv-cinder-800093-1-iscsi', 'binding:vif_type': 'ovs', 'binding:vif_details': {'connectivity': 'l2', 'port_filter': True, 'ovs_hybrid_plug': False, 'datapath_type': 'system', 'bridge_name': 'br-int'}, 'port_security_enabled': False, 'tags': [], 'created_at': '2021-07-08T22:20:44Z', 'updated_at': '2021-07-08T22:20:54Z', 'revision_number': 4, 'project_id': '', 'subnets': [{'id': '1c56bb80-7ac3-4ff4-ade8-e4c678debf99', 'cidr': '172.27.1.0/24', 'gateway_ip': '172.27.1.1', 'dns_nameservers': [], 'ipv6_ra_mode': None, 'subnetpool_id': None}], 'extra_subnets': [], 'address_scopes': {4: None, 6: None}, 'mtu': 1500}, 'enable_snat': True, 'gw_port_host': 'dv-cinder-800093-1-iscsi', '_interfaces': [{'id': '8380f0b7-b4c1-49e2-866b-6be1bba319fb', 'name': '', 'network_id': '148cd707-9173-4930-a6b9-1abef03364ca', 'tenant_id': '162878b0207d4306a3d2e2a452b80417', 'mac_address': 'fa:16:3e:06:70:01', 'admin_state_up': True, 'status': 'DOWN', 'device_id': '5ea21cc7-472d-4f06-a3f1-480035fde464', 'device_owner': 'network:router_interface', 'standard_attr_id': 98, 'fixed_ips': [{'subnet_id': '1a8e2f8c-4697-4386-b80b-1194abdcaf52', 'ip_address': '172.20.0.1', 'prefixlen': 28}], 'allowed_address_pairs': [], 'extra_dhcp_opts': [], 'security_groups': [], 'description': '', 'binding:vnic_type': 'normal', 'binding:profile': {}, 'binding:host_id': 'dv-cinder-800093-1-iscsi', 'binding:vif_type': 'ovs', 'binding:vif_details': {'connectivity': 'l2', 'port_filter': True, 'ovs_hybrid_plug': False, 'datapath_type': 'system', 'bridge_name': 'br-int'}, 'port_security_enabled': False, 'tags': [], 'created_at': '2021-07-08T22:20:52Z', 'updated_at': '2021-07-08T22:21:03Z', 'revision_number': 4, 'project_id': '162878b0207d4306a3d2e2a452b80417', 'subnets': [{'id': '1a8e2f8c-4697-4386-b80b-1194abdcaf52', 'cidr': '172.20.0.0/28', 'gateway_ip': '172.20.0.1', 'dns_nameservers': [], 'ipv6_ra_mode': None, 'subnetpool_id': None}], 'extra_subnets': [], 'address_scopes': {4: None, 6: None}, 'mtu': 1500}]}] {{(pid=93029) sync_routers /opt/stack/neutron/neutron/api/rpc/handlers/l3_rpc.py:137}}
Jul 08 22:21:06.220996 dv-cinder-800093-1-iscsi neutron-server[93028]: DEBUG neutron.api.v2.base [None req-9c47beb6-66b1-46b0-8f81-4a2216a12c01 admin admin] Request body: {'network': {'name': 'tempest-EncryptedVolumesExtendAttachedTest-1941214819-network', 'tenant_id': '57dc3c8535904678bc46e106e00493bf'}} {{(pid=93028) prepare_request_body /opt/stack/neutron/neutron/api/v2/base.py:729}}
Jul 08 22:21:06.301414 dv-cinder-800093-1-iscsi neutron-server[93029]: DEBUG neutron.plugins.ml2.db [None req-9b2be08d-9614-493d-985c-d901253cce3f None None] For port c4181c41-9306-4acc-988b-f00982014cc6, host dv-cinder-800093-1-iscsi, got binding levels [PortBindingLevel(driver='openvswitch',host='dv-cinder-800093-1-iscsi',level=0,port_id=c4181c41-9306-4acc-988b-f00982014cc6,segment=NetworkSegment(a47d6ed7-ec89-49fb-a904-1886d3a97c47),segment_id=a47d6ed7-ec89-49fb-a904-1886d3a97c47)] {{(pid=93029) get_binding_level_objs /opt/stack/neutron/neutron/plugins/ml2/db.py:74}}
Jul 08 22:21:06.323659 dv-cinder-800093-1-iscsi neutron-server[93029]: DEBUG neutron_lib.callbacks.manager [None req-9b2be08d-9614-493d-985c-d901253cce3f None None] Notify callbacks ['neutron.plugins.ml2.plugin.SecurityGroupServerNotifierRpcMixin.notify_sg_on_port_change-608568', 'neutron.plugins.ml2.ovo_rpc._ObjectChangeHandler.handle_event-27306', 'neutron.api.rpc.agentnotifiers.dhcp_rpc_agent_api.DhcpAgentNotifyAPI._native_event_send_dhcp_notification-3695544', 'neutron.db.l3_db.L3RpcNotifierMixin._notify_gateway_port_ip_changed-8761123251743', 'neutron.db.l3_dvrscheduler_db._notify_l3_agent_port_update-8761122828261', 'neutron.db.l3_hascheduler_db._notify_l3_agent_ha_port_update-8761122828566'] for port, after_update {{(pid=93029) _notify_loop /usr/local/lib/python3.8/dist-packages/neutron_lib/callbacks/manager.py:192}}
Jul 08 22:21:06.326857 dv-cinder-800093-1-iscsi neutron-server[93029]: DEBUG neutron.plugins.ml2.rpc [None req-9b2be08d-9614-493d-985c-d901253cce3f None None] Device b7f54bc1-736e-404a-af51-7af03e79fe6b up at agent ovs-agent-dv-cinder-800093-1-iscsi {{(pid=93029) update_device_up /opt/stack/neutron/neutron/plugins/ml2/rpc.py:296}}
Jul 08 22:21:06.527621 dv-cinder-800093-1-iscsi neutron-server[93028]: DEBUG novaclient.v2.client [-] REQ: curl -g -i --cacert "/opt/stack/data/ca-bundle.pem" -X POST http://10.222.0.43/compute/v2.1/os-server-external-events -H "Accept: application/json" -H "Content-Type: application/json" -H "User-Agent: python-novaclient" -H "X-Auth-Token: {SHA256}228c70611a79ca80652d75f59cff3e237a31ac94cc8a9826ce6dc5aa6f29511c" -H "X-OpenStack-Nova-API-Version: 2.1" -H "X-OpenStack-Request-ID: req-0922a0da-a795-419d-8968-18f8abdb12fd" -d '{"events": [{"name": "network-changed", "server_uuid": "36576be1-4ac3-44c4-b6e3-f698c5e126ac", "tag": "24c6330c-adb9-4619-9eb1-5ae92db70173"}]}' {{(pid=93028) _http_log_request /usr/local/lib/python3.8/dist-packages/keystoneauth1/session.py:519}}
Jul 08 22:21:06.580526 dv-cinder-800093-1-iscsi neutron-server[93028]: INFO neutron.wsgi [req-0bdeaf39-ba6d-4627-8ff8-1af479e657d7 req-da615dd4-d428-4a1f-b568-436d19d7f50d service neutron] 10.222.0.67 "GET /v2.0/floatingips?fixed_ip_address=172.20.0.3&port_id=24c6330c-adb9-4619-9eb1-5ae92db70173 HTTP/1.1" status: 200 len: 217 time: 0.3737967
Jul 08 22:21:06.616890 dv-cinder-800093-1-iscsi neutron-server[93028]: INFO neutron.wsgi [req-64e48853-a680-4224-ad7f-b34cf67831d5 req-44e29424-ba30-4b96-83d3-9c0d15e49e60 tempest-AttachVolumeShelveTestJSON-100580207 tempest-AttachVolumeShelveTestJSON-100580207-project] 10.222.0.43 "GET /v2.0/security-groups?name=tempest-securitygroup--1639589634&fields=id&tenant_id=8f91ea219e404c2c9aff7146d8ff0b13 HTTP/1.1" status: 200 len: 267 time: 0.5361733
Jul 08 22:21:06.846388 dv-cinder-800093-1-iscsi neutron-server[93028]: DEBUG neutron.pecan_wsgi.hooks.policy_enforcement [req-0bdeaf39-ba6d-4627-8ff8-1af479e657d7 req-02a72b09-638d-4c72-98dd-5a81a20fe4f2 service neutron] Attributes excluded by policy engine: ['standard_attr_id', 'shared'] {{(pid=93028) _exclude_attributes_by_policy /opt/stack/neutron/neutron/pecan_wsgi/hooks/policy_enforcement.py:255}}
Jul 08 22:21:06.852700 dv-cinder-800093-1-iscsi neutron-server[93028]: INFO neutron.wsgi [req-0bdeaf39-ba6d-4627-8ff8-1af479e657d7 req-02a72b09-638d-4c72-98dd-5a81a20fe4f2 service neutron] 10.222.0.67 "GET /v2.0/subnets?id=a0aa6333-8767-4ec1-92c1-5a0e661d3722 HTTP/1.1" status: 200 len: 851 time: 0.2421436
Jul 08 22:21:06.941083 dv-cinder-800093-1-iscsi neutron-server[93028]: DEBUG neutron.pecan_wsgi.hooks.policy_enforcement [req-849fcd19-e210-49f2-a316-5856a1323873 req-abac15fc-330a-4a4c-b7fb-67f7e85608c7 tempest-AttachVolumeTestJSON-1520691415 tempest-AttachVolumeTestJSON-1520691415-project] Attributes excluded by policy engine: ['standard_attr_id', 'vlan_transparent', 'provider:network_type', 'provider:physical_network', 'provider:segmentation_id'] {{(pid=93028) _exclude_attributes_by_policy /opt/stack/neutron/neutron/pecan_wsgi/hooks/policy_enforcement.py:255}}
Jul 08 22:21:06.949833 dv-cinder-800093-1-iscsi neutron-server[93028]: INFO neutron.wsgi [req-849fcd19-e210-49f2-a316-5856a1323873 req-abac15fc-330a-4a4c-b7fb-67f7e85608c7 tempest-AttachVolumeTestJSON-1520691415 tempest-AttachVolumeTestJSON-1520691415-project] 10.222.0.43 "GET /v2.0/networks?id=70939837-e8e1-46d7-9ec3-a2b37e3f114d HTTP/1.1" status: 200 len: 811 time: 1.0135214
Jul 08 22:21:07.066431 dv-cinder-800093-1-iscsi neutron-server[93029]: DEBUG neutron.db.provisioning_blocks [None req-9b2be08d-9614-493d-985c-d901253cce3f None None] Provisioning complete for port b7f54bc1-736e-404a-af51-7af03e79fe6b triggered by entity L2. {{(pid=93029) provisioning_complete /opt/stack/neutron/neutron/db/provisioning_blocks.py:139}}
Jul 08 22:21:07.067705 dv-cinder-800093-1-iscsi neutron-server[93029]: DEBUG neutron_lib.callbacks.manager [None req-9b2be08d-9614-493d-985c-d901253cce3f None None] Notify callbacks ['neutron.plugins.ml2.plugin.Ml2Plugin._port_provisioned-961659'] for port, provisioning_complete {{(pid=93029) _notify_loop /usr/local/lib/python3.8/dist-packages/neutron_lib/callbacks/manager.py:192}}
Jul 08 22:21:07.151154 dv-cinder-800093-1-iscsi neutron-server[93029]: DEBUG neutron.api.rpc.handlers.resources_rpc [None req-9b2be08d-9614-493d-985c-d901253cce3f None None] Pushing event updated for resources: {'Port': ['ID=c4181c41-9306-4acc-988b-f00982014cc6,revision_number=5']} {{(pid=93029) push /opt/stack/neutron/neutron/api/rpc/handlers/resources_rpc.py:237}}
Jul 08 22:21:07.228564 dv-cinder-800093-1-iscsi neutron-server[93028]: DEBUG neutron.pecan_wsgi.hooks.quota_enforcement [None req-9c47beb6-66b1-46b0-8f81-4a2216a12c01 admin admin] Made reservation on behalf of 57dc3c8535904678bc46e106e00493bf for: {'network': 1} {{(pid=93028) before /opt/stack/neutron/neutron/pecan_wsgi/hooks/quota_enforcement.py:53}}
Jul 08 22:21:07.236081 dv-cinder-800093-1-iscsi neutron-server[93028]: DEBUG neutron_lib.callbacks.manager [None req-9c47beb6-66b1-46b0-8f81-4a2216a12c01 admin admin] Notify callbacks ['neutron.plugins.ml2.plugin.SecurityGroupDbMixin._ensure_default_security_group_handler-620004'] for network, before_create {{(pid=93028) _notify_loop /usr/local/lib/python3.8/dist-packages/neutron_lib/callbacks/manager.py:192}}
Jul 08 22:21:07.281586 dv-cinder-800093-1-iscsi neutron-server[93027]: DEBUG neutron.wsgi [-] (93027) accepted ('10.222.0.43', 39828) {{(pid=93027) server /usr/local/lib/python3.8/dist-packages/eventlet/wsgi.py:982}}
Jul 08 22:21:07.345804 dv-cinder-800093-1-iscsi neutron-server[93028]: INFO neutron.wsgi [req-849fcd19-e210-49f2-a316-5856a1323873 req-512e0d00-7d91-4e95-92d4-1eec0f09405a tempest-AttachVolumeTestJSON-1520691415 tempest-AttachVolumeTestJSON-1520691415-project] 10.222.0.43 "GET /v2.0/quotas/a6a487cb0e3444c695c2fadd762b8b32 HTTP/1.1" status: 200 len: 375 time: 0.3926737
Jul 08 22:21:07.506205 dv-cinder-800093-1-iscsi neutron-server[93028]: INFO neutron.wsgi [req-0bdeaf39-ba6d-4627-8ff8-1af479e657d7 req-0fd47c2a-3c93-4d76-91c5-f506551ee459 service neutron] 10.222.0.67 "GET /v2.0/ports?network_id=ebde3ed6-da3b-45a6-882a-f82e1fcf467d&device_owner=network%3Adhcp HTTP/1.1" status: 200 len: 210 time: 0.5383472
Jul 08 22:21:07.533709 dv-cinder-800093-1-iscsi neutron-server[93028]: DEBUG neutron_lib.callbacks.manager [None req-9c47beb6-66b1-46b0-8f81-4a2216a12c01 admin admin] Notify callbacks [] for security_group, before_create {{(pid=93028) _notify_loop /usr/local/lib/python3.8/dist-packages/neutron_lib/callbacks/manager.py:192}}
Jul 08 22:21:07.873496 dv-cinder-800093-1-iscsi neutron-server[93029]: DEBUG neutron.plugins.ml2.rpc [None req-9b2be08d-9614-493d-985c-d901253cce3f None None] Device 8380f0b7-b4c1-49e2-866b-6be1bba319fb up at agent ovs-agent-dv-cinder-800093-1-iscsi {{(pid=93029) update_device_up /opt/stack/neutron/neutron/plugins/ml2/rpc.py:296}}
Jul 08 22:21:07.924638 dv-cinder-800093-1-iscsi neutron-server[93027]: DEBUG neutron.api.v2.base [None req-6f007b29-087d-4848-a545-7180c258a337 admin admin] Request body: {'network': {'name': 'tempest-VolumesActionsTest-917593128-network', 'tenant_id': '48d34403b02049dda9cbe29fd6903143'}} {{(pid=93027) prepare_request_body /opt/stack/neutron/neutron/api/v2/base.py:729}}
Jul 08 22:21:07.980930 dv-cinder-800093-1-iscsi neutron-server[93027]: DEBUG neutron.pecan_wsgi.hooks.quota_enforcement [None req-6f007b29-087d-4848-a545-7180c258a337 admin admin] Made reservation on behalf of 48d34403b02049dda9cbe29fd6903143 for: {'network': 1} {{(pid=93027) before /opt/stack/neutron/neutron/pecan_wsgi/hooks/quota_enforcement.py:53}}
Jul 08 22:21:07.988207 dv-cinder-800093-1-iscsi neutron-server[93027]: DEBUG neutron_lib.callbacks.manager [None req-6f007b29-087d-4848-a545-7180c258a337 admin admin] Notify callbacks ['neutron.plugins.ml2.plugin.SecurityGroupDbMixin._ensure_default_security_group_handler-620004'] for network, before_create {{(pid=93027) _notify_loop /usr/local/lib/python3.8/dist-packages/neutron_lib/callbacks/manager.py:192}}
Jul 08 22:21:08.013717 dv-cinder-800093-1-iscsi neutron-server[93027]: DEBUG neutron_lib.callbacks.manager [None req-6f007b29-087d-4848-a545-7180c258a337 admin admin] Notify callbacks [] for security_group, before_create {{(pid=93027) _notify_loop /usr/local/lib/python3.8/dist-packages/neutron_lib/callbacks/manager.py:192}}
Jul 08 22:21:08.022266 dv-cinder-800093-1-iscsi neutron-server[93029]: DEBUG neutron.db.provisioning_blocks [None req-9b2be08d-9614-493d-985c-d901253cce3f None None] Provisioning for port 8380f0b7-b4c1-49e2-866b-6be1bba319fb completed by entity L2. {{(pid=93029) provisioning_complete /opt/stack/neutron/neutron/db/provisioning_blocks.py:133}}
Jul 08 22:21:08.029136 dv-cinder-800093-1-iscsi neutron-server[93029]: DEBUG neutron.db.provisioning_blocks [None req-9b2be08d-9614-493d-985c-d901253cce3f None None] Provisioning complete for port 8380f0b7-b4c1-49e2-866b-6be1bba319fb triggered by entity L2. {{(pid=93029) provisioning_complete /opt/stack/neutron/neutron/db/provisioning_blocks.py:139}}
Jul 08 22:21:08.030014 dv-cinder-800093-1-iscsi neutron-server[93029]: DEBUG neutron_lib.callbacks.manager [None req-9b2be08d-9614-493d-985c-d901253cce3f None None] Notify callbacks ['neutron.plugins.ml2.plugin.Ml2Plugin._port_provisioned-961659'] for port, provisioning_complete {{(pid=93029) _notify_loop /usr/local/lib/python3.8/dist-packages/neutron_lib/callbacks/manager.py:192}}
Jul 08 22:21:08.348578 dv-cinder-800093-1-iscsi neutron-server[93027]: DEBUG neutron_lib.callbacks.manager [None req-6f007b29-087d-4848-a545-7180c258a337 admin admin] Notify callbacks [] for security_group, precommit_create {{(pid=93027) _notify_loop /usr/local/lib/python3.8/dist-packages/neutron_lib/callbacks/manager.py:192}}
Jul 08 22:21:08.359946 dv-cinder-800093-1-iscsi neutron-server[93027]: DEBUG neutron_lib.callbacks.manager [None req-6f007b29-087d-4848-a545-7180c258a337 admin admin] Notify callbacks ['neutron.plugins.ml2.ovo_rpc._ObjectChangeHandler.handle_payload_event-4145530'] for security_group, after_create {{(pid=93027) _notify_loop /usr/local/lib/python3.8/dist-packages/neutron_lib/callbacks/manager.py:192}}
Jul 08 22:21:08.363874 dv-cinder-800093-1-iscsi neutron-server[93029]: DEBUG neutron_lib.callbacks.manager [None req-9b2be08d-9614-493d-985c-d901253cce3f None None] Notify callbacks ['neutron.plugins.ml2.plugin.SecurityGroupDbMixin._ensure_default_security_group_handler-620004'] for port, before_update {{(pid=93029) _notify_loop /usr/local/lib/python3.8/dist-packages/neutron_lib/callbacks/manager.py:192}}
Jul 08 22:21:08.376969 dv-cinder-800093-1-iscsi neutron-server[93027]: DEBUG neutron.plugins.ml2.drivers.helpers [None req-6f007b29-087d-4848-a545-7180c258a337 admin admin] vlan segment allocate from pool success with {'physical_network': 'physnet1', 'vlan_id': 521} {{(pid=93027) allocate_partially_specified_segment /opt/stack/neutron/neutron/plugins/ml2/drivers/helpers.py:153}}
Jul 08 22:21:08.389227 dv-cinder-800093-1-iscsi neutron-server[93027]: DEBUG neutron_lib.callbacks.manager [None req-6f007b29-087d-4848-a545-7180c258a337 admin admin] Notify callbacks ['neutron.plugins.ml2.plugin.Ml2Plugin._handle_segment_change-953094'] for segment, precommit_create {{(pid=93027) _notify_loop /usr/local/lib/python3.8/dist-packages/neutron_lib/callbacks/manager.py:192}}
Jul 08 22:21:08.389571 dv-cinder-800093-1-iscsi neutron-server[93027]: INFO neutron.db.segments_db [None req-6f007b29-087d-4848-a545-7180c258a337 admin admin] Added segment 4cd56e88-936b-4fbe-933f-40c668f74320 of type vlan for network a57082ee-cf94-4ad2-b5dd-ce6abadfe98e
Jul 08 22:21:08.439229 dv-cinder-800093-1-iscsi neutron-server[93027]: DEBUG neutron_lib.callbacks.manager [None req-6f007b29-087d-4848-a545-7180c258a337 admin admin] Notify callbacks ['neutron.services.auto_allocate.db._ensure_external_network_default_value_callback-8761122785612'] for network, precommit_create {{(pid=93027) _notify_loop /usr/local/lib/python3.8/dist-packages/neutron_lib/callbacks/manager.py:192}}
Jul 08 22:21:08.463717 dv-cinder-800093-1-iscsi neutron-server[93029]: DEBUG neutron.plugins.ml2.db [None req-9b2be08d-9614-493d-985c-d901253cce3f None None] For port 8380f0b7-b4c1-49e2-866b-6be1bba319fb, host dv-cinder-800093-1-iscsi, got binding levels [PortBindingLevel(driver='openvswitch',host='dv-cinder-800093-1-iscsi',level=0,port_id=8380f0b7-b4c1-49e2-866b-6be1bba319fb,segment=NetworkSegment(78690e9f-2ebb-45c1-8c0c-c9ab8cf7d1e6),segment_id=78690e9f-2ebb-45c1-8c0c-c9ab8cf7d1e6)] {{(pid=93029) get_binding_level_objs /opt/stack/neutron/neutron/plugins/ml2/db.py:74}}
Jul 08 22:21:08.469756 dv-cinder-800093-1-iscsi neutron-server[93029]: DEBUG neutron_lib.callbacks.manager [None req-9b2be08d-9614-493d-985c-d901253cce3f None None] Notify callbacks ['neutron.plugins.ml2.plugin.SecurityGroupServerNotifierRpcMixin.notify_sg_on_port_change-608568', 'neutron.plugins.ml2.ovo_rpc._ObjectChangeHandler.handle_event-27306', 'neutron.api.rpc.agentnotifiers.dhcp_rpc_agent_api.DhcpAgentNotifyAPI._native_event_send_dhcp_notification-3695544', 'neutron.db.l3_db.L3RpcNotifierMixin._notify_gateway_port_ip_changed-8761123251743', 'neutron.db.l3_dvrscheduler_db._notify_l3_agent_port_update-8761122828261', 'neutron.db.l3_hascheduler_db._notify_l3_agent_ha_port_update-8761122828566'] for port, after_update {{(pid=93029) _notify_loop /usr/local/lib/python3.8/dist-packages/neutron_lib/callbacks/manager.py:192}}
Jul 08 22:21:08.470688 dv-cinder-800093-1-iscsi neutron-server[93029]: DEBUG neutron.plugins.ml2.rpc [None req-9b2be08d-9614-493d-985c-d901253cce3f None None] Device c4181c41-9306-4acc-988b-f00982014cc6 up at agent ovs-agent-dv-cinder-800093-1-iscsi {{(pid=93029) update_device_up /opt/stack/neutron/neutron/plugins/ml2/rpc.py:296}}
Jul 08 22:21:08.489072 dv-cinder-800093-1-iscsi neutron-server[93027]: DEBUG neutron_lib.callbacks.manager [None req-6f007b29-087d-4848-a545-7180c258a337 admin admin] Notify callbacks ['neutron.plugins.ml2.ovo_rpc._ObjectChangeHandler.handle_payload_event-4145417', 'neutron.api.rpc.agentnotifiers.dhcp_rpc_agent_api.DhcpAgentNotifyAPI._native_event_send_dhcp_notification_payload-3695543'] for network, after_create {{(pid=93027) _notify_loop /usr/local/lib/python3.8/dist-packages/neutron_lib/callbacks/manager.py:192}}
Jul 08 22:21:08.490645 dv-cinder-800093-1-iscsi neutron-server[93027]: DEBUG neutron.pecan_wsgi.hooks.policy_enforcement [None req-6f007b29-087d-4848-a545-7180c258a337 admin admin] Attributes excluded by policy engine: ['standard_attr_id', 'vlan_transparent'] {{(pid=93027) _exclude_attributes_by_policy /opt/stack/neutron/neutron/pecan_wsgi/hooks/policy_enforcement.py:255}}
Jul 08 22:21:08.494337 dv-cinder-800093-1-iscsi neutron-server[93027]: DEBUG neutron_lib.callbacks.manager [None req-6f007b29-087d-4848-a545-7180c258a337 admin admin] Notify callbacks ['neutron.api.rpc.agentnotifiers.dhcp_rpc_agent_api.DhcpAgentNotifyAPI._send_dhcp_notification-3695530'] for network, before_response {{(pid=93027) _notify_loop /usr/local/lib/python3.8/dist-packages/neutron_lib/callbacks/manager.py:192}}
Jul 08 22:21:08.609686 dv-cinder-800093-1-iscsi neutron-server[93029]: DEBUG neutron.api.rpc.handlers.resources_rpc [None req-9b2be08d-9614-493d-985c-d901253cce3f None None] Pushing event updated for resources: {'Port': ['ID=8380f0b7-b4c1-49e2-866b-6be1bba319fb,revision_number=5']} {{(pid=93029) push /opt/stack/neutron/neutron/api/rpc/handlers/resources_rpc.py:237}}
Jul 08 22:21:08.632676 dv-cinder-800093-1-iscsi neutron-server[93027]: DEBUG neutron.api.rpc.handlers.resources_rpc [None req-6f007b29-087d-4848-a545-7180c258a337 admin admin] Pushing event updated for resources: {'SecurityGroup': ['ID=e13176f0-ef26-45c5-859f-48e659e8c9a6,revision_number=1']} {{(pid=93027) push /opt/stack/neutron/neutron/api/rpc/handlers/resources_rpc.py:237}}
Jul 08 22:21:08.633898 dv-cinder-800093-1-iscsi neutron-server[93029]: DEBUG neutron.db.provisioning_blocks [None req-9b2be08d-9614-493d-985c-d901253cce3f None None] Provisioning complete for port c4181c41-9306-4acc-988b-f00982014cc6 triggered by entity L2. {{(pid=93029) provisioning_complete /opt/stack/neutron/neutron/db/provisioning_blocks.py:139}}
Jul 08 22:21:08.634451 dv-cinder-800093-1-iscsi neutron-server[93029]: DEBUG neutron_lib.callbacks.manager [None req-9b2be08d-9614-493d-985c-d901253cce3f None None] Notify callbacks ['neutron.plugins.ml2.plugin.Ml2Plugin._port_provisioned-961659'] for port, provisioning_complete {{(pid=93029) _notify_loop /usr/local/lib/python3.8/dist-packages/neutron_lib/callbacks/manager.py:192}}
Jul 08 22:21:08.660844 dv-cinder-800093-1-iscsi neutron-server[93027]: INFO neutron.wsgi [None req-6f007b29-087d-4848-a545-7180c258a337 admin admin] 10.222.0.43 "POST /v2.0/networks HTTP/1.1" status: 201 len: 881 time: 1.3746905
Jul 08 22:21:08.662351 dv-cinder-800093-1-iscsi neutron-server[93027]: DEBUG neutron.wsgi [-] (93027) accepted ('10.222.0.43', 39852) {{(pid=93027) server /usr/local/lib/python3.8/dist-packages/eventlet/wsgi.py:982}}
Jul 08 22:21:08.670457 dv-cinder-800093-1-iscsi neutron-server[93027]: DEBUG neutron.api.v2.base [None req-fd21be41-ab51-414b-8386-3ebac918e1f2 admin admin] Request body: {'subnet': {'network_id': 'a57082ee-cf94-4ad2-b5dd-ce6abadfe98e', 'cidr': '172.20.0.0/28', 'name': 'tempest-VolumesActionsTest-917593128-subnet', 'tenant_id': '48d34403b02049dda9cbe29fd6903143', 'enable_dhcp': False, 'ip_version': 4}} {{(pid=93027) prepare_request_body /opt/stack/neutron/neutron/api/v2/base.py:729}}
Jul 08 22:21:08.674573 dv-cinder-800093-1-iscsi neutron-server[93027]: DEBUG neutron.api.rpc.handlers.resources_rpc [None req-6f007b29-087d-4848-a545-7180c258a337 admin admin] Pushing event updated for resources: {'Network': ['ID=a57082ee-cf94-4ad2-b5dd-ce6abadfe98e,revision_number=1']} {{(pid=93027) push /opt/stack/neutron/neutron/api/rpc/handlers/resources_rpc.py:237}}
Jul 08 22:21:08.722052 dv-cinder-800093-1-iscsi neutron-server[93029]: DEBUG neutron.plugins.ml2.rpc [None req-9b2be08d-9614-493d-985c-d901253cce3f None None] Network a57082ee-cf94-4ad2-b5dd-ce6abadfe98e details requested by agent ovs-agent-dv-cinder-800093-1-iscsi with host dv-cinder-800093-1-iscsi {{(pid=93029) get_network_details /opt/stack/neutron/neutron/plugins/ml2/rpc.py:248}}
Jul 08 22:21:08.761935 dv-cinder-800093-1-iscsi neutron-server[93028]: INFO neutron.wsgi [req-0bdeaf39-ba6d-4627-8ff8-1af479e657d7 req-1012d6d8-0532-48e1-aaf5-c75e04732da4 service neutron] 10.222.0.67 "GET /v2.0/networks/ebde3ed6-da3b-45a6-882a-f82e1fcf467d?fields=segments HTTP/1.1" status: 200 len: 212 time: 1.0645480
Jul 08 22:21:08.833294 dv-cinder-800093-1-iscsi neutron-server[93028]: DEBUG neutron.pecan_wsgi.hooks.policy_enforcement [req-64e48853-a680-4224-ad7f-b34cf67831d5 req-e54342fe-ee68-4bce-b8a0-41bb46471592 tempest-AttachVolumeShelveTestJSON-100580207 tempest-AttachVolumeShelveTestJSON-100580207-project] Attributes excluded by policy engine: ['standard_attr_id', 'vlan_transparent', 'provider:network_type', 'provider:physical_network', 'provider:segmentation_id'] {{(pid=93028) _exclude_attributes_by_policy /opt/stack/neutron/neutron/pecan_wsgi/hooks/policy_enforcement.py:255}}
Jul 08 22:21:08.843866 dv-cinder-800093-1-iscsi neutron-server[93028]: INFO neutron.wsgi [req-64e48853-a680-4224-ad7f-b34cf67831d5 req-e54342fe-ee68-4bce-b8a0-41bb46471592 tempest-AttachVolumeShelveTestJSON-100580207 tempest-AttachVolumeShelveTestJSON-100580207-project] 10.222.0.43 "GET /v2.0/networks?id=c00e401a-82e8-4098-9ca7-6a8e7c87ba15 HTTP/1.1" status: 200 len: 816 time: 2.1738095
Jul 08 22:21:09.306611 dv-cinder-800093-1-iscsi neutron-server[93028]: DEBUG neutron_lib.callbacks.manager [None req-9c47beb6-66b1-46b0-8f81-4a2216a12c01 admin admin] Notify callbacks [] for security_group, precommit_create {{(pid=93028) _notify_loop /usr/local/lib/python3.8/dist-packages/neutron_lib/callbacks/manager.py:192}}
Jul 08 22:21:09.323759 dv-cinder-800093-1-iscsi neutron-server[93028]: INFO neutron.wsgi [req-0bdeaf39-ba6d-4627-8ff8-1af479e657d7 req-f3681083-7586-4690-9d38-8c15385c73f5 service neutron] 10.222.0.67 "GET /v2.0/networks/ebde3ed6-da3b-45a6-882a-f82e1fcf467d?fields=provider%3Aphysical_network&fields=provider%3Anetwork_type HTTP/1.1" status: 200 len: 281 time: 0.4494250
Jul 08 22:21:09.338555 dv-cinder-800093-1-iscsi neutron-server[93028]: INFO neutron.wsgi [req-64e48853-a680-4224-ad7f-b34cf67831d5 req-6dacc315-0e8d-4684-9a90-4b0a96fab03d tempest-AttachVolumeShelveTestJSON-100580207 tempest-AttachVolumeShelveTestJSON-100580207-project] 10.222.0.43 "GET /v2.0/quotas/8f91ea219e404c2c9aff7146d8ff0b13 HTTP/1.1" status: 200 len: 375 time: 0.4921067
Jul 08 22:21:09.339189 dv-cinder-800093-1-iscsi neutron-server[93028]: DEBUG neutron_lib.callbacks.manager [None req-9c47beb6-66b1-46b0-8f81-4a2216a12c01 admin admin] Notify callbacks ['neutron.plugins.ml2.ovo_rpc._ObjectChangeHandler.handle_payload_event-4145530'] for security_group, after_create {{(pid=93028) _notify_loop /usr/local/lib/python3.8/dist-packages/neutron_lib/callbacks/manager.py:192}}
Jul 08 22:21:09.343843 dv-cinder-800093-1-iscsi neutron-server[93027]: DEBUG neutron.pecan_wsgi.hooks.quota_enforcement [None req-fd21be41-ab51-414b-8386-3ebac918e1f2 admin admin] Made reservation on behalf of 48d34403b02049dda9cbe29fd6903143 for: {'subnet': 1} {{(pid=93027) before /opt/stack/neutron/neutron/pecan_wsgi/hooks/quota_enforcement.py:53}}
Jul 08 22:21:09.346667 dv-cinder-800093-1-iscsi neutron-server[93027]: DEBUG neutron_lib.callbacks.manager [None req-fd21be41-ab51-414b-8386-3ebac918e1f2 admin admin] Notify callbacks [] for subnet, before_create {{(pid=93027) _notify_loop /usr/local/lib/python3.8/dist-packages/neutron_lib/callbacks/manager.py:192}}
Jul 08 22:21:09.452288 dv-cinder-800093-1-iscsi neutron-server[93028]: DEBUG neutron.plugins.ml2.drivers.helpers [None req-9c47beb6-66b1-46b0-8f81-4a2216a12c01 admin admin] vlan segment allocate from pool success with {'physical_network': 'physnet1', 'vlan_id': 545} {{(pid=93028) allocate_partially_specified_segment /opt/stack/neutron/neutron/plugins/ml2/drivers/helpers.py:153}}
Jul 08 22:21:09.513769 dv-cinder-800093-1-iscsi neutron-server[93028]: DEBUG neutron_lib.callbacks.manager [None req-9c47beb6-66b1-46b0-8f81-4a2216a12c01 admin admin] Notify callbacks ['neutron.plugins.ml2.plugin.Ml2Plugin._handle_segment_change-953094'] for segment, precommit_create {{(pid=93028) _notify_loop /usr/local/lib/python3.8/dist-packages/neutron_lib/callbacks/manager.py:192}}
Jul 08 22:21:09.514236 dv-cinder-800093-1-iscsi neutron-server[93028]: INFO neutron.db.segments_db [None req-9c47beb6-66b1-46b0-8f81-4a2216a12c01 admin admin] Added segment 1e5d1298-5096-4bc1-8921-8bcd1579bcb1 of type vlan for network 1d61f976-440c-492a-82d4-22686b1a396f
Jul 08 22:21:09.530257 dv-cinder-800093-1-iscsi neutron-server[93029]: DEBUG neutron.plugins.ml2.rpc [None req-9b2be08d-9614-493d-985c-d901253cce3f None None] Device 8380f0b7-b4c1-49e2-866b-6be1bba319fb up at agent ovs-agent-dv-cinder-800093-1-iscsi {{(pid=93029) update_device_up /opt/stack/neutron/neutron/plugins/ml2/rpc.py:296}}
Jul 08 22:21:09.540606 dv-cinder-800093-1-iscsi neutron-server[93028]: INFO neutron.wsgi [req-849fcd19-e210-49f2-a316-5856a1323873 req-049bf87b-0e1b-489c-b65b-de97c894ee3f tempest-AttachVolumeTestJSON-1520691415 tempest-AttachVolumeTestJSON-1520691415-project] 10.222.0.43 "GET /v2.0/ports?tenant_id=a6a487cb0e3444c695c2fadd762b8b32&fields=id HTTP/1.1" status: 200 len: 348 time: 2.0918269
Jul 08 22:21:09.562543 dv-cinder-800093-1-iscsi neutron-server[93028]: DEBUG neutron.api.rpc.handlers.resources_rpc [None req-9c47beb6-66b1-46b0-8f81-4a2216a12c01 admin admin] Pushing event updated for resources: {'SecurityGroup': ['ID=fd1794b0-7878-4c4b-9448-8d8e50443c1a,revision_number=1']} {{(pid=93028) push /opt/stack/neutron/neutron/api/rpc/handlers/resources_rpc.py:237}}
Jul 08 22:21:09.646616 dv-cinder-800093-1-iscsi neutron-server[93029]: DEBUG neutron.db.provisioning_blocks [None req-9b2be08d-9614-493d-985c-d901253cce3f None None] Provisioning complete for port 8380f0b7-b4c1-49e2-866b-6be1bba319fb triggered by entity L2. {{(pid=93029) provisioning_complete /opt/stack/neutron/neutron/db/provisioning_blocks.py:139}}
