Jul 08 12:54:11.108991 dv-cinder-800022-1-iscsi devstack@n-api.service[107157]: DEBUG oslo_concurrency.lockutils [None req-4821990c-823b-4983-8785-a041c70d135a tempest-DeleteServersTestJSON-198534208 tempest-DeleteServersTestJSON-198534208-project] Lock "00000000-0000-0000-0000-000000000000" acquired by "nova.context.set_target_cell..get_or_set_cached_cell_and_set_connections" :: waited 0.000s {{(pid=107157) inner /usr/local/lib/python3.8/dist-packages/oslo_concurrency/lockutils.py:355}}
Jul 08 12:54:11.110193 dv-cinder-800022-1-iscsi devstack@n-api.service[107157]: DEBUG oslo_concurrency.lockutils [None req-4821990c-823b-4983-8785-a041c70d135a tempest-DeleteServersTestJSON-198534208 tempest-DeleteServersTestJSON-198534208-project] Lock "00000000-0000-0000-0000-000000000000" released by "nova.context.set_target_cell..get_or_set_cached_cell_and_set_connections" :: held 0.001s {{(pid=107157) inner /usr/local/lib/python3.8/dist-packages/oslo_concurrency/lockutils.py:367}}
Jul 08 12:54:11.111483 dv-cinder-800022-1-iscsi devstack@n-api.service[107157]: DEBUG oslo_concurrency.lockutils [None req-4821990c-823b-4983-8785-a041c70d135a tempest-DeleteServersTestJSON-198534208 tempest-DeleteServersTestJSON-198534208-project] Lock "35fa38c6-8e11-49c1-8785-11ae5b6ff471" acquired by "nova.context.set_target_cell..get_or_set_cached_cell_and_set_connections" :: waited 0.000s {{(pid=107157) inner /usr/local/lib/python3.8/dist-packages/oslo_concurrency/lockutils.py:355}}
Jul 08 12:54:11.113065 dv-cinder-800022-1-iscsi devstack@n-api.service[107157]: DEBUG oslo_concurrency.lockutils [None req-4821990c-823b-4983-8785-a041c70d135a tempest-DeleteServersTestJSON-198534208 tempest-DeleteServersTestJSON-198534208-project] Lock "35fa38c6-8e11-49c1-8785-11ae5b6ff471" released by "nova.context.set_target_cell..get_or_set_cached_cell_and_set_connections" :: held 0.002s {{(pid=107157) inner /usr/local/lib/python3.8/dist-packages/oslo_concurrency/lockutils.py:367}}
Jul 08 12:54:11.123508 dv-cinder-800022-1-iscsi devstack@n-api.service[107157]: /opt/stack/nova/nova/objects/instance.py:1537: SAWarning: TypeDecorator SoftDeleteInteger() will not produce a cache key because the ``cache_ok`` flag is not set to True. Set this flag to True if this type object's state is safe to use in a cache key, or False to disable this warning.
Jul 08 12:54:11.123508 dv-cinder-800022-1-iscsi devstack@n-api.service[107157]: project_result = project_query.first()
Jul 08 12:54:11.153355 dv-cinder-800022-1-iscsi devstack@n-api.service[107157]: /opt/stack/nova/nova/db/sqlalchemy/api.py:2708: SAWarning: TypeDecorator SoftDeleteInteger() will not produce a cache key because the ``cache_ok`` flag is not set to True. Set this flag to True if this type object's state is safe to use in a cache key, or False to disable this warning.
Jul 08 12:54:11.153355 dv-cinder-800022-1-iscsi devstack@n-api.service[107157]: rows = model_query(context, models.Quota, read_deleted="no").\
Jul 08 12:54:11.162137 dv-cinder-800022-1-iscsi devstack@n-api.service[107157]: DEBUG nova.quota [None req-4821990c-823b-4983-8785-a041c70d135a tempest-DeleteServersTestJSON-198534208 tempest-DeleteServersTestJSON-198534208-project] Getting quotas for project d2ad3b09e14f4e358c5097fa3f627f63. Resources: {'instances', 'ram', 'cores'} {{(pid=107157) _get_quotas /opt/stack/nova/nova/quota.py:387}}
Jul 08 12:54:11.172351 dv-cinder-800022-1-iscsi devstack@n-api.service[107157]: DEBUG nova.quota [None req-4821990c-823b-4983-8785-a041c70d135a tempest-DeleteServersTestJSON-198534208 tempest-DeleteServersTestJSON-198534208-project] Getting quotas for user 4f544d2f366a46929f35c4d21637ee65 and project d2ad3b09e14f4e358c5097fa3f627f63. Resources: {'instances', 'ram', 'cores'} {{(pid=107157) _get_quotas /opt/stack/nova/nova/quota.py:377}}
Jul 08 12:54:11.198028 dv-cinder-800022-1-iscsi devstack@n-api.service[107157]: DEBUG nova.compute.api [None req-4821990c-823b-4983-8785-a041c70d135a tempest-DeleteServersTestJSON-198534208 tempest-DeleteServersTestJSON-198534208-project] Going to run 1 instances... {{(pid=107157) _provision_instances /opt/stack/nova/nova/compute/api.py:1280}}
Jul 08 12:54:11.206353 dv-cinder-800022-1-iscsi devstack@n-api.service[107157]: DEBUG nova.compute.api [None req-4821990c-823b-4983-8785-a041c70d135a tempest-DeleteServersTestJSON-198534208 tempest-DeleteServersTestJSON-198534208-project] [instance: 000a7088-a9e1-43fe-8915-290395f7f9da] block_device_mapping [BlockDeviceMapping(attachment_id=,boot_index=0,connection_info=None,created_at=,delete_on_termination=True,deleted=,deleted_at=,destination_type='local',device_name=None,device_type='disk',disk_bus=None,guest_format=None,id=,image_id='0725a85e-f1b0-4a45-be0b-9827647c7fb8',instance=,instance_uuid=,no_device=False,snapshot_id=None,source_type='image',tag=None,updated_at=,uuid=,volume_id=None,volume_size=None,volume_type=None)] {{(pid=107157) _bdm_validate_set_size_and_instance /opt/stack/nova/nova/compute/api.py:1685}}
Jul 08 12:54:11.221080 dv-cinder-800022-1-iscsi devstack@n-api.service[107158]: DEBUG nova.api.openstack.wsgi [None req-f1cd2537-5257-42e1-8c75-2cbd40680dd9 tempest-AttachVolumeNegativeTest-2033476437 tempest-AttachVolumeNegativeTest-2033476437-project] Calling method '>' {{(pid=107158) _process_stack /opt/stack/nova/nova/api/openstack/wsgi.py:513}}
Jul 08 12:54:11.226203 dv-cinder-800022-1-iscsi devstack@n-api.service[107158]: DEBUG nova.compute.api [None req-f1cd2537-5257-42e1-8c75-2cbd40680dd9 tempest-AttachVolumeNegativeTest-2033476437 tempest-AttachVolumeNegativeTest-2033476437-project] [instance: 49d0575d-bdf0-4ef6-967d-9625150ed5e1] Fetching instance by UUID {{(pid=107158) get /opt/stack/nova/nova/compute/api.py:2793}}
Jul 08 12:54:11.482799 dv-cinder-800022-1-iscsi devstack@n-api.service[107157]: INFO nova.api.openstack.requestlog [None req-4821990c-823b-4983-8785-a041c70d135a tempest-DeleteServersTestJSON-198534208 tempest-DeleteServersTestJSON-198534208-project] 10.222.0.13 "POST /compute/v2.1/servers" status: 202 len: 380 microversion: 2.1 time: 3.041790
Jul 08 12:54:11.486218 dv-cinder-800022-1-iscsi devstack@n-api.service[107157]: [pid: 107157|app: 0|req: 11/18] 10.222.0.13 () {60 vars in 1147 bytes} [Thu Jul 8 12:54:08 2021] POST /compute/v2.1/servers => generated 380 bytes in 3046 msecs (HTTP/1.1 202) 10 headers in 451 bytes (1 switches on core 0)
Jul 08 12:54:11.527576 dv-cinder-800022-1-iscsi devstack@n-api.service[107157]: DEBUG nova.api.openstack.wsgi [None req-919838d6-d57b-4d1f-a1b1-1183ab3cb504 tempest-DeleteServersTestJSON-198534208 tempest-DeleteServersTestJSON-198534208-project] Calling method '>' {{(pid=107157) _process_stack /opt/stack/nova/nova/api/openstack/wsgi.py:513}}
Jul 08 12:54:11.535740 dv-cinder-800022-1-iscsi devstack@n-api.service[107157]: DEBUG nova.compute.api [None req-919838d6-d57b-4d1f-a1b1-1183ab3cb504 tempest-DeleteServersTestJSON-198534208 tempest-DeleteServersTestJSON-198534208-project] [instance: 000a7088-a9e1-43fe-8915-290395f7f9da] Fetching instance by UUID {{(pid=107157) get /opt/stack/nova/nova/compute/api.py:2793}}
Jul 08 12:54:11.549628 dv-cinder-800022-1-iscsi devstack@n-api.service[107158]: DEBUG nova.policy [None req-f1cd2537-5257-42e1-8c75-2cbd40680dd9 tempest-AttachVolumeNegativeTest-2033476437 tempest-AttachVolumeNegativeTest-2033476437-project] Policy check for os_compute_api:os-extended-server-attributes failed with credentials {'is_admin': False, 'user_id': 'f9a269e6e5c64dff93f7f1f42cd994dc', 'user_domain_id': 'default', 'system_scope': None, 'domain_id': None, 'project_id': '0f0cacd1b66143d4af1faf4c09461adb', 'project_domain_id': 'default', 'roles': ['member', 'reader'], 'is_admin_project': True, 'service_user_id': None, 'service_user_domain_id': None, 'service_project_id': None, 'service_project_domain_id': None, 'service_roles': []} {{(pid=107158) authorize /opt/stack/nova/nova/policy.py:199}}
Jul 08 12:54:11.553822 dv-cinder-800022-1-iscsi devstack@n-api.service[107158]: /opt/stack/nova/nova/db/sqlalchemy/api.py:3000: SAWarning: TypeDecorator SoftDeleteInteger() will not produce a cache key because the ``cache_ok`` flag is not set to True. Set this flag to True if this type object's state is safe to use in a cache key, or False to disable this warning.
Jul 08 12:54:11.553822 dv-cinder-800022-1-iscsi devstack@n-api.service[107158]: return _block_device_mapping_get_query(context).filter(
Jul 08 12:54:11.601380 dv-cinder-800022-1-iscsi devstack@n-api.service[107158]: INFO nova.api.openstack.requestlog [None req-f1cd2537-5257-42e1-8c75-2cbd40680dd9 tempest-AttachVolumeNegativeTest-2033476437 tempest-AttachVolumeNegativeTest-2033476437-project] 10.222.0.13 "GET /compute/v2.1/servers/49d0575d-bdf0-4ef6-967d-9625150ed5e1" status: 200 len: 1217 microversion: 2.1 time: 0.390807
Jul 08 12:54:11.609177 dv-cinder-800022-1-iscsi devstack@n-api.service[107158]: [pid: 107158|app: 0|req: 8/19] 10.222.0.13 () {58 vars in 1236 bytes} [Thu Jul 8 12:54:11 2021] GET /compute/v2.1/servers/49d0575d-bdf0-4ef6-967d-9625150ed5e1 => generated 1217 bytes in 400 msecs (HTTP/1.1 200) 9 headers in 358 bytes (1 switches on core 0)
Jul 08 12:54:11.615759 dv-cinder-800022-1-iscsi devstack@n-api.service[107158]: DEBUG nova.api.openstack.wsgi [None req-e32996de-005c-4db4-8f37-710f640f4578 tempest-VolumesSnapshotsTestJSON-1113957111 tempest-VolumesSnapshotsTestJSON-1113957111-project] Calling method '.version_select at 0x7f185a6feca0>' {{(pid=107158) _process_stack /opt/stack/nova/nova/api/openstack/wsgi.py:513}}
Jul 08 12:54:11.784639 dv-cinder-800022-1-iscsi devstack@n-api.service[107158]: INFO nova.api.openstack.requestlog [None req-e32996de-005c-4db4-8f37-710f640f4578 tempest-VolumesSnapshotsTestJSON-1113957111 tempest-VolumesSnapshotsTestJSON-1113957111-project] 10.222.0.13 "GET /compute/v2.1/os-snapshots/05f6341f-b772-47e4-bd56-1408eadcf5f1" status: 200 len: 287 microversion: 2.1 time: 0.173995
Jul 08 12:54:11.785511 dv-cinder-800022-1-iscsi devstack@n-api.service[107158]: [pid: 107158|app: 0|req: 9/20] 10.222.0.13 () {58 vars in 1251 bytes} [Thu Jul 8 12:54:11 2021] GET /compute/v2.1/os-snapshots/05f6341f-b772-47e4-bd56-1408eadcf5f1 => generated 287 bytes in 176 msecs (HTTP/1.1 200) 9 headers in 357 bytes (1 switches on core 0)
Jul 08 12:54:11.957517 dv-cinder-800022-1-iscsi devstack@n-api.service[107157]: DEBUG nova.policy [None req-919838d6-d57b-4d1f-a1b1-1183ab3cb504 tempest-DeleteServersTestJSON-198534208 tempest-DeleteServersTestJSON-198534208-project] Policy check for os_compute_api:os-extended-server-attributes failed with credentials {'is_admin': False, 'user_id': '4f544d2f366a46929f35c4d21637ee65', 'user_domain_id': 'default', 'system_scope': None, 'domain_id': None, 'project_id': 'd2ad3b09e14f4e358c5097fa3f627f63', 'project_domain_id': 'default', 'roles': ['member', 'reader'], 'is_admin_project': True, 'service_user_id': None, 'service_user_domain_id': None, 'service_project_id': None, 'service_project_domain_id': None, 'service_roles': []} {{(pid=107157) authorize /opt/stack/nova/nova/policy.py:199}}
Jul 08 12:54:11.962057 dv-cinder-800022-1-iscsi devstack@n-api.service[107157]: /opt/stack/nova/nova/db/sqlalchemy/api.py:3000: SAWarning: TypeDecorator SoftDeleteInteger() will not produce a cache key because the ``cache_ok`` flag is not set to True. Set this flag to True if this type object's state is safe to use in a cache key, or False to disable this warning.
Jul 08 12:54:11.962057 dv-cinder-800022-1-iscsi devstack@n-api.service[107157]: return _block_device_mapping_get_query(context).filter(
Jul 08 12:54:12.022126 dv-cinder-800022-1-iscsi devstack@n-api.service[107157]: INFO nova.api.openstack.requestlog [None req-919838d6-d57b-4d1f-a1b1-1183ab3cb504 tempest-DeleteServersTestJSON-198534208 tempest-DeleteServersTestJSON-198534208-project] 10.222.0.13 "GET /compute/v2.1/servers/000a7088-a9e1-43fe-8915-290395f7f9da" status: 200 len: 1214 microversion: 2.1 time: 0.516023
Jul 08 12:54:12.023661 dv-cinder-800022-1-iscsi devstack@n-api.service[107157]: [pid: 107157|app: 0|req: 12/21] 10.222.0.13 () {58 vars in 1236 bytes} [Thu Jul 8 12:54:11 2021] GET /compute/v2.1/servers/000a7088-a9e1-43fe-8915-290395f7f9da => generated 1214 bytes in 531 msecs (HTTP/1.1 200) 9 headers in 358 bytes (1 switches on core 0)
Jul 08 12:54:12.630116 dv-cinder-800022-1-iscsi devstack@n-api.service[107158]: DEBUG nova.api.openstack.wsgi [None req-455fb197-f419-464d-96f9-d177125a4980 tempest-AttachVolumeNegativeTest-2033476437 tempest-AttachVolumeNegativeTest-2033476437-project] Calling method '>' {{(pid=107158) _process_stack /opt/stack/nova/nova/api/openstack/wsgi.py:513}}
Jul 08 12:54:12.630817 dv-cinder-800022-1-iscsi devstack@n-api.service[107158]: DEBUG nova.compute.api [None req-455fb197-f419-464d-96f9-d177125a4980 tempest-AttachVolumeNegativeTest-2033476437 tempest-AttachVolumeNegativeTest-2033476437-project] [instance: 49d0575d-bdf0-4ef6-967d-9625150ed5e1] Fetching instance by UUID {{(pid=107158) get /opt/stack/nova/nova/compute/api.py:2793}}
Jul 08 12:54:12.647480 dv-cinder-800022-1-iscsi devstack@n-api.service[107158]: DEBUG oslo_concurrency.lockutils [None req-455fb197-f419-464d-96f9-d177125a4980 tempest-AttachVolumeNegativeTest-2033476437 tempest-AttachVolumeNegativeTest-2033476437-project] Lock "35fa38c6-8e11-49c1-8785-11ae5b6ff471" acquired by "nova.context.set_target_cell..get_or_set_cached_cell_and_set_connections" :: waited 0.000s {{(pid=107158) inner /usr/local/lib/python3.8/dist-packages/oslo_concurrency/lockutils.py:355}}
Jul 08 12:54:12.647961 dv-cinder-800022-1-iscsi devstack@n-api.service[107158]: DEBUG oslo_concurrency.lockutils [None req-455fb197-f419-464d-96f9-d177125a4980 tempest-AttachVolumeNegativeTest-2033476437 tempest-AttachVolumeNegativeTest-2033476437-project] Lock "35fa38c6-8e11-49c1-8785-11ae5b6ff471" released by "nova.context.set_target_cell..get_or_set_cached_cell_and_set_connections" :: held 0.001s {{(pid=107158) inner /usr/local/lib/python3.8/dist-packages/oslo_concurrency/lockutils.py:367}}
Jul 08 12:54:12.655412 dv-cinder-800022-1-iscsi devstack@n-api.service[107158]: DEBUG oslo_concurrency.lockutils [None req-455fb197-f419-464d-96f9-d177125a4980 tempest-AttachVolumeNegativeTest-2033476437 tempest-AttachVolumeNegativeTest-2033476437-project] Lock "35fa38c6-8e11-49c1-8785-11ae5b6ff471" acquired by "nova.context.set_target_cell..get_or_set_cached_cell_and_set_connections" :: waited 0.000s {{(pid=107158) inner /usr/local/lib/python3.8/dist-packages/oslo_concurrency/lockutils.py:355}}
Jul 08 12:54:12.655864 dv-cinder-800022-1-iscsi devstack@n-api.service[107158]: DEBUG oslo_concurrency.lockutils [None req-455fb197-f419-464d-96f9-d177125a4980 tempest-AttachVolumeNegativeTest-2033476437 tempest-AttachVolumeNegativeTest-2033476437-project] Lock "35fa38c6-8e11-49c1-8785-11ae5b6ff471" released by "nova.context.set_target_cell..get_or_set_cached_cell_and_set_connections" :: held 0.001s {{(pid=107158) inner /usr/local/lib/python3.8/dist-packages/oslo_concurrency/lockutils.py:367}}
Jul 08 12:54:12.659588 dv-cinder-800022-1-iscsi devstack@n-api.service[107158]: /opt/stack/nova/nova/db/sqlalchemy/api.py:1385: SAWarning: TypeDecorator SoftDeleteInteger() will not produce a cache key because the ``cache_ok`` flag is not set to True. Set this flag to True if this type object's state is safe to use in a cache key, or False to disable this warning.
Jul 08 12:54:12.659588 dv-cinder-800022-1-iscsi devstack@n-api.service[107158]: result = _build_instance_get(context, columns_to_join=columns_to_join).\
Jul 08 12:54:12.799262 dv-cinder-800022-1-iscsi devstack@n-api.service[107157]: DEBUG nova.api.openstack.wsgi [None req-cb5702a8-f38e-4124-adf4-dfa82e006403 tempest-VolumesSnapshotsTestJSON-1113957111 tempest-VolumesSnapshotsTestJSON-1113957111-project] Calling method '.version_select at 0x7f185af09310>' {{(pid=107157) _process_stack /opt/stack/nova/nova/api/openstack/wsgi.py:513}}
Jul 08 12:54:12.926965 dv-cinder-800022-1-iscsi devstack@n-api.service[107157]: INFO nova.api.openstack.requestlog [None req-cb5702a8-f38e-4124-adf4-dfa82e006403 tempest-VolumesSnapshotsTestJSON-1113957111 tempest-VolumesSnapshotsTestJSON-1113957111-project] 10.222.0.13 "GET /compute/v2.1/os-snapshots/05f6341f-b772-47e4-bd56-1408eadcf5f1" status: 200 len: 287 microversion: 2.1 time: 0.134360
Jul 08 12:54:12.927988 dv-cinder-800022-1-iscsi devstack@n-api.service[107157]: [pid: 107157|app: 0|req: 13/22] 10.222.0.13 () {58 vars in 1251 bytes} [Thu Jul 8 12:54:12 2021] GET /compute/v2.1/os-snapshots/05f6341f-b772-47e4-bd56-1408eadcf5f1 => generated 287 bytes in 137 msecs (HTTP/1.1 200) 9 headers in 357 bytes (1 switches on core 0)
Jul 08 12:54:13.044345 dv-cinder-800022-1-iscsi devstack@n-api.service[107157]: DEBUG nova.api.openstack.wsgi [None req-453c83ea-81de-4645-a3a8-8fab0542210c tempest-DeleteServersTestJSON-198534208 tempest-DeleteServersTestJSON-198534208-project] Calling method '>' {{(pid=107157) _process_stack /opt/stack/nova/nova/api/openstack/wsgi.py:513}}
Jul 08 12:54:13.046501 dv-cinder-800022-1-iscsi devstack@n-api.service[107157]: DEBUG nova.compute.api [None req-453c83ea-81de-4645-a3a8-8fab0542210c tempest-DeleteServersTestJSON-198534208 tempest-DeleteServersTestJSON-198534208-project] [instance: 000a7088-a9e1-43fe-8915-290395f7f9da] Fetching instance by UUID {{(pid=107157) get /opt/stack/nova/nova/compute/api.py:2793}}
Jul 08 12:54:13.083886 dv-cinder-800022-1-iscsi devstack@n-api.service[107158]: DEBUG nova.policy [None req-455fb197-f419-464d-96f9-d177125a4980 tempest-AttachVolumeNegativeTest-2033476437 tempest-AttachVolumeNegativeTest-2033476437-project] Policy check for os_compute_api:os-extended-server-attributes failed with credentials {'is_admin': False, 'user_id': 'f9a269e6e5c64dff93f7f1f42cd994dc', 'user_domain_id': 'default', 'system_scope': None, 'domain_id': None, 'project_id': '0f0cacd1b66143d4af1faf4c09461adb', 'project_domain_id': 'default', 'roles': ['member', 'reader'], 'is_admin_project': True, 'service_user_id': None, 'service_user_domain_id': None, 'service_project_id': None, 'service_project_domain_id': None, 'service_roles': []} {{(pid=107158) authorize /opt/stack/nova/nova/policy.py:199}}
Jul 08 12:54:13.093069 dv-cinder-800022-1-iscsi devstack@n-api.service[107158]: /opt/stack/nova/nova/db/sqlalchemy/api.py:3000: SAWarning: TypeDecorator SoftDeleteInteger() will not produce a cache key because the ``cache_ok`` flag is not set to True. Set this flag to True if this type object's state is safe to use in a cache key, or False to disable this warning.
Jul 08 12:54:13.093069 dv-cinder-800022-1-iscsi devstack@n-api.service[107158]: return _block_device_mapping_get_query(context).filter(
Jul 08 12:54:13.129925 dv-cinder-800022-1-iscsi devstack@n-api.service[107158]: INFO nova.api.openstack.requestlog [None req-455fb197-f419-464d-96f9-d177125a4980 tempest-AttachVolumeNegativeTest-2033476437 tempest-AttachVolumeNegativeTest-2033476437-project] 10.222.0.13 "GET /compute/v2.1/servers/49d0575d-bdf0-4ef6-967d-9625150ed5e1" status: 200 len: 1221 microversion: 2.1 time: 0.503733
Jul 08 12:54:13.133567 dv-cinder-800022-1-iscsi devstack@n-api.service[107158]: [pid: 107158|app: 0|req: 10/23] 10.222.0.13 () {58 vars in 1236 bytes} [Thu Jul 8 12:54:12 2021] GET /compute/v2.1/servers/49d0575d-bdf0-4ef6-967d-9625150ed5e1 => generated 1221 bytes in 505 msecs (HTTP/1.1 200) 9 headers in 358 bytes (2 switches on core 0)
Jul 08 12:54:13.569008 dv-cinder-800022-1-iscsi devstack@n-api.service[107157]: DEBUG nova.policy [None req-453c83ea-81de-4645-a3a8-8fab0542210c tempest-DeleteServersTestJSON-198534208 tempest-DeleteServersTestJSON-198534208-project] Policy check for os_compute_api:os-extended-server-attributes failed with credentials {'is_admin': False, 'user_id': '4f544d2f366a46929f35c4d21637ee65', 'user_domain_id': 'default', 'system_scope': None, 'domain_id': None, 'project_id': 'd2ad3b09e14f4e358c5097fa3f627f63', 'project_domain_id': 'default', 'roles': ['member', 'reader'], 'is_admin_project': True, 'service_user_id': None, 'service_user_domain_id': None, 'service_project_id': None, 'service_project_domain_id': None, 'service_roles': []} {{(pid=107157) authorize /opt/stack/nova/nova/policy.py:199}}
Jul 08 12:54:13.579056 dv-cinder-800022-1-iscsi devstack@n-api.service[107157]: /opt/stack/nova/nova/db/sqlalchemy/api.py:3000: SAWarning: TypeDecorator SoftDeleteInteger() will not produce a cache key because the ``cache_ok`` flag is not set to True. Set this flag to True if this type object's state is safe to use in a cache key, or False to disable this warning.
Jul 08 12:54:13.579056 dv-cinder-800022-1-iscsi devstack@n-api.service[107157]: return _block_device_mapping_get_query(context).filter(
Jul 08 12:54:13.622340 dv-cinder-800022-1-iscsi devstack@n-api.service[107157]: INFO nova.api.openstack.requestlog [None req-453c83ea-81de-4645-a3a8-8fab0542210c tempest-DeleteServersTestJSON-198534208 tempest-DeleteServersTestJSON-198534208-project] 10.222.0.13 "GET /compute/v2.1/servers/000a7088-a9e1-43fe-8915-290395f7f9da" status: 200 len: 1214 microversion: 2.1 time: 0.578756
Jul 08 12:54:13.641305 dv-cinder-800022-1-iscsi devstack@n-api.service[107157]: [pid: 107157|app: 0|req: 14/24] 10.222.0.13 () {58 vars in 1236 bytes} [Thu Jul 8 12:54:13 2021] GET /compute/v2.1/servers/000a7088-a9e1-43fe-8915-290395f7f9da => generated 1214 bytes in 606 msecs (HTTP/1.1 200) 9 headers in 358 bytes (2 switches on core 0)
Jul 08 12:54:13.943582 dv-cinder-800022-1-iscsi devstack@n-api.service[107157]: DEBUG nova.api.openstack.wsgi [None req-acfefe58-62b9-41ed-a74f-5fcc588d3ed8 tempest-VolumesSnapshotsTestJSON-1113957111 tempest-VolumesSnapshotsTestJSON-1113957111-project] Calling method '.version_select at 0x7f185af1a310>' {{(pid=107157) _process_stack /opt/stack/nova/nova/api/openstack/wsgi.py:513}}
Jul 08 12:54:14.036536 dv-cinder-800022-1-iscsi devstack@n-api.service[107157]: INFO nova.api.openstack.requestlog [None req-acfefe58-62b9-41ed-a74f-5fcc588d3ed8 tempest-VolumesSnapshotsTestJSON-1113957111 tempest-VolumesSnapshotsTestJSON-1113957111-project] 10.222.0.13 "GET /compute/v2.1/os-snapshots/05f6341f-b772-47e4-bd56-1408eadcf5f1" status: 200 len: 288 microversion: 2.1 time: 0.100506
Jul 08 12:54:14.038481 dv-cinder-800022-1-iscsi devstack@n-api.service[107157]: [pid: 107157|app: 0|req: 15/25] 10.222.0.13 () {58 vars in 1251 bytes} [Thu Jul 8 12:54:13 2021] GET /compute/v2.1/os-snapshots/05f6341f-b772-47e4-bd56-1408eadcf5f1 => generated 288 bytes in 104 msecs (HTTP/1.1 200) 9 headers in 357 bytes (1 switches on core 0)
Jul 08 12:54:14.058527 dv-cinder-800022-1-iscsi devstack@n-api.service[107157]: DEBUG nova.api.openstack.wsgi [None req-cabe78ff-2bbd-4743-8623-a4f3d3569a56 tempest-VolumesSnapshotsTestJSON-1113957111 tempest-VolumesSnapshotsTestJSON-1113957111-project] Calling method '.version_select at 0x7f185af1ad30>' {{(pid=107157) _process_stack /opt/stack/nova/nova/api/openstack/wsgi.py:513}}
Jul 08 12:54:14.133813 dv-cinder-800022-1-iscsi devstack@n-api.service[107158]: DEBUG nova.api.openstack.wsgi [None req-dd6082a0-b1cc-4bcb-8f19-46c3101f5056 tempest-AttachVolumeShelveTestJSON-1515850685 tempest-AttachVolumeShelveTestJSON-1515850685-project] Action: 'create', calling method: .version_select at 0x7f185b169ee0>, body: {"keypair": {"name": "tempest-keypair-561743018"}} {{(pid=107158) _process_stack /opt/stack/nova/nova/api/openstack/wsgi.py:511}}
Jul 08 12:54:14.169580 dv-cinder-800022-1-iscsi devstack@n-api.service[107158]: /opt/stack/nova/nova/db/sqlalchemy/api.py:2656: SAWarning: TypeDecorator SoftDeleteInteger() will not produce a cache key because the ``cache_ok`` flag is not set to True. Set this flag to True if this type object's state is safe to use in a cache key, or False to disable this warning.
Jul 08 12:54:14.169580 dv-cinder-800022-1-iscsi devstack@n-api.service[107158]: return model_query(context, models.KeyPair, read_deleted="no").\
Jul 08 12:54:14.216547 dv-cinder-800022-1-iscsi devstack@n-api.service[107158]: /opt/stack/nova/nova/db/sqlalchemy/api.py:2708: SAWarning: TypeDecorator SoftDeleteInteger() will not produce a cache key because the ``cache_ok`` flag is not set to True. Set this flag to True if this type object's state is safe to use in a cache key, or False to disable this warning.
Jul 08 12:54:14.216547 dv-cinder-800022-1-iscsi devstack@n-api.service[107158]: rows = model_query(context, models.Quota, read_deleted="no").\
Jul 08 12:54:14.233533 dv-cinder-800022-1-iscsi devstack@n-api.service[107158]: DEBUG nova.quota [None req-dd6082a0-b1cc-4bcb-8f19-46c3101f5056 tempest-AttachVolumeShelveTestJSON-1515850685 tempest-AttachVolumeShelveTestJSON-1515850685-project] Getting quotas for project cb3aaf43ca0742bcbae60180f6a370b0. Resources: {'key_pairs'} {{(pid=107158) _get_quotas /opt/stack/nova/nova/quota.py:387}}
Jul 08 12:54:14.249280 dv-cinder-800022-1-iscsi devstack@n-api.service[107158]: DEBUG nova.quota [None req-dd6082a0-b1cc-4bcb-8f19-46c3101f5056 tempest-AttachVolumeShelveTestJSON-1515850685 tempest-AttachVolumeShelveTestJSON-1515850685-project] Getting quotas for user bdefa095f7184d9788d0b352b0dc055c and project cb3aaf43ca0742bcbae60180f6a370b0. Resources: {'key_pairs'} {{(pid=107158) _get_quotas /opt/stack/nova/nova/quota.py:377}}
Jul 08 12:54:14.265147 dv-cinder-800022-1-iscsi devstack@n-api.service[107158]: /opt/stack/nova/nova/db/sqlalchemy/api.py:2690: SAWarning: TypeDecorator SoftDeleteInteger() will not produce a cache key because the ``cache_ok`` flag is not set to True. Set this flag to True if this type object's state is safe to use in a cache key, or False to disable this warning.
Jul 08 12:54:14.265147 dv-cinder-800022-1-iscsi devstack@n-api.service[107158]: user_quotas = model_query(context, models.ProjectUserQuota,
Jul 08 12:54:14.308708 dv-cinder-800022-1-iscsi devstack@n-api.service[107157]: INFO nova.api.openstack.requestlog [None req-cabe78ff-2bbd-4743-8623-a4f3d3569a56 tempest-VolumesSnapshotsTestJSON-1113957111 tempest-VolumesSnapshotsTestJSON-1113957111-project] 10.222.0.13 "DELETE /compute/v2.1/os-snapshots/05f6341f-b772-47e4-bd56-1408eadcf5f1" status: 202 len: 0 microversion: 2.1 time: 0.262478
Jul 08 12:54:14.314063 dv-cinder-800022-1-iscsi devstack@n-api.service[107157]: [pid: 107157|app: 0|req: 16/26] 10.222.0.13 () {58 vars in 1254 bytes} [Thu Jul 8 12:54:14 2021] DELETE /compute/v2.1/os-snapshots/05f6341f-b772-47e4-bd56-1408eadcf5f1 => generated 0 bytes in 268 msecs (HTTP/1.1 202) 9 headers in 361 bytes (1 switches on core 0)
Jul 08 12:54:14.326608 dv-cinder-800022-1-iscsi devstack@n-api.service[107157]: DEBUG nova.api.openstack.wsgi [None req-68cce885-b82f-4aac-b322-e7cf4e368f20 tempest-AttachVolumeNegativeTest-2033476437 tempest-AttachVolumeNegativeTest-2033476437-project] Calling method '>' {{(pid=107157) _process_stack /opt/stack/nova/nova/api/openstack/wsgi.py:513}}
Jul 08 12:54:14.330871 dv-cinder-800022-1-iscsi devstack@n-api.service[107157]: DEBUG nova.compute.api [None req-68cce885-b82f-4aac-b322-e7cf4e368f20 tempest-AttachVolumeNegativeTest-2033476437 tempest-AttachVolumeNegativeTest-2033476437-project] [instance: 49d0575d-bdf0-4ef6-967d-9625150ed5e1] Fetching instance by UUID {{(pid=107157) get /opt/stack/nova/nova/compute/api.py:2793}}
Jul 08 12:54:14.374796 dv-cinder-800022-1-iscsi devstack@n-api.service[107157]: DEBUG oslo_concurrency.lockutils [None req-68cce885-b82f-4aac-b322-e7cf4e368f20 tempest-AttachVolumeNegativeTest-2033476437 tempest-AttachVolumeNegativeTest-2033476437-project] Lock "35fa38c6-8e11-49c1-8785-11ae5b6ff471" acquired by "nova.context.set_target_cell..get_or_set_cached_cell_and_set_connections" :: waited 0.000s {{(pid=107157) inner /usr/local/lib/python3.8/dist-packages/oslo_concurrency/lockutils.py:355}}
Jul 08 12:54:14.376023 dv-cinder-800022-1-iscsi devstack@n-api.service[107157]: DEBUG oslo_concurrency.lockutils [None req-68cce885-b82f-4aac-b322-e7cf4e368f20 tempest-AttachVolumeNegativeTest-2033476437 tempest-AttachVolumeNegativeTest-2033476437-project] Lock "35fa38c6-8e11-49c1-8785-11ae5b6ff471" released by "nova.context.set_target_cell..get_or_set_cached_cell_and_set_connections" :: held 0.006s {{(pid=107157) inner /usr/local/lib/python3.8/dist-packages/oslo_concurrency/lockutils.py:367}}
Jul 08 12:54:14.378483 dv-cinder-800022-1-iscsi devstack@n-api.service[107157]: DEBUG oslo_concurrency.lockutils [None req-68cce885-b82f-4aac-b322-e7cf4e368f20 tempest-AttachVolumeNegativeTest-2033476437 tempest-AttachVolumeNegativeTest-2033476437-project] Lock "35fa38c6-8e11-49c1-8785-11ae5b6ff471" acquired by "nova.context.set_target_cell..get_or_set_cached_cell_and_set_connections" :: waited 0.000s {{(pid=107157) inner /usr/local/lib/python3.8/dist-packages/oslo_concurrency/lockutils.py:355}}
Jul 08 12:54:14.386060 dv-cinder-800022-1-iscsi devstack@n-api.service[107157]: DEBUG oslo_concurrency.lockutils [None req-68cce885-b82f-4aac-b322-e7cf4e368f20 tempest-AttachVolumeNegativeTest-2033476437 tempest-AttachVolumeNegativeTest-2033476437-project] Lock "35fa38c6-8e11-49c1-8785-11ae5b6ff471" released by "nova.context.set_target_cell..get_or_set_cached_cell_and_set_connections" :: held 0.008s {{(pid=107157) inner /usr/local/lib/python3.8/dist-packages/oslo_concurrency/lockutils.py:367}}
Jul 08 12:54:14.399748 dv-cinder-800022-1-iscsi devstack@n-api.service[107157]: /opt/stack/nova/nova/db/sqlalchemy/api.py:1385: SAWarning: TypeDecorator SoftDeleteInteger() will not produce a cache key because the ``cache_ok`` flag is not set to True. Set this flag to True if this type object's state is safe to use in a cache key, or False to disable this warning.
Jul 08 12:54:14.399748 dv-cinder-800022-1-iscsi devstack@n-api.service[107157]: result = _build_instance_get(context, columns_to_join=columns_to_join).\
Jul 08 12:54:14.647194 dv-cinder-800022-1-iscsi devstack@n-api.service[107158]: /opt/stack/nova/nova/db/sqlalchemy/api.py:2621: SAWarning: TypeDecorator SoftDeleteInteger() will not produce a cache key because the ``cache_ok`` flag is not set to True. Set this flag to True if this type object's state is safe to use in a cache key, or False to disable this warning.
Jul 08 12:54:14.647194 dv-cinder-800022-1-iscsi devstack@n-api.service[107158]: result = model_query(context, models.KeyPair).\
Jul 08 12:54:14.785749 dv-cinder-800022-1-iscsi devstack@n-api.service[107158]: DEBUG nova.quota [None req-dd6082a0-b1cc-4bcb-8f19-46c3101f5056 tempest-AttachVolumeShelveTestJSON-1515850685 tempest-AttachVolumeShelveTestJSON-1515850685-project] Getting quotas for project cb3aaf43ca0742bcbae60180f6a370b0. Resources: {'key_pairs'} {{(pid=107158) _get_quotas /opt/stack/nova/nova/quota.py:387}}
Jul 08 12:54:14.800576 dv-cinder-800022-1-iscsi devstack@n-api.service[107158]: DEBUG nova.quota [None req-dd6082a0-b1cc-4bcb-8f19-46c3101f5056 tempest-AttachVolumeShelveTestJSON-1515850685 tempest-AttachVolumeShelveTestJSON-1515850685-project] Getting quotas for user bdefa095f7184d9788d0b352b0dc055c and project cb3aaf43ca0742bcbae60180f6a370b0. Resources: {'key_pairs'} {{(pid=107158) _get_quotas /opt/stack/nova/nova/quota.py:377}}
Jul 08 12:54:14.869392 dv-cinder-800022-1-iscsi devstack@n-api.service[107158]: INFO nova.api.openstack.requestlog [None req-dd6082a0-b1cc-4bcb-8f19-46c3101f5056 tempest-AttachVolumeShelveTestJSON-1515850685 tempest-AttachVolumeShelveTestJSON-1515850685-project] 10.222.0.13 "POST /compute/v2.1/os-keypairs" status: 201 len: 2319 microversion: 2.20 time: 1.241474
Jul 08 12:54:14.872534 dv-cinder-800022-1-iscsi devstack@n-api.service[107158]: [pid: 107158|app: 0|req: 11/27] 10.222.0.13 () {62 vars in 1199 bytes} [Thu Jul 8 12:54:13 2021] POST /compute/v2.1/os-keypairs => generated 2319 bytes in 1250 msecs (HTTP/1.1 201) 9 headers in 365 bytes (1 switches on core 0)
Jul 08 12:54:14.890728 dv-cinder-800022-1-iscsi devstack@n-api.service[107158]: DEBUG nova.api.openstack.wsgi [None req-6ceabc42-069d-43a4-833f-cb9a17c014c4 tempest-VolumesSnapshotsTestJSON-1113957111 tempest-VolumesSnapshotsTestJSON-1113957111-project] Calling method '.version_select at 0x7f185a718280>' {{(pid=107158) _process_stack /opt/stack/nova/nova/api/openstack/wsgi.py:513}}
Jul 08 12:54:14.986908 dv-cinder-800022-1-iscsi devstack@n-api.service[107157]: DEBUG nova.policy [None req-68cce885-b82f-4aac-b322-e7cf4e368f20 tempest-AttachVolumeNegativeTest-2033476437 tempest-AttachVolumeNegativeTest-2033476437-project] Policy check for os_compute_api:os-extended-server-attributes failed with credentials {'is_admin': False, 'user_id': 'f9a269e6e5c64dff93f7f1f42cd994dc', 'user_domain_id': 'default', 'system_scope': None, 'domain_id': None, 'project_id': '0f0cacd1b66143d4af1faf4c09461adb', 'project_domain_id': 'default', 'roles': ['member', 'reader'], 'is_admin_project': True, 'service_user_id': None, 'service_user_domain_id': None, 'service_project_id': None, 'service_project_domain_id': None, 'service_roles': []} {{(pid=107157) authorize /opt/stack/nova/nova/policy.py:199}}
Jul 08 12:54:14.994925 dv-cinder-800022-1-iscsi devstack@n-api.service[107157]: /opt/stack/nova/nova/db/sqlalchemy/api.py:3000: SAWarning: TypeDecorator SoftDeleteInteger() will not produce a cache key because the ``cache_ok`` flag is not set to True. Set this flag to True if this type object's state is safe to use in a cache key, or False to disable this warning.
Jul 08 12:54:14.994925 dv-cinder-800022-1-iscsi devstack@n-api.service[107157]: return _block_device_mapping_get_query(context).filter(
Jul 08 12:54:15.024100 dv-cinder-800022-1-iscsi devstack@n-api.service[107158]: INFO nova.api.openstack.wsgi [None req-6ceabc42-069d-43a4-833f-cb9a17c014c4 tempest-VolumesSnapshotsTestJSON-1113957111 tempest-VolumesSnapshotsTestJSON-1113957111-project] HTTP exception thrown: Snapshot 05f6341f-b772-47e4-bd56-1408eadcf5f1 could not be found.
Jul 08 12:54:15.025463 dv-cinder-800022-1-iscsi devstack@n-api.service[107158]: DEBUG nova.api.openstack.wsgi [None req-6ceabc42-069d-43a4-833f-cb9a17c014c4 tempest-VolumesSnapshotsTestJSON-1113957111 tempest-VolumesSnapshotsTestJSON-1113957111-project] Returning 404 to user: Snapshot 05f6341f-b772-47e4-bd56-1408eadcf5f1 could not be found. {{(pid=107158) __call__ /opt/stack/nova/nova/api/openstack/wsgi.py:927}}
Jul 08 12:54:15.027093 dv-cinder-800022-1-iscsi devstack@n-api.service[107158]: INFO nova.api.openstack.requestlog [None req-6ceabc42-069d-43a4-833f-cb9a17c014c4 tempest-VolumesSnapshotsTestJSON-1113957111 tempest-VolumesSnapshotsTestJSON-1113957111-project] 10.222.0.13 "GET /compute/v2.1/os-snapshots/05f6341f-b772-47e4-bd56-1408eadcf5f1" status: 404 len: 111 microversion: 2.1 time: 0.152522
Jul 08 12:54:15.028648 dv-cinder-800022-1-iscsi devstack@n-api.service[107158]: [pid: 107158|app: 0|req: 12/28] 10.222.0.13 () {58 vars in 1251 bytes} [Thu Jul 8 12:54:14 2021] GET /compute/v2.1/os-snapshots/05f6341f-b772-47e4-bd56-1408eadcf5f1 => generated 111 bytes in 155 msecs (HTTP/1.1 404) 9 headers in 379 bytes (1 switches on core 0)
Jul 08 12:54:15.062523 dv-cinder-800022-1-iscsi devstack@n-api.service[107157]: INFO nova.api.openstack.requestlog [None req-68cce885-b82f-4aac-b322-e7cf4e368f20 tempest-AttachVolumeNegativeTest-2033476437 tempest-AttachVolumeNegativeTest-2033476437-project] 10.222.0.13 "GET /compute/v2.1/servers/49d0575d-bdf0-4ef6-967d-9625150ed5e1" status: 200 len: 1213 microversion: 2.1 time: 0.748559
Jul 08 12:54:15.068742 dv-cinder-800022-1-iscsi devstack@n-api.service[107158]: DEBUG nova.api.openstack.wsgi [None req-bbaa4606-044f-4258-9983-84f06ae3faa3 tempest-DeleteServersTestJSON-198534208 tempest-DeleteServersTestJSON-198534208-project] Calling method '>' {{(pid=107158) _process_stack /opt/stack/nova/nova/api/openstack/wsgi.py:513}}
Jul 08 12:54:15.070115 dv-cinder-800022-1-iscsi devstack@n-api.service[107158]: DEBUG nova.compute.api [None req-bbaa4606-044f-4258-9983-84f06ae3faa3 tempest-DeleteServersTestJSON-198534208 tempest-DeleteServersTestJSON-198534208-project] [instance: 000a7088-a9e1-43fe-8915-290395f7f9da] Fetching instance by UUID {{(pid=107158) get /opt/stack/nova/nova/compute/api.py:2793}}
Jul 08 12:54:15.085192 dv-cinder-800022-1-iscsi devstack@n-api.service[107157]: [pid: 107157|app: 0|req: 17/29] 10.222.0.13 () {58 vars in 1236 bytes} [Thu Jul 8 12:54:14 2021] GET /compute/v2.1/servers/49d0575d-bdf0-4ef6-967d-9625150ed5e1 => generated 1213 bytes in 766 msecs (HTTP/1.1 200) 9 headers in 358 bytes (1 switches on core 0)
Jul 08 12:54:15.107827 dv-cinder-800022-1-iscsi devstack@n-api.service[107158]: DEBUG oslo_concurrency.lockutils [None req-bbaa4606-044f-4258-9983-84f06ae3faa3 tempest-DeleteServersTestJSON-198534208 tempest-DeleteServersTestJSON-198534208-project] Lock "35fa38c6-8e11-49c1-8785-11ae5b6ff471" acquired by "nova.context.set_target_cell..get_or_set_cached_cell_and_set_connections" :: waited 0.000s {{(pid=107158) inner /usr/local/lib/python3.8/dist-packages/oslo_concurrency/lockutils.py:355}}
Jul 08 12:54:15.109418 dv-cinder-800022-1-iscsi devstack@n-api.service[107158]: DEBUG oslo_concurrency.lockutils [None req-bbaa4606-044f-4258-9983-84f06ae3faa3 tempest-DeleteServersTestJSON-198534208 tempest-DeleteServersTestJSON-198534208-project] Lock "35fa38c6-8e11-49c1-8785-11ae5b6ff471" released by "nova.context.set_target_cell..get_or_set_cached_cell_and_set_connections" :: held 0.004s {{(pid=107158) inner /usr/local/lib/python3.8/dist-packages/oslo_concurrency/lockutils.py:367}}
Jul 08 12:54:15.112461 dv-cinder-800022-1-iscsi devstack@n-api.service[107158]: DEBUG oslo_concurrency.lockutils [None req-bbaa4606-044f-4258-9983-84f06ae3faa3 tempest-DeleteServersTestJSON-198534208 tempest-DeleteServersTestJSON-198534208-project] Lock "35fa38c6-8e11-49c1-8785-11ae5b6ff471" acquired by "nova.context.set_target_cell..get_or_set_cached_cell_and_set_connections" :: waited 0.000s {{(pid=107158) inner /usr/local/lib/python3.8/dist-packages/oslo_concurrency/lockutils.py:355}}
Jul 08 12:54:15.114917 dv-cinder-800022-1-iscsi devstack@n-api.service[107157]: DEBUG nova.api.openstack.wsgi [None req-be4e3a88-1c54-440b-afce-09f6054d3494 tempest-VolumesSnapshotsTestJSON-1113957111 tempest-VolumesSnapshotsTestJSON-1113957111-project] Calling method '.version_select at 0x7f185af1a280>' {{(pid=107157) _process_stack /opt/stack/nova/nova/api/openstack/wsgi.py:513}}
Jul 08 12:54:15.118853 dv-cinder-800022-1-iscsi devstack@n-api.service[107158]: DEBUG oslo_concurrency.lockutils [None req-bbaa4606-044f-4258-9983-84f06ae3faa3 tempest-DeleteServersTestJSON-198534208 tempest-DeleteServersTestJSON-198534208-project] Lock "35fa38c6-8e11-49c1-8785-11ae5b6ff471" released by "nova.context.set_target_cell..get_or_set_cached_cell_and_set_connections" :: held 0.001s {{(pid=107158) inner /usr/local/lib/python3.8/dist-packages/oslo_concurrency/lockutils.py:367}}
Jul 08 12:54:15.140014 dv-cinder-800022-1-iscsi devstack@n-api.service[107158]: /opt/stack/nova/nova/db/sqlalchemy/api.py:1385: SAWarning: TypeDecorator SoftDeleteInteger() will not produce a cache key because the ``cache_ok`` flag is not set to True. Set this flag to True if this type object's state is safe to use in a cache key, or False to disable this warning.
Jul 08 12:54:15.140014 dv-cinder-800022-1-iscsi devstack@n-api.service[107158]: result = _build_instance_get(context, columns_to_join=columns_to_join).\
Jul 08 12:54:15.313975 dv-cinder-800022-1-iscsi devstack@n-api.service[107157]: INFO nova.api.openstack.requestlog [None req-be4e3a88-1c54-440b-afce-09f6054d3494 tempest-VolumesSnapshotsTestJSON-1113957111 tempest-VolumesSnapshotsTestJSON-1113957111-project] 10.222.0.13 "DELETE /compute/v2.1/os-volumes/d30c32d3-e426-45e6-86f4-afd50ef9e47c" status: 202 len: 0 microversion: 2.1 time: 0.228994
Jul 08 12:54:15.319895 dv-cinder-800022-1-iscsi devstack@n-api.service[107157]: [pid: 107157|app: 0|req: 18/30] 10.222.0.13 () {58 vars in 1248 bytes} [Thu Jul 8 12:54:15 2021] DELETE /compute/v2.1/os-volumes/d30c32d3-e426-45e6-86f4-afd50ef9e47c => generated 0 bytes in 240 msecs (HTTP/1.1 202) 9 headers in 361 bytes (1 switches on core 0)
Jul 08 12:54:15.339253 dv-cinder-800022-1-iscsi devstack@n-api.service[107157]: DEBUG nova.api.openstack.wsgi [None req-de865d96-fa1b-40f1-94c0-74047537d583 tempest-VolumesSnapshotsTestJSON-1113957111 tempest-VolumesSnapshotsTestJSON-1113957111-project] Calling method '.version_select at 0x7f185a691e50>' {{(pid=107157) _process_stack /opt/stack/nova/nova/api/openstack/wsgi.py:513}}
Jul 08 12:54:15.550355 dv-cinder-800022-1-iscsi devstack@n-api.service[107157]: INFO nova.api.openstack.requestlog [None req-de865d96-fa1b-40f1-94c0-74047537d583 tempest-VolumesSnapshotsTestJSON-1113957111 tempest-VolumesSnapshotsTestJSON-1113957111-project] 10.222.0.13 "GET /compute/v2.1/os-volumes/d30c32d3-e426-45e6-86f4-afd50ef9e47c" status: 200 len: 344 microversion: 2.1 time: 0.228762
Jul 08 12:54:15.551117 dv-cinder-800022-1-iscsi devstack@n-api.service[107157]: [pid: 107157|app: 0|req: 19/31] 10.222.0.13 () {58 vars in 1245 bytes} [Thu Jul 8 12:54:15 2021] GET /compute/v2.1/os-volumes/d30c32d3-e426-45e6-86f4-afd50ef9e47c => generated 344 bytes in 231 msecs (HTTP/1.1 200) 9 headers in 357 bytes (1 switches on core 0)
Jul 08 12:54:15.712487 dv-cinder-800022-1-iscsi devstack@n-api.service[107158]: DEBUG nova.policy [None req-bbaa4606-044f-4258-9983-84f06ae3faa3 tempest-DeleteServersTestJSON-198534208 tempest-DeleteServersTestJSON-198534208-project] Policy check for os_compute_api:os-extended-server-attributes failed with credentials {'is_admin': False, 'user_id': '4f544d2f366a46929f35c4d21637ee65', 'user_domain_id': 'default', 'system_scope': None, 'domain_id': None, 'project_id': 'd2ad3b09e14f4e358c5097fa3f627f63', 'project_domain_id': 'default', 'roles': ['member', 'reader'], 'is_admin_project': True, 'service_user_id': None, 'service_user_domain_id': None, 'service_project_id': None, 'service_project_domain_id': None, 'service_roles': []} {{(pid=107158) authorize /opt/stack/nova/nova/policy.py:199}}
Jul 08 12:54:15.715105 dv-cinder-800022-1-iscsi devstack@n-api.service[107158]: /opt/stack/nova/nova/db/sqlalchemy/api.py:3000: SAWarning: TypeDecorator SoftDeleteInteger() will not produce a cache key because the ``cache_ok`` flag is not set to True. Set this flag to True if this type object's state is safe to use in a cache key, or False to disable this warning.
Jul 08 12:54:15.715105 dv-cinder-800022-1-iscsi devstack@n-api.service[107158]: return _block_device_mapping_get_query(context).filter(
Jul 08 12:54:15.728511 dv-cinder-800022-1-iscsi devstack@n-api.service[107158]: INFO nova.api.openstack.requestlog [None req-bbaa4606-044f-4258-9983-84f06ae3faa3 tempest-DeleteServersTestJSON-198534208 tempest-DeleteServersTestJSON-198534208-project] 10.222.0.13 "GET /compute/v2.1/servers/000a7088-a9e1-43fe-8915-290395f7f9da" status: 200 len: 1274 microversion: 2.1 time: 0.698255
Jul 08 12:54:15.734091 dv-cinder-800022-1-iscsi devstack@n-api.service[107158]: [pid: 107158|app: 0|req: 13/32] 10.222.0.13 () {58 vars in 1236 bytes} [Thu Jul 8 12:54:15 2021] GET /compute/v2.1/servers/000a7088-a9e1-43fe-8915-290395f7f9da => generated 1274 bytes in 705 msecs (HTTP/1.1 200) 9 headers in 358 bytes (1 switches on core 0)
Jul 08 12:54:16.093800 dv-cinder-800022-1-iscsi devstack@n-api.service[107157]: DEBUG nova.api.openstack.wsgi [None req-a0a2a838-deeb-40d9-830b-d2dc8aa09ee0 tempest-AttachVolumeNegativeTest-2033476437 tempest-AttachVolumeNegativeTest-2033476437-project] Calling method '>' {{(pid=107157) _process_stack /opt/stack/nova/nova/api/openstack/wsgi.py:513}}
Jul 08 12:54:16.095069 dv-cinder-800022-1-iscsi devstack@n-api.service[107157]: DEBUG nova.compute.api [None req-a0a2a838-deeb-40d9-830b-d2dc8aa09ee0 tempest-AttachVolumeNegativeTest-2033476437 tempest-AttachVolumeNegativeTest-2033476437-project] [instance: 49d0575d-bdf0-4ef6-967d-9625150ed5e1] Fetching instance by UUID {{(pid=107157) get /opt/stack/nova/nova/compute/api.py:2793}}
Jul 08 12:54:16.111545 dv-cinder-800022-1-iscsi devstack@n-api.service[107157]: DEBUG oslo_concurrency.lockutils [None req-a0a2a838-deeb-40d9-830b-d2dc8aa09ee0 tempest-AttachVolumeNegativeTest-2033476437 tempest-AttachVolumeNegativeTest-2033476437-project] Lock "35fa38c6-8e11-49c1-8785-11ae5b6ff471" acquired by "nova.context.set_target_cell..get_or_set_cached_cell_and_set_connections" :: waited 0.000s {{(pid=107157) inner /usr/local/lib/python3.8/dist-packages/oslo_concurrency/lockutils.py:355}}
Jul 08 12:54:16.116975 dv-cinder-800022-1-iscsi devstack@n-api.service[107157]: DEBUG oslo_concurrency.lockutils [None req-a0a2a838-deeb-40d9-830b-d2dc8aa09ee0 tempest-AttachVolumeNegativeTest-2033476437 tempest-AttachVolumeNegativeTest-2033476437-project] Lock "35fa38c6-8e11-49c1-8785-11ae5b6ff471" released by "nova.context.set_target_cell..get_or_set_cached_cell_and_set_connections" :: held 0.002s {{(pid=107157) inner /usr/local/lib/python3.8/dist-packages/oslo_concurrency/lockutils.py:367}}
Jul 08 12:54:16.120751 dv-cinder-800022-1-iscsi devstack@n-api.service[107157]: DEBUG oslo_concurrency.lockutils [None req-a0a2a838-deeb-40d9-830b-d2dc8aa09ee0 tempest-AttachVolumeNegativeTest-2033476437 tempest-AttachVolumeNegativeTest-2033476437-project] Lock "35fa38c6-8e11-49c1-8785-11ae5b6ff471" acquired by "nova.context.set_target_cell..get_or_set_cached_cell_and_set_connections" :: waited 0.000s {{(pid=107157) inner /usr/local/lib/python3.8/dist-packages/oslo_concurrency/lockutils.py:355}}
Jul 08 12:54:16.121894 dv-cinder-800022-1-iscsi devstack@n-api.service[107157]: DEBUG oslo_concurrency.lockutils [None req-a0a2a838-deeb-40d9-830b-d2dc8aa09ee0 tempest-AttachVolumeNegativeTest-2033476437 tempest-AttachVolumeNegativeTest-2033476437-project] Lock "35fa38c6-8e11-49c1-8785-11ae5b6ff471" released by "nova.context.set_target_cell..get_or_set_cached_cell_and_set_connections" :: held 0.001s {{(pid=107157) inner /usr/local/lib/python3.8/dist-packages/oslo_concurrency/lockutils.py:367}}
Jul 08 12:54:16.138172 dv-cinder-800022-1-iscsi devstack@n-api.service[107157]: /opt/stack/nova/nova/db/sqlalchemy/api.py:1385: SAWarning: TypeDecorator SoftDeleteInteger() will not produce a cache key because the ``cache_ok`` flag is not set to True. Set this flag to True if this type object's state is safe to use in a cache key, or False to disable this warning.
Jul 08 12:54:16.138172 dv-cinder-800022-1-iscsi devstack@n-api.service[107157]: result = _build_instance_get(context, columns_to_join=columns_to_join).\
Jul 08 12:54:16.575056 dv-cinder-800022-1-iscsi devstack@n-api.service[107158]: DEBUG nova.api.openstack.wsgi [None req-1b33d868-4f26-41ad-850d-4e62bd21247b tempest-VolumesSnapshotsTestJSON-1113957111 tempest-VolumesSnapshotsTestJSON-1113957111-project] Calling method '.version_select at 0x7f185a62c4c0>' {{(pid=107158) _process_stack /opt/stack/nova/nova/api/openstack/wsgi.py:513}}
Jul 08 12:54:16.654953 dv-cinder-800022-1-iscsi devstack@n-api.service[107158]: INFO nova.api.openstack.wsgi [None req-1b33d868-4f26-41ad-850d-4e62bd21247b tempest-VolumesSnapshotsTestJSON-1113957111 tempest-VolumesSnapshotsTestJSON-1113957111-project] HTTP exception thrown: Volume d30c32d3-e426-45e6-86f4-afd50ef9e47c could not be found.
Jul 08 12:54:16.655421 dv-cinder-800022-1-iscsi devstack@n-api.service[107158]: DEBUG nova.api.openstack.wsgi [None req-1b33d868-4f26-41ad-850d-4e62bd21247b tempest-VolumesSnapshotsTestJSON-1113957111 tempest-VolumesSnapshotsTestJSON-1113957111-project] Returning 404 to user: Volume d30c32d3-e426-45e6-86f4-afd50ef9e47c could not be found. {{(pid=107158) __call__ /opt/stack/nova/nova/api/openstack/wsgi.py:927}}
Jul 08 12:54:16.657073 dv-cinder-800022-1-iscsi devstack@n-api.service[107158]: INFO nova.api.openstack.requestlog [None req-1b33d868-4f26-41ad-850d-4e62bd21247b tempest-VolumesSnapshotsTestJSON-1113957111 tempest-VolumesSnapshotsTestJSON-1113957111-project] 10.222.0.13 "GET /compute/v2.1/os-volumes/d30c32d3-e426-45e6-86f4-afd50ef9e47c" status: 404 len: 109 microversion: 2.1 time: 0.094920
Jul 08 12:54:16.657822 dv-cinder-800022-1-iscsi devstack@n-api.service[107158]: [pid: 107158|app: 0|req: 14/33] 10.222.0.13 () {58 vars in 1245 bytes} [Thu Jul 8 12:54:16 2021] GET /compute/v2.1/os-volumes/d30c32d3-e426-45e6-86f4-afd50ef9e47c => generated 109 bytes in 97 msecs (HTTP/1.1 404) 9 headers in 379 bytes (1 switches on core 0)
Jul 08 12:54:16.667810 dv-cinder-800022-1-iscsi devstack@n-api.service[107157]: DEBUG nova.policy [None req-a0a2a838-deeb-40d9-830b-d2dc8aa09ee0 tempest-AttachVolumeNegativeTest-2033476437 tempest-AttachVolumeNegativeTest-2033476437-project] Policy check for os_compute_api:os-extended-server-attributes failed with credentials {'is_admin': False, 'user_id': 'f9a269e6e5c64dff93f7f1f42cd994dc', 'user_domain_id': 'default', 'system_scope': None, 'domain_id': None, 'project_id': '0f0cacd1b66143d4af1faf4c09461adb', 'project_domain_id': 'default', 'roles': ['member', 'reader'], 'is_admin_project': True, 'service_user_id': None, 'service_user_domain_id': None, 'service_project_id': None, 'service_project_domain_id': None, 'service_roles': []} {{(pid=107157) authorize /opt/stack/nova/nova/policy.py:199}}
Jul 08 12:54:16.672470 dv-cinder-800022-1-iscsi devstack@n-api.service[107157]: /opt/stack/nova/nova/db/sqlalchemy/api.py:3000: SAWarning: TypeDecorator SoftDeleteInteger() will not produce a cache key because the ``cache_ok`` flag is not set to True. Set this flag to True if this type object's state is safe to use in a cache key, or False to disable this warning.
Jul 08 12:54:16.672470 dv-cinder-800022-1-iscsi devstack@n-api.service[107157]: return _block_device_mapping_get_query(context).filter(
Jul 08 12:54:16.685687 dv-cinder-800022-1-iscsi devstack@n-api.service[107158]: DEBUG nova.api.openstack.wsgi [None req-37ab0305-dc85-467e-9e03-83263db7748c tempest-VolumesSnapshotsTestJSON-1113957111 tempest-VolumesSnapshotsTestJSON-1113957111-project] Calling method '.version_select at 0x7f185a6a3160>' {{(pid=107158) _process_stack /opt/stack/nova/nova/api/openstack/wsgi.py:513}}
