Jan 13 16:58:24.264086 dv-cinder-799871-9-smb devstack@c-api.service[109337]: DEBUG cinder.api.openstack.wsgi [None req-8b2513b7-bb93-4d86-8b02-5b140fe114ec tempest-GroupsTest-1300947451 tempest-GroupsTest-1300947451-project] Action: 'action', calling method: delete_group, body: {"delete": {"delete-volumes": true}} {{(pid=109337) _process_stack /opt/stack/cinder/cinder/api/openstack/wsgi.py:866}}
Jan 13 16:58:24.264888 dv-cinder-799871-9-smb devstack@c-api.service[109337]: DEBUG cinder.api.v3.groups [None req-8b2513b7-bb93-4d86-8b02-5b140fe114ec tempest-GroupsTest-1300947451 tempest-GroupsTest-1300947451-project] delete called for group b9076d50-0163-4f90-a3b0-6cc434b6799e {{(pid=109337) _delete /opt/stack/cinder/cinder/api/v3/groups.py:117}}
Jan 13 16:58:24.265279 dv-cinder-799871-9-smb devstack@c-api.service[109337]: INFO cinder.api.v3.groups [None req-8b2513b7-bb93-4d86-8b02-5b140fe114ec tempest-GroupsTest-1300947451 tempest-GroupsTest-1300947451-project] Delete group with id: b9076d50-0163-4f90-a3b0-6cc434b6799e
Jan 13 16:58:24.284969 dv-cinder-799871-9-smb devstack@c-api.service[109337]: /usr/local/lib/python3.8/dist-packages/oslo_context/context.py:105: DeprecationWarning: Policy enforcement is depending on the value of is_admin. This key is deprecated. Please update your policy file to use the standard policy values.
Jan 13 16:58:24.284969 dv-cinder-799871-9-smb devstack@c-api.service[109337]: warnings.warn('Policy enforcement is depending on the value of '
Jan 13 16:58:24.443990 dv-cinder-799871-9-smb devstack@c-api.service[109337]: INFO cinder.api.openstack.wsgi [None req-8b2513b7-bb93-4d86-8b02-5b140fe114ec tempest-GroupsTest-1300947451 tempest-GroupsTest-1300947451-project] http://10.222.0.25/volume/v3/d8acedec54ce4617b6a7139eec8b9de5/groups/b9076d50-0163-4f90-a3b0-6cc434b6799e/action returned with HTTP 202
Jan 13 16:58:24.445223 dv-cinder-799871-9-smb devstack@c-api.service[109337]: [pid: 109337|app: 0|req: 119/232] 10.222.0.25 () {62 vars in 1404 bytes} [Thu Jan 13 16:58:24 2022] POST /volume/v3/d8acedec54ce4617b6a7139eec8b9de5/groups/b9076d50-0163-4f90-a3b0-6cc434b6799e/action => generated 0 bytes in 207 msecs (HTTP/1.1 202) 6 headers in 234 bytes (1 switches on core 0)
Jan 13 16:58:24.450159 dv-cinder-799871-9-smb devstack@c-api.service[109337]: INFO cinder.api.openstack.wsgi [None req-756403c9-2d23-4226-85d8-e32f219aedd3 tempest-GroupSnapshotsTest-1941710090 tempest-GroupSnapshotsTest-1941710090-project] POST http://10.222.0.25/volume/v3/6b38dce5f994428fbf81eae6c85ad2f1/volumes
Jan 13 16:58:24.451121 dv-cinder-799871-9-smb devstack@c-api.service[109337]: DEBUG cinder.api.openstack.wsgi [None req-756403c9-2d23-4226-85d8-e32f219aedd3 tempest-GroupSnapshotsTest-1941710090 tempest-GroupSnapshotsTest-1941710090-project] Action: 'create', calling method: create, body: {"volume": {"volume_type": "a2ef1537-b973-469e-8882-308d46e6eb9d", "group_id": "88f4c71f-fbed-464f-84bf-719a978fba9c", "size": 1, "name": "tempest-GroupSnapshotsTest-Volume-2094353605"}} {{(pid=109337) _process_stack /opt/stack/cinder/cinder/api/openstack/wsgi.py:866}}
Jan 13 16:58:24.452309 dv-cinder-799871-9-smb devstack@c-api.service[109337]: DEBUG cinder.api.v3.volumes [None req-756403c9-2d23-4226-85d8-e32f219aedd3 tempest-GroupSnapshotsTest-1941710090 tempest-GroupSnapshotsTest-1941710090-project] Create volume request body: {'volume': {'volume_type': 'a2ef1537-b973-469e-8882-308d46e6eb9d', 'group_id': '88f4c71f-fbed-464f-84bf-719a978fba9c', 'size': 1, 'name': 'tempest-GroupSnapshotsTest-Volume-2094353605'}} {{(pid=109337) create /opt/stack/cinder/cinder/api/v3/volumes.py:298}}
Jan 13 16:58:24.466293 dv-cinder-799871-9-smb devstack@c-api.service[109337]: /usr/local/lib/python3.8/dist-packages/oslo_context/context.py:105: DeprecationWarning: Policy enforcement is depending on the value of is_admin. This key is deprecated. Please update your policy file to use the standard policy values.
Jan 13 16:58:24.466293 dv-cinder-799871-9-smb devstack@c-api.service[109337]: warnings.warn('Policy enforcement is depending on the value of '
Jan 13 16:58:24.467194 dv-cinder-799871-9-smb devstack@c-api.service[109337]: INFO cinder.api.v3.volumes [None req-756403c9-2d23-4226-85d8-e32f219aedd3 tempest-GroupSnapshotsTest-1941710090 tempest-GroupSnapshotsTest-1941710090-project] Create volume of 1 GB
Jan 13 16:58:24.484612 dv-cinder-799871-9-smb devstack@c-api.service[109337]: INFO cinder.volume.api [None req-756403c9-2d23-4226-85d8-e32f219aedd3 tempest-GroupSnapshotsTest-1941710090 tempest-GroupSnapshotsTest-1941710090-project] Availability Zones retrieved successfully.
Jan 13 16:58:24.517531 dv-cinder-799871-9-smb devstack@c-api.service[109337]: DEBUG cinder.volume.api [None req-756403c9-2d23-4226-85d8-e32f219aedd3 tempest-GroupSnapshotsTest-1941710090 tempest-GroupSnapshotsTest-1941710090-project] Flow 'volume_create_api' (de87c81b-8c7b-4eef-b9fa-69ce6d0f9a0c) transitioned into state 'RUNNING' from state 'PENDING' {{(pid=109337) _flow_receiver /usr/local/lib/python3.8/dist-packages/taskflow/listeners/logging.py:141}}
Jan 13 16:58:24.522458 dv-cinder-799871-9-smb devstack@c-api.service[109337]: DEBUG cinder.volume.api [None req-756403c9-2d23-4226-85d8-e32f219aedd3 tempest-GroupSnapshotsTest-1941710090 tempest-GroupSnapshotsTest-1941710090-project] Task 'cinder.volume.flows.api.create_volume.ExtractVolumeRequestTask;volume:create' (5504d9a7-8f58-44a1-94a7-bdfea94efa1c) transitioned into state 'RUNNING' from state 'PENDING' {{(pid=109337) _task_receiver /usr/local/lib/python3.8/dist-packages/taskflow/listeners/logging.py:190}}
Jan 13 16:58:24.523729 dv-cinder-799871-9-smb devstack@c-api.service[109338]: DEBUG cinder.coordination [req-2d903e4e-5f31-4215-b1bb-d023acdcd71a req-3188d74e-49b5-458b-9716-9302e1420de1 tempest-AttachVolumeNegativeTest-419283045 tempest-AttachVolumeNegativeTest-419283045-project] Lock "b'cinder-attachment_update-5d3ecf99-fa95-4f81-89cc-360ddc08f16b-hv-cinder-79987'" released by "attachment_update" :: held 0.278s {{(pid=109338) _synchronized /opt/stack/cinder/cinder/coordination.py:198}}
Jan 13 16:58:24.524300 dv-cinder-799871-9-smb devstack@c-api.service[109337]: /usr/local/lib/python3.8/dist-packages/oslo_context/context.py:105: DeprecationWarning: Policy enforcement is depending on the value of is_admin. This key is deprecated. Please update your policy file to use the standard policy values.
Jan 13 16:58:24.524300 dv-cinder-799871-9-smb devstack@c-api.service[109337]: warnings.warn('Policy enforcement is depending on the value of '
Jan 13 16:58:24.524695 dv-cinder-799871-9-smb devstack@c-api.service[109338]: INFO cinder.api.openstack.wsgi [req-2d903e4e-5f31-4215-b1bb-d023acdcd71a req-3188d74e-49b5-458b-9716-9302e1420de1 tempest-AttachVolumeNegativeTest-419283045 tempest-AttachVolumeNegativeTest-419283045-project] http://10.222.0.25/volume/v3/c736fd681d1e4c8388254adce570aa08/attachments/0e66fec1-b364-4f98-9408-3a32ef1ccae4 returned with HTTP 200
Jan 13 16:58:24.525281 dv-cinder-799871-9-smb devstack@c-api.service[109337]: DEBUG cinder.volume.flows.api.create_volume [None req-756403c9-2d23-4226-85d8-e32f219aedd3 tempest-GroupSnapshotsTest-1941710090 tempest-GroupSnapshotsTest-1941710090-project] Validating volume size '1' using validate_int {{(pid=109337) _extract_size /opt/stack/cinder/cinder/volume/flows/api/create_volume.py:225}}
Jan 13 16:58:24.526714 dv-cinder-799871-9-smb devstack@c-api.service[109338]: [pid: 109338|app: 0|req: 114/233] 10.222.0.60 () {64 vars in 1477 bytes} [Thu Jan 13 16:58:24 2022] PUT /volume/v3/c736fd681d1e4c8388254adce570aa08/attachments/0e66fec1-b364-4f98-9408-3a32ef1ccae4 => generated 652 bytes in 325 msecs (HTTP/1.1 200) 7 headers in 286 bytes (1 switches on core 0)
Jan 13 16:58:24.531211 dv-cinder-799871-9-smb devstack@c-api.service[109338]: INFO cinder.api.openstack.wsgi [None req-fb397d71-1f95-4e50-8bfd-3aa92408e67b tempest-VolumeTypesNegativeTest-1331979684 tempest-VolumeTypesNegativeTest-1331979684-project-admin] POST http://10.222.0.25/volume/v3/cf05fad584a746699932c76a497b432a/types
Jan 13 16:58:24.531995 dv-cinder-799871-9-smb devstack@c-api.service[109338]: DEBUG cinder.api.openstack.wsgi [None req-fb397d71-1f95-4e50-8bfd-3aa92408e67b tempest-VolumeTypesNegativeTest-1331979684 tempest-VolumeTypesNegativeTest-1331979684-project-admin] Action: 'create', calling method: _create, body: {"volume_type": {"name": "tempest-VolumeTypesNegativeTest-volume-type-2016087272"}} {{(pid=109338) _process_stack /opt/stack/cinder/cinder/api/openstack/wsgi.py:866}}
Jan 13 16:58:24.533057 dv-cinder-799871-9-smb devstack@c-api.service[109338]: /usr/local/lib/python3.8/dist-packages/oslo_context/context.py:105: DeprecationWarning: Policy enforcement is depending on the value of is_admin. This key is deprecated. Please update your policy file to use the standard policy values.
Jan 13 16:58:24.533057 dv-cinder-799871-9-smb devstack@c-api.service[109338]: warnings.warn('Policy enforcement is depending on the value of '
Jan 13 16:58:24.540764 dv-cinder-799871-9-smb devstack@c-api.service[109338]: INFO cinder.api.openstack.wsgi [None req-fb397d71-1f95-4e50-8bfd-3aa92408e67b tempest-VolumeTypesNegativeTest-1331979684 tempest-VolumeTypesNegativeTest-1331979684-project-admin] HTTP exception thrown: Volume Type tempest-VolumeTypesNegativeTest-volume-type-2016087272 already exists.
Jan 13 16:58:24.541126 dv-cinder-799871-9-smb devstack@c-api.service[109338]: INFO cinder.api.openstack.wsgi [None req-fb397d71-1f95-4e50-8bfd-3aa92408e67b tempest-VolumeTypesNegativeTest-1331979684 tempest-VolumeTypesNegativeTest-1331979684-project-admin] http://10.222.0.25/volume/v3/cf05fad584a746699932c76a497b432a/types returned with HTTP 409
Jan 13 16:58:24.546716 dv-cinder-799871-9-smb devstack@c-api.service[109338]: [pid: 109338|app: 0|req: 115/234] 10.222.0.25 () {60 vars in 1228 bytes} [Thu Jan 13 16:58:24 2022] POST /volume/v3/cf05fad584a746699932c76a497b432a/types => generated 134 bytes in 15 msecs (HTTP/1.1 409) 7 headers in 291 bytes (1 switches on core 0)
Jan 13 16:58:24.549267 dv-cinder-799871-9-smb devstack@c-api.service[109338]: INFO cinder.api.openstack.wsgi [None req-7749aa80-34c7-4c79-991c-38e2d1accf46 tempest-DeleteServersTestJSON-1874443153 tempest-DeleteServersTestJSON-1874443153-project] GET http://10.222.0.25/volume/v3/d4eeaf47a3594c6f855a007530c484eb/volumes/120f07f0-4116-4e79-98b8-ed00cd3988a8
Jan 13 16:58:24.549972 dv-cinder-799871-9-smb devstack@c-api.service[109338]: DEBUG cinder.api.openstack.wsgi [None req-7749aa80-34c7-4c79-991c-38e2d1accf46 tempest-DeleteServersTestJSON-1874443153 tempest-DeleteServersTestJSON-1874443153-project] Empty body provided in request {{(pid=109338) get_body /opt/stack/cinder/cinder/api/openstack/wsgi.py:715}}
Jan 13 16:58:24.550206 dv-cinder-799871-9-smb devstack@c-api.service[109338]: DEBUG cinder.api.openstack.wsgi [None req-7749aa80-34c7-4c79-991c-38e2d1accf46 tempest-DeleteServersTestJSON-1874443153 tempest-DeleteServersTestJSON-1874443153-project] Calling method 'show' {{(pid=109338) _process_stack /opt/stack/cinder/cinder/api/openstack/wsgi.py:868}}
Jan 13 16:58:24.561268 dv-cinder-799871-9-smb devstack@c-api.service[109337]: DEBUG cinder.volume.api [None req-756403c9-2d23-4226-85d8-e32f219aedd3 tempest-GroupSnapshotsTest-1941710090 tempest-GroupSnapshotsTest-1941710090-project] Task 'cinder.volume.flows.api.create_volume.ExtractVolumeRequestTask;volume:create' (5504d9a7-8f58-44a1-94a7-bdfea94efa1c) transitioned into state 'SUCCESS' from state 'RUNNING' with result '{'size': 1, 'snapshot_id': None, 'source_volid': None, 'volume_type': VolumeType(created_at=2022-01-13T16:58:23Z,deleted=False,deleted_at=None,description=None,extra_specs={},id=a2ef1537-b973-469e-8882-308d46e6eb9d,is_public=True,name='tempest-GroupSnapshotsTest-volume-type-221048647',projects=[],qos_specs=,qos_specs_id=None,updated_at=None), 'volume_type_id': 'a2ef1537-b973-469e-8882-308d46e6eb9d', 'encryption_key_id': None, 'qos_specs': None, 'consistencygroup_id': None, 'cgsnapshot_id': None, 'group_id': '88f4c71f-fbed-464f-84bf-719a978fba9c', 'replication_status': 'disabled', 'refresh_az': False, 'backup_id': None, 'multiattach': False, 'availability_zones': ['nova']}' {{(pid=109337) _task_receiver /usr/local/lib/python3.8/dist-packages/taskflow/listeners/logging.py:178}}
Jan 13 16:58:24.563373 dv-cinder-799871-9-smb devstack@c-api.service[109337]: DEBUG cinder.volume.api [None req-756403c9-2d23-4226-85d8-e32f219aedd3 tempest-GroupSnapshotsTest-1941710090 tempest-GroupSnapshotsTest-1941710090-project] Task 'cinder.volume.flows.api.create_volume.QuotaReserveTask;volume:create' (6b4ff4f5-b8c9-42db-a134-8f6316fc2716) transitioned into state 'RUNNING' from state 'PENDING' {{(pid=109337) _task_receiver /usr/local/lib/python3.8/dist-packages/taskflow/listeners/logging.py:190}}
Jan 13 16:58:24.577365 dv-cinder-799871-9-smb devstack@c-api.service[109338]: /usr/local/lib/python3.8/dist-packages/oslo_context/context.py:105: DeprecationWarning: Policy enforcement is depending on the value of is_admin. This key is deprecated. Please update your policy file to use the standard policy values.
Jan 13 16:58:24.577365 dv-cinder-799871-9-smb devstack@c-api.service[109338]: warnings.warn('Policy enforcement is depending on the value of '
Jan 13 16:58:24.585067 dv-cinder-799871-9-smb devstack@c-api.service[109338]: INFO cinder.volume.api [None req-7749aa80-34c7-4c79-991c-38e2d1accf46 tempest-DeleteServersTestJSON-1874443153 tempest-DeleteServersTestJSON-1874443153-project] Volume info retrieved successfully.
Jan 13 16:58:24.595670 dv-cinder-799871-9-smb devstack@c-api.service[109338]: INFO cinder.api.openstack.wsgi [None req-7749aa80-34c7-4c79-991c-38e2d1accf46 tempest-DeleteServersTestJSON-1874443153 tempest-DeleteServersTestJSON-1874443153-project] http://10.222.0.25/volume/v3/d4eeaf47a3594c6f855a007530c484eb/volumes/120f07f0-4116-4e79-98b8-ed00cd3988a8 returned with HTTP 200
Jan 13 16:58:24.597099 dv-cinder-799871-9-smb devstack@c-api.service[109338]: [pid: 109338|app: 0|req: 116/235] 10.222.0.25 () {58 vars in 1324 bytes} [Thu Jan 13 16:58:24 2022] GET /volume/v3/d4eeaf47a3594c6f855a007530c484eb/volumes/120f07f0-4116-4e79-98b8-ed00cd3988a8 => generated 912 bytes in 53 msecs (HTTP/1.1 200) 7 headers in 285 bytes (1 switches on core 0)
Jan 13 16:58:24.597887 dv-cinder-799871-9-smb devstack@c-api.service[109338]: INFO cinder.api.openstack.wsgi [None req-7749aa80-34c7-4c79-991c-38e2d1accf46 tempest-DeleteServersTestJSON-1874443153 tempest-DeleteServersTestJSON-1874443153-project] GET http://10.222.0.25/volume//
Jan 13 16:58:24.598456 dv-cinder-799871-9-smb devstack@c-api.service[109338]: DEBUG cinder.api.openstack.wsgi [None req-7749aa80-34c7-4c79-991c-38e2d1accf46 tempest-DeleteServersTestJSON-1874443153 tempest-DeleteServersTestJSON-1874443153-project] Empty body provided in request {{(pid=109338) get_body /opt/stack/cinder/cinder/api/openstack/wsgi.py:715}}
Jan 13 16:58:24.599168 dv-cinder-799871-9-smb devstack@c-api.service[109338]: DEBUG cinder.api.openstack.wsgi [None req-7749aa80-34c7-4c79-991c-38e2d1accf46 tempest-DeleteServersTestJSON-1874443153 tempest-DeleteServersTestJSON-1874443153-project] Calling method 'all' {{(pid=109338) _process_stack /opt/stack/cinder/cinder/api/openstack/wsgi.py:868}}
Jan 13 16:58:24.599758 dv-cinder-799871-9-smb devstack@c-api.service[109338]: INFO cinder.api.openstack.wsgi [None req-7749aa80-34c7-4c79-991c-38e2d1accf46 tempest-DeleteServersTestJSON-1874443153 tempest-DeleteServersTestJSON-1874443153-project] http://10.222.0.25/volume// returned with HTTP 300
Jan 13 16:58:24.599991 dv-cinder-799871-9-smb devstack@c-api.service[109337]: WARNING cinder.quota [None req-756403c9-2d23-4226-85d8-e32f219aedd3 tempest-GroupSnapshotsTest-1941710090 tempest-GroupSnapshotsTest-1941710090-project] Deprecated: Default quota for resource: volumes_tempest-GroupSnapshotsTest-volume-type-221048647 is set by the default quota flag: quota_volumes_tempest-GroupSnapshotsTest-volume-type-221048647, it is now deprecated. Please use the default quota class for default quota.
Jan 13 16:58:24.600497 dv-cinder-799871-9-smb devstack@c-api.service[109338]: [pid: 109338|app: 0|req: 117/236] 10.222.0.60 () {56 vars in 1098 bytes} [Thu Jan 13 16:58:24 2022] GET /volume/ => generated 386 bytes in 3 msecs (HTTP/1.1 300) 5 headers in 169 bytes (1 switches on core 0)
Jan 13 16:58:24.600973 dv-cinder-799871-9-smb devstack@c-api.service[109337]: WARNING cinder.quota [None req-756403c9-2d23-4226-85d8-e32f219aedd3 tempest-GroupSnapshotsTest-1941710090 tempest-GroupSnapshotsTest-1941710090-project] Deprecated: Default quota for resource: gigabytes_tempest-GroupSnapshotsTest-volume-type-221048647 is set by the default quota flag: quota_gigabytes_tempest-GroupSnapshotsTest-volume-type-221048647, it is now deprecated. Please use the default quota class for default quota.
Jan 13 16:58:24.604389 dv-cinder-799871-9-smb devstack@c-api.service[109338]: INFO cinder.api.openstack.wsgi [None req-42db0774-e719-4c4f-b73c-03e63b54ecdf tempest-GroupsTest-1300947451 tempest-GroupsTest-1300947451-project] GET http://10.222.0.25/volume/v3/d8acedec54ce4617b6a7139eec8b9de5/volumes/a4a99a06-4f65-4b5c-95e0-939bb8a22009
Jan 13 16:58:24.604636 dv-cinder-799871-9-smb devstack@c-api.service[109338]: DEBUG cinder.api.openstack.wsgi [None req-42db0774-e719-4c4f-b73c-03e63b54ecdf tempest-GroupsTest-1300947451 tempest-GroupsTest-1300947451-project] Empty body provided in request {{(pid=109338) get_body /opt/stack/cinder/cinder/api/openstack/wsgi.py:715}}
Jan 13 16:58:24.605212 dv-cinder-799871-9-smb devstack@c-api.service[109338]: DEBUG cinder.api.openstack.wsgi [None req-42db0774-e719-4c4f-b73c-03e63b54ecdf tempest-GroupsTest-1300947451 tempest-GroupsTest-1300947451-project] Calling method 'show' {{(pid=109338) _process_stack /opt/stack/cinder/cinder/api/openstack/wsgi.py:868}}
Jan 13 16:58:24.622230 dv-cinder-799871-9-smb devstack@c-api.service[109338]: /usr/local/lib/python3.8/dist-packages/oslo_context/context.py:105: DeprecationWarning: Policy enforcement is depending on the value of is_admin. This key is deprecated. Please update your policy file to use the standard policy values.
Jan 13 16:58:24.622230 dv-cinder-799871-9-smb devstack@c-api.service[109338]: warnings.warn('Policy enforcement is depending on the value of '
Jan 13 16:58:24.630379 dv-cinder-799871-9-smb devstack@c-api.service[109338]: INFO cinder.volume.api [None req-42db0774-e719-4c4f-b73c-03e63b54ecdf tempest-GroupsTest-1300947451 tempest-GroupsTest-1300947451-project] Volume info retrieved successfully.
Jan 13 16:58:24.631983 dv-cinder-799871-9-smb devstack@c-api.service[109338]: WARNING stevedore.named [None req-42db0774-e719-4c4f-b73c-03e63b54ecdf tempest-GroupsTest-1300947451 tempest-GroupsTest-1300947451-project] Could not load cinder.keymgr.conf_key_mgr.ConfKeyManager
Jan 13 16:58:24.632370 dv-cinder-799871-9-smb devstack@c-api.service[109338]: WARNING castellan.key_manager [None req-42db0774-e719-4c4f-b73c-03e63b54ecdf tempest-GroupsTest-1300947451 tempest-GroupsTest-1300947451-project] Deprecation Warning : cinder.keymgr.conf_key_mgr.ConfKeyManager is not a stevedore based driver, trying to load it as a class: stevedore.exception.NoMatches: No 'castellan.drivers' driver found, looking for 'cinder.keymgr.conf_key_mgr.ConfKeyManager'
Jan 13 16:58:24.639407 dv-cinder-799871-9-smb devstack@c-api.service[109338]: DEBUG oslo_db.sqlalchemy.engines [None req-42db0774-e719-4c4f-b73c-03e63b54ecdf tempest-GroupsTest-1300947451 tempest-GroupsTest-1300947451-project] MySQL server mode set to STRICT_TRANS_TABLES,STRICT_ALL_TABLES,NO_ZERO_IN_DATE,NO_ZERO_DATE,ERROR_FOR_DIVISION_BY_ZERO,TRADITIONAL,NO_ENGINE_SUBSTITUTION {{(pid=109338) _check_effective_sql_mode /usr/local/lib/python3.8/dist-packages/oslo_db/sqlalchemy/engines.py:314}}
Jan 13 16:58:24.646113 dv-cinder-799871-9-smb devstack@c-api.service[109338]: /usr/local/lib/python3.8/dist-packages/oslo_context/context.py:105: DeprecationWarning: Policy enforcement is depending on the value of is_admin. This key is deprecated. Please update your policy file to use the standard policy values.
Jan 13 16:58:24.646113 dv-cinder-799871-9-smb devstack@c-api.service[109338]: warnings.warn('Policy enforcement is depending on the value of '
Jan 13 16:58:24.661663 dv-cinder-799871-9-smb devstack@c-api.service[109337]: DEBUG cinder.quota [None req-756403c9-2d23-4226-85d8-e32f219aedd3 tempest-GroupSnapshotsTest-1941710090 tempest-GroupSnapshotsTest-1941710090-project] Created reservations ['8538e3c6-0bba-478f-a4b3-8001545d3f2e', '7b9f5e7e-4773-4ffa-91a2-e7d30e0a5b29', '961d61bd-02aa-415e-b365-4bfc72998824', '349500f5-6856-4638-93e9-21adef6d7193'] {{(pid=109337) reserve /opt/stack/cinder/cinder/quota.py:755}}
Jan 13 16:58:24.663674 dv-cinder-799871-9-smb devstack@c-api.service[109337]: DEBUG cinder.volume.api [None req-756403c9-2d23-4226-85d8-e32f219aedd3 tempest-GroupSnapshotsTest-1941710090 tempest-GroupSnapshotsTest-1941710090-project] Task 'cinder.volume.flows.api.create_volume.QuotaReserveTask;volume:create' (6b4ff4f5-b8c9-42db-a134-8f6316fc2716) transitioned into state 'SUCCESS' from state 'RUNNING' with result '{'reservations': ['8538e3c6-0bba-478f-a4b3-8001545d3f2e', '7b9f5e7e-4773-4ffa-91a2-e7d30e0a5b29', '961d61bd-02aa-415e-b365-4bfc72998824', '349500f5-6856-4638-93e9-21adef6d7193']}' {{(pid=109337) _task_receiver /usr/local/lib/python3.8/dist-packages/taskflow/listeners/logging.py:178}}
Jan 13 16:58:24.665048 dv-cinder-799871-9-smb devstack@c-api.service[109338]: INFO cinder.api.openstack.wsgi [None req-42db0774-e719-4c4f-b73c-03e63b54ecdf tempest-GroupsTest-1300947451 tempest-GroupsTest-1300947451-project] http://10.222.0.25/volume/v3/d8acedec54ce4617b6a7139eec8b9de5/volumes/a4a99a06-4f65-4b5c-95e0-939bb8a22009 returned with HTTP 200
Jan 13 16:58:24.665589 dv-cinder-799871-9-smb devstack@c-api.service[109337]: DEBUG cinder.volume.api [None req-756403c9-2d23-4226-85d8-e32f219aedd3 tempest-GroupSnapshotsTest-1941710090 tempest-GroupSnapshotsTest-1941710090-project] Task 'cinder.volume.flows.api.create_volume.EntryCreateTask;volume:create' (c27c2f16-aa32-4a26-a565-be71f9aef040) transitioned into state 'RUNNING' from state 'PENDING' {{(pid=109337) _task_receiver /usr/local/lib/python3.8/dist-packages/taskflow/listeners/logging.py:190}}
Jan 13 16:58:24.666243 dv-cinder-799871-9-smb devstack@c-api.service[109338]: [pid: 109338|app: 0|req: 118/237] 10.222.0.25 () {60 vars in 1365 bytes} [Thu Jan 13 16:58:24 2022] GET /volume/v3/d8acedec54ce4617b6a7139eec8b9de5/volumes/a4a99a06-4f65-4b5c-95e0-939bb8a22009 => generated 982 bytes in 65 msecs (HTTP/1.1 200) 7 headers in 286 bytes (1 switches on core 0)
Jan 13 16:58:24.672372 dv-cinder-799871-9-smb devstack@c-api.service[109338]: INFO cinder.api.openstack.wsgi [None req-0b9b7917-787f-4d90-ad15-da3cee2b2fbc tempest-VolumeTypesNegativeTest-1331979684 tempest-VolumeTypesNegativeTest-1331979684-project-admin] DELETE http://10.222.0.25/volume/v3/cf05fad584a746699932c76a497b432a/types/7b15d995-5002-4e8f-9c6a-dedea191c838
Jan 13 16:58:24.672814 dv-cinder-799871-9-smb devstack@c-api.service[109338]: DEBUG cinder.api.openstack.wsgi [None req-0b9b7917-787f-4d90-ad15-da3cee2b2fbc tempest-VolumeTypesNegativeTest-1331979684 tempest-VolumeTypesNegativeTest-1331979684-project-admin] Empty body provided in request {{(pid=109338) get_body /opt/stack/cinder/cinder/api/openstack/wsgi.py:715}}
Jan 13 16:58:24.673610 dv-cinder-799871-9-smb devstack@c-api.service[109338]: DEBUG cinder.api.openstack.wsgi [None req-0b9b7917-787f-4d90-ad15-da3cee2b2fbc tempest-VolumeTypesNegativeTest-1331979684 tempest-VolumeTypesNegativeTest-1331979684-project-admin] Calling method '_delete' {{(pid=109338) _process_stack /opt/stack/cinder/cinder/api/openstack/wsgi.py:868}}
Jan 13 16:58:24.682360 dv-cinder-799871-9-smb devstack@c-api.service[109338]: INFO cinder.api.openstack.wsgi [None req-0b9b7917-787f-4d90-ad15-da3cee2b2fbc tempest-VolumeTypesNegativeTest-1331979684 tempest-VolumeTypesNegativeTest-1331979684-project-admin] http://10.222.0.25/volume/v3/cf05fad584a746699932c76a497b432a/types/7b15d995-5002-4e8f-9c6a-dedea191c838 returned with HTTP 404
Jan 13 16:58:24.683714 dv-cinder-799871-9-smb devstack@c-api.service[109338]: [pid: 109338|app: 0|req: 119/238] 10.222.0.25 () {58 vars in 1321 bytes} [Thu Jan 13 16:58:24 2022] DELETE /volume/v3/cf05fad584a746699932c76a497b432a/types/7b15d995-5002-4e8f-9c6a-dedea191c838 => generated 114 bytes in 16 msecs (HTTP/1.1 404) 7 headers in 292 bytes (1 switches on core 0)
Jan 13 16:58:24.687678 dv-cinder-799871-9-smb devstack@c-api.service[109338]: INFO cinder.api.openstack.wsgi [req-1d851006-1b5b-4d64-a07c-b16f1c9923af req-1072f07d-8e06-47ab-a1bf-e3a0a9a3e1d6 tempest-DeleteServersTestJSON-1874443153 tempest-DeleteServersTestJSON-1874443153-project] GET http://10.222.0.25/volume/v3/d4eeaf47a3594c6f855a007530c484eb/volumes/120f07f0-4116-4e79-98b8-ed00cd3988a8
Jan 13 16:58:24.688109 dv-cinder-799871-9-smb devstack@c-api.service[109338]: DEBUG cinder.api.openstack.wsgi [req-1d851006-1b5b-4d64-a07c-b16f1c9923af req-1072f07d-8e06-47ab-a1bf-e3a0a9a3e1d6 tempest-DeleteServersTestJSON-1874443153 tempest-DeleteServersTestJSON-1874443153-project] Empty body provided in request {{(pid=109338) get_body /opt/stack/cinder/cinder/api/openstack/wsgi.py:715}}
Jan 13 16:58:24.688644 dv-cinder-799871-9-smb devstack@c-api.service[109338]: DEBUG cinder.api.openstack.wsgi [req-1d851006-1b5b-4d64-a07c-b16f1c9923af req-1072f07d-8e06-47ab-a1bf-e3a0a9a3e1d6 tempest-DeleteServersTestJSON-1874443153 tempest-DeleteServersTestJSON-1874443153-project] Calling method 'show' {{(pid=109338) _process_stack /opt/stack/cinder/cinder/api/openstack/wsgi.py:868}}
Jan 13 16:58:24.709214 dv-cinder-799871-9-smb devstack@c-api.service[109337]: DEBUG cinder.volume.api [None req-756403c9-2d23-4226-85d8-e32f219aedd3 tempest-GroupSnapshotsTest-1941710090 tempest-GroupSnapshotsTest-1941710090-project] Task 'cinder.volume.flows.api.create_volume.EntryCreateTask;volume:create' (c27c2f16-aa32-4a26-a565-be71f9aef040) transitioned into state 'SUCCESS' from state 'RUNNING' with result '{'volume_id': '6b981388-c675-4816-ac8e-2340e59c4dd5', 'volume_properties': VolumeProperties(attach_status='detached',availability_zone='nova',cgsnapshot_id=None,consistencygroup_id=None,display_description=None,display_name='tempest-GroupSnapshotsTest-Volume-2094353605',encryption_key_id=None,group_id=88f4c71f-fbed-464f-84bf-719a978fba9c,group_type_id=,metadata={},multiattach=False,project_id='6b38dce5f994428fbf81eae6c85ad2f1',qos_specs=None,replication_status=,reservations=['8538e3c6-0bba-478f-a4b3-8001545d3f2e','7b9f5e7e-4773-4ffa-91a2-e7d30e0a5b29','961d61bd-02aa-415e-b365-4bfc72998824','349500f5-6856-4638-93e9-21adef6d7193'],size=1,snapshot_id=None,source_replicaid=,source_volid=None,status='creating',user_id='8f790025dda644478460179ddf404d4f',volume_type_id=a2ef1537-b973-469e-8882-308d46e6eb9d), 'volume': Volume(_name_id=None,admin_metadata=,attach_status='detached',availability_zone='nova',bootable=False,cluster=,cluster_name=None,consistencygroup=,consistencygroup_id=None,created_at=2022-01-13T16:58:24Z,deleted=False,deleted_at=None,display_description=None,display_name='tempest-GroupSnapshotsTest-Volume-2094353605',ec2_id=None,encryption_key_id=None,glance_metadata=,group=,group_id=88f4c71f-fbed-464f-84bf-719a978fba9c,host=None,id=6b981388-c675-4816-ac8e-2340e59c4dd5,launched_at=None,metadata={},migration_status=None,multiattach=False,previous_status=None,project_id='6b38dce5f994428fbf81eae6c85ad2f1',provider_auth=None,provider_geometry=None,provider_id=None,provider_location=None,replication_driver_data=None,replication_extended_status=None,replication_status=None,scheduled_at=None,service_uuid=None,shared_targets=True,size=1,snapshot_id=None,snapshots=,source_volid=None,status='creating',terminated_at=None,updated_at=None,use_quota=True,user_id='8f790025dda644478460179ddf404d4f',volume_attachment=VolumeAttachmentList,volume_type=VolumeType(a2ef1537-b973-469e-8882-308d46e6eb9d),volume_type_id=a2ef1537-b973-469e-8882-308d46e6eb9d)}' {{(pid=109337) _task_receiver /usr/local/lib/python3.8/dist-packages/taskflow/listeners/logging.py:178}}
Jan 13 16:58:24.709688 dv-cinder-799871-9-smb devstack@c-api.service[109338]: /usr/local/lib/python3.8/dist-packages/oslo_context/context.py:105: DeprecationWarning: Policy enforcement is depending on the value of is_admin. This key is deprecated. Please update your policy file to use the standard policy values.
Jan 13 16:58:24.709688 dv-cinder-799871-9-smb devstack@c-api.service[109338]: warnings.warn('Policy enforcement is depending on the value of '
Jan 13 16:58:24.712149 dv-cinder-799871-9-smb devstack@c-api.service[109337]: DEBUG cinder.volume.api [None req-756403c9-2d23-4226-85d8-e32f219aedd3 tempest-GroupSnapshotsTest-1941710090 tempest-GroupSnapshotsTest-1941710090-project] Task 'cinder.volume.flows.api.create_volume.QuotaCommitTask;volume:create' (9eeb6c12-fe5e-4fef-aa3d-e1d8d7c18652) transitioned into state 'RUNNING' from state 'PENDING' {{(pid=109337) _task_receiver /usr/local/lib/python3.8/dist-packages/taskflow/listeners/logging.py:190}}
Jan 13 16:58:24.717815 dv-cinder-799871-9-smb devstack@c-api.service[109338]: INFO cinder.volume.api [req-1d851006-1b5b-4d64-a07c-b16f1c9923af req-1072f07d-8e06-47ab-a1bf-e3a0a9a3e1d6 tempest-DeleteServersTestJSON-1874443153 tempest-DeleteServersTestJSON-1874443153-project] Volume info retrieved successfully.
Jan 13 16:58:24.727527 dv-cinder-799871-9-smb devstack@c-api.service[109338]: INFO cinder.api.openstack.wsgi [req-1d851006-1b5b-4d64-a07c-b16f1c9923af req-1072f07d-8e06-47ab-a1bf-e3a0a9a3e1d6 tempest-DeleteServersTestJSON-1874443153 tempest-DeleteServersTestJSON-1874443153-project] http://10.222.0.25/volume/v3/d4eeaf47a3594c6f855a007530c484eb/volumes/120f07f0-4116-4e79-98b8-ed00cd3988a8 returned with HTTP 200
Jan 13 16:58:24.728776 dv-cinder-799871-9-smb devstack@c-api.service[109338]: [pid: 109338|app: 0|req: 120/239] 10.222.0.60 () {60 vars in 1412 bytes} [Thu Jan 13 16:58:24 2022] GET /volume/v3/d4eeaf47a3594c6f855a007530c484eb/volumes/120f07f0-4116-4e79-98b8-ed00cd3988a8 => generated 1011 bytes in 45 msecs (HTTP/1.1 200) 7 headers in 287 bytes (1 switches on core 0)
Jan 13 16:58:24.732558 dv-cinder-799871-9-smb devstack@c-api.service[109338]: INFO cinder.api.openstack.wsgi [None req-c45286f8-3e6d-47e0-b691-317520fb67ff tempest-VolumeTypesNegativeTest-1331979684 tempest-VolumeTypesNegativeTest-1331979684-project-admin] GET http://10.222.0.25/volume/v3/cf05fad584a746699932c76a497b432a/types/fc5a53dc-b222-4736-923a-cc23516c68f9
Jan 13 16:58:24.732998 dv-cinder-799871-9-smb devstack@c-api.service[109338]: DEBUG cinder.api.openstack.wsgi [None req-c45286f8-3e6d-47e0-b691-317520fb67ff tempest-VolumeTypesNegativeTest-1331979684 tempest-VolumeTypesNegativeTest-1331979684-project-admin] Empty body provided in request {{(pid=109338) get_body /opt/stack/cinder/cinder/api/openstack/wsgi.py:715}}
Jan 13 16:58:24.733443 dv-cinder-799871-9-smb devstack@c-api.service[109338]: DEBUG cinder.api.openstack.wsgi [None req-c45286f8-3e6d-47e0-b691-317520fb67ff tempest-VolumeTypesNegativeTest-1331979684 tempest-VolumeTypesNegativeTest-1331979684-project-admin] Calling method 'show' {{(pid=109338) _process_stack /opt/stack/cinder/cinder/api/openstack/wsgi.py:868}}
Jan 13 16:58:24.739361 dv-cinder-799871-9-smb devstack@c-api.service[109338]: INFO cinder.api.openstack.wsgi [None req-c45286f8-3e6d-47e0-b691-317520fb67ff tempest-VolumeTypesNegativeTest-1331979684 tempest-VolumeTypesNegativeTest-1331979684-project-admin] http://10.222.0.25/volume/v3/cf05fad584a746699932c76a497b432a/types/fc5a53dc-b222-4736-923a-cc23516c68f9 returned with HTTP 404
Jan 13 16:58:24.740450 dv-cinder-799871-9-smb devstack@c-api.service[109338]: [pid: 109338|app: 0|req: 121/240] 10.222.0.25 () {58 vars in 1318 bytes} [Thu Jan 13 16:58:24 2022] GET /volume/v3/cf05fad584a746699932c76a497b432a/types/fc5a53dc-b222-4736-923a-cc23516c68f9 => generated 114 bytes in 11 msecs (HTTP/1.1 404) 7 headers in 292 bytes (1 switches on core 0)
Jan 13 16:58:24.745500 dv-cinder-799871-9-smb devstack@c-api.service[109338]: INFO cinder.api.openstack.wsgi [req-1d851006-1b5b-4d64-a07c-b16f1c9923af req-ba5e8cce-eedb-4f3c-bac5-6e4b2e06f6f9 tempest-DeleteServersTestJSON-1874443153 tempest-DeleteServersTestJSON-1874443153-project] PUT http://10.222.0.25/volume/v3/d4eeaf47a3594c6f855a007530c484eb/attachments/c6b0c324-282a-4ede-a3ef-3de6ba363f24
Jan 13 16:58:24.746371 dv-cinder-799871-9-smb devstack@c-api.service[109338]: DEBUG cinder.api.openstack.wsgi [req-1d851006-1b5b-4d64-a07c-b16f1c9923af req-ba5e8cce-eedb-4f3c-bac5-6e4b2e06f6f9 tempest-DeleteServersTestJSON-1874443153 tempest-DeleteServersTestJSON-1874443153-project] Action: 'update', calling method: version_select, body: {"attachment": {"connector": {"platform": "AMD64", "os_type": "win32", "ip": "10.222.0.60", "host": "hv-cinder-79987", "multipath": false, "initiator": "iqn.1991-05.com.microsoft:hv-cinder-79987", "mountpoint": "/dev/sdb"}}} {{(pid=109338) _process_stack /opt/stack/cinder/cinder/api/openstack/wsgi.py:866}}
Jan 13 16:58:24.755511 dv-cinder-799871-9-smb devstack@c-api.service[109337]: DEBUG cinder.volume.api [None req-756403c9-2d23-4226-85d8-e32f219aedd3 tempest-GroupSnapshotsTest-1941710090 tempest-GroupSnapshotsTest-1941710090-project] Task 'cinder.volume.flows.api.create_volume.QuotaCommitTask;volume:create' (9eeb6c12-fe5e-4fef-aa3d-e1d8d7c18652) transitioned into state 'SUCCESS' from state 'RUNNING' with result '{'volume_properties': VolumeProperties(attach_status='detached',availability_zone='nova',cgsnapshot_id=None,consistencygroup_id=None,display_description=None,display_name='tempest-GroupSnapshotsTest-Volume-2094353605',encryption_key_id=None,group_id=88f4c71f-fbed-464f-84bf-719a978fba9c,group_type_id=,metadata={},multiattach=False,project_id='6b38dce5f994428fbf81eae6c85ad2f1',qos_specs=None,replication_status=,reservations=['8538e3c6-0bba-478f-a4b3-8001545d3f2e','7b9f5e7e-4773-4ffa-91a2-e7d30e0a5b29','961d61bd-02aa-415e-b365-4bfc72998824','349500f5-6856-4638-93e9-21adef6d7193'],size=1,snapshot_id=None,source_replicaid=,source_volid=None,status='creating',user_id='8f790025dda644478460179ddf404d4f',volume_type_id=a2ef1537-b973-469e-8882-308d46e6eb9d)}' {{(pid=109337) _task_receiver /usr/local/lib/python3.8/dist-packages/taskflow/listeners/logging.py:178}}
Jan 13 16:58:24.757360 dv-cinder-799871-9-smb devstack@c-api.service[109337]: DEBUG cinder.volume.api [None req-756403c9-2d23-4226-85d8-e32f219aedd3 tempest-GroupSnapshotsTest-1941710090 tempest-GroupSnapshotsTest-1941710090-project] Task 'cinder.volume.flows.api.create_volume.VolumeCastTask;volume:create' (033b6909-4232-499e-93d5-425edece2e1b) transitioned into state 'RUNNING' from state 'PENDING' {{(pid=109337) _task_receiver /usr/local/lib/python3.8/dist-packages/taskflow/listeners/logging.py:190}}
Jan 13 16:58:24.786207 dv-cinder-799871-9-smb devstack@c-api.service[109338]: /usr/local/lib/python3.8/dist-packages/tenacity/__init__.py:333: DeprecationWarning: "retry" function must accept single "retry_state" parameter, please update tooz._retry.retry..
Jan 13 16:58:24.786207 dv-cinder-799871-9-smb devstack@c-api.service[109338]: return self(f, *args, **kw)
Jan 13 16:58:24.786776 dv-cinder-799871-9-smb devstack@c-api.service[109338]: DEBUG cinder.coordination [req-1d851006-1b5b-4d64-a07c-b16f1c9923af req-ba5e8cce-eedb-4f3c-bac5-6e4b2e06f6f9 tempest-DeleteServersTestJSON-1874443153 tempest-DeleteServersTestJSON-1874443153-project] Lock "b'cinder-attachment_update-120f07f0-4116-4e79-98b8-ed00cd3988a8-hv-cinder-79987'" acquired by "attachment_update" :: waited 0.016s {{(pid=109338) _synchronized /opt/stack/cinder/cinder/coordination.py:186}}
Jan 13 16:58:24.790150 dv-cinder-799871-9-smb devstack@c-api.service[109338]: /usr/local/lib/python3.8/dist-packages/oslo_context/context.py:105: DeprecationWarning: Policy enforcement is depending on the value of is_admin. This key is deprecated. Please update your policy file to use the standard policy values.
Jan 13 16:58:24.790150 dv-cinder-799871-9-smb devstack@c-api.service[109338]: warnings.warn('Policy enforcement is depending on the value of '
Jan 13 16:58:24.801952 dv-cinder-799871-9-smb devstack@c-api.service[109337]: DEBUG cinder.volume.api [None req-756403c9-2d23-4226-85d8-e32f219aedd3 tempest-GroupSnapshotsTest-1941710090 tempest-GroupSnapshotsTest-1941710090-project] Task 'cinder.volume.flows.api.create_volume.VolumeCastTask;volume:create' (033b6909-4232-499e-93d5-425edece2e1b) transitioned into state 'SUCCESS' from state 'RUNNING' with result 'None' {{(pid=109337) _task_receiver /usr/local/lib/python3.8/dist-packages/taskflow/listeners/logging.py:178}}
Jan 13 16:58:24.808598 dv-cinder-799871-9-smb devstack@c-api.service[109337]: DEBUG cinder.volume.api [None req-756403c9-2d23-4226-85d8-e32f219aedd3 tempest-GroupSnapshotsTest-1941710090 tempest-GroupSnapshotsTest-1941710090-project] Flow 'volume_create_api' (de87c81b-8c7b-4eef-b9fa-69ce6d0f9a0c) transitioned into state 'SUCCESS' from state 'RUNNING' {{(pid=109337) _flow_receiver /usr/local/lib/python3.8/dist-packages/taskflow/listeners/logging.py:141}}
Jan 13 16:58:24.809354 dv-cinder-799871-9-smb devstack@c-api.service[109337]: INFO cinder.volume.api [None req-756403c9-2d23-4226-85d8-e32f219aedd3 tempest-GroupSnapshotsTest-1941710090 tempest-GroupSnapshotsTest-1941710090-project] Create volume request issued successfully.
Jan 13 16:58:24.812772 dv-cinder-799871-9-smb devstack@c-api.service[109337]: WARNING stevedore.named [None req-756403c9-2d23-4226-85d8-e32f219aedd3 tempest-GroupSnapshotsTest-1941710090 tempest-GroupSnapshotsTest-1941710090-project] Could not load cinder.keymgr.conf_key_mgr.ConfKeyManager
Jan 13 16:58:24.813192 dv-cinder-799871-9-smb devstack@c-api.service[109337]: WARNING castellan.key_manager [None req-756403c9-2d23-4226-85d8-e32f219aedd3 tempest-GroupSnapshotsTest-1941710090 tempest-GroupSnapshotsTest-1941710090-project] Deprecation Warning : cinder.keymgr.conf_key_mgr.ConfKeyManager is not a stevedore based driver, trying to load it as a class: stevedore.exception.NoMatches: No 'castellan.drivers' driver found, looking for 'cinder.keymgr.conf_key_mgr.ConfKeyManager'
Jan 13 16:58:24.836431 dv-cinder-799871-9-smb devstack@c-api.service[109337]: DEBUG oslo_db.sqlalchemy.engines [None req-756403c9-2d23-4226-85d8-e32f219aedd3 tempest-GroupSnapshotsTest-1941710090 tempest-GroupSnapshotsTest-1941710090-project] MySQL server mode set to STRICT_TRANS_TABLES,STRICT_ALL_TABLES,NO_ZERO_IN_DATE,NO_ZERO_DATE,ERROR_FOR_DIVISION_BY_ZERO,TRADITIONAL,NO_ENGINE_SUBSTITUTION {{(pid=109337) _check_effective_sql_mode /usr/local/lib/python3.8/dist-packages/oslo_db/sqlalchemy/engines.py:314}}
Jan 13 16:58:24.842541 dv-cinder-799871-9-smb devstack@c-api.service[109337]: /usr/local/lib/python3.8/dist-packages/oslo_context/context.py:105: DeprecationWarning: Policy enforcement is depending on the value of is_admin. This key is deprecated. Please update your policy file to use the standard policy values.
Jan 13 16:58:24.842541 dv-cinder-799871-9-smb devstack@c-api.service[109337]: warnings.warn('Policy enforcement is depending on the value of '
Jan 13 16:58:24.851085 dv-cinder-799871-9-smb devstack@c-api.service[109337]: INFO cinder.api.openstack.wsgi [None req-756403c9-2d23-4226-85d8-e32f219aedd3 tempest-GroupSnapshotsTest-1941710090 tempest-GroupSnapshotsTest-1941710090-project] http://10.222.0.25/volume/v3/6b38dce5f994428fbf81eae6c85ad2f1/volumes returned with HTTP 202
Jan 13 16:58:24.853881 dv-cinder-799871-9-smb devstack@c-api.service[109337]: [pid: 109337|app: 0|req: 120/241] 10.222.0.25 () {62 vars in 1276 bytes} [Thu Jan 13 16:58:24 2022] POST /volume/v3/6b38dce5f994428fbf81eae6c85ad2f1/volumes => generated 907 bytes in 406 msecs (HTTP/1.1 202) 7 headers in 292 bytes (1 switches on core 0)
Jan 13 16:58:24.856834 dv-cinder-799871-9-smb devstack@c-api.service[109337]: INFO cinder.api.openstack.wsgi [None req-a0ad0d73-c83b-49b1-a056-a87675047a2d tempest-VolumeTypesNegativeTest-1331979684 tempest-VolumeTypesNegativeTest-1331979684-project-admin] DELETE http://10.222.0.25/volume/v3/cf05fad584a746699932c76a497b432a/types/f8916571-1268-4daa-9a6e-6c718ab087bc
Jan 13 16:58:24.857345 dv-cinder-799871-9-smb devstack@c-api.service[109337]: DEBUG cinder.api.openstack.wsgi [None req-a0ad0d73-c83b-49b1-a056-a87675047a2d tempest-VolumeTypesNegativeTest-1331979684 tempest-VolumeTypesNegativeTest-1331979684-project-admin] Empty body provided in request {{(pid=109337) get_body /opt/stack/cinder/cinder/api/openstack/wsgi.py:715}}
Jan 13 16:58:24.857900 dv-cinder-799871-9-smb devstack@c-api.service[109337]: DEBUG cinder.api.openstack.wsgi [None req-a0ad0d73-c83b-49b1-a056-a87675047a2d tempest-VolumeTypesNegativeTest-1331979684 tempest-VolumeTypesNegativeTest-1331979684-project-admin] Calling method '_delete' {{(pid=109337) _process_stack /opt/stack/cinder/cinder/api/openstack/wsgi.py:868}}
Jan 13 16:58:24.931803 dv-cinder-799871-9-smb devstack@c-api.service[109337]: INFO cinder.api.openstack.wsgi [None req-a0ad0d73-c83b-49b1-a056-a87675047a2d tempest-VolumeTypesNegativeTest-1331979684 tempest-VolumeTypesNegativeTest-1331979684-project-admin] http://10.222.0.25/volume/v3/cf05fad584a746699932c76a497b432a/types/f8916571-1268-4daa-9a6e-6c718ab087bc returned with HTTP 202
Jan 13 16:58:24.936252 dv-cinder-799871-9-smb devstack@c-api.service[109337]: [pid: 109337|app: 0|req: 121/242] 10.222.0.25 () {58 vars in 1321 bytes} [Thu Jan 13 16:58:24 2022] DELETE /volume/v3/cf05fad584a746699932c76a497b432a/types/f8916571-1268-4daa-9a6e-6c718ab087bc => generated 0 bytes in 80 msecs (HTTP/1.1 202) 6 headers in 233 bytes (1 switches on core 0)
Jan 13 16:58:24.937762 dv-cinder-799871-9-smb devstack@c-api.service[109337]: INFO cinder.api.openstack.wsgi [None req-89ab72b9-80f4-4a85-8e00-a6fdb692f9c0 tempest-AttachVolumeNegativeTest-419283045 tempest-AttachVolumeNegativeTest-419283045-project] GET http://10.222.0.25/volume/v3/c736fd681d1e4c8388254adce570aa08/volumes/5d3ecf99-fa95-4f81-89cc-360ddc08f16b
Jan 13 16:58:24.939480 dv-cinder-799871-9-smb devstack@c-api.service[109337]: DEBUG cinder.api.openstack.wsgi [None req-89ab72b9-80f4-4a85-8e00-a6fdb692f9c0 tempest-AttachVolumeNegativeTest-419283045 tempest-AttachVolumeNegativeTest-419283045-project] Empty body provided in request {{(pid=109337) get_body /opt/stack/cinder/cinder/api/openstack/wsgi.py:715}}
Jan 13 16:58:24.940241 dv-cinder-799871-9-smb devstack@c-api.service[109337]: DEBUG cinder.api.openstack.wsgi [None req-89ab72b9-80f4-4a85-8e00-a6fdb692f9c0 tempest-AttachVolumeNegativeTest-419283045 tempest-AttachVolumeNegativeTest-419283045-project] Calling method 'show' {{(pid=109337) _process_stack /opt/stack/cinder/cinder/api/openstack/wsgi.py:868}}
Jan 13 16:58:24.959940 dv-cinder-799871-9-smb devstack@c-api.service[109337]: /usr/local/lib/python3.8/dist-packages/oslo_context/context.py:105: DeprecationWarning: Policy enforcement is depending on the value of is_admin. This key is deprecated. Please update your policy file to use the standard policy values.
Jan 13 16:58:24.959940 dv-cinder-799871-9-smb devstack@c-api.service[109337]: warnings.warn('Policy enforcement is depending on the value of '
Jan 13 16:58:24.968046 dv-cinder-799871-9-smb devstack@c-api.service[109337]: INFO cinder.volume.api [None req-89ab72b9-80f4-4a85-8e00-a6fdb692f9c0 tempest-AttachVolumeNegativeTest-419283045 tempest-AttachVolumeNegativeTest-419283045-project] Volume info retrieved successfully.
Jan 13 16:58:24.977733 dv-cinder-799871-9-smb devstack@c-api.service[109337]: INFO cinder.api.openstack.wsgi [None req-89ab72b9-80f4-4a85-8e00-a6fdb692f9c0 tempest-AttachVolumeNegativeTest-419283045 tempest-AttachVolumeNegativeTest-419283045-project] http://10.222.0.25/volume/v3/c736fd681d1e4c8388254adce570aa08/volumes/5d3ecf99-fa95-4f81-89cc-360ddc08f16b returned with HTTP 200
Jan 13 16:58:24.980503 dv-cinder-799871-9-smb devstack@c-api.service[109337]: [pid: 109337|app: 0|req: 122/243] 10.222.0.25 () {58 vars in 1324 bytes} [Thu Jan 13 16:58:24 2022] GET /volume/v3/c736fd681d1e4c8388254adce570aa08/volumes/5d3ecf99-fa95-4f81-89cc-360ddc08f16b => generated 917 bytes in 47 msecs (HTTP/1.1 200) 7 headers in 285 bytes (1 switches on core 0)
Jan 13 16:58:24.989643 dv-cinder-799871-9-smb devstack@c-api.service[109337]: INFO cinder.api.openstack.wsgi [None req-9220cdea-4a7e-4c2d-ab57-05a92f35f442 tempest-GroupSnapshotsTest-1941710090 tempest-GroupSnapshotsTest-1941710090-project] GET http://10.222.0.25/volume/v3/6b38dce5f994428fbf81eae6c85ad2f1/volumes/6b981388-c675-4816-ac8e-2340e59c4dd5
Jan 13 16:58:24.990145 dv-cinder-799871-9-smb devstack@c-api.service[109337]: DEBUG cinder.api.openstack.wsgi [None req-9220cdea-4a7e-4c2d-ab57-05a92f35f442 tempest-GroupSnapshotsTest-1941710090 tempest-GroupSnapshotsTest-1941710090-project] Empty body provided in request {{(pid=109337) get_body /opt/stack/cinder/cinder/api/openstack/wsgi.py:715}}
Jan 13 16:58:24.990641 dv-cinder-799871-9-smb devstack@c-api.service[109337]: DEBUG cinder.api.openstack.wsgi [None req-9220cdea-4a7e-4c2d-ab57-05a92f35f442 tempest-GroupSnapshotsTest-1941710090 tempest-GroupSnapshotsTest-1941710090-project] Calling method 'show' {{(pid=109337) _process_stack /opt/stack/cinder/cinder/api/openstack/wsgi.py:868}}
Jan 13 16:58:25.005086 dv-cinder-799871-9-smb devstack@c-api.service[109337]: /usr/local/lib/python3.8/dist-packages/oslo_context/context.py:105: DeprecationWarning: Policy enforcement is depending on the value of is_admin. This key is deprecated. Please update your policy file to use the standard policy values.
Jan 13 16:58:25.005086 dv-cinder-799871-9-smb devstack@c-api.service[109337]: warnings.warn('Policy enforcement is depending on the value of '
Jan 13 16:58:25.017778 dv-cinder-799871-9-smb devstack@c-api.service[109337]: INFO cinder.volume.api [None req-9220cdea-4a7e-4c2d-ab57-05a92f35f442 tempest-GroupSnapshotsTest-1941710090 tempest-GroupSnapshotsTest-1941710090-project] Volume info retrieved successfully.
Jan 13 16:58:25.024033 dv-cinder-799871-9-smb devstack@c-api.service[109337]: WARNING stevedore.named [None req-9220cdea-4a7e-4c2d-ab57-05a92f35f442 tempest-GroupSnapshotsTest-1941710090 tempest-GroupSnapshotsTest-1941710090-project] Could not load cinder.keymgr.conf_key_mgr.ConfKeyManager
Jan 13 16:58:25.025562 dv-cinder-799871-9-smb devstack@c-api.service[109337]: WARNING castellan.key_manager [None req-9220cdea-4a7e-4c2d-ab57-05a92f35f442 tempest-GroupSnapshotsTest-1941710090 tempest-GroupSnapshotsTest-1941710090-project] Deprecation Warning : cinder.keymgr.conf_key_mgr.ConfKeyManager is not a stevedore based driver, trying to load it as a class: stevedore.exception.NoMatches: No 'castellan.drivers' driver found, looking for 'cinder.keymgr.conf_key_mgr.ConfKeyManager'
Jan 13 16:58:25.038653 dv-cinder-799871-9-smb devstack@c-api.service[109337]: DEBUG oslo_db.sqlalchemy.engines [None req-9220cdea-4a7e-4c2d-ab57-05a92f35f442 tempest-GroupSnapshotsTest-1941710090 tempest-GroupSnapshotsTest-1941710090-project] MySQL server mode set to STRICT_TRANS_TABLES,STRICT_ALL_TABLES,NO_ZERO_IN_DATE,NO_ZERO_DATE,ERROR_FOR_DIVISION_BY_ZERO,TRADITIONAL,NO_ENGINE_SUBSTITUTION {{(pid=109337) _check_effective_sql_mode /usr/local/lib/python3.8/dist-packages/oslo_db/sqlalchemy/engines.py:314}}
Jan 13 16:58:25.046034 dv-cinder-799871-9-smb devstack@c-api.service[109337]: /usr/local/lib/python3.8/dist-packages/oslo_context/context.py:105: DeprecationWarning: Policy enforcement is depending on the value of is_admin. This key is deprecated. Please update your policy file to use the standard policy values.
Jan 13 16:58:25.046034 dv-cinder-799871-9-smb devstack@c-api.service[109337]: warnings.warn('Policy enforcement is depending on the value of '
Jan 13 16:58:25.074020 dv-cinder-799871-9-smb devstack@c-api.service[109337]: INFO cinder.api.openstack.wsgi [None req-9220cdea-4a7e-4c2d-ab57-05a92f35f442 tempest-GroupSnapshotsTest-1941710090 tempest-GroupSnapshotsTest-1941710090-project] http://10.222.0.25/volume/v3/6b38dce5f994428fbf81eae6c85ad2f1/volumes/6b981388-c675-4816-ac8e-2340e59c4dd5 returned with HTTP 200
Jan 13 16:58:25.075006 dv-cinder-799871-9-smb devstack@c-api.service[109337]: [pid: 109337|app: 0|req: 123/244] 10.222.0.25 () {60 vars in 1365 bytes} [Thu Jan 13 16:58:24 2022] GET /volume/v3/6b38dce5f994428fbf81eae6c85ad2f1/volumes/6b981388-c675-4816-ac8e-2340e59c4dd5 => generated 999 bytes in 94 msecs (HTTP/1.1 200) 7 headers in 286 bytes (1 switches on core 0)
Jan 13 16:58:25.078888 dv-cinder-799871-9-smb devstack@c-api.service[109337]: INFO cinder.api.openstack.wsgi [None req-0d297b74-15cf-405e-884e-e50de520283d tempest-VolumeTypesNegativeTest-1331979684 tempest-VolumeTypesNegativeTest-1331979684-project-admin] GET http://10.222.0.25/volume/v3/cf05fad584a746699932c76a497b432a/types/f8916571-1268-4daa-9a6e-6c718ab087bc
Jan 13 16:58:25.080113 dv-cinder-799871-9-smb devstack@c-api.service[109337]: DEBUG cinder.api.openstack.wsgi [None req-0d297b74-15cf-405e-884e-e50de520283d tempest-VolumeTypesNegativeTest-1331979684 tempest-VolumeTypesNegativeTest-1331979684-project-admin] Empty body provided in request {{(pid=109337) get_body /opt/stack/cinder/cinder/api/openstack/wsgi.py:715}}
Jan 13 16:58:25.080636 dv-cinder-799871-9-smb devstack@c-api.service[109337]: DEBUG cinder.api.openstack.wsgi [None req-0d297b74-15cf-405e-884e-e50de520283d tempest-VolumeTypesNegativeTest-1331979684 tempest-VolumeTypesNegativeTest-1331979684-project-admin] Calling method 'show' {{(pid=109337) _process_stack /opt/stack/cinder/cinder/api/openstack/wsgi.py:868}}
