Nov 18 21:01:07.337799 dv-cinder-799871-8-iscsi devstack@c-api.service[109471]: DEBUG cinder.api.openstack.wsgi [None req-b2bc5161-a67b-44e6-b644-adfad9518edb tempest-SnapshotsActionsTest-880328977 tempest-SnapshotsActionsTest-880328977-project] Action: 'create', calling method: create, body: {"volume": {"size": 1, "name": "tempest-SnapshotsActionsTest-Volume-1592354766"}} {{(pid=109471) _process_stack /opt/stack/cinder/cinder/api/openstack/wsgi.py:854}}
Nov 18 21:01:07.339849 dv-cinder-799871-8-iscsi devstack@c-api.service[109471]: DEBUG cinder.api.v3.volumes [None req-b2bc5161-a67b-44e6-b644-adfad9518edb tempest-SnapshotsActionsTest-880328977 tempest-SnapshotsActionsTest-880328977-project] Create volume request body: {'volume': {'size': 1, 'name': 'tempest-SnapshotsActionsTest-Volume-1592354766'}} {{(pid=109471) create /opt/stack/cinder/cinder/api/v3/volumes.py:298}}
Nov 18 21:01:07.340706 dv-cinder-799871-8-iscsi devstack@c-api.service[109471]: INFO cinder.api.v3.volumes [None req-b2bc5161-a67b-44e6-b644-adfad9518edb tempest-SnapshotsActionsTest-880328977 tempest-SnapshotsActionsTest-880328977-project] Create volume of 1 GB
Nov 18 21:01:07.347409 dv-cinder-799871-8-iscsi devstack@c-api.service[109472]: INFO cinder.api.v3.groups [None req-537767f2-24bb-473c-89a0-43e9bd641741 tempest-GroupsTest-1505947409 tempest-GroupsTest-1505947409-project] Creating group tempest-Group2-810186800.
Nov 18 21:01:07.348791 dv-cinder-799871-8-iscsi devstack@c-api.service[109472]: /usr/local/lib/python3.8/dist-packages/oslo_context/context.py:105: DeprecationWarning: Policy enforcement is depending on the value of is_admin. This key is deprecated. Please update your policy file to use the standard policy values.
Nov 18 21:01:07.348791 dv-cinder-799871-8-iscsi devstack@c-api.service[109472]: warnings.warn('Policy enforcement is depending on the value of '
Nov 18 21:01:07.349106 dv-cinder-799871-8-iscsi devstack@c-api.service[109471]: INFO cinder.volume.api [None req-b2bc5161-a67b-44e6-b644-adfad9518edb tempest-SnapshotsActionsTest-880328977 tempest-SnapshotsActionsTest-880328977-project] Availability Zones retrieved successfully.
Nov 18 21:01:07.367274 dv-cinder-799871-8-iscsi devstack@c-api.service[109472]: INFO cinder.volume.api [None req-537767f2-24bb-473c-89a0-43e9bd641741 tempest-GroupsTest-1505947409 tempest-GroupsTest-1505947409-project] Availability Zones retrieved successfully.
Nov 18 21:01:07.373618 dv-cinder-799871-8-iscsi devstack@c-api.service[109471]: DEBUG cinder.volume.api [None req-b2bc5161-a67b-44e6-b644-adfad9518edb tempest-SnapshotsActionsTest-880328977 tempest-SnapshotsActionsTest-880328977-project] Flow 'volume_create_api' (1703bd9e-04ce-4a8c-aa5c-93cb5bbbe660) transitioned into state 'RUNNING' from state 'PENDING' {{(pid=109471) _flow_receiver /usr/local/lib/python3.8/dist-packages/taskflow/listeners/logging.py:141}}
Nov 18 21:01:07.377266 dv-cinder-799871-8-iscsi devstack@c-api.service[109471]: DEBUG cinder.volume.api [None req-b2bc5161-a67b-44e6-b644-adfad9518edb tempest-SnapshotsActionsTest-880328977 tempest-SnapshotsActionsTest-880328977-project] Task 'cinder.volume.flows.api.create_volume.ExtractVolumeRequestTask;volume:create' (ab00cf6e-7691-46dc-9550-69bdba72814d) transitioned into state 'RUNNING' from state 'PENDING' {{(pid=109471) _task_receiver /usr/local/lib/python3.8/dist-packages/taskflow/listeners/logging.py:190}}
Nov 18 21:01:07.380216 dv-cinder-799871-8-iscsi devstack@c-api.service[109471]: DEBUG cinder.volume.flows.api.create_volume [None req-b2bc5161-a67b-44e6-b644-adfad9518edb tempest-SnapshotsActionsTest-880328977 tempest-SnapshotsActionsTest-880328977-project] Validating volume size '1' using validate_int {{(pid=109471) _extract_size /opt/stack/cinder/cinder/volume/flows/api/create_volume.py:225}}
Nov 18 21:01:07.403983 dv-cinder-799871-8-iscsi devstack@c-api.service[109472]: DEBUG cinder.quota [None req-537767f2-24bb-473c-89a0-43e9bd641741 tempest-GroupsTest-1505947409 tempest-GroupsTest-1505947409-project] Created reservations ['c0f542b8-35e6-4f53-80ff-4fd45cbad127'] {{(pid=109472) reserve /opt/stack/cinder/cinder/quota.py:755}}
Nov 18 21:01:07.444830 dv-cinder-799871-8-iscsi devstack@c-api.service[109471]: DEBUG cinder.volume.api [None req-b2bc5161-a67b-44e6-b644-adfad9518edb tempest-SnapshotsActionsTest-880328977 tempest-SnapshotsActionsTest-880328977-project] Task 'cinder.volume.flows.api.create_volume.ExtractVolumeRequestTask;volume:create' (ab00cf6e-7691-46dc-9550-69bdba72814d) transitioned into state 'SUCCESS' from state 'RUNNING' with result '{'size': 1, 'snapshot_id': None, 'source_volid': None, 'volume_type': VolumeType(created_at=2021-11-18T20:51:35Z,deleted=False,deleted_at=None,description='Default Volume Type',extra_specs={},id=e3cae9a9-d7df-4dec-9edd-b97ba0d1132c,is_public=True,name='__DEFAULT__',projects=[],qos_specs=,qos_specs_id=None,updated_at=2021-11-18T20:51:35Z), 'volume_type_id': 'e3cae9a9-d7df-4dec-9edd-b97ba0d1132c', 'encryption_key_id': None, 'qos_specs': None, 'consistencygroup_id': None, 'cgsnapshot_id': None, 'group_id': None, 'replication_status': 'disabled', 'refresh_az': False, 'backup_id': None, 'multiattach': False, 'availability_zones': ['nova']}' {{(pid=109471) _task_receiver /usr/local/lib/python3.8/dist-packages/taskflow/listeners/logging.py:178}}
Nov 18 21:01:07.451363 dv-cinder-799871-8-iscsi devstack@c-api.service[109471]: DEBUG cinder.volume.api [None req-b2bc5161-a67b-44e6-b644-adfad9518edb tempest-SnapshotsActionsTest-880328977 tempest-SnapshotsActionsTest-880328977-project] Task 'cinder.volume.flows.api.create_volume.QuotaReserveTask;volume:create' (32946375-e7e9-4f45-a795-1235d05b4614) transitioned into state 'RUNNING' from state 'PENDING' {{(pid=109471) _task_receiver /usr/local/lib/python3.8/dist-packages/taskflow/listeners/logging.py:190}}
Nov 18 21:01:07.489755 dv-cinder-799871-8-iscsi devstack@c-api.service[109472]: INFO cinder.api.openstack.wsgi [None req-537767f2-24bb-473c-89a0-43e9bd641741 tempest-GroupsTest-1505947409 tempest-GroupsTest-1505947409-project] http://10.222.0.61/volume/v3/969048cdf60543d89b0e825783683316/groups returned with HTTP 202
Nov 18 21:01:07.497324 dv-cinder-799871-8-iscsi devstack@c-api.service[109472]: [pid: 109472|app: 0|req: 53/115] 10.222.0.61 () {62 vars in 1273 bytes} [Thu Nov 18 21:01:07 2021] POST /volume/v3/969048cdf60543d89b0e825783683316/groups => generated 93 bytes in 164 msecs (HTTP/1.1 202) 7 headers in 291 bytes (1 switches on core 0)
Nov 18 21:01:07.512079 dv-cinder-799871-8-iscsi devstack@c-api.service[109472]: INFO cinder.api.openstack.wsgi [None req-39bcd5f3-0ae2-4a4b-8efd-c288931253c2 tempest-GroupsTest-1505947409 tempest-GroupsTest-1505947409-project] GET http://10.222.0.61/volume/v3/969048cdf60543d89b0e825783683316/groups/b33dd582-b1dc-46f3-9f83-6352f5522410
Nov 18 21:01:07.512379 dv-cinder-799871-8-iscsi devstack@c-api.service[109472]: DEBUG cinder.api.openstack.wsgi [None req-39bcd5f3-0ae2-4a4b-8efd-c288931253c2 tempest-GroupsTest-1505947409 tempest-GroupsTest-1505947409-project] Empty body provided in request {{(pid=109472) get_body /opt/stack/cinder/cinder/api/openstack/wsgi.py:703}}
Nov 18 21:01:07.512544 dv-cinder-799871-8-iscsi devstack@c-api.service[109472]: /usr/local/lib/python3.8/dist-packages/webob/acceptparse.py:1047: DeprecationWarning: The behavior of AcceptValidHeader.best_match is currently being maintained for backward compatibility, but it will be deprecated in the future, as it does not conform to the RFC.
Nov 18 21:01:07.512544 dv-cinder-799871-8-iscsi devstack@c-api.service[109472]: warnings.warn(
Nov 18 21:01:07.512856 dv-cinder-799871-8-iscsi devstack@c-api.service[109472]: DEBUG cinder.api.openstack.wsgi [None req-39bcd5f3-0ae2-4a4b-8efd-c288931253c2 tempest-GroupsTest-1505947409 tempest-GroupsTest-1505947409-project] Calling method 'version_select' {{(pid=109472) _process_stack /opt/stack/cinder/cinder/api/openstack/wsgi.py:856}}
Nov 18 21:01:07.514594 dv-cinder-799871-8-iscsi devstack@c-api.service[109472]: DEBUG cinder.api.v3.groups [None req-39bcd5f3-0ae2-4a4b-8efd-c288931253c2 tempest-GroupsTest-1505947409 tempest-GroupsTest-1505947409-project] show called for member b33dd582-b1dc-46f3-9f83-6352f5522410 {{(pid=109472) show /opt/stack/cinder/cinder/api/v3/groups.py:58}}
Nov 18 21:01:07.529380 dv-cinder-799871-8-iscsi devstack@c-api.service[109472]: /usr/local/lib/python3.8/dist-packages/oslo_context/context.py:105: DeprecationWarning: Policy enforcement is depending on the value of is_admin. This key is deprecated. Please update your policy file to use the standard policy values.
Nov 18 21:01:07.529380 dv-cinder-799871-8-iscsi devstack@c-api.service[109472]: warnings.warn('Policy enforcement is depending on the value of '
Nov 18 21:01:07.549824 dv-cinder-799871-8-iscsi devstack@c-api.service[109472]: INFO cinder.api.openstack.wsgi [None req-39bcd5f3-0ae2-4a4b-8efd-c288931253c2 tempest-GroupsTest-1505947409 tempest-GroupsTest-1505947409-project] http://10.222.0.61/volume/v3/969048cdf60543d89b0e825783683316/groups/b33dd582-b1dc-46f3-9f83-6352f5522410 returned with HTTP 200
Nov 18 21:01:07.550925 dv-cinder-799871-8-iscsi devstack@c-api.service[109472]: [pid: 109472|app: 0|req: 54/116] 10.222.0.61 () {60 vars in 1362 bytes} [Thu Nov 18 21:01:07 2021] GET /volume/v3/969048cdf60543d89b0e825783683316/groups/b33dd582-b1dc-46f3-9f83-6352f5522410 => generated 321 bytes in 51 msecs (HTTP/1.1 200) 7 headers in 286 bytes (1 switches on core 0)
Nov 18 21:01:07.614229 dv-cinder-799871-8-iscsi devstack@c-api.service[109471]: DEBUG cinder.quota [None req-b2bc5161-a67b-44e6-b644-adfad9518edb tempest-SnapshotsActionsTest-880328977 tempest-SnapshotsActionsTest-880328977-project] Created reservations ['5ebf87fb-ee8e-47cb-b31d-65eedf17fbda', 'da925c29-5659-457f-868f-0dc1c603107e', '9659dd99-ca6b-41e7-9ac0-be98dbe5a266', '34708bd9-1780-47c5-aec7-d208fb32a731'] {{(pid=109471) reserve /opt/stack/cinder/cinder/quota.py:755}}
Nov 18 21:01:07.623690 dv-cinder-799871-8-iscsi devstack@c-api.service[109471]: DEBUG cinder.volume.api [None req-b2bc5161-a67b-44e6-b644-adfad9518edb tempest-SnapshotsActionsTest-880328977 tempest-SnapshotsActionsTest-880328977-project] Task 'cinder.volume.flows.api.create_volume.QuotaReserveTask;volume:create' (32946375-e7e9-4f45-a795-1235d05b4614) transitioned into state 'SUCCESS' from state 'RUNNING' with result '{'reservations': ['5ebf87fb-ee8e-47cb-b31d-65eedf17fbda', 'da925c29-5659-457f-868f-0dc1c603107e', '9659dd99-ca6b-41e7-9ac0-be98dbe5a266', '34708bd9-1780-47c5-aec7-d208fb32a731']}' {{(pid=109471) _task_receiver /usr/local/lib/python3.8/dist-packages/taskflow/listeners/logging.py:178}}
Nov 18 21:01:07.627058 dv-cinder-799871-8-iscsi devstack@c-api.service[109471]: DEBUG cinder.volume.api [None req-b2bc5161-a67b-44e6-b644-adfad9518edb tempest-SnapshotsActionsTest-880328977 tempest-SnapshotsActionsTest-880328977-project] Task 'cinder.volume.flows.api.create_volume.EntryCreateTask;volume:create' (a886db1b-59b4-420f-b453-ff12cfb4ba72) transitioned into state 'RUNNING' from state 'PENDING' {{(pid=109471) _task_receiver /usr/local/lib/python3.8/dist-packages/taskflow/listeners/logging.py:190}}
Nov 18 21:01:07.640831 dv-cinder-799871-8-iscsi devstack@c-api.service[109472]: INFO cinder.api.openstack.wsgi [None req-2b680209-3279-4652-b386-4f33553239e0 tempest-SnapshotMetadataTestJSON-581610057 tempest-SnapshotMetadataTestJSON-581610057-project] GET http://10.222.0.61/volume/v3/3082dcff2fbb42629b4d129c584c31b1/snapshots/235da73d-0192-47fe-ac92-c080cb67ad86
Nov 18 21:01:07.641605 dv-cinder-799871-8-iscsi devstack@c-api.service[109472]: DEBUG cinder.api.openstack.wsgi [None req-2b680209-3279-4652-b386-4f33553239e0 tempest-SnapshotMetadataTestJSON-581610057 tempest-SnapshotMetadataTestJSON-581610057-project] Empty body provided in request {{(pid=109472) get_body /opt/stack/cinder/cinder/api/openstack/wsgi.py:703}}
Nov 18 21:01:07.641605 dv-cinder-799871-8-iscsi devstack@c-api.service[109472]: /usr/local/lib/python3.8/dist-packages/webob/acceptparse.py:1047: DeprecationWarning: The behavior of AcceptValidHeader.best_match is currently being maintained for backward compatibility, but it will be deprecated in the future, as it does not conform to the RFC.
Nov 18 21:01:07.641605 dv-cinder-799871-8-iscsi devstack@c-api.service[109472]: warnings.warn(
Nov 18 21:01:07.641926 dv-cinder-799871-8-iscsi devstack@c-api.service[109472]: DEBUG cinder.api.openstack.wsgi [None req-2b680209-3279-4652-b386-4f33553239e0 tempest-SnapshotMetadataTestJSON-581610057 tempest-SnapshotMetadataTestJSON-581610057-project] Calling method 'show' {{(pid=109472) _process_stack /opt/stack/cinder/cinder/api/openstack/wsgi.py:856}}
Nov 18 21:01:07.652767 dv-cinder-799871-8-iscsi devstack@c-api.service[109472]: INFO cinder.api.openstack.wsgi [None req-2b680209-3279-4652-b386-4f33553239e0 tempest-SnapshotMetadataTestJSON-581610057 tempest-SnapshotMetadataTestJSON-581610057-project] http://10.222.0.61/volume/v3/3082dcff2fbb42629b4d129c584c31b1/snapshots/235da73d-0192-47fe-ac92-c080cb67ad86 returned with HTTP 404
Nov 18 21:01:07.654313 dv-cinder-799871-8-iscsi devstack@c-api.service[109472]: [pid: 109472|app: 0|req: 55/117] 10.222.0.61 () {58 vars in 1330 bytes} [Thu Nov 18 21:01:07 2021] GET /volume/v3/3082dcff2fbb42629b4d129c584c31b1/snapshots/235da73d-0192-47fe-ac92-c080cb67ad86 => generated 111 bytes in 18 msecs (HTTP/1.1 404) 7 headers in 292 bytes (2 switches on core 0)
Nov 18 21:01:07.667032 dv-cinder-799871-8-iscsi devstack@c-api.service[109472]: INFO cinder.api.openstack.wsgi [None req-0fe4d928-4442-438a-ad64-a2d184eb5644 tempest-SnapshotMetadataTestJSON-581610057 tempest-SnapshotMetadataTestJSON-581610057-project] DELETE http://10.222.0.61/volume/v3/3082dcff2fbb42629b4d129c584c31b1/volumes/f1814ce9-38e1-4e35-b374-eef40de466ad
Nov 18 21:01:07.668495 dv-cinder-799871-8-iscsi devstack@c-api.service[109472]: DEBUG cinder.api.openstack.wsgi [None req-0fe4d928-4442-438a-ad64-a2d184eb5644 tempest-SnapshotMetadataTestJSON-581610057 tempest-SnapshotMetadataTestJSON-581610057-project] Empty body provided in request {{(pid=109472) get_body /opt/stack/cinder/cinder/api/openstack/wsgi.py:703}}
Nov 18 21:01:07.669116 dv-cinder-799871-8-iscsi devstack@c-api.service[109472]: DEBUG cinder.api.openstack.wsgi [None req-0fe4d928-4442-438a-ad64-a2d184eb5644 tempest-SnapshotMetadataTestJSON-581610057 tempest-SnapshotMetadataTestJSON-581610057-project] Calling method 'delete' {{(pid=109472) _process_stack /opt/stack/cinder/cinder/api/openstack/wsgi.py:856}}
Nov 18 21:01:07.669688 dv-cinder-799871-8-iscsi devstack@c-api.service[109472]: INFO cinder.api.v3.volumes [None req-0fe4d928-4442-438a-ad64-a2d184eb5644 tempest-SnapshotMetadataTestJSON-581610057 tempest-SnapshotMetadataTestJSON-581610057-project] Delete volume with id: f1814ce9-38e1-4e35-b374-eef40de466ad
Nov 18 21:01:07.687333 dv-cinder-799871-8-iscsi devstack@c-api.service[109471]: DEBUG cinder.volume.api [None req-b2bc5161-a67b-44e6-b644-adfad9518edb tempest-SnapshotsActionsTest-880328977 tempest-SnapshotsActionsTest-880328977-project] Task 'cinder.volume.flows.api.create_volume.EntryCreateTask;volume:create' (a886db1b-59b4-420f-b453-ff12cfb4ba72) transitioned into state 'SUCCESS' from state 'RUNNING' with result '{'volume_id': 'cd61377b-a8ab-494c-81f0-619700ae00e2', 'volume_properties': VolumeProperties(attach_status='detached',availability_zone='nova',cgsnapshot_id=None,consistencygroup_id=None,display_description=None,display_name='tempest-SnapshotsActionsTest-Volume-1592354766',encryption_key_id=None,group_id=None,group_type_id=,metadata={},multiattach=False,project_id='a19e331a40f749bc950f68792b2e41a7',qos_specs=None,replication_status=,reservations=['5ebf87fb-ee8e-47cb-b31d-65eedf17fbda','da925c29-5659-457f-868f-0dc1c603107e','9659dd99-ca6b-41e7-9ac0-be98dbe5a266','34708bd9-1780-47c5-aec7-d208fb32a731'],size=1,snapshot_id=None,source_replicaid=,source_volid=None,status='creating',user_id='f1e26da744844ab5bfc3ca576e2c3aec',volume_type_id=e3cae9a9-d7df-4dec-9edd-b97ba0d1132c), 'volume': Volume(_name_id=None,admin_metadata=,attach_status='detached',availability_zone='nova',bootable=False,cluster=,cluster_name=None,consistencygroup=,consistencygroup_id=None,created_at=2021-11-18T21:01:07Z,deleted=False,deleted_at=None,display_description=None,display_name='tempest-SnapshotsActionsTest-Volume-1592354766',ec2_id=None,encryption_key_id=None,glance_metadata=,group=,group_id=None,host=None,id=cd61377b-a8ab-494c-81f0-619700ae00e2,launched_at=None,metadata={},migration_status=None,multiattach=False,previous_status=None,project_id='a19e331a40f749bc950f68792b2e41a7',provider_auth=None,provider_geometry=None,provider_id=None,provider_location=None,replication_driver_data=None,replication_extended_status=None,replication_status=None,scheduled_at=None,service_uuid=None,shared_targets=True,size=1,snapshot_id=None,snapshots=,source_volid=None,status='creating',terminated_at=None,updated_at=None,use_quota=True,user_id='f1e26da744844ab5bfc3ca576e2c3aec',volume_attachment=VolumeAttachmentList,volume_type=VolumeType(e3cae9a9-d7df-4dec-9edd-b97ba0d1132c),volume_type_id=e3cae9a9-d7df-4dec-9edd-b97ba0d1132c)}' {{(pid=109471) _task_receiver /usr/local/lib/python3.8/dist-packages/taskflow/listeners/logging.py:178}}
Nov 18 21:01:07.698646 dv-cinder-799871-8-iscsi devstack@c-api.service[109471]: DEBUG cinder.volume.api [None req-b2bc5161-a67b-44e6-b644-adfad9518edb tempest-SnapshotsActionsTest-880328977 tempest-SnapshotsActionsTest-880328977-project] Task 'cinder.volume.flows.api.create_volume.QuotaCommitTask;volume:create' (1467f1aa-5d8e-4688-8995-9eeff521c887) transitioned into state 'RUNNING' from state 'PENDING' {{(pid=109471) _task_receiver /usr/local/lib/python3.8/dist-packages/taskflow/listeners/logging.py:190}}
Nov 18 21:01:07.721557 dv-cinder-799871-8-iscsi devstack@c-api.service[109472]: /usr/local/lib/python3.8/dist-packages/oslo_context/context.py:105: DeprecationWarning: Policy enforcement is depending on the value of is_admin. This key is deprecated. Please update your policy file to use the standard policy values.
Nov 18 21:01:07.721557 dv-cinder-799871-8-iscsi devstack@c-api.service[109472]: warnings.warn('Policy enforcement is depending on the value of '
Nov 18 21:01:07.732258 dv-cinder-799871-8-iscsi devstack@c-api.service[109472]: INFO cinder.volume.api [None req-0fe4d928-4442-438a-ad64-a2d184eb5644 tempest-SnapshotMetadataTestJSON-581610057 tempest-SnapshotMetadataTestJSON-581610057-project] Volume info retrieved successfully.
Nov 18 21:01:07.781589 dv-cinder-799871-8-iscsi devstack@c-api.service[109471]: DEBUG cinder.volume.api [None req-b2bc5161-a67b-44e6-b644-adfad9518edb tempest-SnapshotsActionsTest-880328977 tempest-SnapshotsActionsTest-880328977-project] Task 'cinder.volume.flows.api.create_volume.QuotaCommitTask;volume:create' (1467f1aa-5d8e-4688-8995-9eeff521c887) transitioned into state 'SUCCESS' from state 'RUNNING' with result '{'volume_properties': VolumeProperties(attach_status='detached',availability_zone='nova',cgsnapshot_id=None,consistencygroup_id=None,display_description=None,display_name='tempest-SnapshotsActionsTest-Volume-1592354766',encryption_key_id=None,group_id=None,group_type_id=,metadata={},multiattach=False,project_id='a19e331a40f749bc950f68792b2e41a7',qos_specs=None,replication_status=,reservations=['5ebf87fb-ee8e-47cb-b31d-65eedf17fbda','da925c29-5659-457f-868f-0dc1c603107e','9659dd99-ca6b-41e7-9ac0-be98dbe5a266','34708bd9-1780-47c5-aec7-d208fb32a731'],size=1,snapshot_id=None,source_replicaid=,source_volid=None,status='creating',user_id='f1e26da744844ab5bfc3ca576e2c3aec',volume_type_id=e3cae9a9-d7df-4dec-9edd-b97ba0d1132c)}' {{(pid=109471) _task_receiver /usr/local/lib/python3.8/dist-packages/taskflow/listeners/logging.py:178}}
Nov 18 21:01:07.790850 dv-cinder-799871-8-iscsi devstack@c-api.service[109471]: DEBUG cinder.volume.api [None req-b2bc5161-a67b-44e6-b644-adfad9518edb tempest-SnapshotsActionsTest-880328977 tempest-SnapshotsActionsTest-880328977-project] Task 'cinder.volume.flows.api.create_volume.VolumeCastTask;volume:create' (56c6e864-240c-4a10-8c4e-1f753da9c23f) transitioned into state 'RUNNING' from state 'PENDING' {{(pid=109471) _task_receiver /usr/local/lib/python3.8/dist-packages/taskflow/listeners/logging.py:190}}
Nov 18 21:01:07.804625 dv-cinder-799871-8-iscsi devstack@c-api.service[109472]: INFO cinder.volume.api [None req-0fe4d928-4442-438a-ad64-a2d184eb5644 tempest-SnapshotMetadataTestJSON-581610057 tempest-SnapshotMetadataTestJSON-581610057-project] Delete volume request issued successfully.
Nov 18 21:01:07.805219 dv-cinder-799871-8-iscsi devstack@c-api.service[109472]: INFO cinder.api.openstack.wsgi [None req-0fe4d928-4442-438a-ad64-a2d184eb5644 tempest-SnapshotMetadataTestJSON-581610057 tempest-SnapshotMetadataTestJSON-581610057-project] http://10.222.0.61/volume/v3/3082dcff2fbb42629b4d129c584c31b1/volumes/f1814ce9-38e1-4e35-b374-eef40de466ad returned with HTTP 202
Nov 18 21:01:07.814695 dv-cinder-799871-8-iscsi devstack@c-api.service[109472]: [pid: 109472|app: 0|req: 56/118] 10.222.0.61 () {58 vars in 1327 bytes} [Thu Nov 18 21:01:07 2021] DELETE /volume/v3/3082dcff2fbb42629b4d129c584c31b1/volumes/f1814ce9-38e1-4e35-b374-eef40de466ad => generated 0 bytes in 154 msecs (HTTP/1.1 202) 6 headers in 233 bytes (1 switches on core 0)
Nov 18 21:01:07.823744 dv-cinder-799871-8-iscsi devstack@c-api.service[109472]: INFO cinder.api.openstack.wsgi [None req-7251015c-ce88-4779-adce-a09867b19e5c tempest-SnapshotMetadataTestJSON-581610057 tempest-SnapshotMetadataTestJSON-581610057-project] GET http://10.222.0.61/volume/v3/3082dcff2fbb42629b4d129c584c31b1/volumes/f1814ce9-38e1-4e35-b374-eef40de466ad
Nov 18 21:01:07.824391 dv-cinder-799871-8-iscsi devstack@c-api.service[109472]: DEBUG cinder.api.openstack.wsgi [None req-7251015c-ce88-4779-adce-a09867b19e5c tempest-SnapshotMetadataTestJSON-581610057 tempest-SnapshotMetadataTestJSON-581610057-project] Empty body provided in request {{(pid=109472) get_body /opt/stack/cinder/cinder/api/openstack/wsgi.py:703}}
Nov 18 21:01:07.824658 dv-cinder-799871-8-iscsi devstack@c-api.service[109472]: /usr/local/lib/python3.8/dist-packages/webob/acceptparse.py:1047: DeprecationWarning: The behavior of AcceptValidHeader.best_match is currently being maintained for backward compatibility, but it will be deprecated in the future, as it does not conform to the RFC.
Nov 18 21:01:07.824658 dv-cinder-799871-8-iscsi devstack@c-api.service[109472]: warnings.warn(
Nov 18 21:01:07.825117 dv-cinder-799871-8-iscsi devstack@c-api.service[109472]: DEBUG cinder.api.openstack.wsgi [None req-7251015c-ce88-4779-adce-a09867b19e5c tempest-SnapshotMetadataTestJSON-581610057 tempest-SnapshotMetadataTestJSON-581610057-project] Calling method 'show' {{(pid=109472) _process_stack /opt/stack/cinder/cinder/api/openstack/wsgi.py:856}}
Nov 18 21:01:07.844042 dv-cinder-799871-8-iscsi devstack@c-api.service[109471]: DEBUG cinder.volume.api [None req-b2bc5161-a67b-44e6-b644-adfad9518edb tempest-SnapshotsActionsTest-880328977 tempest-SnapshotsActionsTest-880328977-project] Task 'cinder.volume.flows.api.create_volume.VolumeCastTask;volume:create' (56c6e864-240c-4a10-8c4e-1f753da9c23f) transitioned into state 'SUCCESS' from state 'RUNNING' with result 'None' {{(pid=109471) _task_receiver /usr/local/lib/python3.8/dist-packages/taskflow/listeners/logging.py:178}}
Nov 18 21:01:07.850863 dv-cinder-799871-8-iscsi devstack@c-api.service[109471]: DEBUG cinder.volume.api [None req-b2bc5161-a67b-44e6-b644-adfad9518edb tempest-SnapshotsActionsTest-880328977 tempest-SnapshotsActionsTest-880328977-project] Flow 'volume_create_api' (1703bd9e-04ce-4a8c-aa5c-93cb5bbbe660) transitioned into state 'SUCCESS' from state 'RUNNING' {{(pid=109471) _flow_receiver /usr/local/lib/python3.8/dist-packages/taskflow/listeners/logging.py:141}}
Nov 18 21:01:07.853576 dv-cinder-799871-8-iscsi devstack@c-api.service[109471]: INFO cinder.volume.api [None req-b2bc5161-a67b-44e6-b644-adfad9518edb tempest-SnapshotsActionsTest-880328977 tempest-SnapshotsActionsTest-880328977-project] Create volume request issued successfully.
Nov 18 21:01:07.856649 dv-cinder-799871-8-iscsi devstack@c-api.service[109471]: INFO cinder.api.openstack.wsgi [None req-b2bc5161-a67b-44e6-b644-adfad9518edb tempest-SnapshotsActionsTest-880328977 tempest-SnapshotsActionsTest-880328977-project] http://10.222.0.61/volume/v3/a19e331a40f749bc950f68792b2e41a7/volumes returned with HTTP 202
Nov 18 21:01:07.858998 dv-cinder-799871-8-iscsi devstack@c-api.service[109471]: [pid: 109471|app: 0|req: 63/119] 10.222.0.61 () {60 vars in 1234 bytes} [Thu Nov 18 21:01:07 2021] POST /volume/v3/a19e331a40f749bc950f68792b2e41a7/volumes => generated 820 bytes in 829 msecs (HTTP/1.1 202) 7 headers in 291 bytes (1 switches on core 0)
Nov 18 21:01:07.874864 dv-cinder-799871-8-iscsi devstack@c-api.service[109471]: INFO cinder.api.openstack.wsgi [None req-1a8ecbe0-ff69-4758-8c78-d552112dd5fa tempest-SnapshotsActionsTest-880328977 tempest-SnapshotsActionsTest-880328977-project] GET http://10.222.0.61/volume/v3/a19e331a40f749bc950f68792b2e41a7/volumes/cd61377b-a8ab-494c-81f0-619700ae00e2
Nov 18 21:01:07.875879 dv-cinder-799871-8-iscsi devstack@c-api.service[109471]: DEBUG cinder.api.openstack.wsgi [None req-1a8ecbe0-ff69-4758-8c78-d552112dd5fa tempest-SnapshotsActionsTest-880328977 tempest-SnapshotsActionsTest-880328977-project] Empty body provided in request {{(pid=109471) get_body /opt/stack/cinder/cinder/api/openstack/wsgi.py:703}}
Nov 18 21:01:07.875879 dv-cinder-799871-8-iscsi devstack@c-api.service[109471]: /usr/local/lib/python3.8/dist-packages/webob/acceptparse.py:1047: DeprecationWarning: The behavior of AcceptValidHeader.best_match is currently being maintained for backward compatibility, but it will be deprecated in the future, as it does not conform to the RFC.
Nov 18 21:01:07.875879 dv-cinder-799871-8-iscsi devstack@c-api.service[109471]: warnings.warn(
Nov 18 21:01:07.875879 dv-cinder-799871-8-iscsi devstack@c-api.service[109471]: DEBUG cinder.api.openstack.wsgi [None req-1a8ecbe0-ff69-4758-8c78-d552112dd5fa tempest-SnapshotsActionsTest-880328977 tempest-SnapshotsActionsTest-880328977-project] Calling method 'show' {{(pid=109471) _process_stack /opt/stack/cinder/cinder/api/openstack/wsgi.py:856}}
Nov 18 21:01:07.882586 dv-cinder-799871-8-iscsi devstack@c-api.service[109472]: /usr/local/lib/python3.8/dist-packages/oslo_context/context.py:105: DeprecationWarning: Policy enforcement is depending on the value of is_admin. This key is deprecated. Please update your policy file to use the standard policy values.
Nov 18 21:01:07.882586 dv-cinder-799871-8-iscsi devstack@c-api.service[109472]: warnings.warn('Policy enforcement is depending on the value of '
Nov 18 21:01:07.892428 dv-cinder-799871-8-iscsi devstack@c-api.service[109471]: /usr/local/lib/python3.8/dist-packages/oslo_context/context.py:105: DeprecationWarning: Policy enforcement is depending on the value of is_admin. This key is deprecated. Please update your policy file to use the standard policy values.
Nov 18 21:01:07.892428 dv-cinder-799871-8-iscsi devstack@c-api.service[109471]: warnings.warn('Policy enforcement is depending on the value of '
Nov 18 21:01:07.902601 dv-cinder-799871-8-iscsi devstack@c-api.service[109471]: INFO cinder.volume.api [None req-1a8ecbe0-ff69-4758-8c78-d552112dd5fa tempest-SnapshotsActionsTest-880328977 tempest-SnapshotsActionsTest-880328977-project] Volume info retrieved successfully.
Nov 18 21:01:07.904149 dv-cinder-799871-8-iscsi devstack@c-api.service[109472]: INFO cinder.volume.api [None req-7251015c-ce88-4779-adce-a09867b19e5c tempest-SnapshotMetadataTestJSON-581610057 tempest-SnapshotMetadataTestJSON-581610057-project] Volume info retrieved successfully.
Nov 18 21:01:07.912707 dv-cinder-799871-8-iscsi devstack@c-api.service[109471]: INFO cinder.api.openstack.wsgi [None req-1a8ecbe0-ff69-4758-8c78-d552112dd5fa tempest-SnapshotsActionsTest-880328977 tempest-SnapshotsActionsTest-880328977-project] http://10.222.0.61/volume/v3/a19e331a40f749bc950f68792b2e41a7/volumes/cd61377b-a8ab-494c-81f0-619700ae00e2 returned with HTTP 200
Nov 18 21:01:07.919922 dv-cinder-799871-8-iscsi devstack@c-api.service[109472]: INFO cinder.api.openstack.wsgi [None req-7251015c-ce88-4779-adce-a09867b19e5c tempest-SnapshotMetadataTestJSON-581610057 tempest-SnapshotMetadataTestJSON-581610057-project] http://10.222.0.61/volume/v3/3082dcff2fbb42629b4d129c584c31b1/volumes/f1814ce9-38e1-4e35-b374-eef40de466ad returned with HTTP 200
Nov 18 21:01:07.932160 dv-cinder-799871-8-iscsi devstack@c-api.service[109472]: [pid: 109472|app: 0|req: 57/120] 10.222.0.61 () {58 vars in 1324 bytes} [Thu Nov 18 21:01:07 2021] GET /volume/v3/3082dcff2fbb42629b4d129c584c31b1/volumes/f1814ce9-38e1-4e35-b374-eef40de466ad => generated 915 bytes in 101 msecs (HTTP/1.1 200) 7 headers in 285 bytes (1 switches on core 0)
Nov 18 21:01:07.937870 dv-cinder-799871-8-iscsi devstack@c-api.service[109471]: [pid: 109471|app: 0|req: 64/121] 10.222.0.61 () {58 vars in 1324 bytes} [Thu Nov 18 21:01:07 2021] GET /volume/v3/a19e331a40f749bc950f68792b2e41a7/volumes/cd61377b-a8ab-494c-81f0-619700ae00e2 => generated 888 bytes in 60 msecs (HTTP/1.1 200) 7 headers in 285 bytes (1 switches on core 0)
Nov 18 21:01:08.224535 dv-cinder-799871-8-iscsi devstack@c-api.service[109472]: INFO cinder.api.openstack.wsgi [None req-e8cba79e-b126-4b32-9e49-5e7e029e306c tempest-VolumeQuotasNegativeTestJSON-414500961 tempest-VolumeQuotasNegativeTestJSON-414500961-project] GET http://10.222.0.61/volume/v3/d35d55584a444dffbff8517cfaa471e4/volumes/6a5dfbca-5512-4ddc-9784-a31086e7e64a
Nov 18 21:01:08.225687 dv-cinder-799871-8-iscsi devstack@c-api.service[109472]: DEBUG cinder.api.openstack.wsgi [None req-e8cba79e-b126-4b32-9e49-5e7e029e306c tempest-VolumeQuotasNegativeTestJSON-414500961 tempest-VolumeQuotasNegativeTestJSON-414500961-project] Empty body provided in request {{(pid=109472) get_body /opt/stack/cinder/cinder/api/openstack/wsgi.py:703}}
Nov 18 21:01:08.225859 dv-cinder-799871-8-iscsi devstack@c-api.service[109472]: /usr/local/lib/python3.8/dist-packages/webob/acceptparse.py:1047: DeprecationWarning: The behavior of AcceptValidHeader.best_match is currently being maintained for backward compatibility, but it will be deprecated in the future, as it does not conform to the RFC.
Nov 18 21:01:08.225859 dv-cinder-799871-8-iscsi devstack@c-api.service[109472]: warnings.warn(
Nov 18 21:01:08.227060 dv-cinder-799871-8-iscsi devstack@c-api.service[109472]: DEBUG cinder.api.openstack.wsgi [None req-e8cba79e-b126-4b32-9e49-5e7e029e306c tempest-VolumeQuotasNegativeTestJSON-414500961 tempest-VolumeQuotasNegativeTestJSON-414500961-project] Calling method 'show' {{(pid=109472) _process_stack /opt/stack/cinder/cinder/api/openstack/wsgi.py:856}}
Nov 18 21:01:08.248660 dv-cinder-799871-8-iscsi devstack@c-api.service[109472]: INFO cinder.api.openstack.wsgi [None req-e8cba79e-b126-4b32-9e49-5e7e029e306c tempest-VolumeQuotasNegativeTestJSON-414500961 tempest-VolumeQuotasNegativeTestJSON-414500961-project] http://10.222.0.61/volume/v3/d35d55584a444dffbff8517cfaa471e4/volumes/6a5dfbca-5512-4ddc-9784-a31086e7e64a returned with HTTP 404
Nov 18 21:01:08.250658 dv-cinder-799871-8-iscsi devstack@c-api.service[109472]: [pid: 109472|app: 0|req: 58/122] 10.222.0.61 () {58 vars in 1324 bytes} [Thu Nov 18 21:01:08 2021] GET /volume/v3/d35d55584a444dffbff8517cfaa471e4/volumes/6a5dfbca-5512-4ddc-9784-a31086e7e64a => generated 109 bytes in 32 msecs (HTTP/1.1 404) 7 headers in 292 bytes (1 switches on core 0)
Nov 18 21:01:08.291380 dv-cinder-799871-8-iscsi devstack@c-api.service[109471]: INFO cinder.api.openstack.wsgi [None req-8b06ccae-b130-430d-8bb5-3d41a334119d tempest-VolumeQuotasNegativeTestJSON-995177038 tempest-VolumeQuotasNegativeTestJSON-995177038-project-admin] PUT http://10.222.0.61/volume/v3/53d0c3cc11854981a8ea9ed63a4b9754/os-quota-sets/d35d55584a444dffbff8517cfaa471e4
Nov 18 21:01:08.299463 dv-cinder-799871-8-iscsi devstack@c-api.service[109471]: /usr/local/lib/python3.8/dist-packages/webob/acceptparse.py:1047: DeprecationWarning: The behavior of AcceptValidHeader.best_match is currently being maintained for backward compatibility, but it will be deprecated in the future, as it does not conform to the RFC.
Nov 18 21:01:08.299463 dv-cinder-799871-8-iscsi devstack@c-api.service[109471]: warnings.warn(
Nov 18 21:01:08.304666 dv-cinder-799871-8-iscsi devstack@c-api.service[109471]: DEBUG cinder.api.openstack.wsgi [None req-8b06ccae-b130-430d-8bb5-3d41a334119d tempest-VolumeQuotasNegativeTestJSON-995177038 tempest-VolumeQuotasNegativeTestJSON-995177038-project-admin] Action: 'update', calling method: update, body: {"quota_set": {"volumes": 10, "per_volume_gigabytes": -1, "snapshots": 10, "gigabytes": 1000, "backups": 10, "backup_gigabytes": 1000}} {{(pid=109471) _process_stack /opt/stack/cinder/cinder/api/openstack/wsgi.py:854}}
Nov 18 21:01:08.568281 dv-cinder-799871-8-iscsi devstack@c-api.service[109472]: INFO cinder.api.openstack.wsgi [None req-cce75664-eeee-4166-b245-6e0e018fc925 tempest-GroupsTest-1505947409 tempest-GroupsTest-1505947409-project] GET http://10.222.0.61/volume/v3/969048cdf60543d89b0e825783683316/groups/b33dd582-b1dc-46f3-9f83-6352f5522410
Nov 18 21:01:08.568925 dv-cinder-799871-8-iscsi devstack@c-api.service[109472]: DEBUG cinder.api.openstack.wsgi [None req-cce75664-eeee-4166-b245-6e0e018fc925 tempest-GroupsTest-1505947409 tempest-GroupsTest-1505947409-project] Empty body provided in request {{(pid=109472) get_body /opt/stack/cinder/cinder/api/openstack/wsgi.py:703}}
Nov 18 21:01:08.569348 dv-cinder-799871-8-iscsi devstack@c-api.service[109472]: DEBUG cinder.api.openstack.wsgi [None req-cce75664-eeee-4166-b245-6e0e018fc925 tempest-GroupsTest-1505947409 tempest-GroupsTest-1505947409-project] Calling method 'version_select' {{(pid=109472) _process_stack /opt/stack/cinder/cinder/api/openstack/wsgi.py:856}}
Nov 18 21:01:08.569721 dv-cinder-799871-8-iscsi devstack@c-api.service[109472]: DEBUG cinder.api.v3.groups [None req-cce75664-eeee-4166-b245-6e0e018fc925 tempest-GroupsTest-1505947409 tempest-GroupsTest-1505947409-project] show called for member b33dd582-b1dc-46f3-9f83-6352f5522410 {{(pid=109472) show /opt/stack/cinder/cinder/api/v3/groups.py:58}}
Nov 18 21:01:08.583200 dv-cinder-799871-8-iscsi devstack@c-api.service[109472]: /usr/local/lib/python3.8/dist-packages/oslo_context/context.py:105: DeprecationWarning: Policy enforcement is depending on the value of is_admin. This key is deprecated. Please update your policy file to use the standard policy values.
Nov 18 21:01:08.583200 dv-cinder-799871-8-iscsi devstack@c-api.service[109472]: warnings.warn('Policy enforcement is depending on the value of '
Nov 18 21:01:08.618184 dv-cinder-799871-8-iscsi devstack@c-api.service[109471]: INFO cinder.api.openstack.wsgi [None req-8b06ccae-b130-430d-8bb5-3d41a334119d tempest-VolumeQuotasNegativeTestJSON-995177038 tempest-VolumeQuotasNegativeTestJSON-995177038-project-admin] http://10.222.0.61/volume/v3/53d0c3cc11854981a8ea9ed63a4b9754/os-quota-sets/d35d55584a444dffbff8517cfaa471e4 returned with HTTP 200
Nov 18 21:01:08.619492 dv-cinder-799871-8-iscsi devstack@c-api.service[109471]: [pid: 109471|app: 0|req: 65/123] 10.222.0.61 () {60 vars in 1351 bytes} [Thu Nov 18 21:01:08 2021] PUT /volume/v3/53d0c3cc11854981a8ea9ed63a4b9754/os-quota-sets/d35d55584a444dffbff8517cfaa471e4 => generated 491 bytes in 364 msecs (HTTP/1.1 200) 7 headers in 285 bytes (1 switches on core 0)
Nov 18 21:01:08.629024 dv-cinder-799871-8-iscsi devstack@c-api.service[109472]: INFO cinder.api.openstack.wsgi [None req-cce75664-eeee-4166-b245-6e0e018fc925 tempest-GroupsTest-1505947409 tempest-GroupsTest-1505947409-project] http://10.222.0.61/volume/v3/969048cdf60543d89b0e825783683316/groups/b33dd582-b1dc-46f3-9f83-6352f5522410 returned with HTTP 200
Nov 18 21:01:08.630107 dv-cinder-799871-8-iscsi devstack@c-api.service[109472]: [pid: 109472|app: 0|req: 59/124] 10.222.0.61 () {60 vars in 1362 bytes} [Thu Nov 18 21:01:08 2021] GET /volume/v3/969048cdf60543d89b0e825783683316/groups/b33dd582-b1dc-46f3-9f83-6352f5522410 => generated 322 bytes in 69 msecs (HTTP/1.1 200) 7 headers in 286 bytes (1 switches on core 0)
Nov 18 21:01:08.645786 dv-cinder-799871-8-iscsi devstack@c-api.service[109471]: INFO cinder.api.openstack.wsgi [None req-ee0551c1-60c9-48a0-8e1b-1cb2ffba9cd1 tempest-GroupsTest-1505947409 tempest-GroupsTest-1505947409-project] POST http://10.222.0.61/volume/v3/969048cdf60543d89b0e825783683316/volumes
Nov 18 21:01:08.645786 dv-cinder-799871-8-iscsi devstack@c-api.service[109471]: DEBUG cinder.api.openstack.wsgi [None req-ee0551c1-60c9-48a0-8e1b-1cb2ffba9cd1 tempest-GroupsTest-1505947409 tempest-GroupsTest-1505947409-project] Action: 'create', calling method: create, body: {"volume": {"name": "tempest-volume-408196576", "volume_type": "55d1ce1a-ec95-4c2b-b95a-c60945b58985", "group_id": "3a47022b-3804-4955-afb5-9465928565f0", "size": 1}} {{(pid=109471) _process_stack /opt/stack/cinder/cinder/api/openstack/wsgi.py:854}}
Nov 18 21:01:08.646751 dv-cinder-799871-8-iscsi devstack@c-api.service[109471]: DEBUG cinder.api.v3.volumes [None req-ee0551c1-60c9-48a0-8e1b-1cb2ffba9cd1 tempest-GroupsTest-1505947409 tempest-GroupsTest-1505947409-project] Create volume request body: {'volume': {'name': 'tempest-volume-408196576', 'volume_type': '55d1ce1a-ec95-4c2b-b95a-c60945b58985', 'group_id': '3a47022b-3804-4955-afb5-9465928565f0', 'size': 1}} {{(pid=109471) create /opt/stack/cinder/cinder/api/v3/volumes.py:298}}
Nov 18 21:01:08.660412 dv-cinder-799871-8-iscsi devstack@c-api.service[109471]: /usr/local/lib/python3.8/dist-packages/oslo_context/context.py:105: DeprecationWarning: Policy enforcement is depending on the value of is_admin. This key is deprecated. Please update your policy file to use the standard policy values.
Nov 18 21:01:08.660412 dv-cinder-799871-8-iscsi devstack@c-api.service[109471]: warnings.warn('Policy enforcement is depending on the value of '
Nov 18 21:01:08.664645 dv-cinder-799871-8-iscsi devstack@c-api.service[109471]: INFO cinder.api.v3.volumes [None req-ee0551c1-60c9-48a0-8e1b-1cb2ffba9cd1 tempest-GroupsTest-1505947409 tempest-GroupsTest-1505947409-project] Create volume of 1 GB
Nov 18 21:01:08.681217 dv-cinder-799871-8-iscsi devstack@c-api.service[109471]: INFO cinder.volume.api [None req-ee0551c1-60c9-48a0-8e1b-1cb2ffba9cd1 tempest-GroupsTest-1505947409 tempest-GroupsTest-1505947409-project] Availability Zones retrieved successfully.
Nov 18 21:01:08.705017 dv-cinder-799871-8-iscsi devstack@c-api.service[109471]: DEBUG cinder.volume.api [None req-ee0551c1-60c9-48a0-8e1b-1cb2ffba9cd1 tempest-GroupsTest-1505947409 tempest-GroupsTest-1505947409-project] Flow 'volume_create_api' (0c57f110-12c4-495a-9b87-cbb65c672ddd) transitioned into state 'RUNNING' from state 'PENDING' {{(pid=109471) _flow_receiver /usr/local/lib/python3.8/dist-packages/taskflow/listeners/logging.py:141}}
Nov 18 21:01:08.708600 dv-cinder-799871-8-iscsi devstack@c-api.service[109471]: DEBUG cinder.volume.api [None req-ee0551c1-60c9-48a0-8e1b-1cb2ffba9cd1 tempest-GroupsTest-1505947409 tempest-GroupsTest-1505947409-project] Task 'cinder.volume.flows.api.create_volume.ExtractVolumeRequestTask;volume:create' (93a373a7-5740-4efe-90b6-14a46f93fb37) transitioned into state 'RUNNING' from state 'PENDING' {{(pid=109471) _task_receiver /usr/local/lib/python3.8/dist-packages/taskflow/listeners/logging.py:190}}
Nov 18 21:01:08.710857 dv-cinder-799871-8-iscsi devstack@c-api.service[109471]: /usr/local/lib/python3.8/dist-packages/oslo_context/context.py:105: DeprecationWarning: Policy enforcement is depending on the value of is_admin. This key is deprecated. Please update your policy file to use the standard policy values.
Nov 18 21:01:08.710857 dv-cinder-799871-8-iscsi devstack@c-api.service[109471]: warnings.warn('Policy enforcement is depending on the value of '
Nov 18 21:01:08.713656 dv-cinder-799871-8-iscsi devstack@c-api.service[109471]: DEBUG cinder.volume.flows.api.create_volume [None req-ee0551c1-60c9-48a0-8e1b-1cb2ffba9cd1 tempest-GroupsTest-1505947409 tempest-GroupsTest-1505947409-project] Validating volume size '1' using validate_int {{(pid=109471) _extract_size /opt/stack/cinder/cinder/volume/flows/api/create_volume.py:225}}
Nov 18 21:01:08.745308 dv-cinder-799871-8-iscsi devstack@c-api.service[109471]: DEBUG cinder.volume.api [None req-ee0551c1-60c9-48a0-8e1b-1cb2ffba9cd1 tempest-GroupsTest-1505947409 tempest-GroupsTest-1505947409-project] Task 'cinder.volume.flows.api.create_volume.ExtractVolumeRequestTask;volume:create' (93a373a7-5740-4efe-90b6-14a46f93fb37) transitioned into state 'SUCCESS' from state 'RUNNING' with result '{'size': 1, 'snapshot_id': None, 'source_volid': None, 'volume_type': VolumeType(created_at=2021-11-18T21:01:05Z,deleted=False,deleted_at=None,description=None,extra_specs={},id=55d1ce1a-ec95-4c2b-b95a-c60945b58985,is_public=True,name='tempest-GroupsTest-volume-type-159989962',projects=[],qos_specs=,qos_specs_id=None,updated_at=None), 'volume_type_id': '55d1ce1a-ec95-4c2b-b95a-c60945b58985', 'encryption_key_id': None, 'qos_specs': None, 'consistencygroup_id': None, 'cgsnapshot_id': None, 'group_id': '3a47022b-3804-4955-afb5-9465928565f0', 'replication_status': 'disabled', 'refresh_az': False, 'backup_id': None, 'multiattach': False, 'availability_zones': ['nova']}' {{(pid=109471) _task_receiver /usr/local/lib/python3.8/dist-packages/taskflow/listeners/logging.py:178}}
Nov 18 21:01:08.747834 dv-cinder-799871-8-iscsi devstack@c-api.service[109471]: DEBUG cinder.volume.api [None req-ee0551c1-60c9-48a0-8e1b-1cb2ffba9cd1 tempest-GroupsTest-1505947409 tempest-GroupsTest-1505947409-project] Task 'cinder.volume.flows.api.create_volume.QuotaReserveTask;volume:create' (d29bd9d6-8f8f-439b-82db-16b0d0fe84a4) transitioned into state 'RUNNING' from state 'PENDING' {{(pid=109471) _task_receiver /usr/local/lib/python3.8/dist-packages/taskflow/listeners/logging.py:190}}
Nov 18 21:01:08.885437 dv-cinder-799871-8-iscsi devstack@c-api.service[109471]: DEBUG cinder.quota [None req-ee0551c1-60c9-48a0-8e1b-1cb2ffba9cd1 tempest-GroupsTest-1505947409 tempest-GroupsTest-1505947409-project] Created reservations ['ab5b8eba-60a9-4af2-b2e9-383edf0bc07e', 'dba58108-ef3d-41cd-aa94-2dedf0df5727', '1cde5b13-6d97-4014-9994-55e2da12e207', '991f41e4-2932-4b4c-9c14-9b27c65518ee'] {{(pid=109471) reserve /opt/stack/cinder/cinder/quota.py:755}}
Nov 18 21:01:08.890297 dv-cinder-799871-8-iscsi devstack@c-api.service[109471]: DEBUG cinder.volume.api [None req-ee0551c1-60c9-48a0-8e1b-1cb2ffba9cd1 tempest-GroupsTest-1505947409 tempest-GroupsTest-1505947409-project] Task 'cinder.volume.flows.api.create_volume.QuotaReserveTask;volume:create' (d29bd9d6-8f8f-439b-82db-16b0d0fe84a4) transitioned into state 'SUCCESS' from state 'RUNNING' with result '{'reservations': ['ab5b8eba-60a9-4af2-b2e9-383edf0bc07e', 'dba58108-ef3d-41cd-aa94-2dedf0df5727', '1cde5b13-6d97-4014-9994-55e2da12e207', '991f41e4-2932-4b4c-9c14-9b27c65518ee']}' {{(pid=109471) _task_receiver /usr/local/lib/python3.8/dist-packages/taskflow/listeners/logging.py:178}}
Nov 18 21:01:08.894067 dv-cinder-799871-8-iscsi devstack@c-api.service[109471]: DEBUG cinder.volume.api [None req-ee0551c1-60c9-48a0-8e1b-1cb2ffba9cd1 tempest-GroupsTest-1505947409 tempest-GroupsTest-1505947409-project] Task 'cinder.volume.flows.api.create_volume.EntryCreateTask;volume:create' (2f7d3e7a-92c0-4d4a-b50d-2be6fdb053af) transitioned into state 'RUNNING' from state 'PENDING' {{(pid=109471) _task_receiver /usr/local/lib/python3.8/dist-packages/taskflow/listeners/logging.py:190}}
Nov 18 21:01:08.935659 dv-cinder-799871-8-iscsi devstack@c-api.service[109472]: INFO cinder.api.openstack.wsgi [None req-a9bb226d-54ed-45eb-ab57-ba4fd9a96819 tempest-SnapshotsActionsTest-880328977 tempest-SnapshotsActionsTest-880328977-project] GET http://10.222.0.61/volume/v3/a19e331a40f749bc950f68792b2e41a7/volumes/cd61377b-a8ab-494c-81f0-619700ae00e2
Nov 18 21:01:08.937210 dv-cinder-799871-8-iscsi devstack@c-api.service[109472]: DEBUG cinder.api.openstack.wsgi [None req-a9bb226d-54ed-45eb-ab57-ba4fd9a96819 tempest-SnapshotsActionsTest-880328977 tempest-SnapshotsActionsTest-880328977-project] Empty body provided in request {{(pid=109472) get_body /opt/stack/cinder/cinder/api/openstack/wsgi.py:703}}
Nov 18 21:01:08.937696 dv-cinder-799871-8-iscsi devstack@c-api.service[109472]: /usr/local/lib/python3.8/dist-packages/webob/acceptparse.py:1047: DeprecationWarning: The behavior of AcceptValidHeader.best_match is currently being maintained for backward compatibility, but it will be deprecated in the future, as it does not conform to the RFC.
Nov 18 21:01:08.937696 dv-cinder-799871-8-iscsi devstack@c-api.service[109472]: warnings.warn(
Nov 18 21:01:08.938550 dv-cinder-799871-8-iscsi devstack@c-api.service[109472]: DEBUG cinder.api.openstack.wsgi [None req-a9bb226d-54ed-45eb-ab57-ba4fd9a96819 tempest-SnapshotsActionsTest-880328977 tempest-SnapshotsActionsTest-880328977-project] Calling method 'show' {{(pid=109472) _process_stack /opt/stack/cinder/cinder/api/openstack/wsgi.py:856}}
Nov 18 21:01:08.941131 dv-cinder-799871-8-iscsi devstack@c-api.service[109471]: DEBUG cinder.volume.api [None req-ee0551c1-60c9-48a0-8e1b-1cb2ffba9cd1 tempest-GroupsTest-1505947409 tempest-GroupsTest-1505947409-project] Task 'cinder.volume.flows.api.create_volume.EntryCreateTask;volume:create' (2f7d3e7a-92c0-4d4a-b50d-2be6fdb053af) transitioned into state 'SUCCESS' from state 'RUNNING' with result '{'volume_id': '69d7c210-4ea2-471d-a546-e1410e793329', 'volume_properties': VolumeProperties(attach_status='detached',availability_zone='nova',cgsnapshot_id=None,consistencygroup_id=None,display_description=None,display_name='tempest-volume-408196576',encryption_key_id=None,group_id=3a47022b-3804-4955-afb5-9465928565f0,group_type_id=,metadata={},multiattach=False,project_id='969048cdf60543d89b0e825783683316',qos_specs=None,replication_status=,reservations=['ab5b8eba-60a9-4af2-b2e9-383edf0bc07e','dba58108-ef3d-41cd-aa94-2dedf0df5727','1cde5b13-6d97-4014-9994-55e2da12e207','991f41e4-2932-4b4c-9c14-9b27c65518ee'],size=1,snapshot_id=None,source_replicaid=,source_volid=None,status='creating',user_id='f229e023e205400ca7f8867510a8b243',volume_type_id=55d1ce1a-ec95-4c2b-b95a-c60945b58985), 'volume': Volume(_name_id=None,admin_metadata=,attach_status='detached',availability_zone='nova',bootable=False,cluster=,cluster_name=None,consistencygroup=,consistencygroup_id=None,created_at=2021-11-18T21:01:08Z,deleted=False,deleted_at=None,display_description=None,display_name='tempest-volume-408196576',ec2_id=None,encryption_key_id=None,glance_metadata=,group=,group_id=3a47022b-3804-4955-afb5-9465928565f0,host=None,id=69d7c210-4ea2-471d-a546-e1410e793329,launched_at=None,metadata={},migration_status=None,multiattach=False,previous_status=None,project_id='969048cdf60543d89b0e825783683316',provider_auth=None,provider_geometry=None,provider_id=None,provider_location=None,replication_driver_data=None,replication_extended_status=None,replication_status=None,scheduled_at=None,service_uuid=None,shared_targets=True,size=1,snapshot_id=None,snapshots=,source_volid=None,status='creating',terminated_at=None,updated_at=None,use_quota=True,user_id='f229e023e205400ca7f8867510a8b243',volume_attachment=VolumeAttachmentList,volume_type=VolumeType(55d1ce1a-ec95-4c2b-b95a-c60945b58985),volume_type_id=55d1ce1a-ec95-4c2b-b95a-c60945b58985)}' {{(pid=109471) _task_receiver /usr/local/lib/python3.8/dist-packages/taskflow/listeners/logging.py:178}}
Nov 18 21:01:08.942873 dv-cinder-799871-8-iscsi devstack@c-api.service[109471]: DEBUG cinder.volume.api [None req-ee0551c1-60c9-48a0-8e1b-1cb2ffba9cd1 tempest-GroupsTest-1505947409 tempest-GroupsTest-1505947409-project] Task 'cinder.volume.flows.api.create_volume.QuotaCommitTask;volume:create' (2384769d-309f-4e7f-ac8f-edb3ddd2f163) transitioned into state 'RUNNING' from state 'PENDING' {{(pid=109471) _task_receiver /usr/local/lib/python3.8/dist-packages/taskflow/listeners/logging.py:190}}
Nov 18 21:01:08.985079 dv-cinder-799871-8-iscsi devstack@c-api.service[109471]: DEBUG cinder.volume.api [None req-ee0551c1-60c9-48a0-8e1b-1cb2ffba9cd1 tempest-GroupsTest-1505947409 tempest-GroupsTest-1505947409-project] Task 'cinder.volume.flows.api.create_volume.QuotaCommitTask;volume:create' (2384769d-309f-4e7f-ac8f-edb3ddd2f163) transitioned into state 'SUCCESS' from state 'RUNNING' with result '{'volume_properties': VolumeProperties(attach_status='detached',availability_zone='nova',cgsnapshot_id=None,consistencygroup_id=None,display_description=None,display_name='tempest-volume-408196576',encryption_key_id=None,group_id=3a47022b-3804-4955-afb5-9465928565f0,group_type_id=,metadata={},multiattach=False,project_id='969048cdf60543d89b0e825783683316',qos_specs=None,replication_status=,reservations=['ab5b8eba-60a9-4af2-b2e9-383edf0bc07e','dba58108-ef3d-41cd-aa94-2dedf0df5727','1cde5b13-6d97-4014-9994-55e2da12e207','991f41e4-2932-4b4c-9c14-9b27c65518ee'],size=1,snapshot_id=None,source_replicaid=,source_volid=None,status='creating',user_id='f229e023e205400ca7f8867510a8b243',volume_type_id=55d1ce1a-ec95-4c2b-b95a-c60945b58985)}' {{(pid=109471) _task_receiver /usr/local/lib/python3.8/dist-packages/taskflow/listeners/logging.py:178}}
Nov 18 21:01:08.987628 dv-cinder-799871-8-iscsi devstack@c-api.service[109471]: DEBUG cinder.volume.api [None req-ee0551c1-60c9-48a0-8e1b-1cb2ffba9cd1 tempest-GroupsTest-1505947409 tempest-GroupsTest-1505947409-project] Task 'cinder.volume.flows.api.create_volume.VolumeCastTask;volume:create' (b0fca31e-af58-4a86-a3d2-40189d4c4046) transitioned into state 'RUNNING' from state 'PENDING' {{(pid=109471) _task_receiver /usr/local/lib/python3.8/dist-packages/taskflow/listeners/logging.py:190}}
