Aug 17 16:56:15.474684 dv-cinder-799871-5-smb devstack@c-api.service[100701]: INFO cinder.volume.api [None req-67fce54e-4975-4e0a-8d24-bcf87d47d756 tempest-DeleteServersTestJSON-1616183475 tempest-DeleteServersTestJSON-1616183475-project] Volume info retrieved successfully.
Aug 17 16:56:15.506650 dv-cinder-799871-5-smb devstack@c-api.service[100701]: INFO cinder.api.openstack.wsgi [None req-67fce54e-4975-4e0a-8d24-bcf87d47d756 tempest-DeleteServersTestJSON-1616183475 tempest-DeleteServersTestJSON-1616183475-project] http://10.222.0.127/volume/v3/30f72dec06234eef974d3d3f167bd749/volumes/c3859bb7-39d5-44fe-86a2-f69c663df6cf returned with HTTP 200
Aug 17 16:56:15.523936 dv-cinder-799871-5-smb devstack@c-api.service[100701]: [pid: 100701|app: 0|req: 136/264] 10.222.0.127 () {58 vars in 1330 bytes} [Tue Aug 17 16:56:15 2021] GET /volume/v3/30f72dec06234eef974d3d3f167bd749/volumes/c3859bb7-39d5-44fe-86a2-f69c663df6cf => generated 916 bytes in 104 msecs (HTTP/1.1 200) 7 headers in 285 bytes (1 switches on core 0)
Aug 17 16:56:15.704326 dv-cinder-799871-5-smb devstack@c-api.service[100700]: INFO cinder.api.openstack.wsgi [req-a30a47b2-2e30-494e-8105-f887354e5d44 req-06f8f4c2-814d-42ce-b32b-8195aa7b89dc tempest-DeleteServersTestJSON-1616183475 tempest-DeleteServersTestJSON-1616183475-project] GET http://10.222.0.127/volume/v3/30f72dec06234eef974d3d3f167bd749/volumes/c3859bb7-39d5-44fe-86a2-f69c663df6cf
Aug 17 16:56:15.704902 dv-cinder-799871-5-smb devstack@c-api.service[100700]: DEBUG cinder.api.openstack.wsgi [req-a30a47b2-2e30-494e-8105-f887354e5d44 req-06f8f4c2-814d-42ce-b32b-8195aa7b89dc tempest-DeleteServersTestJSON-1616183475 tempest-DeleteServersTestJSON-1616183475-project] Empty body provided in request {{(pid=100700) get_body /opt/stack/cinder/cinder/api/openstack/wsgi.py:703}}
Aug 17 16:56:15.705218 dv-cinder-799871-5-smb devstack@c-api.service[100700]: DEBUG cinder.api.openstack.wsgi [req-a30a47b2-2e30-494e-8105-f887354e5d44 req-06f8f4c2-814d-42ce-b32b-8195aa7b89dc tempest-DeleteServersTestJSON-1616183475 tempest-DeleteServersTestJSON-1616183475-project] Calling method 'show' {{(pid=100700) _process_stack /opt/stack/cinder/cinder/api/openstack/wsgi.py:856}}
Aug 17 16:56:15.740330 dv-cinder-799871-5-smb devstack@c-api.service[100700]: /usr/local/lib/python3.8/dist-packages/oslo_context/context.py:105: DeprecationWarning: Policy enforcement is depending on the value of is_admin. This key is deprecated. Please update your policy file to use the standard policy values.
Aug 17 16:56:15.740330 dv-cinder-799871-5-smb devstack@c-api.service[100700]: warnings.warn('Policy enforcement is depending on the value of '
Aug 17 16:56:15.759847 dv-cinder-799871-5-smb devstack@c-api.service[100700]: INFO cinder.volume.api [req-a30a47b2-2e30-494e-8105-f887354e5d44 req-06f8f4c2-814d-42ce-b32b-8195aa7b89dc tempest-DeleteServersTestJSON-1616183475 tempest-DeleteServersTestJSON-1616183475-project] Volume info retrieved successfully.
Aug 17 16:56:15.783653 dv-cinder-799871-5-smb devstack@c-api.service[100700]: INFO cinder.api.openstack.wsgi [req-a30a47b2-2e30-494e-8105-f887354e5d44 req-06f8f4c2-814d-42ce-b32b-8195aa7b89dc tempest-DeleteServersTestJSON-1616183475 tempest-DeleteServersTestJSON-1616183475-project] http://10.222.0.127/volume/v3/30f72dec06234eef974d3d3f167bd749/volumes/c3859bb7-39d5-44fe-86a2-f69c663df6cf returned with HTTP 200
Aug 17 16:56:15.787891 dv-cinder-799871-5-smb devstack@c-api.service[100700]: [pid: 100700|app: 0|req: 129/265] 10.222.0.127 () {60 vars in 1584 bytes} [Tue Aug 17 16:56:15 2021] GET /volume/v3/30f72dec06234eef974d3d3f167bd749/volumes/c3859bb7-39d5-44fe-86a2-f69c663df6cf => generated 916 bytes in 92 msecs (HTTP/1.1 200) 7 headers in 285 bytes (2 switches on core 0)
Aug 17 16:56:15.907419 dv-cinder-799871-5-smb devstack@c-api.service[100701]: INFO cinder.api.openstack.wsgi [None req-ce7d9a5a-2a68-4920-9d13-e92c03925598 tempest-VolumesDeleteCascade-1762139362 tempest-VolumesDeleteCascade-1762139362-project] GET http://10.222.0.127/volume/v3/4ef4ab44275b40af9391d3b30f809a34/volumes/1ee7bb68-d5ad-40dd-a063-c575d49d5c3e
Aug 17 16:56:15.908459 dv-cinder-799871-5-smb devstack@c-api.service[100701]: DEBUG cinder.api.openstack.wsgi [None req-ce7d9a5a-2a68-4920-9d13-e92c03925598 tempest-VolumesDeleteCascade-1762139362 tempest-VolumesDeleteCascade-1762139362-project] Empty body provided in request {{(pid=100701) get_body /opt/stack/cinder/cinder/api/openstack/wsgi.py:703}}
Aug 17 16:56:15.908957 dv-cinder-799871-5-smb devstack@c-api.service[100701]: /usr/local/lib/python3.8/dist-packages/webob/acceptparse.py:1047: DeprecationWarning: The behavior of AcceptValidHeader.best_match is currently being maintained for backward compatibility, but it will be deprecated in the future, as it does not conform to the RFC.
Aug 17 16:56:15.908957 dv-cinder-799871-5-smb devstack@c-api.service[100701]: warnings.warn(
Aug 17 16:56:15.909522 dv-cinder-799871-5-smb devstack@c-api.service[100701]: DEBUG cinder.api.openstack.wsgi [None req-ce7d9a5a-2a68-4920-9d13-e92c03925598 tempest-VolumesDeleteCascade-1762139362 tempest-VolumesDeleteCascade-1762139362-project] Calling method 'show' {{(pid=100701) _process_stack /opt/stack/cinder/cinder/api/openstack/wsgi.py:856}}
Aug 17 16:56:15.922772 dv-cinder-799871-5-smb devstack@c-api.service[100701]: INFO cinder.api.openstack.wsgi [None req-ce7d9a5a-2a68-4920-9d13-e92c03925598 tempest-VolumesDeleteCascade-1762139362 tempest-VolumesDeleteCascade-1762139362-project] http://10.222.0.127/volume/v3/4ef4ab44275b40af9391d3b30f809a34/volumes/1ee7bb68-d5ad-40dd-a063-c575d49d5c3e returned with HTTP 404
Aug 17 16:56:15.927619 dv-cinder-799871-5-smb devstack@c-api.service[100701]: [pid: 100701|app: 0|req: 137/266] 10.222.0.127 () {58 vars in 1330 bytes} [Tue Aug 17 16:56:15 2021] GET /volume/v3/4ef4ab44275b40af9391d3b30f809a34/volumes/1ee7bb68-d5ad-40dd-a063-c575d49d5c3e => generated 109 bytes in 25 msecs (HTTP/1.1 404) 7 headers in 292 bytes (1 switches on core 0)
Aug 17 16:56:15.935222 dv-cinder-799871-5-smb devstack@c-api.service[100700]: INFO cinder.api.openstack.wsgi [None req-c4225bba-e705-4354-a682-7c7f2e8c825e tempest-VolumesDeleteCascade-1762139362 tempest-VolumesDeleteCascade-1762139362-project] GET http://10.222.0.127/volume/v3/4ef4ab44275b40af9391d3b30f809a34/volumes
Aug 17 16:56:15.936323 dv-cinder-799871-5-smb devstack@c-api.service[100700]: DEBUG cinder.api.openstack.wsgi [None req-c4225bba-e705-4354-a682-7c7f2e8c825e tempest-VolumesDeleteCascade-1762139362 tempest-VolumesDeleteCascade-1762139362-project] Empty body provided in request {{(pid=100700) get_body /opt/stack/cinder/cinder/api/openstack/wsgi.py:703}}
Aug 17 16:56:15.936693 dv-cinder-799871-5-smb devstack@c-api.service[100700]: /usr/local/lib/python3.8/dist-packages/webob/acceptparse.py:1047: DeprecationWarning: The behavior of AcceptValidHeader.best_match is currently being maintained for backward compatibility, but it will be deprecated in the future, as it does not conform to the RFC.
Aug 17 16:56:15.936693 dv-cinder-799871-5-smb devstack@c-api.service[100700]: warnings.warn(
Aug 17 16:56:15.937662 dv-cinder-799871-5-smb devstack@c-api.service[100700]: DEBUG cinder.api.openstack.wsgi [None req-c4225bba-e705-4354-a682-7c7f2e8c825e tempest-VolumesDeleteCascade-1762139362 tempest-VolumesDeleteCascade-1762139362-project] Calling method 'index' {{(pid=100700) _process_stack /opt/stack/cinder/cinder/api/openstack/wsgi.py:856}}
Aug 17 16:56:15.939017 dv-cinder-799871-5-smb devstack@c-api.service[100700]: DEBUG cinder.api.api_utils [None req-c4225bba-e705-4354-a682-7c7f2e8c825e tempest-VolumesDeleteCascade-1762139362 tempest-VolumesDeleteCascade-1762139362-project] Removing options '' from query. {{(pid=100700) remove_invalid_filter_options /opt/stack/cinder/cinder/api/api_utils.py:73}}
Aug 17 16:56:15.941480 dv-cinder-799871-5-smb devstack@c-api.service[100700]: DEBUG cinder.volume.api [None req-c4225bba-e705-4354-a682-7c7f2e8c825e tempest-VolumesDeleteCascade-1762139362 tempest-VolumesDeleteCascade-1762139362-project] Searching by: MultiDict([('no_migration_targets', True)]). {{(pid=100700) get_all /opt/stack/cinder/cinder/volume/api.py:619}}
Aug 17 16:56:15.991512 dv-cinder-799871-5-smb devstack@c-api.service[100701]: INFO cinder.api.openstack.wsgi [None req-ce7d9a5a-2a68-4920-9d13-e92c03925598 tempest-VolumesDeleteCascade-1762139362 tempest-VolumesDeleteCascade-1762139362-project] GET http://10.222.0.127/volume//
Aug 17 16:56:15.992476 dv-cinder-799871-5-smb devstack@c-api.service[100701]: DEBUG cinder.api.openstack.wsgi [None req-ce7d9a5a-2a68-4920-9d13-e92c03925598 tempest-VolumesDeleteCascade-1762139362 tempest-VolumesDeleteCascade-1762139362-project] Empty body provided in request {{(pid=100701) get_body /opt/stack/cinder/cinder/api/openstack/wsgi.py:703}}
Aug 17 16:56:15.993278 dv-cinder-799871-5-smb devstack@c-api.service[100701]: DEBUG cinder.api.openstack.wsgi [None req-ce7d9a5a-2a68-4920-9d13-e92c03925598 tempest-VolumesDeleteCascade-1762139362 tempest-VolumesDeleteCascade-1762139362-project] Calling method 'all' {{(pid=100701) _process_stack /opt/stack/cinder/cinder/api/openstack/wsgi.py:856}}
Aug 17 16:56:15.994650 dv-cinder-799871-5-smb devstack@c-api.service[100701]: INFO cinder.api.openstack.wsgi [None req-ce7d9a5a-2a68-4920-9d13-e92c03925598 tempest-VolumesDeleteCascade-1762139362 tempest-VolumesDeleteCascade-1762139362-project] http://10.222.0.127/volume// returned with HTTP 300
Aug 17 16:56:15.995439 dv-cinder-799871-5-smb devstack@c-api.service[100701]: [pid: 100701|app: 0|req: 138/267] 10.222.0.127 () {58 vars in 1305 bytes} [Tue Aug 17 16:56:15 2021] GET /volume/ => generated 387 bytes in 5 msecs (HTTP/1.1 300) 5 headers in 169 bytes (2 switches on core 0)
Aug 17 16:56:16.021706 dv-cinder-799871-5-smb devstack@c-api.service[100701]: INFO cinder.api.openstack.wsgi [req-a30a47b2-2e30-494e-8105-f887354e5d44 req-e03a86cb-7e96-4d50-b5ae-29cd0cfa39bb tempest-DeleteServersTestJSON-1616183475 tempest-DeleteServersTestJSON-1616183475-project] POST http://10.222.0.127/volume/v3/30f72dec06234eef974d3d3f167bd749/attachments
Aug 17 16:56:16.024864 dv-cinder-799871-5-smb devstack@c-api.service[100701]: DEBUG cinder.api.openstack.wsgi [req-a30a47b2-2e30-494e-8105-f887354e5d44 req-e03a86cb-7e96-4d50-b5ae-29cd0cfa39bb tempest-DeleteServersTestJSON-1616183475 tempest-DeleteServersTestJSON-1616183475-project] Action: 'create', calling method: version_select, body: {"attachment": {"volume_uuid": "c3859bb7-39d5-44fe-86a2-f69c663df6cf", "connector": null, "instance_uuid": "906931eb-cde2-49b6-8b5f-a471fb461b3f"}} {{(pid=100701) _process_stack /opt/stack/cinder/cinder/api/openstack/wsgi.py:854}}
Aug 17 16:56:16.043390 dv-cinder-799871-5-smb devstack@c-api.service[100701]: /usr/local/lib/python3.8/dist-packages/oslo_context/context.py:105: DeprecationWarning: Policy enforcement is depending on the value of is_admin. This key is deprecated. Please update your policy file to use the standard policy values.
Aug 17 16:56:16.043390 dv-cinder-799871-5-smb devstack@c-api.service[100701]: warnings.warn('Policy enforcement is depending on the value of '
Aug 17 16:56:16.117336 dv-cinder-799871-5-smb devstack@c-api.service[100700]: INFO cinder.volume.api [None req-c4225bba-e705-4354-a682-7c7f2e8c825e tempest-VolumesDeleteCascade-1762139362 tempest-VolumesDeleteCascade-1762139362-project] Get all volumes completed successfully.
Aug 17 16:56:16.118338 dv-cinder-799871-5-smb devstack@c-api.service[100700]: INFO cinder.api.openstack.wsgi [None req-c4225bba-e705-4354-a682-7c7f2e8c825e tempest-VolumesDeleteCascade-1762139362 tempest-VolumesDeleteCascade-1762139362-project] http://10.222.0.127/volume/v3/4ef4ab44275b40af9391d3b30f809a34/volumes returned with HTTP 200
Aug 17 16:56:16.120420 dv-cinder-799871-5-smb devstack@c-api.service[100700]: [pid: 100700|app: 0|req: 130/268] 10.222.0.127 () {58 vars in 1219 bytes} [Tue Aug 17 16:56:15 2021] GET /volume/v3/4ef4ab44275b40af9391d3b30f809a34/volumes => generated 15 bytes in 192 msecs (HTTP/1.1 200) 7 headers in 284 bytes (1 switches on core 0)
Aug 17 16:56:16.131365 dv-cinder-799871-5-smb devstack@c-api.service[100700]: INFO cinder.api.openstack.wsgi [None req-93658406-4541-4a94-bdfc-8629ce90d2f9 tempest-VolumesDeleteCascade-1762139362 tempest-VolumesDeleteCascade-1762139362-project] GET http://10.222.0.127/volume/v3/4ef4ab44275b40af9391d3b30f809a34/snapshots
Aug 17 16:56:16.132216 dv-cinder-799871-5-smb devstack@c-api.service[100700]: DEBUG cinder.api.openstack.wsgi [None req-93658406-4541-4a94-bdfc-8629ce90d2f9 tempest-VolumesDeleteCascade-1762139362 tempest-VolumesDeleteCascade-1762139362-project] Empty body provided in request {{(pid=100700) get_body /opt/stack/cinder/cinder/api/openstack/wsgi.py:703}}
Aug 17 16:56:16.132848 dv-cinder-799871-5-smb devstack@c-api.service[100700]: DEBUG cinder.api.openstack.wsgi [None req-93658406-4541-4a94-bdfc-8629ce90d2f9 tempest-VolumesDeleteCascade-1762139362 tempest-VolumesDeleteCascade-1762139362-project] Calling method 'index' {{(pid=100700) _process_stack /opt/stack/cinder/cinder/api/openstack/wsgi.py:856}}
Aug 17 16:56:16.133858 dv-cinder-799871-5-smb devstack@c-api.service[100700]: DEBUG cinder.api.api_utils [None req-93658406-4541-4a94-bdfc-8629ce90d2f9 tempest-VolumesDeleteCascade-1762139362 tempest-VolumesDeleteCascade-1762139362-project] Removing options '' from query. {{(pid=100700) remove_invalid_filter_options /opt/stack/cinder/cinder/api/api_utils.py:73}}
Aug 17 16:56:16.136673 dv-cinder-799871-5-smb devstack@c-api.service[100700]: DEBUG cinder.db.sqlalchemy.api [None req-93658406-4541-4a94-bdfc-8629ce90d2f9 tempest-VolumesDeleteCascade-1762139362 tempest-VolumesDeleteCascade-1762139362-project] Building query based on filter {{(pid=100700) _process_snaps_filters /opt/stack/cinder/cinder/db/sqlalchemy/api.py:3138}}
Aug 17 16:56:16.142827 dv-cinder-799871-5-smb devstack@c-api.service[100700]: INFO cinder.volume.api [None req-93658406-4541-4a94-bdfc-8629ce90d2f9 tempest-VolumesDeleteCascade-1762139362 tempest-VolumesDeleteCascade-1762139362-project] Get all snapshots completed successfully.
Aug 17 16:56:16.143641 dv-cinder-799871-5-smb devstack@c-api.service[100700]: INFO cinder.api.openstack.wsgi [None req-93658406-4541-4a94-bdfc-8629ce90d2f9 tempest-VolumesDeleteCascade-1762139362 tempest-VolumesDeleteCascade-1762139362-project] http://10.222.0.127/volume/v3/4ef4ab44275b40af9391d3b30f809a34/snapshots returned with HTTP 200
Aug 17 16:56:16.153095 dv-cinder-799871-5-smb devstack@c-api.service[100700]: [pid: 100700|app: 0|req: 131/269] 10.222.0.127 () {58 vars in 1225 bytes} [Tue Aug 17 16:56:16 2021] GET /volume/v3/4ef4ab44275b40af9391d3b30f809a34/snapshots => generated 17 bytes in 26 msecs (HTTP/1.1 200) 7 headers in 284 bytes (1 switches on core 0)
Aug 17 16:56:16.158359 dv-cinder-799871-5-smb devstack@c-api.service[100700]: INFO cinder.api.openstack.wsgi [None req-882c079b-bedd-4602-a706-719765fd84ea tempest-VolumesDeleteCascade-1762139362 tempest-VolumesDeleteCascade-1762139362-project] POST http://10.222.0.127/volume/v3/4ef4ab44275b40af9391d3b30f809a34/volumes
Aug 17 16:56:16.159474 dv-cinder-799871-5-smb devstack@c-api.service[100700]: DEBUG cinder.api.openstack.wsgi [None req-882c079b-bedd-4602-a706-719765fd84ea tempest-VolumesDeleteCascade-1762139362 tempest-VolumesDeleteCascade-1762139362-project] Action: 'create', calling method: create, body: {"volume": {"size": 1, "name": "tempest-VolumesDeleteCascade-Volume-710739608"}} {{(pid=100700) _process_stack /opt/stack/cinder/cinder/api/openstack/wsgi.py:854}}
Aug 17 16:56:16.161161 dv-cinder-799871-5-smb devstack@c-api.service[100700]: DEBUG cinder.api.v3.volumes [None req-882c079b-bedd-4602-a706-719765fd84ea tempest-VolumesDeleteCascade-1762139362 tempest-VolumesDeleteCascade-1762139362-project] Create volume request body: {'volume': {'size': 1, 'name': 'tempest-VolumesDeleteCascade-Volume-710739608'}} {{(pid=100700) create /opt/stack/cinder/cinder/api/v3/volumes.py:290}}
Aug 17 16:56:16.161954 dv-cinder-799871-5-smb devstack@c-api.service[100700]: INFO cinder.api.v3.volumes [None req-882c079b-bedd-4602-a706-719765fd84ea tempest-VolumesDeleteCascade-1762139362 tempest-VolumesDeleteCascade-1762139362-project] Create volume of 1 GB
Aug 17 16:56:16.170042 dv-cinder-799871-5-smb devstack@c-api.service[100700]: INFO cinder.volume.api [None req-882c079b-bedd-4602-a706-719765fd84ea tempest-VolumesDeleteCascade-1762139362 tempest-VolumesDeleteCascade-1762139362-project] Availability Zones retrieved successfully.
Aug 17 16:56:16.176689 dv-cinder-799871-5-smb devstack@c-api.service[100701]: INFO cinder.api.openstack.wsgi [req-a30a47b2-2e30-494e-8105-f887354e5d44 req-e03a86cb-7e96-4d50-b5ae-29cd0cfa39bb tempest-DeleteServersTestJSON-1616183475 tempest-DeleteServersTestJSON-1616183475-project] http://10.222.0.127/volume/v3/30f72dec06234eef974d3d3f167bd749/attachments returned with HTTP 200
Aug 17 16:56:16.177584 dv-cinder-799871-5-smb devstack@c-api.service[100701]: [pid: 100701|app: 0|req: 139/270] 10.222.0.127 () {66 vars in 1580 bytes} [Tue Aug 17 16:56:16 2021] POST /volume/v3/30f72dec06234eef974d3d3f167bd749/attachments => generated 273 bytes in 162 msecs (HTTP/1.1 200) 7 headers in 286 bytes (2 switches on core 0)
Aug 17 16:56:16.210702 dv-cinder-799871-5-smb devstack@c-api.service[100700]: DEBUG cinder.volume.api [None req-882c079b-bedd-4602-a706-719765fd84ea tempest-VolumesDeleteCascade-1762139362 tempest-VolumesDeleteCascade-1762139362-project] Flow 'volume_create_api' (7b2cf6fb-583f-4df3-abe5-5b91de29acaf) transitioned into state 'RUNNING' from state 'PENDING' {{(pid=100700) _flow_receiver /usr/local/lib/python3.8/dist-packages/taskflow/listeners/logging.py:141}}
Aug 17 16:56:16.218543 dv-cinder-799871-5-smb devstack@c-api.service[100700]: DEBUG cinder.volume.api [None req-882c079b-bedd-4602-a706-719765fd84ea tempest-VolumesDeleteCascade-1762139362 tempest-VolumesDeleteCascade-1762139362-project] Task 'cinder.volume.flows.api.create_volume.ExtractVolumeRequestTask;volume:create' (fc85f8cc-fd0d-44cb-8d0a-ca7b31e52271) transitioned into state 'RUNNING' from state 'PENDING' {{(pid=100700) _task_receiver /usr/local/lib/python3.8/dist-packages/taskflow/listeners/logging.py:190}}
Aug 17 16:56:16.229214 dv-cinder-799871-5-smb devstack@c-api.service[100700]: DEBUG cinder.volume.flows.api.create_volume [None req-882c079b-bedd-4602-a706-719765fd84ea tempest-VolumesDeleteCascade-1762139362 tempest-VolumesDeleteCascade-1762139362-project] Validating volume size '1' using validate_int {{(pid=100700) _extract_size /opt/stack/cinder/cinder/volume/flows/api/create_volume.py:201}}
Aug 17 16:56:16.235606 dv-cinder-799871-5-smb devstack@c-api.service[100701]: INFO cinder.api.openstack.wsgi [None req-b3426265-a237-4dc1-b7a6-8faae47b31f0 tempest-DeleteServersTestJSON-1616183475 tempest-DeleteServersTestJSON-1616183475-project] GET http://10.222.0.127/volume/v3/30f72dec06234eef974d3d3f167bd749/volumes/c3859bb7-39d5-44fe-86a2-f69c663df6cf
Aug 17 16:56:16.236085 dv-cinder-799871-5-smb devstack@c-api.service[100701]: DEBUG cinder.api.openstack.wsgi [None req-b3426265-a237-4dc1-b7a6-8faae47b31f0 tempest-DeleteServersTestJSON-1616183475 tempest-DeleteServersTestJSON-1616183475-project] Empty body provided in request {{(pid=100701) get_body /opt/stack/cinder/cinder/api/openstack/wsgi.py:703}}
Aug 17 16:56:16.236256 dv-cinder-799871-5-smb devstack@c-api.service[100701]: /usr/local/lib/python3.8/dist-packages/webob/acceptparse.py:1047: DeprecationWarning: The behavior of AcceptValidHeader.best_match is currently being maintained for backward compatibility, but it will be deprecated in the future, as it does not conform to the RFC.
Aug 17 16:56:16.236256 dv-cinder-799871-5-smb devstack@c-api.service[100701]: warnings.warn(
Aug 17 16:56:16.239061 dv-cinder-799871-5-smb devstack@c-api.service[100701]: DEBUG cinder.api.openstack.wsgi [None req-b3426265-a237-4dc1-b7a6-8faae47b31f0 tempest-DeleteServersTestJSON-1616183475 tempest-DeleteServersTestJSON-1616183475-project] Calling method 'show' {{(pid=100701) _process_stack /opt/stack/cinder/cinder/api/openstack/wsgi.py:856}}
Aug 17 16:56:16.269742 dv-cinder-799871-5-smb devstack@c-api.service[100700]: DEBUG cinder.volume.api [None req-882c079b-bedd-4602-a706-719765fd84ea tempest-VolumesDeleteCascade-1762139362 tempest-VolumesDeleteCascade-1762139362-project] Task 'cinder.volume.flows.api.create_volume.ExtractVolumeRequestTask;volume:create' (fc85f8cc-fd0d-44cb-8d0a-ca7b31e52271) transitioned into state 'SUCCESS' from state 'RUNNING' with result '{'size': 1, 'snapshot_id': None, 'source_volid': None, 'volume_type': VolumeType(created_at=2021-08-17T16:46:10Z,deleted=False,deleted_at=None,description='Default Volume Type',extra_specs={},id=1a7948e6-7759-4707-9b30-c3830cf93907,is_public=True,name='__DEFAULT__',projects=[],qos_specs=,qos_specs_id=None,updated_at=2021-08-17T16:46:10Z), 'volume_type_id': '1a7948e6-7759-4707-9b30-c3830cf93907', 'encryption_key_id': None, 'qos_specs': None, 'consistencygroup_id': None, 'cgsnapshot_id': None, 'group_id': None, 'replication_status': 'disabled', 'refresh_az': False, 'backup_id': None, 'multiattach': False, 'availability_zones': ['nova']}' {{(pid=100700) _task_receiver /usr/local/lib/python3.8/dist-packages/taskflow/listeners/logging.py:178}}
Aug 17 16:56:16.272295 dv-cinder-799871-5-smb devstack@c-api.service[100700]: DEBUG cinder.volume.api [None req-882c079b-bedd-4602-a706-719765fd84ea tempest-VolumesDeleteCascade-1762139362 tempest-VolumesDeleteCascade-1762139362-project] Task 'cinder.volume.flows.api.create_volume.QuotaReserveTask;volume:create' (ffbc00cc-1eff-4ba9-b9c5-c01d946ec265) transitioned into state 'RUNNING' from state 'PENDING' {{(pid=100700) _task_receiver /usr/local/lib/python3.8/dist-packages/taskflow/listeners/logging.py:190}}
Aug 17 16:56:16.272580 dv-cinder-799871-5-smb devstack@c-api.service[100701]: /usr/local/lib/python3.8/dist-packages/oslo_context/context.py:105: DeprecationWarning: Policy enforcement is depending on the value of is_admin. This key is deprecated. Please update your policy file to use the standard policy values.
Aug 17 16:56:16.272580 dv-cinder-799871-5-smb devstack@c-api.service[100701]: warnings.warn('Policy enforcement is depending on the value of '
Aug 17 16:56:16.289486 dv-cinder-799871-5-smb devstack@c-api.service[100701]: INFO cinder.volume.api [None req-b3426265-a237-4dc1-b7a6-8faae47b31f0 tempest-DeleteServersTestJSON-1616183475 tempest-DeleteServersTestJSON-1616183475-project] Volume info retrieved successfully.
Aug 17 16:56:16.319555 dv-cinder-799871-5-smb devstack@c-api.service[100701]: /usr/local/lib/python3.8/dist-packages/oslo_context/context.py:105: DeprecationWarning: Policy enforcement is depending on the value of is_admin. This key is deprecated. Please update your policy file to use the standard policy values.
Aug 17 16:56:16.319555 dv-cinder-799871-5-smb devstack@c-api.service[100701]: warnings.warn('Policy enforcement is depending on the value of '
Aug 17 16:56:16.337151 dv-cinder-799871-5-smb devstack@c-api.service[100701]: INFO cinder.api.openstack.wsgi [None req-b3426265-a237-4dc1-b7a6-8faae47b31f0 tempest-DeleteServersTestJSON-1616183475 tempest-DeleteServersTestJSON-1616183475-project] http://10.222.0.127/volume/v3/30f72dec06234eef974d3d3f167bd749/volumes/c3859bb7-39d5-44fe-86a2-f69c663df6cf returned with HTTP 200
Aug 17 16:56:16.337938 dv-cinder-799871-5-smb devstack@c-api.service[100701]: [pid: 100701|app: 0|req: 140/271] 10.222.0.127 () {58 vars in 1330 bytes} [Tue Aug 17 16:56:16 2021] GET /volume/v3/30f72dec06234eef974d3d3f167bd749/volumes/c3859bb7-39d5-44fe-86a2-f69c663df6cf => generated 915 bytes in 111 msecs (HTTP/1.1 200) 7 headers in 285 bytes (1 switches on core 0)
Aug 17 16:56:16.342541 dv-cinder-799871-5-smb devstack@c-api.service[100700]: DEBUG cinder.quota [None req-882c079b-bedd-4602-a706-719765fd84ea tempest-VolumesDeleteCascade-1762139362 tempest-VolumesDeleteCascade-1762139362-project] Created reservations ['f078bb3d-c13f-4018-ad5d-424bbcf06349', 'edbab722-fd3f-45df-87ed-ff69832fc291', 'da5d0991-c5ef-4a33-9651-3fb08e0d5750', '61e73618-15ee-4456-b151-264977cd9ce1'] {{(pid=100700) reserve /opt/stack/cinder/cinder/quota.py:755}}
Aug 17 16:56:16.344762 dv-cinder-799871-5-smb devstack@c-api.service[100701]: INFO cinder.api.openstack.wsgi [None req-b3426265-a237-4dc1-b7a6-8faae47b31f0 tempest-DeleteServersTestJSON-1616183475 tempest-DeleteServersTestJSON-1616183475-project] GET http://10.222.0.127/volume//
Aug 17 16:56:16.344762 dv-cinder-799871-5-smb devstack@c-api.service[100701]: DEBUG cinder.api.openstack.wsgi [None req-b3426265-a237-4dc1-b7a6-8faae47b31f0 tempest-DeleteServersTestJSON-1616183475 tempest-DeleteServersTestJSON-1616183475-project] Empty body provided in request {{(pid=100701) get_body /opt/stack/cinder/cinder/api/openstack/wsgi.py:703}}
Aug 17 16:56:16.344762 dv-cinder-799871-5-smb devstack@c-api.service[100701]: /usr/local/lib/python3.8/dist-packages/webob/acceptparse.py:1047: DeprecationWarning: The behavior of AcceptValidHeader.best_match is currently being maintained for backward compatibility, but it will be deprecated in the future, as it does not conform to the RFC.
Aug 17 16:56:16.344762 dv-cinder-799871-5-smb devstack@c-api.service[100701]: warnings.warn(
Aug 17 16:56:16.344762 dv-cinder-799871-5-smb devstack@c-api.service[100701]: DEBUG cinder.api.openstack.wsgi [None req-b3426265-a237-4dc1-b7a6-8faae47b31f0 tempest-DeleteServersTestJSON-1616183475 tempest-DeleteServersTestJSON-1616183475-project] Calling method 'all' {{(pid=100701) _process_stack /opt/stack/cinder/cinder/api/openstack/wsgi.py:856}}
Aug 17 16:56:16.345535 dv-cinder-799871-5-smb devstack@c-api.service[100701]: INFO cinder.api.openstack.wsgi [None req-b3426265-a237-4dc1-b7a6-8faae47b31f0 tempest-DeleteServersTestJSON-1616183475 tempest-DeleteServersTestJSON-1616183475-project] http://10.222.0.127/volume// returned with HTTP 300
Aug 17 16:56:16.347549 dv-cinder-799871-5-smb devstack@c-api.service[100701]: [pid: 100701|app: 0|req: 141/272] 10.222.0.130 () {56 vars in 1104 bytes} [Tue Aug 17 16:56:16 2021] GET /volume/ => generated 387 bytes in 3 msecs (HTTP/1.1 300) 5 headers in 169 bytes (1 switches on core 0)
Aug 17 16:56:16.348487 dv-cinder-799871-5-smb devstack@c-api.service[100700]: DEBUG cinder.volume.api [None req-882c079b-bedd-4602-a706-719765fd84ea tempest-VolumesDeleteCascade-1762139362 tempest-VolumesDeleteCascade-1762139362-project] Task 'cinder.volume.flows.api.create_volume.QuotaReserveTask;volume:create' (ffbc00cc-1eff-4ba9-b9c5-c01d946ec265) transitioned into state 'SUCCESS' from state 'RUNNING' with result '{'reservations': ['f078bb3d-c13f-4018-ad5d-424bbcf06349', 'edbab722-fd3f-45df-87ed-ff69832fc291', 'da5d0991-c5ef-4a33-9651-3fb08e0d5750', '61e73618-15ee-4456-b151-264977cd9ce1']}' {{(pid=100700) _task_receiver /usr/local/lib/python3.8/dist-packages/taskflow/listeners/logging.py:178}}
Aug 17 16:56:16.351636 dv-cinder-799871-5-smb devstack@c-api.service[100700]: DEBUG cinder.volume.api [None req-882c079b-bedd-4602-a706-719765fd84ea tempest-VolumesDeleteCascade-1762139362 tempest-VolumesDeleteCascade-1762139362-project] Task 'cinder.volume.flows.api.create_volume.EntryCreateTask;volume:create' (b9b5f923-f292-4887-9778-a18ffdb14b24) transitioned into state 'RUNNING' from state 'PENDING' {{(pid=100700) _task_receiver /usr/local/lib/python3.8/dist-packages/taskflow/listeners/logging.py:190}}
Aug 17 16:56:16.389792 dv-cinder-799871-5-smb devstack@c-api.service[100701]: INFO cinder.api.openstack.wsgi [req-a30a47b2-2e30-494e-8105-f887354e5d44 req-1169741e-035c-4955-8383-1b6b457ae1e5 tempest-DeleteServersTestJSON-1616183475 tempest-DeleteServersTestJSON-1616183475-project] GET http://10.222.0.127/volume/v3/30f72dec06234eef974d3d3f167bd749/volumes/c3859bb7-39d5-44fe-86a2-f69c663df6cf
Aug 17 16:56:16.390608 dv-cinder-799871-5-smb devstack@c-api.service[100701]: DEBUG cinder.api.openstack.wsgi [req-a30a47b2-2e30-494e-8105-f887354e5d44 req-1169741e-035c-4955-8383-1b6b457ae1e5 tempest-DeleteServersTestJSON-1616183475 tempest-DeleteServersTestJSON-1616183475-project] Empty body provided in request {{(pid=100701) get_body /opt/stack/cinder/cinder/api/openstack/wsgi.py:703}}
Aug 17 16:56:16.391319 dv-cinder-799871-5-smb devstack@c-api.service[100701]: DEBUG cinder.api.openstack.wsgi [req-a30a47b2-2e30-494e-8105-f887354e5d44 req-1169741e-035c-4955-8383-1b6b457ae1e5 tempest-DeleteServersTestJSON-1616183475 tempest-DeleteServersTestJSON-1616183475-project] Calling method 'show' {{(pid=100701) _process_stack /opt/stack/cinder/cinder/api/openstack/wsgi.py:856}}
Aug 17 16:56:16.408451 dv-cinder-799871-5-smb devstack@c-api.service[100700]: DEBUG cinder.volume.api [None req-882c079b-bedd-4602-a706-719765fd84ea tempest-VolumesDeleteCascade-1762139362 tempest-VolumesDeleteCascade-1762139362-project] Task 'cinder.volume.flows.api.create_volume.EntryCreateTask;volume:create' (b9b5f923-f292-4887-9778-a18ffdb14b24) transitioned into state 'SUCCESS' from state 'RUNNING' with result '{'volume_id': '34629e22-fe75-4e4b-a6dd-00d11c985b77', 'volume_properties': VolumeProperties(attach_status='detached',availability_zone='nova',cgsnapshot_id=None,consistencygroup_id=None,display_description=None,display_name='tempest-VolumesDeleteCascade-Volume-710739608',encryption_key_id=None,group_id=None,group_type_id=,metadata={},multiattach=False,project_id='4ef4ab44275b40af9391d3b30f809a34',qos_specs=None,replication_status=,reservations=['f078bb3d-c13f-4018-ad5d-424bbcf06349','edbab722-fd3f-45df-87ed-ff69832fc291','da5d0991-c5ef-4a33-9651-3fb08e0d5750','61e73618-15ee-4456-b151-264977cd9ce1'],size=1,snapshot_id=None,source_replicaid=,source_volid=None,status='creating',user_id='0a69c3a095fe4cd1bd76bc5d7a8f19b9',volume_type_id=1a7948e6-7759-4707-9b30-c3830cf93907), 'volume': Volume(_name_id=None,admin_metadata=,attach_status='detached',availability_zone='nova',bootable=False,cluster=,cluster_name=None,consistencygroup=,consistencygroup_id=None,created_at=2021-08-17T16:56:16Z,deleted=False,deleted_at=None,display_description=None,display_name='tempest-VolumesDeleteCascade-Volume-710739608',ec2_id=None,encryption_key_id=None,glance_metadata=,group=,group_id=None,host=None,id=34629e22-fe75-4e4b-a6dd-00d11c985b77,launched_at=None,metadata={},migration_status=None,multiattach=False,previous_status=None,project_id='4ef4ab44275b40af9391d3b30f809a34',provider_auth=None,provider_geometry=None,provider_id=None,provider_location=None,replication_driver_data=None,replication_extended_status=None,replication_status=None,scheduled_at=None,service_uuid=None,shared_targets=True,size=1,snapshot_id=None,snapshots=,source_volid=None,status='creating',terminated_at=None,updated_at=None,user_id='0a69c3a095fe4cd1bd76bc5d7a8f19b9',volume_attachment=,volume_type=VolumeType(1a7948e6-7759-4707-9b30-c3830cf93907),volume_type_id=1a7948e6-7759-4707-9b30-c3830cf93907)}' {{(pid=100700) _task_receiver /usr/local/lib/python3.8/dist-packages/taskflow/listeners/logging.py:178}}
Aug 17 16:56:16.411468 dv-cinder-799871-5-smb devstack@c-api.service[100701]: /usr/local/lib/python3.8/dist-packages/oslo_context/context.py:105: DeprecationWarning: Policy enforcement is depending on the value of is_admin. This key is deprecated. Please update your policy file to use the standard policy values.
Aug 17 16:56:16.411468 dv-cinder-799871-5-smb devstack@c-api.service[100701]: warnings.warn('Policy enforcement is depending on the value of '
Aug 17 16:56:16.413336 dv-cinder-799871-5-smb devstack@c-api.service[100700]: DEBUG cinder.volume.api [None req-882c079b-bedd-4602-a706-719765fd84ea tempest-VolumesDeleteCascade-1762139362 tempest-VolumesDeleteCascade-1762139362-project] Task 'cinder.volume.flows.api.create_volume.QuotaCommitTask;volume:create' (45a2f9dd-fc68-4989-a98b-16675d5a95b6) transitioned into state 'RUNNING' from state 'PENDING' {{(pid=100700) _task_receiver /usr/local/lib/python3.8/dist-packages/taskflow/listeners/logging.py:190}}
Aug 17 16:56:16.436292 dv-cinder-799871-5-smb devstack@c-api.service[100701]: INFO cinder.volume.api [req-a30a47b2-2e30-494e-8105-f887354e5d44 req-1169741e-035c-4955-8383-1b6b457ae1e5 tempest-DeleteServersTestJSON-1616183475 tempest-DeleteServersTestJSON-1616183475-project] Volume info retrieved successfully.
Aug 17 16:56:16.457547 dv-cinder-799871-5-smb devstack@c-api.service[100700]: DEBUG cinder.volume.api [None req-882c079b-bedd-4602-a706-719765fd84ea tempest-VolumesDeleteCascade-1762139362 tempest-VolumesDeleteCascade-1762139362-project] Task 'cinder.volume.flows.api.create_volume.QuotaCommitTask;volume:create' (45a2f9dd-fc68-4989-a98b-16675d5a95b6) transitioned into state 'SUCCESS' from state 'RUNNING' with result '{'volume_properties': VolumeProperties(attach_status='detached',availability_zone='nova',cgsnapshot_id=None,consistencygroup_id=None,display_description=None,display_name='tempest-VolumesDeleteCascade-Volume-710739608',encryption_key_id=None,group_id=None,group_type_id=,metadata={},multiattach=False,project_id='4ef4ab44275b40af9391d3b30f809a34',qos_specs=None,replication_status=,reservations=['f078bb3d-c13f-4018-ad5d-424bbcf06349','edbab722-fd3f-45df-87ed-ff69832fc291','da5d0991-c5ef-4a33-9651-3fb08e0d5750','61e73618-15ee-4456-b151-264977cd9ce1'],size=1,snapshot_id=None,source_replicaid=,source_volid=None,status='creating',user_id='0a69c3a095fe4cd1bd76bc5d7a8f19b9',volume_type_id=1a7948e6-7759-4707-9b30-c3830cf93907)}' {{(pid=100700) _task_receiver /usr/local/lib/python3.8/dist-packages/taskflow/listeners/logging.py:178}}
Aug 17 16:56:16.458566 dv-cinder-799871-5-smb devstack@c-api.service[100701]: /usr/local/lib/python3.8/dist-packages/oslo_context/context.py:105: DeprecationWarning: Policy enforcement is depending on the value of is_admin. This key is deprecated. Please update your policy file to use the standard policy values.
Aug 17 16:56:16.458566 dv-cinder-799871-5-smb devstack@c-api.service[100701]: warnings.warn('Policy enforcement is depending on the value of '
Aug 17 16:56:16.461423 dv-cinder-799871-5-smb devstack@c-api.service[100700]: DEBUG cinder.volume.api [None req-882c079b-bedd-4602-a706-719765fd84ea tempest-VolumesDeleteCascade-1762139362 tempest-VolumesDeleteCascade-1762139362-project] Task 'cinder.volume.flows.api.create_volume.VolumeCastTask;volume:create' (695d81db-f5d4-4d82-90e7-1db0454c0d39) transitioned into state 'RUNNING' from state 'PENDING' {{(pid=100700) _task_receiver /usr/local/lib/python3.8/dist-packages/taskflow/listeners/logging.py:190}}
Aug 17 16:56:16.476116 dv-cinder-799871-5-smb devstack@c-api.service[100701]: INFO cinder.api.openstack.wsgi [req-a30a47b2-2e30-494e-8105-f887354e5d44 req-1169741e-035c-4955-8383-1b6b457ae1e5 tempest-DeleteServersTestJSON-1616183475 tempest-DeleteServersTestJSON-1616183475-project] http://10.222.0.127/volume/v3/30f72dec06234eef974d3d3f167bd749/volumes/c3859bb7-39d5-44fe-86a2-f69c663df6cf returned with HTTP 200
Aug 17 16:56:16.477154 dv-cinder-799871-5-smb devstack@c-api.service[100701]: [pid: 100701|app: 0|req: 142/273] 10.222.0.130 () {60 vars in 1418 bytes} [Tue Aug 17 16:56:16 2021] GET /volume/v3/30f72dec06234eef974d3d3f167bd749/volumes/c3859bb7-39d5-44fe-86a2-f69c663df6cf => generated 1014 bytes in 91 msecs (HTTP/1.1 200) 7 headers in 287 bytes (1 switches on core 0)
Aug 17 16:56:16.487758 dv-cinder-799871-5-smb devstack@c-api.service[100700]: DEBUG cinder.volume.api [None req-882c079b-bedd-4602-a706-719765fd84ea tempest-VolumesDeleteCascade-1762139362 tempest-VolumesDeleteCascade-1762139362-project] Task 'cinder.volume.flows.api.create_volume.VolumeCastTask;volume:create' (695d81db-f5d4-4d82-90e7-1db0454c0d39) transitioned into state 'SUCCESS' from state 'RUNNING' with result 'None' {{(pid=100700) _task_receiver /usr/local/lib/python3.8/dist-packages/taskflow/listeners/logging.py:178}}
Aug 17 16:56:16.490536 dv-cinder-799871-5-smb devstack@c-api.service[100700]: DEBUG cinder.volume.api [None req-882c079b-bedd-4602-a706-719765fd84ea tempest-VolumesDeleteCascade-1762139362 tempest-VolumesDeleteCascade-1762139362-project] Flow 'volume_create_api' (7b2cf6fb-583f-4df3-abe5-5b91de29acaf) transitioned into state 'SUCCESS' from state 'RUNNING' {{(pid=100700) _flow_receiver /usr/local/lib/python3.8/dist-packages/taskflow/listeners/logging.py:141}}
Aug 17 16:56:16.491413 dv-cinder-799871-5-smb devstack@c-api.service[100700]: INFO cinder.volume.api [None req-882c079b-bedd-4602-a706-719765fd84ea tempest-VolumesDeleteCascade-1762139362 tempest-VolumesDeleteCascade-1762139362-project] Create volume request issued successfully.
Aug 17 16:56:16.500631 dv-cinder-799871-5-smb devstack@c-api.service[100700]: INFO cinder.api.openstack.wsgi [None req-882c079b-bedd-4602-a706-719765fd84ea tempest-VolumesDeleteCascade-1762139362 tempest-VolumesDeleteCascade-1762139362-project] http://10.222.0.127/volume/v3/4ef4ab44275b40af9391d3b30f809a34/volumes returned with HTTP 202
Aug 17 16:56:16.501924 dv-cinder-799871-5-smb devstack@c-api.service[100700]: [pid: 100700|app: 0|req: 132/274] 10.222.0.127 () {60 vars in 1240 bytes} [Tue Aug 17 16:56:16 2021] POST /volume/v3/4ef4ab44275b40af9391d3b30f809a34/volumes => generated 821 bytes in 348 msecs (HTTP/1.1 202) 7 headers in 291 bytes (1 switches on core 0)
Aug 17 16:56:16.515434 dv-cinder-799871-5-smb devstack@c-api.service[100701]: INFO cinder.api.openstack.wsgi [None req-4098c2e7-2d8a-4e4c-a535-3563c824f46b tempest-VolumesDeleteCascade-1762139362 tempest-VolumesDeleteCascade-1762139362-project] GET http://10.222.0.127/volume/v3/4ef4ab44275b40af9391d3b30f809a34/volumes/34629e22-fe75-4e4b-a6dd-00d11c985b77
Aug 17 16:56:16.516313 dv-cinder-799871-5-smb devstack@c-api.service[100701]: DEBUG cinder.api.openstack.wsgi [None req-4098c2e7-2d8a-4e4c-a535-3563c824f46b tempest-VolumesDeleteCascade-1762139362 tempest-VolumesDeleteCascade-1762139362-project] Empty body provided in request {{(pid=100701) get_body /opt/stack/cinder/cinder/api/openstack/wsgi.py:703}}
Aug 17 16:56:16.516682 dv-cinder-799871-5-smb devstack@c-api.service[100701]: /usr/local/lib/python3.8/dist-packages/webob/acceptparse.py:1047: DeprecationWarning: The behavior of AcceptValidHeader.best_match is currently being maintained for backward compatibility, but it will be deprecated in the future, as it does not conform to the RFC.
Aug 17 16:56:16.516682 dv-cinder-799871-5-smb devstack@c-api.service[100701]: warnings.warn(
Aug 17 16:56:16.517252 dv-cinder-799871-5-smb devstack@c-api.service[100701]: DEBUG cinder.api.openstack.wsgi [None req-4098c2e7-2d8a-4e4c-a535-3563c824f46b tempest-VolumesDeleteCascade-1762139362 tempest-VolumesDeleteCascade-1762139362-project] Calling method 'show' {{(pid=100701) _process_stack /opt/stack/cinder/cinder/api/openstack/wsgi.py:856}}
Aug 17 16:56:16.535387 dv-cinder-799871-5-smb devstack@c-api.service[100701]: /usr/local/lib/python3.8/dist-packages/oslo_context/context.py:105: DeprecationWarning: Policy enforcement is depending on the value of is_admin. This key is deprecated. Please update your policy file to use the standard policy values.
Aug 17 16:56:16.535387 dv-cinder-799871-5-smb devstack@c-api.service[100701]: warnings.warn('Policy enforcement is depending on the value of '
Aug 17 16:56:16.549617 dv-cinder-799871-5-smb devstack@c-api.service[100700]: INFO cinder.api.openstack.wsgi [req-a30a47b2-2e30-494e-8105-f887354e5d44 req-6f200c3e-17b8-4e75-b23d-c992fd17eb18 tempest-DeleteServersTestJSON-1616183475 tempest-DeleteServersTestJSON-1616183475-project] PUT http://10.222.0.127/volume/v3/30f72dec06234eef974d3d3f167bd749/attachments/5396cbeb-f8c2-4a40-950a-66b2d4cbf04f
Aug 17 16:56:16.550275 dv-cinder-799871-5-smb devstack@c-api.service[100700]: /usr/local/lib/python3.8/dist-packages/webob/acceptparse.py:1047: DeprecationWarning: The behavior of AcceptValidHeader.best_match is currently being maintained for backward compatibility, but it will be deprecated in the future, as it does not conform to the RFC.
Aug 17 16:56:16.550275 dv-cinder-799871-5-smb devstack@c-api.service[100700]: warnings.warn(
Aug 17 16:56:16.550762 dv-cinder-799871-5-smb devstack@c-api.service[100700]: DEBUG cinder.api.openstack.wsgi [req-a30a47b2-2e30-494e-8105-f887354e5d44 req-6f200c3e-17b8-4e75-b23d-c992fd17eb18 tempest-DeleteServersTestJSON-1616183475 tempest-DeleteServersTestJSON-1616183475-project] Action: 'update', calling method: version_select, body: {"attachment": {"connector": {"platform": "AMD64", "os_type": "win32", "ip": "10.222.0.130", "host": "hv-cinder-79987", "multipath": false, "initiator": "iqn.1991-05.com.microsoft:hv-cinder-79987", "mountpoint": "/dev/sdb"}}} {{(pid=100700) _process_stack /opt/stack/cinder/cinder/api/openstack/wsgi.py:854}}
Aug 17 16:56:16.565284 dv-cinder-799871-5-smb devstack@c-api.service[100701]: INFO cinder.volume.api [None req-4098c2e7-2d8a-4e4c-a535-3563c824f46b tempest-VolumesDeleteCascade-1762139362 tempest-VolumesDeleteCascade-1762139362-project] Volume info retrieved successfully.
Aug 17 16:56:16.596721 dv-cinder-799871-5-smb devstack@c-api.service[100700]: /usr/local/lib/python3.8/dist-packages/tenacity/__init__.py:333: DeprecationWarning: "retry" function must accept single "retry_state" parameter, please update tooz._retry.retry..
Aug 17 16:56:16.596721 dv-cinder-799871-5-smb devstack@c-api.service[100700]: return self(f, *args, **kw)
Aug 17 16:56:16.598794 dv-cinder-799871-5-smb devstack@c-api.service[100700]: DEBUG cinder.coordination [req-a30a47b2-2e30-494e-8105-f887354e5d44 req-6f200c3e-17b8-4e75-b23d-c992fd17eb18 tempest-DeleteServersTestJSON-1616183475 tempest-DeleteServersTestJSON-1616183475-project] Lock "b'cinder-attachment_update-c3859bb7-39d5-44fe-86a2-f69c663df6cf-hv-cinder-79987'" acquired by "attachment_update" :: waited 0.015s {{(pid=100700) _synchronized /opt/stack/cinder/cinder/coordination.py:181}}
Aug 17 16:56:16.603842 dv-cinder-799871-5-smb devstack@c-api.service[100700]: /usr/local/lib/python3.8/dist-packages/oslo_context/context.py:105: DeprecationWarning: Policy enforcement is depending on the value of is_admin. This key is deprecated. Please update your policy file to use the standard policy values.
Aug 17 16:56:16.603842 dv-cinder-799871-5-smb devstack@c-api.service[100700]: warnings.warn('Policy enforcement is depending on the value of '
Aug 17 16:56:16.606806 dv-cinder-799871-5-smb devstack@c-api.service[100701]: INFO cinder.api.openstack.wsgi [None req-4098c2e7-2d8a-4e4c-a535-3563c824f46b tempest-VolumesDeleteCascade-1762139362 tempest-VolumesDeleteCascade-1762139362-project] http://10.222.0.127/volume/v3/4ef4ab44275b40af9391d3b30f809a34/volumes/34629e22-fe75-4e4b-a6dd-00d11c985b77 returned with HTTP 200
Aug 17 16:56:16.607716 dv-cinder-799871-5-smb devstack@c-api.service[100701]: [pid: 100701|app: 0|req: 143/275] 10.222.0.127 () {58 vars in 1330 bytes} [Tue Aug 17 16:56:16 2021] GET /volume/v3/4ef4ab44275b40af9391d3b30f809a34/volumes/34629e22-fe75-4e4b-a6dd-00d11c985b77 => generated 889 bytes in 96 msecs (HTTP/1.1 200) 7 headers in 285 bytes (1 switches on core 0)
Aug 17 16:56:17.005022 dv-cinder-799871-5-smb devstack@c-api.service[100700]: DEBUG cinder.coordination [req-a30a47b2-2e30-494e-8105-f887354e5d44 req-6f200c3e-17b8-4e75-b23d-c992fd17eb18 tempest-DeleteServersTestJSON-1616183475 tempest-DeleteServersTestJSON-1616183475-project] Lock "b'cinder-attachment_update-c3859bb7-39d5-44fe-86a2-f69c663df6cf-hv-cinder-79987'" released by "attachment_update" :: held 0.407s {{(pid=100700) _synchronized /opt/stack/cinder/cinder/coordination.py:193}}
Aug 17 16:56:17.006367 dv-cinder-799871-5-smb devstack@c-api.service[100700]: INFO cinder.api.openstack.wsgi [req-a30a47b2-2e30-494e-8105-f887354e5d44 req-6f200c3e-17b8-4e75-b23d-c992fd17eb18 tempest-DeleteServersTestJSON-1616183475 tempest-DeleteServersTestJSON-1616183475-project] http://10.222.0.127/volume/v3/30f72dec06234eef974d3d3f167bd749/attachments/5396cbeb-f8c2-4a40-950a-66b2d4cbf04f returned with HTTP 200
Aug 17 16:56:17.007399 dv-cinder-799871-5-smb devstack@c-api.service[100700]: [pid: 100700|app: 0|req: 133/276] 10.222.0.130 () {64 vars in 1483 bytes} [Tue Aug 17 16:56:16 2021] PUT /volume/v3/30f72dec06234eef974d3d3f167bd749/attachments/5396cbeb-f8c2-4a40-950a-66b2d4cbf04f => generated 652 bytes in 470 msecs (HTTP/1.1 200) 7 headers in 286 bytes (2 switches on core 0)
Aug 17 16:56:17.354932 dv-cinder-799871-5-smb devstack@c-api.service[100701]: INFO cinder.api.openstack.wsgi [None req-3ca5e992-dd01-4468-b029-0f56b87893f4 tempest-DeleteServersTestJSON-1616183475 tempest-DeleteServersTestJSON-1616183475-project] GET http://10.222.0.127/volume/v3/30f72dec06234eef974d3d3f167bd749/volumes/c3859bb7-39d5-44fe-86a2-f69c663df6cf
Aug 17 16:56:17.355786 dv-cinder-799871-5-smb devstack@c-api.service[100701]: DEBUG cinder.api.openstack.wsgi [None req-3ca5e992-dd01-4468-b029-0f56b87893f4 tempest-DeleteServersTestJSON-1616183475 tempest-DeleteServersTestJSON-1616183475-project] Empty body provided in request {{(pid=100701) get_body /opt/stack/cinder/cinder/api/openstack/wsgi.py:703}}
Aug 17 16:56:17.356180 dv-cinder-799871-5-smb devstack@c-api.service[100701]: /usr/local/lib/python3.8/dist-packages/webob/acceptparse.py:1047: DeprecationWarning: The behavior of AcceptValidHeader.best_match is currently being maintained for backward compatibility, but it will be deprecated in the future, as it does not conform to the RFC.
Aug 17 16:56:17.356180 dv-cinder-799871-5-smb devstack@c-api.service[100701]: warnings.warn(
Aug 17 16:56:17.356806 dv-cinder-799871-5-smb devstack@c-api.service[100701]: DEBUG cinder.api.openstack.wsgi [None req-3ca5e992-dd01-4468-b029-0f56b87893f4 tempest-DeleteServersTestJSON-1616183475 tempest-DeleteServersTestJSON-1616183475-project] Calling method 'show' {{(pid=100701) _process_stack /opt/stack/cinder/cinder/api/openstack/wsgi.py:856}}
Aug 17 16:56:17.387201 dv-cinder-799871-5-smb devstack@c-api.service[100701]: /usr/local/lib/python3.8/dist-packages/oslo_context/context.py:105: DeprecationWarning: Policy enforcement is depending on the value of is_admin. This key is deprecated. Please update your policy file to use the standard policy values.
Aug 17 16:56:17.387201 dv-cinder-799871-5-smb devstack@c-api.service[100701]: warnings.warn('Policy enforcement is depending on the value of '
Aug 17 16:56:17.398819 dv-cinder-799871-5-smb devstack@c-api.service[100701]: INFO cinder.volume.api [None req-3ca5e992-dd01-4468-b029-0f56b87893f4 tempest-DeleteServersTestJSON-1616183475 tempest-DeleteServersTestJSON-1616183475-project] Volume info retrieved successfully.
Aug 17 16:56:17.430239 dv-cinder-799871-5-smb devstack@c-api.service[100701]: /usr/local/lib/python3.8/dist-packages/oslo_context/context.py:105: DeprecationWarning: Policy enforcement is depending on the value of is_admin. This key is deprecated. Please update your policy file to use the standard policy values.
Aug 17 16:56:17.430239 dv-cinder-799871-5-smb devstack@c-api.service[100701]: warnings.warn('Policy enforcement is depending on the value of '
Aug 17 16:56:17.442589 dv-cinder-799871-5-smb devstack@c-api.service[100701]: INFO cinder.api.openstack.wsgi [None req-3ca5e992-dd01-4468-b029-0f56b87893f4 tempest-DeleteServersTestJSON-1616183475 tempest-DeleteServersTestJSON-1616183475-project] http://10.222.0.127/volume/v3/30f72dec06234eef974d3d3f167bd749/volumes/c3859bb7-39d5-44fe-86a2-f69c663df6cf returned with HTTP 200
Aug 17 16:56:17.443822 dv-cinder-799871-5-smb devstack@c-api.service[100701]: [pid: 100701|app: 0|req: 144/277] 10.222.0.127 () {58 vars in 1330 bytes} [Tue Aug 17 16:56:17 2021] GET /volume/v3/30f72dec06234eef974d3d3f167bd749/volumes/c3859bb7-39d5-44fe-86a2-f69c663df6cf => generated 916 bytes in 94 msecs (HTTP/1.1 200) 7 headers in 285 bytes (1 switches on core 0)
Aug 17 16:56:17.626927 dv-cinder-799871-5-smb devstack@c-api.service[100700]: INFO cinder.api.openstack.wsgi [None req-3117cdb1-59a1-40b9-b030-6579bb0a8b4f tempest-VolumesDeleteCascade-1762139362 tempest-VolumesDeleteCascade-1762139362-project] GET http://10.222.0.127/volume/v3/4ef4ab44275b40af9391d3b30f809a34/volumes/34629e22-fe75-4e4b-a6dd-00d11c985b77
Aug 17 16:56:17.627372 dv-cinder-799871-5-smb devstack@c-api.service[100700]: DEBUG cinder.api.openstack.wsgi [None req-3117cdb1-59a1-40b9-b030-6579bb0a8b4f tempest-VolumesDeleteCascade-1762139362 tempest-VolumesDeleteCascade-1762139362-project] Empty body provided in request {{(pid=100700) get_body /opt/stack/cinder/cinder/api/openstack/wsgi.py:703}}
Aug 17 16:56:17.627539 dv-cinder-799871-5-smb devstack@c-api.service[100700]: /usr/local/lib/python3.8/dist-packages/webob/acceptparse.py:1047: DeprecationWarning: The behavior of AcceptValidHeader.best_match is currently being maintained for backward compatibility, but it will be deprecated in the future, as it does not conform to the RFC.
Aug 17 16:56:17.627539 dv-cinder-799871-5-smb devstack@c-api.service[100700]: warnings.warn(
Aug 17 16:56:17.627855 dv-cinder-799871-5-smb devstack@c-api.service[100700]: DEBUG cinder.api.openstack.wsgi [None req-3117cdb1-59a1-40b9-b030-6579bb0a8b4f tempest-VolumesDeleteCascade-1762139362 tempest-VolumesDeleteCascade-1762139362-project] Calling method 'show' {{(pid=100700) _process_stack /opt/stack/cinder/cinder/api/openstack/wsgi.py:856}}
Aug 17 16:56:17.642147 dv-cinder-799871-5-smb devstack@c-api.service[100700]: /usr/local/lib/python3.8/dist-packages/oslo_context/context.py:105: DeprecationWarning: Policy enforcement is depending on the value of is_admin. This key is deprecated. Please update your policy file to use the standard policy values.
Aug 17 16:56:17.642147 dv-cinder-799871-5-smb devstack@c-api.service[100700]: warnings.warn('Policy enforcement is depending on the value of '
