Jul 29 14:08:34.806485 dv-cinder-799871-49-smb devstack@keystone.service[80220]: ERROR keystone.server.flask.application return self._get_role(role_id)
Jul 29 14:08:34.806485 dv-cinder-799871-49-smb devstack@keystone.service[80220]: ERROR keystone.server.flask.application
File "/opt/stack/keystone/keystone/api/roles.py", line 70, in _get_role
Jul 29 14:08:34.806485 dv-cinder-799871-49-smb devstack@keystone.service[80220]: ERROR keystone.server.flask.application ENFORCER.enforce_call(action='identity:get_role')
Jul 29 14:08:34.807422 dv-cinder-799871-49-smb devstack@keystone.service[80220]: ERROR keystone.server.flask.application
File "/opt/stack/keystone/keystone/common/rbac_enforcer/enforcer.py", line 402, in enforce_call
Jul 29 14:08:34.807422 dv-cinder-799871-49-smb devstack@keystone.service[80220]: ERROR keystone.server.flask.application policy_dict.update(cls._extract_member_target_data(
Jul 29 14:08:34.807422 dv-cinder-799871-49-smb devstack@keystone.service[80220]: ERROR keystone.server.flask.application
File "/opt/stack/keystone/keystone/common/rbac_enforcer/enforcer.py", line 234, in _extract_member_target_data
Jul 29 14:08:34.807422 dv-cinder-799871-49-smb devstack@keystone.service[80220]: ERROR keystone.server.flask.application member_name: func(flask.request.view_args[key])
Jul 29 14:08:34.807422 dv-cinder-799871-49-smb devstack@keystone.service[80220]: ERROR keystone.server.flask.application
File "/opt/stack/keystone/keystone/common/manager.py", line 115, in wrapped
Jul 29 14:08:34.807422 dv-cinder-799871-49-smb devstack@keystone.service[80220]: ERROR keystone.server.flask.application __ret_val = __f(*args, **kwargs)
Jul 29 14:08:34.807422 dv-cinder-799871-49-smb devstack@keystone.service[80220]: ERROR keystone.server.flask.application
File "/usr/local/lib/python3.8/dist-packages/decorator.py", line 232, in fun
Jul 29 14:08:34.807422 dv-cinder-799871-49-smb devstack@keystone.service[80220]: ERROR keystone.server.flask.application return caller(func, *(extras + args), **kw)
Jul 29 14:08:34.807422 dv-cinder-799871-49-smb devstack@keystone.service[80220]: ERROR keystone.server.flask.application
File "/usr/local/lib/python3.8/dist-packages/dogpile/cache/region.py", line 1577, in get_or_create_for_user_func
Jul 29 14:08:34.807422 dv-cinder-799871-49-smb devstack@keystone.service[80220]: ERROR keystone.server.flask.application return self.get_or_create(
Jul 29 14:08:34.807422 dv-cinder-799871-49-smb devstack@keystone.service[80220]: ERROR keystone.server.flask.application
File "/usr/local/lib/python3.8/dist-packages/dogpile/cache/region.py", line 1042, in get_or_create
Jul 29 14:08:34.807422 dv-cinder-799871-49-smb devstack@keystone.service[80220]: ERROR keystone.server.flask.application with Lock(
Jul 29 14:08:34.807422 dv-cinder-799871-49-smb devstack@keystone.service[80220]: ERROR keystone.server.flask.application
File "/usr/local/lib/python3.8/dist-packages/dogpile/lock.py", line 185, in __enter__
Jul 29 14:08:34.807422 dv-cinder-799871-49-smb devstack@keystone.service[80220]: ERROR keystone.server.flask.application return self._enter()
Jul 29 14:08:34.807422 dv-cinder-799871-49-smb devstack@keystone.service[80220]: ERROR keystone.server.flask.application
File "/usr/local/lib/python3.8/dist-packages/dogpile/lock.py", line 94, in _enter
Jul 29 14:08:34.807422 dv-cinder-799871-49-smb devstack@keystone.service[80220]: ERROR keystone.server.flask.application generated = self._enter_create(value, createdtime)
Jul 29 14:08:34.808235 dv-cinder-799871-49-smb devstack@keystone.service[80220]: ERROR keystone.server.flask.application
File "/usr/local/lib/python3.8/dist-packages/dogpile/lock.py", line 178, in _enter_create
Jul 29 14:08:34.808235 dv-cinder-799871-49-smb devstack@keystone.service[80220]: ERROR keystone.server.flask.application return self.creator()
Jul 29 14:08:34.808235 dv-cinder-799871-49-smb devstack@keystone.service[80220]: ERROR keystone.server.flask.application
File "/usr/local/lib/python3.8/dist-packages/dogpile/cache/region.py", line 995, in gen_value
Jul 29 14:08:34.808235 dv-cinder-799871-49-smb devstack@keystone.service[80220]: ERROR keystone.server.flask.application created_value = creator(
Jul 29 14:08:34.808235 dv-cinder-799871-49-smb devstack@keystone.service[80220]: ERROR keystone.server.flask.application
File "/opt/stack/keystone/keystone/assignment/core.py", line 1276, in get_role
Jul 29 14:08:34.808235 dv-cinder-799871-49-smb devstack@keystone.service[80220]: ERROR keystone.server.flask.application return self.driver.get_role(role_id)
Jul 29 14:08:34.808235 dv-cinder-799871-49-smb devstack@keystone.service[80220]: ERROR keystone.server.flask.application
File "/opt/stack/keystone/keystone/assignment/role_backends/sql.py", line 70, in get_role
Jul 29 14:08:34.808235 dv-cinder-799871-49-smb devstack@keystone.service[80220]: ERROR keystone.server.flask.application return self._get_role(session, role_id).to_dict()
Jul 29 14:08:34.808235 dv-cinder-799871-49-smb devstack@keystone.service[80220]: ERROR keystone.server.flask.application
File "/opt/stack/keystone/keystone/assignment/role_backends/sql.py", line 65, in _get_role
Jul 29 14:08:34.808235 dv-cinder-799871-49-smb devstack@keystone.service[80220]: ERROR keystone.server.flask.application raise exception.RoleNotFound(role_id=role_id)
Jul 29 14:08:34.808235 dv-cinder-799871-49-smb devstack@keystone.service[80220]: ERROR keystone.server.flask.application keystone.exception.RoleNotFound: Could not find role: anotherrole.
Jul 29 14:08:34.808235 dv-cinder-799871-49-smb devstack@keystone.service[80220]: ERROR keystone.server.flask.application
Jul 29 14:08:34.808235 dv-cinder-799871-49-smb devstack@keystone.service[80220]: [pid: 80220|app: 0|req: 102/190] 10.222.0.60 () {56 vars in 1114 bytes} [Fri Jul 29 14:08:34 2022] GET /identity/v3/roles/anotherrole => generated 89 bytes in 154 msecs (HTTP/1.1 404) 5 headers in 183 bytes (1 switches on core 0)
Jul 29 14:08:34.808885 dv-cinder-799871-49-smb devstack@keystone.service[80220]: DEBUG keystone.server.flask.request_processing.middleware.auth_context [None req-cbce7ae5-6cae-4b4d-9557-080bdf10cf40 None admin] Authenticating user token {{(pid=80220) process_request /usr/local/lib/python3.8/dist-packages/keystonemiddleware/auth_token/__init__.py:407}}
Jul 29 14:08:34.818633 dv-cinder-799871-49-smb devstack@keystone.service[80221]: DEBUG keystone.server.flask.request_processing.middleware.auth_context [None req-84a1c43b-5fb7-496e-96d6-6ff0e5ecc79e None admin] RBAC: auth_context: {'token': , 'domain_id': None, 'trust_id': None, 'trustor_id': None, 'trustee_id': None, 'domain_name': None, 'group_ids': [], 'user_id': 'd6f21b375132486196e810eed866bb67', 'user_domain_id': 'default', 'system_scope': 'all', 'project_id': None, 'project_domain_id': None, 'roles': ['admin', 'member', 'reader'], 'is_admin_project': True, 'service_user_id': None, 'service_user_domain_id': None, 'service_project_id': None, 'service_project_domain_id': None, 'service_roles': []} {{(pid=80221) fill_context /opt/stack/keystone/keystone/server/flask/request_processing/middleware/auth_context.py:478}}
Jul 29 14:08:34.819256 dv-cinder-799871-49-smb devstack@keystone.service[80221]: DEBUG keystone.server.flask.request_processing.req_logging [None req-84a1c43b-5fb7-496e-96d6-6ff0e5ecc79e None admin] REQUEST_METHOD: `POST` {{(pid=80221) log_request_info /opt/stack/keystone/keystone/server/flask/request_processing/req_logging.py:27}}
Jul 29 14:08:34.819527 dv-cinder-799871-49-smb devstack@keystone.service[80221]: DEBUG keystone.server.flask.request_processing.req_logging [None req-84a1c43b-5fb7-496e-96d6-6ff0e5ecc79e None admin] SCRIPT_NAME: `/identity` {{(pid=80221) log_request_info /opt/stack/keystone/keystone/server/flask/request_processing/req_logging.py:28}}
Jul 29 14:08:34.820232 dv-cinder-799871-49-smb devstack@keystone.service[80221]: DEBUG keystone.server.flask.request_processing.req_logging [None req-84a1c43b-5fb7-496e-96d6-6ff0e5ecc79e None admin] PATH_INFO: `/v3/users` {{(pid=80221) log_request_info /opt/stack/keystone/keystone/server/flask/request_processing/req_logging.py:29}}
Jul 29 14:08:34.820950 dv-cinder-799871-49-smb devstack@keystone.service[80221]: DEBUG keystone.common.rbac_enforcer.enforcer [None req-84a1c43b-5fb7-496e-96d6-6ff0e5ecc79e None admin] RBAC: Authorizing `identity:create_user()` {{(pid=80221) enforce_call /opt/stack/keystone/keystone/common/rbac_enforcer/enforcer.py:449}}
Jul 29 14:08:34.822446 dv-cinder-799871-49-smb devstack@keystone.service[80221]: DEBUG keystone.common.rbac_enforcer.enforcer [None req-84a1c43b-5fb7-496e-96d6-6ff0e5ecc79e None admin] RBAC: Authorization granted {{(pid=80221) enforce_call /opt/stack/keystone/keystone/common/rbac_enforcer/enforcer.py:457}}
Jul 29 14:08:34.845204 dv-cinder-799871-49-smb devstack@keystone.service[80221]: [pid: 80221|app: 0|req: 89/191] 10.222.0.60 () {60 vars in 1132 bytes} [Fri Jul 29 14:08:34 2022] POST /identity/v3/users => generated 297 bytes in 166 msecs (HTTP/1.1 201) 5 headers in 182 bytes (1 switches on core 0)
Jul 29 14:08:34.846203 dv-cinder-799871-49-smb devstack@keystone.service[80221]: DEBUG keystone.server.flask.request_processing.middleware.auth_context [None req-84a1c43b-5fb7-496e-96d6-6ff0e5ecc79e None admin] Authenticating user token {{(pid=80221) process_request /usr/local/lib/python3.8/dist-packages/keystonemiddleware/auth_token/__init__.py:407}}
Jul 29 14:08:34.919872 dv-cinder-799871-49-smb devstack@keystone.service[80220]: DEBUG keystone.server.flask.request_processing.middleware.auth_context [None req-cbce7ae5-6cae-4b4d-9557-080bdf10cf40 None admin] Validating token access rules against request {{(pid=80220) validate_allowed_request /usr/local/lib/python3.8/dist-packages/keystonemiddleware/auth_token/__init__.py:545}}
Jul 29 14:08:34.946199 dv-cinder-799871-49-smb devstack@keystone.service[80221]: DEBUG dbcounter [-] [80221] Writing DB stats keystone:SELECT=97,keystone:INSERT=3 {{(pid=80221) stat_writer /usr/local/lib/python3.8/dist-packages/dbcounter.py:114}}
Jul 29 14:08:34.952962 dv-cinder-799871-49-smb devstack@keystone.service[80220]: DEBUG dbcounter [-] [80220] Writing DB stats keystone:SELECT=100 {{(pid=80220) stat_writer /usr/local/lib/python3.8/dist-packages/dbcounter.py:114}}
Jul 29 14:08:34.957664 dv-cinder-799871-49-smb devstack@keystone.service[80221]: DEBUG keystone.server.flask.request_processing.middleware.auth_context [None req-84a1c43b-5fb7-496e-96d6-6ff0e5ecc79e None admin] Validating token access rules against request {{(pid=80221) validate_allowed_request /usr/local/lib/python3.8/dist-packages/keystonemiddleware/auth_token/__init__.py:545}}
Jul 29 14:08:34.962641 dv-cinder-799871-49-smb devstack@keystone.service[80220]: DEBUG keystone.server.flask.request_processing.middleware.auth_context [None req-f182fafa-2798-4c51-88be-f32ebb24c1a4 None admin] RBAC: auth_context: {'token': , 'domain_id': None, 'trust_id': None, 'trustor_id': None, 'trustee_id': None, 'domain_name': None, 'group_ids': [], 'user_id': 'd6f21b375132486196e810eed866bb67', 'user_domain_id': 'default', 'system_scope': 'all', 'project_id': None, 'project_domain_id': None, 'roles': ['admin', 'member', 'reader'], 'is_admin_project': True, 'service_user_id': None, 'service_user_domain_id': None, 'service_project_id': None, 'service_project_domain_id': None, 'service_roles': []} {{(pid=80220) fill_context /opt/stack/keystone/keystone/server/flask/request_processing/middleware/auth_context.py:478}}
Jul 29 14:08:34.963614 dv-cinder-799871-49-smb devstack@keystone.service[80220]: DEBUG keystone.server.flask.request_processing.req_logging [None req-f182fafa-2798-4c51-88be-f32ebb24c1a4 None admin] REQUEST_METHOD: `GET` {{(pid=80220) log_request_info /opt/stack/keystone/keystone/server/flask/request_processing/req_logging.py:27}}
Jul 29 14:08:34.964103 dv-cinder-799871-49-smb devstack@keystone.service[80220]: DEBUG keystone.server.flask.request_processing.req_logging [None req-f182fafa-2798-4c51-88be-f32ebb24c1a4 None admin] SCRIPT_NAME: `/identity` {{(pid=80220) log_request_info /opt/stack/keystone/keystone/server/flask/request_processing/req_logging.py:28}}
Jul 29 14:08:34.964549 dv-cinder-799871-49-smb devstack@keystone.service[80220]: DEBUG keystone.server.flask.request_processing.req_logging [None req-f182fafa-2798-4c51-88be-f32ebb24c1a4 None admin] PATH_INFO: `/v3/users/e99f88dd1afb4ad69e4cec8ee93abf04` {{(pid=80220) log_request_info /opt/stack/keystone/keystone/server/flask/request_processing/req_logging.py:29}}
Jul 29 14:08:34.981377 dv-cinder-799871-49-smb devstack@keystone.service[80220]: DEBUG keystone.common.rbac_enforcer.enforcer [None req-f182fafa-2798-4c51-88be-f32ebb24c1a4 None admin] RBAC: Authorizing `identity:get_user(user_id=e99f88dd1afb4ad69e4cec8ee93abf04)` {{(pid=80220) enforce_call /opt/stack/keystone/keystone/common/rbac_enforcer/enforcer.py:449}}
Jul 29 14:08:34.983200 dv-cinder-799871-49-smb devstack@keystone.service[80220]: DEBUG keystone.common.rbac_enforcer.enforcer [None req-f182fafa-2798-4c51-88be-f32ebb24c1a4 None admin] RBAC: Authorization granted {{(pid=80220) enforce_call /opt/stack/keystone/keystone/common/rbac_enforcer/enforcer.py:457}}
Jul 29 14:08:34.984906 dv-cinder-799871-49-smb devstack@keystone.service[80220]: [pid: 80220|app: 0|req: 103/192] 10.222.0.60 () {56 vars in 1177 bytes} [Fri Jul 29 14:08:34 2022] GET /identity/v3/users/e99f88dd1afb4ad69e4cec8ee93abf04 => generated 283 bytes in 176 msecs (HTTP/1.1 200) 5 headers in 177 bytes (1 switches on core 0)
Jul 29 14:08:34.985475 dv-cinder-799871-49-smb devstack@keystone.service[80220]: DEBUG keystone.server.flask.request_processing.middleware.auth_context [None req-f182fafa-2798-4c51-88be-f32ebb24c1a4 None admin] Authenticating user token {{(pid=80220) process_request /usr/local/lib/python3.8/dist-packages/keystonemiddleware/auth_token/__init__.py:407}}
Jul 29 14:08:34.995656 dv-cinder-799871-49-smb devstack@keystone.service[80221]: DEBUG keystone.server.flask.request_processing.middleware.auth_context [None req-abce9ca5-34e0-4029-8290-8bcd9a09f8ad None admin] RBAC: auth_context: {'token': , 'domain_id': None, 'trust_id': None, 'trustor_id': None, 'trustee_id': None, 'domain_name': None, 'group_ids': [], 'user_id': 'd6f21b375132486196e810eed866bb67', 'user_domain_id': 'default', 'system_scope': 'all', 'project_id': None, 'project_domain_id': None, 'roles': ['admin', 'member', 'reader'], 'is_admin_project': True, 'service_user_id': None, 'service_user_domain_id': None, 'service_project_id': None, 'service_project_domain_id': None, 'service_roles': []} {{(pid=80221) fill_context /opt/stack/keystone/keystone/server/flask/request_processing/middleware/auth_context.py:478}}
Jul 29 14:08:34.996443 dv-cinder-799871-49-smb devstack@keystone.service[80221]: DEBUG keystone.server.flask.request_processing.req_logging [None req-abce9ca5-34e0-4029-8290-8bcd9a09f8ad None admin] REQUEST_METHOD: `GET` {{(pid=80221) log_request_info /opt/stack/keystone/keystone/server/flask/request_processing/req_logging.py:27}}
Jul 29 14:08:34.996732 dv-cinder-799871-49-smb devstack@keystone.service[80221]: DEBUG keystone.server.flask.request_processing.req_logging [None req-abce9ca5-34e0-4029-8290-8bcd9a09f8ad None admin] SCRIPT_NAME: `/identity` {{(pid=80221) log_request_info /opt/stack/keystone/keystone/server/flask/request_processing/req_logging.py:28}}
Jul 29 14:08:34.997011 dv-cinder-799871-49-smb devstack@keystone.service[80221]: DEBUG keystone.server.flask.request_processing.req_logging [None req-abce9ca5-34e0-4029-8290-8bcd9a09f8ad None admin] PATH_INFO: `/v3/projects/5e04ef25519647a58209150ac7f335d7` {{(pid=80221) log_request_info /opt/stack/keystone/keystone/server/flask/request_processing/req_logging.py:29}}
Jul 29 14:08:34.998212 dv-cinder-799871-49-smb devstack@keystone.service[80221]: DEBUG keystone.common.rbac_enforcer.enforcer [None req-abce9ca5-34e0-4029-8290-8bcd9a09f8ad None admin] RBAC: Authorizing `identity:get_project(project_id=5e04ef25519647a58209150ac7f335d7)` {{(pid=80221) enforce_call /opt/stack/keystone/keystone/common/rbac_enforcer/enforcer.py:449}}
Jul 29 14:08:34.999674 dv-cinder-799871-49-smb devstack@keystone.service[80221]: DEBUG keystone.common.rbac_enforcer.enforcer [None req-abce9ca5-34e0-4029-8290-8bcd9a09f8ad None admin] RBAC: Authorization granted {{(pid=80221) enforce_call /opt/stack/keystone/keystone/common/rbac_enforcer/enforcer.py:457}}
Jul 29 14:08:35.001423 dv-cinder-799871-49-smb devstack@keystone.service[80221]: [pid: 80221|app: 0|req: 90/193] 10.222.0.60 () {56 vars in 1186 bytes} [Fri Jul 29 14:08:34 2022] GET /identity/v3/projects/5e04ef25519647a58209150ac7f335d7 => generated 298 bytes in 155 msecs (HTTP/1.1 200) 5 headers in 177 bytes (1 switches on core 0)
Jul 29 14:08:35.006503 dv-cinder-799871-49-smb devstack@keystone.service[80221]: DEBUG keystone.server.flask.request_processing.middleware.auth_context [None req-abce9ca5-34e0-4029-8290-8bcd9a09f8ad None admin] Authenticating user token {{(pid=80221) process_request /usr/local/lib/python3.8/dist-packages/keystonemiddleware/auth_token/__init__.py:407}}
Jul 29 14:08:35.112132 dv-cinder-799871-49-smb devstack@keystone.service[80220]: DEBUG keystone.server.flask.request_processing.middleware.auth_context [None req-f182fafa-2798-4c51-88be-f32ebb24c1a4 None admin] Validating token access rules against request {{(pid=80220) validate_allowed_request /usr/local/lib/python3.8/dist-packages/keystonemiddleware/auth_token/__init__.py:545}}
Jul 29 14:08:35.124738 dv-cinder-799871-49-smb devstack@keystone.service[80221]: DEBUG keystone.server.flask.request_processing.middleware.auth_context [None req-abce9ca5-34e0-4029-8290-8bcd9a09f8ad None admin] Validating token access rules against request {{(pid=80221) validate_allowed_request /usr/local/lib/python3.8/dist-packages/keystonemiddleware/auth_token/__init__.py:545}}
Jul 29 14:08:35.152839 dv-cinder-799871-49-smb devstack@keystone.service[80220]: DEBUG keystone.server.flask.request_processing.middleware.auth_context [None req-f5964434-9dc1-49cd-a218-e81725b70cd9 None admin] RBAC: auth_context: {'token': , 'domain_id': None, 'trust_id': None, 'trustor_id': None, 'trustee_id': None, 'domain_name': None, 'group_ids': [], 'user_id': 'd6f21b375132486196e810eed866bb67', 'user_domain_id': 'default', 'system_scope': 'all', 'project_id': None, 'project_domain_id': None, 'roles': ['admin', 'member', 'reader'], 'is_admin_project': True, 'service_user_id': None, 'service_user_domain_id': None, 'service_project_id': None, 'service_project_domain_id': None, 'service_roles': []} {{(pid=80220) fill_context /opt/stack/keystone/keystone/server/flask/request_processing/middleware/auth_context.py:478}}
Jul 29 14:08:35.153500 dv-cinder-799871-49-smb devstack@keystone.service[80220]: DEBUG keystone.server.flask.request_processing.req_logging [None req-f5964434-9dc1-49cd-a218-e81725b70cd9 None admin] REQUEST_METHOD: `GET` {{(pid=80220) log_request_info /opt/stack/keystone/keystone/server/flask/request_processing/req_logging.py:27}}
Jul 29 14:08:35.153776 dv-cinder-799871-49-smb devstack@keystone.service[80220]: DEBUG keystone.server.flask.request_processing.req_logging [None req-f5964434-9dc1-49cd-a218-e81725b70cd9 None admin] SCRIPT_NAME: `/identity` {{(pid=80220) log_request_info /opt/stack/keystone/keystone/server/flask/request_processing/req_logging.py:28}}
Jul 29 14:08:35.154153 dv-cinder-799871-49-smb devstack@keystone.service[80220]: DEBUG keystone.server.flask.request_processing.req_logging [None req-f5964434-9dc1-49cd-a218-e81725b70cd9 None admin] PATH_INFO: `/v3/roles/reader` {{(pid=80220) log_request_info /opt/stack/keystone/keystone/server/flask/request_processing/req_logging.py:29}}
Jul 29 14:08:35.165569 dv-cinder-799871-49-smb devstack@keystone.service[80220]: DEBUG keystone.common.rbac_enforcer.enforcer [None req-f5964434-9dc1-49cd-a218-e81725b70cd9 None admin] Extracting inferred target data resulted in "NOT FOUND (404)". {{(pid=80220) enforce_call /opt/stack/keystone/keystone/common/rbac_enforcer/enforcer.py:409}}
Jul 29 14:08:35.165994 dv-cinder-799871-49-smb devstack@keystone.service[80221]: DEBUG keystone.server.flask.request_processing.middleware.auth_context [None req-337177fd-00ec-45c6-bc86-e1c3e46cff99 None admin] RBAC: auth_context: {'token': , 'domain_id': None, 'trust_id': None, 'trustor_id': None, 'trustee_id': None, 'domain_name': None, 'group_ids': [], 'user_id': 'd6f21b375132486196e810eed866bb67', 'user_domain_id': 'default', 'system_scope': 'all', 'project_id': None, 'project_domain_id': None, 'roles': ['admin', 'member', 'reader'], 'is_admin_project': True, 'service_user_id': None, 'service_user_domain_id': None, 'service_project_id': None, 'service_project_domain_id': None, 'service_roles': []} {{(pid=80221) fill_context /opt/stack/keystone/keystone/server/flask/request_processing/middleware/auth_context.py:478}}
Jul 29 14:08:35.167065 dv-cinder-799871-49-smb devstack@keystone.service[80221]: DEBUG keystone.server.flask.request_processing.req_logging [None req-337177fd-00ec-45c6-bc86-e1c3e46cff99 None admin] REQUEST_METHOD: `GET` {{(pid=80221) log_request_info /opt/stack/keystone/keystone/server/flask/request_processing/req_logging.py:27}}
Jul 29 14:08:35.167561 dv-cinder-799871-49-smb devstack@keystone.service[80221]: DEBUG keystone.server.flask.request_processing.req_logging [None req-337177fd-00ec-45c6-bc86-e1c3e46cff99 None admin] SCRIPT_NAME: `/identity` {{(pid=80221) log_request_info /opt/stack/keystone/keystone/server/flask/request_processing/req_logging.py:28}}
Jul 29 14:08:35.168057 dv-cinder-799871-49-smb devstack@keystone.service[80221]: DEBUG keystone.server.flask.request_processing.req_logging [None req-337177fd-00ec-45c6-bc86-e1c3e46cff99 None admin] PATH_INFO: `/v3/roles` {{(pid=80221) log_request_info /opt/stack/keystone/keystone/server/flask/request_processing/req_logging.py:29}}
Jul 29 14:08:35.168963 dv-cinder-799871-49-smb devstack@keystone.service[80221]: DEBUG keystone.common.rbac_enforcer.enforcer [None req-337177fd-00ec-45c6-bc86-e1c3e46cff99 None admin] RBAC: Adding query filter params (name=anotherrole) {{(pid=80221) _extract_filter_values /opt/stack/keystone/keystone/common/rbac_enforcer/enforcer.py:167}}
Jul 29 14:08:35.169459 dv-cinder-799871-49-smb devstack@keystone.service[80221]: DEBUG keystone.common.rbac_enforcer.enforcer [None req-337177fd-00ec-45c6-bc86-e1c3e46cff99 None admin] RBAC: Authorizing `identity:list_roles()` {{(pid=80221) enforce_call /opt/stack/keystone/keystone/common/rbac_enforcer/enforcer.py:449}}
Jul 29 14:08:35.171025 dv-cinder-799871-49-smb devstack@keystone.service[80221]: DEBUG keystone.common.rbac_enforcer.enforcer [None req-337177fd-00ec-45c6-bc86-e1c3e46cff99 None admin] RBAC: Authorization granted {{(pid=80221) enforce_call /opt/stack/keystone/keystone/common/rbac_enforcer/enforcer.py:457}}
Jul 29 14:08:35.171263 dv-cinder-799871-49-smb devstack@keystone.service[80220]: ERROR keystone.server.flask.application [None req-f5964434-9dc1-49cd-a218-e81725b70cd9 None admin] Could not find role: reader.: keystone.exception.RoleNotFound: Could not find role: reader.
Jul 29 14:08:35.171263 dv-cinder-799871-49-smb devstack@keystone.service[80220]: ERROR keystone.server.flask.application
Traceback (most recent call last):
Jul 29 14:08:35.171263 dv-cinder-799871-49-smb devstack@keystone.service[80220]: ERROR keystone.server.flask.application
File "/usr/local/lib/python3.8/dist-packages/flask/app.py", line 1517, in full_dispatch_request
Jul 29 14:08:35.171263 dv-cinder-799871-49-smb devstack@keystone.service[80220]: ERROR keystone.server.flask.application rv = self.dispatch_request()
Jul 29 14:08:35.171263 dv-cinder-799871-49-smb devstack@keystone.service[80220]: ERROR keystone.server.flask.application
File "/usr/local/lib/python3.8/dist-packages/flask/app.py", line 1503, in dispatch_request
Jul 29 14:08:35.171263 dv-cinder-799871-49-smb devstack@keystone.service[80220]: ERROR keystone.server.flask.application return self.ensure_sync(self.view_functions[rule.endpoint])(**req.view_args)
Jul 29 14:08:35.171263 dv-cinder-799871-49-smb devstack@keystone.service[80220]: ERROR keystone.server.flask.application
File "/usr/local/lib/python3.8/dist-packages/flask_restful/__init__.py", line 467, in wrapper
Jul 29 14:08:35.171263 dv-cinder-799871-49-smb devstack@keystone.service[80220]: ERROR keystone.server.flask.application resp = resource(*args, **kwargs)
Jul 29 14:08:35.171263 dv-cinder-799871-49-smb devstack@keystone.service[80220]: ERROR keystone.server.flask.application
File "/usr/local/lib/python3.8/dist-packages/flask/views.py", line 84, in view
Jul 29 14:08:35.171263 dv-cinder-799871-49-smb devstack@keystone.service[80220]: ERROR keystone.server.flask.application return current_app.ensure_sync(self.dispatch_request)(*args, **kwargs)
Jul 29 14:08:35.171263 dv-cinder-799871-49-smb devstack@keystone.service[80220]: ERROR keystone.server.flask.application
File "/usr/local/lib/python3.8/dist-packages/flask_restful/__init__.py", line 582, in dispatch_request
Jul 29 14:08:35.171263 dv-cinder-799871-49-smb devstack@keystone.service[80220]: ERROR keystone.server.flask.application resp = meth(*args, **kwargs)
Jul 29 14:08:35.171263 dv-cinder-799871-49-smb devstack@keystone.service[80220]: ERROR keystone.server.flask.application
File "/opt/stack/keystone/keystone/api/roles.py", line 50, in get
Jul 29 14:08:35.171263 dv-cinder-799871-49-smb devstack@keystone.service[80220]: ERROR keystone.server.flask.application return self._get_role(role_id)
Jul 29 14:08:35.171263 dv-cinder-799871-49-smb devstack@keystone.service[80220]: ERROR keystone.server.flask.application
File "/opt/stack/keystone/keystone/api/roles.py", line 70, in _get_role
Jul 29 14:08:35.171263 dv-cinder-799871-49-smb devstack@keystone.service[80220]: ERROR keystone.server.flask.application ENFORCER.enforce_call(action='identity:get_role')
Jul 29 14:08:35.172132 dv-cinder-799871-49-smb devstack@keystone.service[80220]: ERROR keystone.server.flask.application
File "/opt/stack/keystone/keystone/common/rbac_enforcer/enforcer.py", line 402, in enforce_call
Jul 29 14:08:35.172132 dv-cinder-799871-49-smb devstack@keystone.service[80220]: ERROR keystone.server.flask.application policy_dict.update(cls._extract_member_target_data(
Jul 29 14:08:35.172132 dv-cinder-799871-49-smb devstack@keystone.service[80220]: ERROR keystone.server.flask.application
File "/opt/stack/keystone/keystone/common/rbac_enforcer/enforcer.py", line 234, in _extract_member_target_data
Jul 29 14:08:35.172132 dv-cinder-799871-49-smb devstack@keystone.service[80220]: ERROR keystone.server.flask.application member_name: func(flask.request.view_args[key])
Jul 29 14:08:35.172132 dv-cinder-799871-49-smb devstack@keystone.service[80220]: ERROR keystone.server.flask.application
File "/opt/stack/keystone/keystone/common/manager.py", line 115, in wrapped
Jul 29 14:08:35.172132 dv-cinder-799871-49-smb devstack@keystone.service[80220]: ERROR keystone.server.flask.application __ret_val = __f(*args, **kwargs)
Jul 29 14:08:35.172132 dv-cinder-799871-49-smb devstack@keystone.service[80220]: ERROR keystone.server.flask.application
File "/usr/local/lib/python3.8/dist-packages/decorator.py", line 232, in fun
Jul 29 14:08:35.172132 dv-cinder-799871-49-smb devstack@keystone.service[80220]: ERROR keystone.server.flask.application return caller(func, *(extras + args), **kw)
Jul 29 14:08:35.172132 dv-cinder-799871-49-smb devstack@keystone.service[80220]: ERROR keystone.server.flask.application
File "/usr/local/lib/python3.8/dist-packages/dogpile/cache/region.py", line 1577, in get_or_create_for_user_func
Jul 29 14:08:35.172132 dv-cinder-799871-49-smb devstack@keystone.service[80220]: ERROR keystone.server.flask.application return self.get_or_create(
Jul 29 14:08:35.172132 dv-cinder-799871-49-smb devstack@keystone.service[80220]: ERROR keystone.server.flask.application
File "/usr/local/lib/python3.8/dist-packages/dogpile/cache/region.py", line 1042, in get_or_create
Jul 29 14:08:35.172132 dv-cinder-799871-49-smb devstack@keystone.service[80220]: ERROR keystone.server.flask.application with Lock(
Jul 29 14:08:35.172132 dv-cinder-799871-49-smb devstack@keystone.service[80220]: ERROR keystone.server.flask.application
File "/usr/local/lib/python3.8/dist-packages/dogpile/lock.py", line 185, in __enter__
Jul 29 14:08:35.172132 dv-cinder-799871-49-smb devstack@keystone.service[80220]: ERROR keystone.server.flask.application return self._enter()
Jul 29 14:08:35.172132 dv-cinder-799871-49-smb devstack@keystone.service[80220]: ERROR keystone.server.flask.application
File "/usr/local/lib/python3.8/dist-packages/dogpile/lock.py", line 94, in _enter
Jul 29 14:08:35.172132 dv-cinder-799871-49-smb devstack@keystone.service[80220]: ERROR keystone.server.flask.application generated = self._enter_create(value, createdtime)
Jul 29 14:08:35.173063 dv-cinder-799871-49-smb devstack@keystone.service[80220]: ERROR keystone.server.flask.application
File "/usr/local/lib/python3.8/dist-packages/dogpile/lock.py", line 178, in _enter_create
Jul 29 14:08:35.173063 dv-cinder-799871-49-smb devstack@keystone.service[80220]: ERROR keystone.server.flask.application return self.creator()
Jul 29 14:08:35.173063 dv-cinder-799871-49-smb devstack@keystone.service[80220]: ERROR keystone.server.flask.application
File "/usr/local/lib/python3.8/dist-packages/dogpile/cache/region.py", line 995, in gen_value
Jul 29 14:08:35.173063 dv-cinder-799871-49-smb devstack@keystone.service[80220]: ERROR keystone.server.flask.application created_value = creator(
Jul 29 14:08:35.173063 dv-cinder-799871-49-smb devstack@keystone.service[80220]: ERROR keystone.server.flask.application
File "/opt/stack/keystone/keystone/assignment/core.py", line 1276, in get_role
Jul 29 14:08:35.173063 dv-cinder-799871-49-smb devstack@keystone.service[80220]: ERROR keystone.server.flask.application return self.driver.get_role(role_id)
Jul 29 14:08:35.173063 dv-cinder-799871-49-smb devstack@keystone.service[80220]: ERROR keystone.server.flask.application
File "/opt/stack/keystone/keystone/assignment/role_backends/sql.py", line 70, in get_role
Jul 29 14:08:35.173063 dv-cinder-799871-49-smb devstack@keystone.service[80220]: ERROR keystone.server.flask.application return self._get_role(session, role_id).to_dict()
Jul 29 14:08:35.173063 dv-cinder-799871-49-smb devstack@keystone.service[80220]: ERROR keystone.server.flask.application
File "/opt/stack/keystone/keystone/assignment/role_backends/sql.py", line 65, in _get_role
Jul 29 14:08:35.173063 dv-cinder-799871-49-smb devstack@keystone.service[80220]: ERROR keystone.server.flask.application raise exception.RoleNotFound(role_id=role_id)
Jul 29 14:08:35.173063 dv-cinder-799871-49-smb devstack@keystone.service[80220]: ERROR keystone.server.flask.application keystone.exception.RoleNotFound: Could not find role: reader.
Jul 29 14:08:35.173063 dv-cinder-799871-49-smb devstack@keystone.service[80220]: ERROR keystone.server.flask.application
Jul 29 14:08:35.173063 dv-cinder-799871-49-smb devstack@keystone.service[80220]: [pid: 80220|app: 0|req: 104/194] 10.222.0.60 () {56 vars in 1099 bytes} [Fri Jul 29 14:08:34 2022] GET /identity/v3/roles/reader => generated 84 bytes in 187 msecs (HTTP/1.1 404) 5 headers in 183 bytes (1 switches on core 0)
Jul 29 14:08:35.173827 dv-cinder-799871-49-smb devstack@keystone.service[80220]: DEBUG keystone.server.flask.request_processing.middleware.auth_context [None req-f5964434-9dc1-49cd-a218-e81725b70cd9 None admin] Authenticating user token {{(pid=80220) process_request /usr/local/lib/python3.8/dist-packages/keystonemiddleware/auth_token/__init__.py:407}}
Jul 29 14:08:35.185630 dv-cinder-799871-49-smb devstack@keystone.service[80221]: [pid: 80221|app: 0|req: 91/195] 10.222.0.60 () {56 vars in 1111 bytes} [Fri Jul 29 14:08:35 2022] GET /identity/v3/roles?name=anotherrole => generated 334 bytes in 183 msecs (HTTP/1.1 200) 5 headers in 177 bytes (1 switches on core 0)
Jul 29 14:08:35.186754 dv-cinder-799871-49-smb devstack@keystone.service[80221]: DEBUG keystone.server.flask.request_processing.middleware.auth_context [None req-337177fd-00ec-45c6-bc86-e1c3e46cff99 None admin] Authenticating user token {{(pid=80221) process_request /usr/local/lib/python3.8/dist-packages/keystonemiddleware/auth_token/__init__.py:407}}
Jul 29 14:08:35.211235 dv-cinder-799871-49-smb devstack@keystone.service[80221]: DEBUG dbcounter [-] [80221] Writing DB stats keystone:SELECT=100 {{(pid=80221) stat_writer /usr/local/lib/python3.8/dist-packages/dbcounter.py:114}}
Jul 29 14:08:35.237832 dv-cinder-799871-49-smb devstack@keystone.service[80220]: DEBUG dbcounter [-] [80220] Writing DB stats keystone:SELECT=100 {{(pid=80220) stat_writer /usr/local/lib/python3.8/dist-packages/dbcounter.py:114}}
Jul 29 14:08:35.306338 dv-cinder-799871-49-smb devstack@keystone.service[80221]: DEBUG keystone.server.flask.request_processing.middleware.auth_context [None req-337177fd-00ec-45c6-bc86-e1c3e46cff99 None admin] Validating token access rules against request {{(pid=80221) validate_allowed_request /usr/local/lib/python3.8/dist-packages/keystonemiddleware/auth_token/__init__.py:545}}
Jul 29 14:08:35.311504 dv-cinder-799871-49-smb devstack@keystone.service[80220]: DEBUG keystone.server.flask.request_processing.middleware.auth_context [None req-f5964434-9dc1-49cd-a218-e81725b70cd9 None admin] Validating token access rules against request {{(pid=80220) validate_allowed_request /usr/local/lib/python3.8/dist-packages/keystonemiddleware/auth_token/__init__.py:545}}
Jul 29 14:08:35.346027 dv-cinder-799871-49-smb devstack@keystone.service[80221]: DEBUG keystone.server.flask.request_processing.middleware.auth_context [None req-06a0e55e-5c1b-49ef-abfb-4ae0c2b64751 None admin] RBAC: auth_context: {'token': , 'domain_id': None, 'trust_id': None, 'trustor_id': None, 'trustee_id': None, 'domain_name': None, 'group_ids': [], 'user_id': 'd6f21b375132486196e810eed866bb67', 'user_domain_id': 'default', 'system_scope': 'all', 'project_id': None, 'project_domain_id': None, 'roles': ['admin', 'member', 'reader'], 'is_admin_project': True, 'service_user_id': None, 'service_user_domain_id': None, 'service_project_id': None, 'service_project_domain_id': None, 'service_roles': []} {{(pid=80221) fill_context /opt/stack/keystone/keystone/server/flask/request_processing/middleware/auth_context.py:478}}
Jul 29 14:08:35.347025 dv-cinder-799871-49-smb devstack@keystone.service[80221]: DEBUG keystone.server.flask.request_processing.req_logging [None req-06a0e55e-5c1b-49ef-abfb-4ae0c2b64751 None admin] REQUEST_METHOD: `GET` {{(pid=80221) log_request_info /opt/stack/keystone/keystone/server/flask/request_processing/req_logging.py:27}}
Jul 29 14:08:35.347546 dv-cinder-799871-49-smb devstack@keystone.service[80221]: DEBUG keystone.server.flask.request_processing.req_logging [None req-06a0e55e-5c1b-49ef-abfb-4ae0c2b64751 None admin] SCRIPT_NAME: `/identity` {{(pid=80221) log_request_info /opt/stack/keystone/keystone/server/flask/request_processing/req_logging.py:28}}
Jul 29 14:08:35.348034 dv-cinder-799871-49-smb devstack@keystone.service[80221]: DEBUG keystone.server.flask.request_processing.req_logging [None req-06a0e55e-5c1b-49ef-abfb-4ae0c2b64751 None admin] PATH_INFO: `/v3/role_assignments` {{(pid=80221) log_request_info /opt/stack/keystone/keystone/server/flask/request_processing/req_logging.py:29}}
Jul 29 14:08:35.349037 dv-cinder-799871-49-smb devstack@keystone.service[80221]: DEBUG keystone.common.rbac_enforcer.enforcer [None req-06a0e55e-5c1b-49ef-abfb-4ae0c2b64751 None admin] RBAC: Adding query filter params (role.id=a98890f155a8462793d4683dcf9e4578, scope.project.id=5e04ef25519647a58209150ac7f335d7, user.id=d6f21b375132486196e810eed866bb67) {{(pid=80221) _extract_filter_values /opt/stack/keystone/keystone/common/rbac_enforcer/enforcer.py:167}}
Jul 29 14:08:35.349621 dv-cinder-799871-49-smb devstack@keystone.service[80221]: DEBUG keystone.common.rbac_enforcer.enforcer [None req-06a0e55e-5c1b-49ef-abfb-4ae0c2b64751 None admin] RBAC: Authorizing `identity:list_role_assignments()` {{(pid=80221) enforce_call /opt/stack/keystone/keystone/common/rbac_enforcer/enforcer.py:449}}
Jul 29 14:08:35.351308 dv-cinder-799871-49-smb devstack@keystone.service[80221]: DEBUG keystone.common.rbac_enforcer.enforcer [None req-06a0e55e-5c1b-49ef-abfb-4ae0c2b64751 None admin] RBAC: Authorization granted {{(pid=80221) enforce_call /opt/stack/keystone/keystone/common/rbac_enforcer/enforcer.py:457}}
Jul 29 14:08:35.356287 dv-cinder-799871-49-smb devstack@keystone.service[80220]: DEBUG keystone.server.flask.request_processing.middleware.auth_context [None req-ff34ab21-9c74-49d6-a551-5f6b21bcd982 None admin] RBAC: auth_context: {'token': , 'domain_id': None, 'trust_id': None, 'trustor_id': None, 'trustee_id': None, 'domain_name': None, 'group_ids': [], 'user_id': 'd6f21b375132486196e810eed866bb67', 'user_domain_id': 'default', 'system_scope': 'all', 'project_id': None, 'project_domain_id': None, 'roles': ['admin', 'member', 'reader'], 'is_admin_project': True, 'service_user_id': None, 'service_user_domain_id': None, 'service_project_id': None, 'service_project_domain_id': None, 'service_roles': []} {{(pid=80220) fill_context /opt/stack/keystone/keystone/server/flask/request_processing/middleware/auth_context.py:478}}
Jul 29 14:08:35.356925 dv-cinder-799871-49-smb devstack@keystone.service[80220]: DEBUG keystone.server.flask.request_processing.req_logging [None req-ff34ab21-9c74-49d6-a551-5f6b21bcd982 None admin] REQUEST_METHOD: `GET` {{(pid=80220) log_request_info /opt/stack/keystone/keystone/server/flask/request_processing/req_logging.py:27}}
Jul 29 14:08:35.357210 dv-cinder-799871-49-smb devstack@keystone.service[80220]: DEBUG keystone.server.flask.request_processing.req_logging [None req-ff34ab21-9c74-49d6-a551-5f6b21bcd982 None admin] SCRIPT_NAME: `/identity` {{(pid=80220) log_request_info /opt/stack/keystone/keystone/server/flask/request_processing/req_logging.py:28}}
Jul 29 14:08:35.357486 dv-cinder-799871-49-smb devstack@keystone.service[80220]: DEBUG keystone.server.flask.request_processing.req_logging [None req-ff34ab21-9c74-49d6-a551-5f6b21bcd982 None admin] PATH_INFO: `/v3/auth/tokens` {{(pid=80220) log_request_info /opt/stack/keystone/keystone/server/flask/request_processing/req_logging.py:29}}
Jul 29 14:08:35.363992 dv-cinder-799871-49-smb devstack@keystone.service[80221]: [pid: 80221|app: 0|req: 92/196] 10.222.0.60 () {56 vars in 1374 bytes} [Fri Jul 29 14:08:35 2022] GET /identity/v3/role_assignments?user.id=d6f21b375132486196e810eed866bb67&scope.project.id=5e04ef25519647a58209150ac7f335d7&role.id=a98890f155a8462793d4683dcf9e4578 => generated 608 bytes in 172 msecs (HTTP/1.1 200) 5 headers in 177 bytes (1 switches on core 0)
Jul 29 14:08:35.365366 dv-cinder-799871-49-smb devstack@keystone.service[80221]: DEBUG keystone.server.flask.request_processing.middleware.auth_context [None req-06a0e55e-5c1b-49ef-abfb-4ae0c2b64751 None admin] Authenticating user token {{(pid=80221) process_request /usr/local/lib/python3.8/dist-packages/keystonemiddleware/auth_token/__init__.py:407}}
Jul 29 14:08:35.440086 dv-cinder-799871-49-smb devstack@keystone.service[80220]: DEBUG keystone.common.rbac_enforcer.enforcer [None req-ff34ab21-9c74-49d6-a551-5f6b21bcd982 None admin] RBAC: Authorizing `identity:validate_token()` {{(pid=80220) enforce_call /opt/stack/keystone/keystone/common/rbac_enforcer/enforcer.py:449}}
Jul 29 14:08:35.442803 dv-cinder-799871-49-smb devstack@keystone.service[80220]: DEBUG keystone.common.rbac_enforcer.enforcer [None req-ff34ab21-9c74-49d6-a551-5f6b21bcd982 None admin] RBAC: Authorization granted {{(pid=80220) enforce_call /opt/stack/keystone/keystone/common/rbac_enforcer/enforcer.py:457}}
Jul 29 14:08:35.521176 dv-cinder-799871-49-smb devstack@keystone.service[80220]: DEBUG dbcounter [-] [80220] Writing DB stats keystone:SELECT=100 {{(pid=80220) stat_writer /usr/local/lib/python3.8/dist-packages/dbcounter.py:114}}
Jul 29 14:08:35.541594 dv-cinder-799871-49-smb devstack@keystone.service[80221]: DEBUG dbcounter [-] [80221] Writing DB stats keystone:SELECT=100 {{(pid=80221) stat_writer /usr/local/lib/python3.8/dist-packages/dbcounter.py:114}}
Jul 29 14:08:35.549151 dv-cinder-799871-49-smb devstack@keystone.service[80221]: DEBUG keystone.server.flask.request_processing.middleware.auth_context [None req-06a0e55e-5c1b-49ef-abfb-4ae0c2b64751 None admin] Validating token access rules against request {{(pid=80221) validate_allowed_request /usr/local/lib/python3.8/dist-packages/keystonemiddleware/auth_token/__init__.py:545}}
Jul 29 14:08:35.616866 dv-cinder-799871-49-smb devstack@keystone.service[80221]: DEBUG keystone.server.flask.request_processing.middleware.auth_context [None req-66aeeded-e36a-402d-92ac-44d7dc9e4d08 None admin] RBAC: auth_context: {'token': , 'domain_id': None, 'trust_id': None, 'trustor_id': None, 'trustee_id': None, 'domain_name': None, 'group_ids': [], 'user_id': 'd6f21b375132486196e810eed866bb67', 'user_domain_id': 'default', 'system_scope': 'all', 'project_id': None, 'project_domain_id': None, 'roles': ['admin', 'member', 'reader'], 'is_admin_project': True, 'service_user_id': None, 'service_user_domain_id': None, 'service_project_id': None, 'service_project_domain_id': None, 'service_roles': []} {{(pid=80221) fill_context /opt/stack/keystone/keystone/server/flask/request_processing/middleware/auth_context.py:478}}
Jul 29 14:08:35.617514 dv-cinder-799871-49-smb devstack@keystone.service[80221]: DEBUG keystone.server.flask.request_processing.req_logging [None req-66aeeded-e36a-402d-92ac-44d7dc9e4d08 None admin] REQUEST_METHOD: `GET` {{(pid=80221) log_request_info /opt/stack/keystone/keystone/server/flask/request_processing/req_logging.py:27}}
Jul 29 14:08:35.617810 dv-cinder-799871-49-smb devstack@keystone.service[80221]: DEBUG keystone.server.flask.request_processing.req_logging [None req-66aeeded-e36a-402d-92ac-44d7dc9e4d08 None admin] SCRIPT_NAME: `/identity` {{(pid=80221) log_request_info /opt/stack/keystone/keystone/server/flask/request_processing/req_logging.py:28}}
Jul 29 14:08:35.618071 dv-cinder-799871-49-smb devstack@keystone.service[80221]: DEBUG keystone.server.flask.request_processing.req_logging [None req-66aeeded-e36a-402d-92ac-44d7dc9e4d08 None admin] PATH_INFO: `/v3/roles` {{(pid=80221) log_request_info /opt/stack/keystone/keystone/server/flask/request_processing/req_logging.py:29}}
Jul 29 14:08:35.618802 dv-cinder-799871-49-smb devstack@keystone.service[80221]: DEBUG keystone.common.rbac_enforcer.enforcer [None req-66aeeded-e36a-402d-92ac-44d7dc9e4d08 None admin] RBAC: Adding query filter params (name=reader) {{(pid=80221) _extract_filter_values /opt/stack/keystone/keystone/common/rbac_enforcer/enforcer.py:167}}
Jul 29 14:08:35.619389 dv-cinder-799871-49-smb devstack@keystone.service[80221]: DEBUG keystone.common.rbac_enforcer.enforcer [None req-66aeeded-e36a-402d-92ac-44d7dc9e4d08 None admin] RBAC: Authorizing `identity:list_roles()` {{(pid=80221) enforce_call /opt/stack/keystone/keystone/common/rbac_enforcer/enforcer.py:449}}
Jul 29 14:08:35.620570 dv-cinder-799871-49-smb devstack@keystone.service[80221]: DEBUG keystone.common.rbac_enforcer.enforcer [None req-66aeeded-e36a-402d-92ac-44d7dc9e4d08 None admin] RBAC: Authorization granted {{(pid=80221) enforce_call /opt/stack/keystone/keystone/common/rbac_enforcer/enforcer.py:457}}
Jul 29 14:08:35.625230 dv-cinder-799871-49-smb devstack@keystone.service[80220]: [pid: 80220|app: 0|req: 105/197] 10.222.0.60 () {58 vars in 1282 bytes} [Fri Jul 29 14:08:35 2022] GET /identity/v3/auth/tokens => generated 799 bytes in 452 msecs (HTTP/1.1 200) 6 headers in 358 bytes (1 switches on core 0)
Jul 29 14:08:35.626456 dv-cinder-799871-49-smb devstack@keystone.service[80220]: DEBUG keystone.server.flask.request_processing.middleware.auth_context [None req-ff34ab21-9c74-49d6-a551-5f6b21bcd982 None admin] Authenticating user token {{(pid=80220) process_request /usr/local/lib/python3.8/dist-packages/keystonemiddleware/auth_token/__init__.py:407}}
Jul 29 14:08:35.645178 dv-cinder-799871-49-smb devstack@keystone.service[80221]: [pid: 80221|app: 0|req: 93/198] 10.222.0.60 () {56 vars in 1101 bytes} [Fri Jul 29 14:08:35 2022] GET /identity/v3/roles?name=reader => generated 341 bytes in 280 msecs (HTTP/1.1 200) 5 headers in 177 bytes (1 switches on core 0)
Jul 29 14:08:35.646357 dv-cinder-799871-49-smb devstack@keystone.service[80221]: DEBUG keystone.server.flask.request_processing.middleware.auth_context [None req-66aeeded-e36a-402d-92ac-44d7dc9e4d08 None admin] Authenticating user token {{(pid=80221) process_request /usr/local/lib/python3.8/dist-packages/keystonemiddleware/auth_token/__init__.py:407}}
Jul 29 14:08:35.764518 dv-cinder-799871-49-smb devstack@keystone.service[80220]: DEBUG keystone.server.flask.request_processing.middleware.auth_context [None req-ff34ab21-9c74-49d6-a551-5f6b21bcd982 None admin] Validating token access rules against request {{(pid=80220) validate_allowed_request /usr/local/lib/python3.8/dist-packages/keystonemiddleware/auth_token/__init__.py:545}}
Jul 29 14:08:35.779381 dv-cinder-799871-49-smb devstack@keystone.service[80221]: DEBUG keystone.server.flask.request_processing.middleware.auth_context [None req-66aeeded-e36a-402d-92ac-44d7dc9e4d08 None admin] Validating token access rules against request {{(pid=80221) validate_allowed_request /usr/local/lib/python3.8/dist-packages/keystonemiddleware/auth_token/__init__.py:545}}
Jul 29 14:08:35.807645 dv-cinder-799871-49-smb devstack@keystone.service[80220]: DEBUG keystone.server.flask.request_processing.middleware.auth_context [None req-e1dccf2b-dda3-45a0-9fed-2cefd30c66c1 None admin] RBAC: auth_context: {'token': , 'domain_id': None, 'trust_id': None, 'trustor_id': None, 'trustee_id': None, 'domain_name': None, 'group_ids': [], 'user_id': 'd6f21b375132486196e810eed866bb67', 'user_domain_id': 'default', 'system_scope': 'all', 'project_id': None, 'project_domain_id': None, 'roles': ['admin', 'member', 'reader'], 'is_admin_project': True, 'service_user_id': None, 'service_user_domain_id': None, 'service_project_id': None, 'service_project_domain_id': None, 'service_roles': []} {{(pid=80220) fill_context /opt/stack/keystone/keystone/server/flask/request_processing/middleware/auth_context.py:478}}
Jul 29 14:08:35.808747 dv-cinder-799871-49-smb devstack@keystone.service[80220]: DEBUG keystone.server.flask.request_processing.req_logging [None req-e1dccf2b-dda3-45a0-9fed-2cefd30c66c1 None admin] REQUEST_METHOD: `GET` {{(pid=80220) log_request_info /opt/stack/keystone/keystone/server/flask/request_processing/req_logging.py:27}}
Jul 29 14:08:35.809240 dv-cinder-799871-49-smb devstack@keystone.service[80220]: DEBUG keystone.server.flask.request_processing.req_logging [None req-e1dccf2b-dda3-45a0-9fed-2cefd30c66c1 None admin] SCRIPT_NAME: `/identity` {{(pid=80220) log_request_info /opt/stack/keystone/keystone/server/flask/request_processing/req_logging.py:28}}
Jul 29 14:08:35.809707 dv-cinder-799871-49-smb devstack@keystone.service[80220]: DEBUG keystone.server.flask.request_processing.req_logging [None req-e1dccf2b-dda3-45a0-9fed-2cefd30c66c1 None admin] PATH_INFO: `/v3/users/e99f88dd1afb4ad69e4cec8ee93abf04` {{(pid=80220) log_request_info /opt/stack/keystone/keystone/server/flask/request_processing/req_logging.py:29}}
Jul 29 14:08:35.811159 dv-cinder-799871-49-smb devstack@keystone.service[80220]: DEBUG keystone.common.rbac_enforcer.enforcer [None req-e1dccf2b-dda3-45a0-9fed-2cefd30c66c1 None admin] RBAC: Authorizing `identity:get_user(user_id=e99f88dd1afb4ad69e4cec8ee93abf04)` {{(pid=80220) enforce_call /opt/stack/keystone/keystone/common/rbac_enforcer/enforcer.py:449}}
Jul 29 14:08:35.813028 dv-cinder-799871-49-smb devstack@keystone.service[80220]: DEBUG keystone.common.rbac_enforcer.enforcer [None req-e1dccf2b-dda3-45a0-9fed-2cefd30c66c1 None admin] RBAC: Authorization granted {{(pid=80220) enforce_call /opt/stack/keystone/keystone/common/rbac_enforcer/enforcer.py:457}}
Jul 29 14:08:35.815327 dv-cinder-799871-49-smb devstack@keystone.service[80220]: [pid: 80220|app: 0|req: 106/199] 10.222.0.60 () {56 vars in 1177 bytes} [Fri Jul 29 14:08:35 2022] GET /identity/v3/users/e99f88dd1afb4ad69e4cec8ee93abf04 => generated 283 bytes in 189 msecs (HTTP/1.1 200) 5 headers in 177 bytes (1 switches on core 0)
Jul 29 14:08:35.816434 dv-cinder-799871-49-smb devstack@keystone.service[80220]: DEBUG keystone.server.flask.request_processing.middleware.auth_context [None req-e1dccf2b-dda3-45a0-9fed-2cefd30c66c1 None admin] Authenticating user token {{(pid=80220) process_request /usr/local/lib/python3.8/dist-packages/keystonemiddleware/auth_token/__init__.py:407}}
Jul 29 14:08:35.821241 dv-cinder-799871-49-smb devstack@keystone.service[80221]: DEBUG keystone.server.flask.request_processing.middleware.auth_context [None req-6ec1fe10-2505-4492-a2e5-6cba34a8786a None admin] RBAC: auth_context: {'token': , 'domain_id': None, 'trust_id': None, 'trustor_id': None, 'trustee_id': None, 'domain_name': None, 'group_ids': [], 'user_id': 'd6f21b375132486196e810eed866bb67', 'user_domain_id': 'default', 'system_scope': 'all', 'project_id': None, 'project_domain_id': None, 'roles': ['admin', 'member', 'reader'], 'is_admin_project': True, 'service_user_id': None, 'service_user_domain_id': None, 'service_project_id': None, 'service_project_domain_id': None, 'service_roles': []} {{(pid=80221) fill_context /opt/stack/keystone/keystone/server/flask/request_processing/middleware/auth_context.py:478}}
Jul 29 14:08:35.821925 dv-cinder-799871-49-smb devstack@keystone.service[80221]: DEBUG keystone.server.flask.request_processing.req_logging [None req-6ec1fe10-2505-4492-a2e5-6cba34a8786a None admin] REQUEST_METHOD: `GET` {{(pid=80221) log_request_info /opt/stack/keystone/keystone/server/flask/request_processing/req_logging.py:27}}
