Jul 29 14:08:57.496711 dv-cinder-799871-49-smb devstack@keystone.service[80221]: [pid: 80221|app: 0|req: 174/368] 10.222.0.60 () {58 vars in 1282 bytes} [Fri Jul 29 14:08:57 2022] GET /identity/v3/auth/tokens => generated 799 bytes in 408 msecs (HTTP/1.1 200) 6 headers in 358 bytes (1 switches on core 0)
Jul 29 14:08:57.502554 dv-cinder-799871-49-smb devstack@keystone.service[80221]: DEBUG keystone.server.flask.request_processing.middleware.auth_context [None req-1546347f-2bac-4327-a000-dc6974bca446 None admin] Authenticating user token {{(pid=80221) process_request /usr/local/lib/python3.8/dist-packages/keystonemiddleware/auth_token/__init__.py:407}}
Jul 29 14:08:57.547012 dv-cinder-799871-49-smb devstack@keystone.service[80220]: DEBUG dbcounter [-] [80220] Writing DB stats keystone:SELECT=100 {{(pid=80220) stat_writer /usr/local/lib/python3.8/dist-packages/dbcounter.py:114}}
Jul 29 14:08:57.570215 dv-cinder-799871-49-smb devstack@keystone.service[80220]: DEBUG keystone.server.flask.request_processing.middleware.auth_context [None req-9bb87c85-1820-46a9-96fb-02944f949ce2 None admin] Validating token access rules against request {{(pid=80220) validate_allowed_request /usr/local/lib/python3.8/dist-packages/keystonemiddleware/auth_token/__init__.py:545}}
Jul 29 14:08:57.611581 dv-cinder-799871-49-smb devstack@keystone.service[80221]: DEBUG keystone.server.flask.request_processing.middleware.auth_context [None req-1546347f-2bac-4327-a000-dc6974bca446 None admin] Validating token access rules against request {{(pid=80221) validate_allowed_request /usr/local/lib/python3.8/dist-packages/keystonemiddleware/auth_token/__init__.py:545}}
Jul 29 14:08:57.612387 dv-cinder-799871-49-smb devstack@keystone.service[80220]: DEBUG keystone.server.flask.request_processing.middleware.auth_context [None req-1bfb86c9-f6fc-47e0-90bf-11a708193df1 None admin] RBAC: auth_context: {'token': , 'domain_id': None, 'trust_id': None, 'trustor_id': None, 'trustee_id': None, 'domain_name': None, 'group_ids': [], 'user_id': 'd6f21b375132486196e810eed866bb67', 'user_domain_id': 'default', 'system_scope': 'all', 'project_id': None, 'project_domain_id': None, 'roles': ['admin', 'member', 'reader'], 'is_admin_project': True, 'service_user_id': None, 'service_user_domain_id': None, 'service_project_id': None, 'service_project_domain_id': None, 'service_roles': []} {{(pid=80220) fill_context /opt/stack/keystone/keystone/server/flask/request_processing/middleware/auth_context.py:478}}
Jul 29 14:08:57.613193 dv-cinder-799871-49-smb devstack@keystone.service[80220]: DEBUG keystone.server.flask.request_processing.req_logging [None req-1bfb86c9-f6fc-47e0-90bf-11a708193df1 None admin] REQUEST_METHOD: `GET` {{(pid=80220) log_request_info /opt/stack/keystone/keystone/server/flask/request_processing/req_logging.py:27}}
Jul 29 14:08:57.613675 dv-cinder-799871-49-smb devstack@keystone.service[80220]: DEBUG keystone.server.flask.request_processing.req_logging [None req-1bfb86c9-f6fc-47e0-90bf-11a708193df1 None admin] SCRIPT_NAME: `/identity` {{(pid=80220) log_request_info /opt/stack/keystone/keystone/server/flask/request_processing/req_logging.py:28}}
Jul 29 14:08:57.614016 dv-cinder-799871-49-smb devstack@keystone.service[80220]: DEBUG keystone.server.flask.request_processing.req_logging [None req-1bfb86c9-f6fc-47e0-90bf-11a708193df1 None admin] PATH_INFO: `/v3/roles/admin` {{(pid=80220) log_request_info /opt/stack/keystone/keystone/server/flask/request_processing/req_logging.py:29}}
Jul 29 14:08:57.624768 dv-cinder-799871-49-smb devstack@keystone.service[80221]: DEBUG dbcounter [-] [80221] Writing DB stats keystone:SELECT=100 {{(pid=80221) stat_writer /usr/local/lib/python3.8/dist-packages/dbcounter.py:114}}
Jul 29 14:08:57.627184 dv-cinder-799871-49-smb devstack@keystone.service[80220]: DEBUG keystone.common.rbac_enforcer.enforcer [None req-1bfb86c9-f6fc-47e0-90bf-11a708193df1 None admin] Extracting inferred target data resulted in "NOT FOUND (404)". {{(pid=80220) enforce_call /opt/stack/keystone/keystone/common/rbac_enforcer/enforcer.py:409}}
Jul 29 14:08:57.637470 dv-cinder-799871-49-smb devstack@keystone.service[80220]: ERROR keystone.server.flask.application [None req-1bfb86c9-f6fc-47e0-90bf-11a708193df1 None admin] Could not find role: admin.: keystone.exception.RoleNotFound: Could not find role: admin.
Jul 29 14:08:57.637470 dv-cinder-799871-49-smb devstack@keystone.service[80220]: ERROR keystone.server.flask.application
Traceback (most recent call last):
Jul 29 14:08:57.637470 dv-cinder-799871-49-smb devstack@keystone.service[80220]: ERROR keystone.server.flask.application
File "/usr/local/lib/python3.8/dist-packages/flask/app.py", line 1517, in full_dispatch_request
Jul 29 14:08:57.637470 dv-cinder-799871-49-smb devstack@keystone.service[80220]: ERROR keystone.server.flask.application rv = self.dispatch_request()
Jul 29 14:08:57.637470 dv-cinder-799871-49-smb devstack@keystone.service[80220]: ERROR keystone.server.flask.application
File "/usr/local/lib/python3.8/dist-packages/flask/app.py", line 1503, in dispatch_request
Jul 29 14:08:57.637470 dv-cinder-799871-49-smb devstack@keystone.service[80220]: ERROR keystone.server.flask.application return self.ensure_sync(self.view_functions[rule.endpoint])(**req.view_args)
Jul 29 14:08:57.637470 dv-cinder-799871-49-smb devstack@keystone.service[80220]: ERROR keystone.server.flask.application
File "/usr/local/lib/python3.8/dist-packages/flask_restful/__init__.py", line 467, in wrapper
Jul 29 14:08:57.637470 dv-cinder-799871-49-smb devstack@keystone.service[80220]: ERROR keystone.server.flask.application resp = resource(*args, **kwargs)
Jul 29 14:08:57.637470 dv-cinder-799871-49-smb devstack@keystone.service[80220]: ERROR keystone.server.flask.application
File "/usr/local/lib/python3.8/dist-packages/flask/views.py", line 84, in view
Jul 29 14:08:57.637470 dv-cinder-799871-49-smb devstack@keystone.service[80220]: ERROR keystone.server.flask.application return current_app.ensure_sync(self.dispatch_request)(*args, **kwargs)
Jul 29 14:08:57.637470 dv-cinder-799871-49-smb devstack@keystone.service[80220]: ERROR keystone.server.flask.application
File "/usr/local/lib/python3.8/dist-packages/flask_restful/__init__.py", line 582, in dispatch_request
Jul 29 14:08:57.637470 dv-cinder-799871-49-smb devstack@keystone.service[80220]: ERROR keystone.server.flask.application resp = meth(*args, **kwargs)
Jul 29 14:08:57.637470 dv-cinder-799871-49-smb devstack@keystone.service[80220]: ERROR keystone.server.flask.application
File "/opt/stack/keystone/keystone/api/roles.py", line 50, in get
Jul 29 14:08:57.637470 dv-cinder-799871-49-smb devstack@keystone.service[80220]: ERROR keystone.server.flask.application return self._get_role(role_id)
Jul 29 14:08:57.637470 dv-cinder-799871-49-smb devstack@keystone.service[80220]: ERROR keystone.server.flask.application
File "/opt/stack/keystone/keystone/api/roles.py", line 70, in _get_role
Jul 29 14:08:57.637470 dv-cinder-799871-49-smb devstack@keystone.service[80220]: ERROR keystone.server.flask.application ENFORCER.enforce_call(action='identity:get_role')
Jul 29 14:08:57.638325 dv-cinder-799871-49-smb devstack@keystone.service[80220]: ERROR keystone.server.flask.application
File "/opt/stack/keystone/keystone/common/rbac_enforcer/enforcer.py", line 402, in enforce_call
Jul 29 14:08:57.638325 dv-cinder-799871-49-smb devstack@keystone.service[80220]: ERROR keystone.server.flask.application policy_dict.update(cls._extract_member_target_data(
Jul 29 14:08:57.638325 dv-cinder-799871-49-smb devstack@keystone.service[80220]: ERROR keystone.server.flask.application
File "/opt/stack/keystone/keystone/common/rbac_enforcer/enforcer.py", line 234, in _extract_member_target_data
Jul 29 14:08:57.638325 dv-cinder-799871-49-smb devstack@keystone.service[80220]: ERROR keystone.server.flask.application member_name: func(flask.request.view_args[key])
Jul 29 14:08:57.638325 dv-cinder-799871-49-smb devstack@keystone.service[80220]: ERROR keystone.server.flask.application
File "/opt/stack/keystone/keystone/common/manager.py", line 115, in wrapped
Jul 29 14:08:57.638325 dv-cinder-799871-49-smb devstack@keystone.service[80220]: ERROR keystone.server.flask.application __ret_val = __f(*args, **kwargs)
Jul 29 14:08:57.638325 dv-cinder-799871-49-smb devstack@keystone.service[80220]: ERROR keystone.server.flask.application
File "/usr/local/lib/python3.8/dist-packages/decorator.py", line 232, in fun
Jul 29 14:08:57.638325 dv-cinder-799871-49-smb devstack@keystone.service[80220]: ERROR keystone.server.flask.application return caller(func, *(extras + args), **kw)
Jul 29 14:08:57.638325 dv-cinder-799871-49-smb devstack@keystone.service[80220]: ERROR keystone.server.flask.application
File "/usr/local/lib/python3.8/dist-packages/dogpile/cache/region.py", line 1577, in get_or_create_for_user_func
Jul 29 14:08:57.638325 dv-cinder-799871-49-smb devstack@keystone.service[80220]: ERROR keystone.server.flask.application return self.get_or_create(
Jul 29 14:08:57.638325 dv-cinder-799871-49-smb devstack@keystone.service[80220]: ERROR keystone.server.flask.application
File "/usr/local/lib/python3.8/dist-packages/dogpile/cache/region.py", line 1042, in get_or_create
Jul 29 14:08:57.638325 dv-cinder-799871-49-smb devstack@keystone.service[80220]: ERROR keystone.server.flask.application with Lock(
Jul 29 14:08:57.638325 dv-cinder-799871-49-smb devstack@keystone.service[80220]: ERROR keystone.server.flask.application
File "/usr/local/lib/python3.8/dist-packages/dogpile/lock.py", line 185, in __enter__
Jul 29 14:08:57.638325 dv-cinder-799871-49-smb devstack@keystone.service[80220]: ERROR keystone.server.flask.application return self._enter()
Jul 29 14:08:57.638325 dv-cinder-799871-49-smb devstack@keystone.service[80220]: ERROR keystone.server.flask.application
File "/usr/local/lib/python3.8/dist-packages/dogpile/lock.py", line 94, in _enter
Jul 29 14:08:57.638325 dv-cinder-799871-49-smb devstack@keystone.service[80220]: ERROR keystone.server.flask.application generated = self._enter_create(value, createdtime)
Jul 29 14:08:57.639121 dv-cinder-799871-49-smb devstack@keystone.service[80220]: ERROR keystone.server.flask.application
File "/usr/local/lib/python3.8/dist-packages/dogpile/lock.py", line 178, in _enter_create
Jul 29 14:08:57.639121 dv-cinder-799871-49-smb devstack@keystone.service[80220]: ERROR keystone.server.flask.application return self.creator()
Jul 29 14:08:57.639121 dv-cinder-799871-49-smb devstack@keystone.service[80220]: ERROR keystone.server.flask.application
File "/usr/local/lib/python3.8/dist-packages/dogpile/cache/region.py", line 995, in gen_value
Jul 29 14:08:57.639121 dv-cinder-799871-49-smb devstack@keystone.service[80220]: ERROR keystone.server.flask.application created_value = creator(
Jul 29 14:08:57.639121 dv-cinder-799871-49-smb devstack@keystone.service[80220]: ERROR keystone.server.flask.application
File "/opt/stack/keystone/keystone/assignment/core.py", line 1276, in get_role
Jul 29 14:08:57.639121 dv-cinder-799871-49-smb devstack@keystone.service[80220]: ERROR keystone.server.flask.application return self.driver.get_role(role_id)
Jul 29 14:08:57.639121 dv-cinder-799871-49-smb devstack@keystone.service[80220]: ERROR keystone.server.flask.application
File "/opt/stack/keystone/keystone/assignment/role_backends/sql.py", line 70, in get_role
Jul 29 14:08:57.639121 dv-cinder-799871-49-smb devstack@keystone.service[80220]: ERROR keystone.server.flask.application return self._get_role(session, role_id).to_dict()
Jul 29 14:08:57.639121 dv-cinder-799871-49-smb devstack@keystone.service[80220]: ERROR keystone.server.flask.application
File "/opt/stack/keystone/keystone/assignment/role_backends/sql.py", line 65, in _get_role
Jul 29 14:08:57.639121 dv-cinder-799871-49-smb devstack@keystone.service[80220]: ERROR keystone.server.flask.application raise exception.RoleNotFound(role_id=role_id)
Jul 29 14:08:57.639121 dv-cinder-799871-49-smb devstack@keystone.service[80220]: ERROR keystone.server.flask.application keystone.exception.RoleNotFound: Could not find role: admin.
Jul 29 14:08:57.639121 dv-cinder-799871-49-smb devstack@keystone.service[80220]: ERROR keystone.server.flask.application
Jul 29 14:08:57.641936 dv-cinder-799871-49-smb devstack@keystone.service[80220]: [pid: 80220|app: 0|req: 195/369] 10.222.0.60 () {56 vars in 1096 bytes} [Fri Jul 29 14:08:57 2022] GET /identity/v3/roles/admin => generated 83 bytes in 195 msecs (HTTP/1.1 404) 5 headers in 183 bytes (1 switches on core 0)
Jul 29 14:08:57.642949 dv-cinder-799871-49-smb devstack@keystone.service[80220]: DEBUG keystone.server.flask.request_processing.middleware.auth_context [None req-1bfb86c9-f6fc-47e0-90bf-11a708193df1 None admin] Authenticating user token {{(pid=80220) process_request /usr/local/lib/python3.8/dist-packages/keystonemiddleware/auth_token/__init__.py:407}}
Jul 29 14:08:57.658138 dv-cinder-799871-49-smb devstack@keystone.service[80221]: DEBUG keystone.server.flask.request_processing.middleware.auth_context [None req-cba5465f-4bdf-4d95-8d9f-b65e062ac8b4 None admin] RBAC: auth_context: {'token': , 'domain_id': None, 'trust_id': None, 'trustor_id': None, 'trustee_id': None, 'domain_name': None, 'group_ids': [], 'user_id': 'd6f21b375132486196e810eed866bb67', 'user_domain_id': 'default', 'system_scope': 'all', 'project_id': None, 'project_domain_id': None, 'roles': ['admin', 'member', 'reader'], 'is_admin_project': True, 'service_user_id': None, 'service_user_domain_id': None, 'service_project_id': None, 'service_project_domain_id': None, 'service_roles': []} {{(pid=80221) fill_context /opt/stack/keystone/keystone/server/flask/request_processing/middleware/auth_context.py:478}}
Jul 29 14:08:57.658796 dv-cinder-799871-49-smb devstack@keystone.service[80221]: DEBUG keystone.server.flask.request_processing.req_logging [None req-cba5465f-4bdf-4d95-8d9f-b65e062ac8b4 None admin] REQUEST_METHOD: `GET` {{(pid=80221) log_request_info /opt/stack/keystone/keystone/server/flask/request_processing/req_logging.py:27}}
Jul 29 14:08:57.659121 dv-cinder-799871-49-smb devstack@keystone.service[80221]: DEBUG keystone.server.flask.request_processing.req_logging [None req-cba5465f-4bdf-4d95-8d9f-b65e062ac8b4 None admin] SCRIPT_NAME: `/identity` {{(pid=80221) log_request_info /opt/stack/keystone/keystone/server/flask/request_processing/req_logging.py:28}}
Jul 29 14:08:57.659331 dv-cinder-799871-49-smb devstack@keystone.service[80221]: DEBUG keystone.server.flask.request_processing.req_logging [None req-cba5465f-4bdf-4d95-8d9f-b65e062ac8b4 None admin] PATH_INFO: `/v3/projects/02cc631e40384cd7a07a197b1b8b79af` {{(pid=80221) log_request_info /opt/stack/keystone/keystone/server/flask/request_processing/req_logging.py:29}}
Jul 29 14:08:57.661625 dv-cinder-799871-49-smb devstack@keystone.service[80221]: DEBUG keystone.common.rbac_enforcer.enforcer [None req-cba5465f-4bdf-4d95-8d9f-b65e062ac8b4 None admin] RBAC: Authorizing `identity:get_project(project_id=02cc631e40384cd7a07a197b1b8b79af)` {{(pid=80221) enforce_call /opt/stack/keystone/keystone/common/rbac_enforcer/enforcer.py:449}}
Jul 29 14:08:57.663219 dv-cinder-799871-49-smb devstack@keystone.service[80221]: DEBUG keystone.common.rbac_enforcer.enforcer [None req-cba5465f-4bdf-4d95-8d9f-b65e062ac8b4 None admin] RBAC: Authorization granted {{(pid=80221) enforce_call /opt/stack/keystone/keystone/common/rbac_enforcer/enforcer.py:457}}
Jul 29 14:08:57.670115 dv-cinder-799871-49-smb devstack@keystone.service[80221]: [pid: 80221|app: 0|req: 175/370] 10.222.0.60 () {56 vars in 1186 bytes} [Fri Jul 29 14:08:57 2022] GET /identity/v3/projects/02cc631e40384cd7a07a197b1b8b79af => generated 302 bytes in 168 msecs (HTTP/1.1 200) 5 headers in 177 bytes (1 switches on core 0)
Jul 29 14:08:57.670678 dv-cinder-799871-49-smb devstack@keystone.service[80221]: DEBUG keystone.server.flask.request_processing.middleware.auth_context [None req-cba5465f-4bdf-4d95-8d9f-b65e062ac8b4 None admin] Authenticating user token {{(pid=80221) process_request /usr/local/lib/python3.8/dist-packages/keystonemiddleware/auth_token/__init__.py:407}}
Jul 29 14:08:57.761916 dv-cinder-799871-49-smb devstack@keystone.service[80220]: DEBUG keystone.server.flask.request_processing.middleware.auth_context [None req-1bfb86c9-f6fc-47e0-90bf-11a708193df1 None admin] Validating token access rules against request {{(pid=80220) validate_allowed_request /usr/local/lib/python3.8/dist-packages/keystonemiddleware/auth_token/__init__.py:545}}
Jul 29 14:08:57.778822 dv-cinder-799871-49-smb devstack@keystone.service[80221]: DEBUG keystone.server.flask.request_processing.middleware.auth_context [None req-cba5465f-4bdf-4d95-8d9f-b65e062ac8b4 None admin] Validating token access rules against request {{(pid=80221) validate_allowed_request /usr/local/lib/python3.8/dist-packages/keystonemiddleware/auth_token/__init__.py:545}}
Jul 29 14:08:57.802233 dv-cinder-799871-49-smb devstack@keystone.service[80220]: DEBUG keystone.server.flask.request_processing.middleware.auth_context [None req-e50aa55e-7f99-46bd-8213-e469f737fb38 None admin] RBAC: auth_context: {'token': , 'domain_id': None, 'trust_id': None, 'trustor_id': None, 'trustee_id': None, 'domain_name': None, 'group_ids': [], 'user_id': 'd6f21b375132486196e810eed866bb67', 'user_domain_id': 'default', 'system_scope': 'all', 'project_id': None, 'project_domain_id': None, 'roles': ['admin', 'member', 'reader'], 'is_admin_project': True, 'service_user_id': None, 'service_user_domain_id': None, 'service_project_id': None, 'service_project_domain_id': None, 'service_roles': []} {{(pid=80220) fill_context /opt/stack/keystone/keystone/server/flask/request_processing/middleware/auth_context.py:478}}
Jul 29 14:08:57.803159 dv-cinder-799871-49-smb devstack@keystone.service[80220]: DEBUG keystone.server.flask.request_processing.req_logging [None req-e50aa55e-7f99-46bd-8213-e469f737fb38 None admin] REQUEST_METHOD: `GET` {{(pid=80220) log_request_info /opt/stack/keystone/keystone/server/flask/request_processing/req_logging.py:27}}
Jul 29 14:08:57.803576 dv-cinder-799871-49-smb devstack@keystone.service[80220]: DEBUG keystone.server.flask.request_processing.req_logging [None req-e50aa55e-7f99-46bd-8213-e469f737fb38 None admin] SCRIPT_NAME: `/identity` {{(pid=80220) log_request_info /opt/stack/keystone/keystone/server/flask/request_processing/req_logging.py:28}}
Jul 29 14:08:57.804792 dv-cinder-799871-49-smb devstack@keystone.service[80220]: DEBUG keystone.server.flask.request_processing.req_logging [None req-e50aa55e-7f99-46bd-8213-e469f737fb38 None admin] PATH_INFO: `/v3/projects/02cc631e40384cd7a07a197b1b8b79af` {{(pid=80220) log_request_info /opt/stack/keystone/keystone/server/flask/request_processing/req_logging.py:29}}
Jul 29 14:08:57.807439 dv-cinder-799871-49-smb devstack@keystone.service[80220]: DEBUG keystone.common.rbac_enforcer.enforcer [None req-e50aa55e-7f99-46bd-8213-e469f737fb38 None admin] RBAC: Authorizing `identity:get_project(project_id=02cc631e40384cd7a07a197b1b8b79af)` {{(pid=80220) enforce_call /opt/stack/keystone/keystone/common/rbac_enforcer/enforcer.py:449}}
Jul 29 14:08:57.809009 dv-cinder-799871-49-smb devstack@keystone.service[80220]: DEBUG keystone.common.rbac_enforcer.enforcer [None req-e50aa55e-7f99-46bd-8213-e469f737fb38 None admin] RBAC: Authorization granted {{(pid=80220) enforce_call /opt/stack/keystone/keystone/common/rbac_enforcer/enforcer.py:457}}
Jul 29 14:08:57.814552 dv-cinder-799871-49-smb devstack@keystone.service[80220]: [pid: 80220|app: 0|req: 196/371] 10.222.0.60 () {56 vars in 1186 bytes} [Fri Jul 29 14:08:57 2022] GET /identity/v3/projects/02cc631e40384cd7a07a197b1b8b79af => generated 302 bytes in 168 msecs (HTTP/1.1 200) 5 headers in 177 bytes (1 switches on core 0)
Jul 29 14:08:57.814552 dv-cinder-799871-49-smb devstack@keystone.service[80220]: DEBUG keystone.server.flask.request_processing.middleware.auth_context [None req-e50aa55e-7f99-46bd-8213-e469f737fb38 None admin] Authenticating user token {{(pid=80220) process_request /usr/local/lib/python3.8/dist-packages/keystonemiddleware/auth_token/__init__.py:407}}
Jul 29 14:08:57.824762 dv-cinder-799871-49-smb devstack@keystone.service[80221]: DEBUG keystone.server.flask.request_processing.middleware.auth_context [None req-ff2c4034-985a-4746-94ef-6901e6323c95 None admin] RBAC: auth_context: {'token': , 'domain_id': None, 'trust_id': None, 'trustor_id': None, 'trustee_id': None, 'domain_name': None, 'group_ids': [], 'user_id': 'd6f21b375132486196e810eed866bb67', 'user_domain_id': 'default', 'system_scope': 'all', 'project_id': None, 'project_domain_id': None, 'roles': ['admin', 'member', 'reader'], 'is_admin_project': True, 'service_user_id': None, 'service_user_domain_id': None, 'service_project_id': None, 'service_project_domain_id': None, 'service_roles': []} {{(pid=80221) fill_context /opt/stack/keystone/keystone/server/flask/request_processing/middleware/auth_context.py:478}}
Jul 29 14:08:57.825341 dv-cinder-799871-49-smb devstack@keystone.service[80220]: DEBUG dbcounter [-] [80220] Writing DB stats keystone:SELECT=100 {{(pid=80220) stat_writer /usr/local/lib/python3.8/dist-packages/dbcounter.py:114}}
Jul 29 14:08:57.826634 dv-cinder-799871-49-smb devstack@keystone.service[80221]: DEBUG keystone.server.flask.request_processing.req_logging [None req-ff2c4034-985a-4746-94ef-6901e6323c95 None admin] REQUEST_METHOD: `GET` {{(pid=80221) log_request_info /opt/stack/keystone/keystone/server/flask/request_processing/req_logging.py:27}}
Jul 29 14:08:57.827202 dv-cinder-799871-49-smb devstack@keystone.service[80221]: DEBUG keystone.server.flask.request_processing.req_logging [None req-ff2c4034-985a-4746-94ef-6901e6323c95 None admin] SCRIPT_NAME: `/identity` {{(pid=80221) log_request_info /opt/stack/keystone/keystone/server/flask/request_processing/req_logging.py:28}}
Jul 29 14:08:57.827703 dv-cinder-799871-49-smb devstack@keystone.service[80221]: DEBUG keystone.server.flask.request_processing.req_logging [None req-ff2c4034-985a-4746-94ef-6901e6323c95 None admin] PATH_INFO: `/v3/roles` {{(pid=80221) log_request_info /opt/stack/keystone/keystone/server/flask/request_processing/req_logging.py:29}}
Jul 29 14:08:57.828610 dv-cinder-799871-49-smb devstack@keystone.service[80221]: DEBUG keystone.common.rbac_enforcer.enforcer [None req-ff2c4034-985a-4746-94ef-6901e6323c95 None admin] RBAC: Adding query filter params (name=admin) {{(pid=80221) _extract_filter_values /opt/stack/keystone/keystone/common/rbac_enforcer/enforcer.py:167}}
Jul 29 14:08:57.831671 dv-cinder-799871-49-smb devstack@keystone.service[80221]: DEBUG keystone.common.rbac_enforcer.enforcer [None req-ff2c4034-985a-4746-94ef-6901e6323c95 None admin] RBAC: Authorizing `identity:list_roles()` {{(pid=80221) enforce_call /opt/stack/keystone/keystone/common/rbac_enforcer/enforcer.py:449}}
Jul 29 14:08:57.831671 dv-cinder-799871-49-smb devstack@keystone.service[80221]: DEBUG keystone.common.rbac_enforcer.enforcer [None req-ff2c4034-985a-4746-94ef-6901e6323c95 None admin] RBAC: Authorization granted {{(pid=80221) enforce_call /opt/stack/keystone/keystone/common/rbac_enforcer/enforcer.py:457}}
Jul 29 14:08:57.841526 dv-cinder-799871-49-smb devstack@keystone.service[80221]: [pid: 80221|app: 0|req: 176/372] 10.222.0.60 () {56 vars in 1099 bytes} [Fri Jul 29 14:08:57 2022] GET /identity/v3/roles?name=admin => generated 339 bytes in 171 msecs (HTTP/1.1 200) 5 headers in 177 bytes (1 switches on core 0)
Jul 29 14:08:57.842942 dv-cinder-799871-49-smb devstack@keystone.service[80221]: DEBUG keystone.server.flask.request_processing.middleware.auth_context [None req-ff2c4034-985a-4746-94ef-6901e6323c95 None admin] Authenticating user token {{(pid=80221) process_request /usr/local/lib/python3.8/dist-packages/keystonemiddleware/auth_token/__init__.py:407}}
Jul 29 14:08:57.888691 dv-cinder-799871-49-smb devstack@keystone.service[80221]: DEBUG dbcounter [-] [80221] Writing DB stats keystone:SELECT=100 {{(pid=80221) stat_writer /usr/local/lib/python3.8/dist-packages/dbcounter.py:114}}
Jul 29 14:08:57.929282 dv-cinder-799871-49-smb devstack@keystone.service[80220]: DEBUG keystone.server.flask.request_processing.middleware.auth_context [None req-e50aa55e-7f99-46bd-8213-e469f737fb38 None admin] Validating token access rules against request {{(pid=80220) validate_allowed_request /usr/local/lib/python3.8/dist-packages/keystonemiddleware/auth_token/__init__.py:545}}
Jul 29 14:08:57.952559 dv-cinder-799871-49-smb devstack@keystone.service[80221]: DEBUG keystone.server.flask.request_processing.middleware.auth_context [None req-ff2c4034-985a-4746-94ef-6901e6323c95 None admin] Validating token access rules against request {{(pid=80221) validate_allowed_request /usr/local/lib/python3.8/dist-packages/keystonemiddleware/auth_token/__init__.py:545}}
Jul 29 14:08:57.969372 dv-cinder-799871-49-smb devstack@keystone.service[80220]: DEBUG keystone.server.flask.request_processing.middleware.auth_context [None req-f95daa5c-a848-4e38-a60c-1f87f998d159 None admin] RBAC: auth_context: {'token': , 'domain_id': None, 'trust_id': None, 'trustor_id': None, 'trustee_id': None, 'domain_name': None, 'group_ids': [], 'user_id': 'd6f21b375132486196e810eed866bb67', 'user_domain_id': 'default', 'system_scope': 'all', 'project_id': None, 'project_domain_id': None, 'roles': ['admin', 'member', 'reader'], 'is_admin_project': True, 'service_user_id': None, 'service_user_domain_id': None, 'service_project_id': None, 'service_project_domain_id': None, 'service_roles': []} {{(pid=80220) fill_context /opt/stack/keystone/keystone/server/flask/request_processing/middleware/auth_context.py:478}}
Jul 29 14:08:57.970167 dv-cinder-799871-49-smb devstack@keystone.service[80220]: DEBUG keystone.server.flask.request_processing.req_logging [None req-f95daa5c-a848-4e38-a60c-1f87f998d159 None admin] REQUEST_METHOD: `GET` {{(pid=80220) log_request_info /opt/stack/keystone/keystone/server/flask/request_processing/req_logging.py:27}}
Jul 29 14:08:57.970445 dv-cinder-799871-49-smb devstack@keystone.service[80220]: DEBUG keystone.server.flask.request_processing.req_logging [None req-f95daa5c-a848-4e38-a60c-1f87f998d159 None admin] SCRIPT_NAME: `/identity` {{(pid=80220) log_request_info /opt/stack/keystone/keystone/server/flask/request_processing/req_logging.py:28}}
Jul 29 14:08:57.970715 dv-cinder-799871-49-smb devstack@keystone.service[80220]: DEBUG keystone.server.flask.request_processing.req_logging [None req-f95daa5c-a848-4e38-a60c-1f87f998d159 None admin] PATH_INFO: `/v3/groups/88b67171fdb042bb88b4651ee7973633` {{(pid=80220) log_request_info /opt/stack/keystone/keystone/server/flask/request_processing/req_logging.py:29}}
Jul 29 14:08:57.972075 dv-cinder-799871-49-smb devstack@keystone.service[80220]: DEBUG keystone.common.rbac_enforcer.enforcer [None req-f95daa5c-a848-4e38-a60c-1f87f998d159 None admin] RBAC: Authorizing `identity:get_group(group_id=88b67171fdb042bb88b4651ee7973633)` {{(pid=80220) enforce_call /opt/stack/keystone/keystone/common/rbac_enforcer/enforcer.py:449}}
Jul 29 14:08:57.973819 dv-cinder-799871-49-smb devstack@keystone.service[80220]: DEBUG keystone.common.rbac_enforcer.enforcer [None req-f95daa5c-a848-4e38-a60c-1f87f998d159 None admin] RBAC: Authorization granted {{(pid=80220) enforce_call /opt/stack/keystone/keystone/common/rbac_enforcer/enforcer.py:457}}
Jul 29 14:08:57.975871 dv-cinder-799871-49-smb devstack@keystone.service[80220]: [pid: 80220|app: 0|req: 197/373] 10.222.0.60 () {56 vars in 1180 bytes} [Fri Jul 29 14:08:57 2022] GET /identity/v3/groups/88b67171fdb042bb88b4651ee7973633 => generated 226 bytes in 164 msecs (HTTP/1.1 200) 5 headers in 177 bytes (1 switches on core 0)
Jul 29 14:08:57.977144 dv-cinder-799871-49-smb devstack@keystone.service[80220]: DEBUG keystone.server.flask.request_processing.middleware.auth_context [None req-f95daa5c-a848-4e38-a60c-1f87f998d159 None admin] Authenticating user token {{(pid=80220) process_request /usr/local/lib/python3.8/dist-packages/keystonemiddleware/auth_token/__init__.py:407}}
Jul 29 14:08:57.998212 dv-cinder-799871-49-smb devstack@keystone.service[80221]: DEBUG keystone.server.flask.request_processing.middleware.auth_context [None req-9d2b5389-7904-4b91-9249-0652e00d7d12 None admin] RBAC: auth_context: {'token': , 'domain_id': None, 'trust_id': None, 'trustor_id': None, 'trustee_id': None, 'domain_name': None, 'group_ids': [], 'user_id': 'd6f21b375132486196e810eed866bb67', 'user_domain_id': 'default', 'system_scope': 'all', 'project_id': None, 'project_domain_id': None, 'roles': ['admin', 'member', 'reader'], 'is_admin_project': True, 'service_user_id': None, 'service_user_domain_id': None, 'service_project_id': None, 'service_project_domain_id': None, 'service_roles': []} {{(pid=80221) fill_context /opt/stack/keystone/keystone/server/flask/request_processing/middleware/auth_context.py:478}}
Jul 29 14:08:57.999329 dv-cinder-799871-49-smb devstack@keystone.service[80221]: DEBUG keystone.server.flask.request_processing.req_logging [None req-9d2b5389-7904-4b91-9249-0652e00d7d12 None admin] REQUEST_METHOD: `GET` {{(pid=80221) log_request_info /opt/stack/keystone/keystone/server/flask/request_processing/req_logging.py:27}}
Jul 29 14:08:57.999812 dv-cinder-799871-49-smb devstack@keystone.service[80221]: DEBUG keystone.server.flask.request_processing.req_logging [None req-9d2b5389-7904-4b91-9249-0652e00d7d12 None admin] SCRIPT_NAME: `/identity` {{(pid=80221) log_request_info /opt/stack/keystone/keystone/server/flask/request_processing/req_logging.py:28}}
Jul 29 14:08:58.000451 dv-cinder-799871-49-smb devstack@keystone.service[80221]: DEBUG keystone.server.flask.request_processing.req_logging [None req-9d2b5389-7904-4b91-9249-0652e00d7d12 None admin] PATH_INFO: `/v3/groups/88b67171fdb042bb88b4651ee7973633` {{(pid=80221) log_request_info /opt/stack/keystone/keystone/server/flask/request_processing/req_logging.py:29}}
Jul 29 14:08:58.001825 dv-cinder-799871-49-smb devstack@keystone.service[80221]: DEBUG keystone.common.rbac_enforcer.enforcer [None req-9d2b5389-7904-4b91-9249-0652e00d7d12 None admin] RBAC: Authorizing `identity:get_group(group_id=88b67171fdb042bb88b4651ee7973633)` {{(pid=80221) enforce_call /opt/stack/keystone/keystone/common/rbac_enforcer/enforcer.py:449}}
Jul 29 14:08:58.003547 dv-cinder-799871-49-smb devstack@keystone.service[80221]: DEBUG keystone.common.rbac_enforcer.enforcer [None req-9d2b5389-7904-4b91-9249-0652e00d7d12 None admin] RBAC: Authorization granted {{(pid=80221) enforce_call /opt/stack/keystone/keystone/common/rbac_enforcer/enforcer.py:457}}
Jul 29 14:08:58.011218 dv-cinder-799871-49-smb devstack@keystone.service[80221]: [pid: 80221|app: 0|req: 177/374] 10.222.0.60 () {56 vars in 1180 bytes} [Fri Jul 29 14:08:57 2022] GET /identity/v3/groups/88b67171fdb042bb88b4651ee7973633 => generated 226 bytes in 169 msecs (HTTP/1.1 200) 5 headers in 177 bytes (1 switches on core 0)
Jul 29 14:08:58.015291 dv-cinder-799871-49-smb devstack@keystone.service[80221]: DEBUG keystone.server.flask.request_processing.middleware.auth_context [None req-9d2b5389-7904-4b91-9249-0652e00d7d12 None admin] Authenticating user token {{(pid=80221) process_request /usr/local/lib/python3.8/dist-packages/keystonemiddleware/auth_token/__init__.py:407}}
Jul 29 14:08:58.112239 dv-cinder-799871-49-smb devstack@keystone.service[80220]: DEBUG dbcounter [-] [80220] Writing DB stats keystone:SELECT=100 {{(pid=80220) stat_writer /usr/local/lib/python3.8/dist-packages/dbcounter.py:114}}
Jul 29 14:08:58.122724 dv-cinder-799871-49-smb devstack@keystone.service[80220]: DEBUG keystone.server.flask.request_processing.middleware.auth_context [None req-f95daa5c-a848-4e38-a60c-1f87f998d159 None admin] Validating token access rules against request {{(pid=80220) validate_allowed_request /usr/local/lib/python3.8/dist-packages/keystonemiddleware/auth_token/__init__.py:545}}
Jul 29 14:08:58.142798 dv-cinder-799871-49-smb devstack@keystone.service[80221]: DEBUG keystone.server.flask.request_processing.middleware.auth_context [None req-9d2b5389-7904-4b91-9249-0652e00d7d12 None admin] Validating token access rules against request {{(pid=80221) validate_allowed_request /usr/local/lib/python3.8/dist-packages/keystonemiddleware/auth_token/__init__.py:545}}
Jul 29 14:08:58.152468 dv-cinder-799871-49-smb devstack@keystone.service[80221]: DEBUG dbcounter [-] [80221] Writing DB stats keystone:SELECT=100 {{(pid=80221) stat_writer /usr/local/lib/python3.8/dist-packages/dbcounter.py:114}}
Jul 29 14:08:58.162795 dv-cinder-799871-49-smb devstack@keystone.service[80220]: DEBUG keystone.server.flask.request_processing.middleware.auth_context [None req-5427e24a-b64e-4684-95e7-756a6c1ff788 None admin] RBAC: auth_context: {'token': , 'domain_id': None, 'trust_id': None, 'trustor_id': None, 'trustee_id': None, 'domain_name': None, 'group_ids': [], 'user_id': 'd6f21b375132486196e810eed866bb67', 'user_domain_id': 'default', 'system_scope': 'all', 'project_id': None, 'project_domain_id': None, 'roles': ['admin', 'member', 'reader'], 'is_admin_project': True, 'service_user_id': None, 'service_user_domain_id': None, 'service_project_id': None, 'service_project_domain_id': None, 'service_roles': []} {{(pid=80220) fill_context /opt/stack/keystone/keystone/server/flask/request_processing/middleware/auth_context.py:478}}
Jul 29 14:08:58.163429 dv-cinder-799871-49-smb devstack@keystone.service[80220]: DEBUG keystone.server.flask.request_processing.req_logging [None req-5427e24a-b64e-4684-95e7-756a6c1ff788 None admin] REQUEST_METHOD: `GET` {{(pid=80220) log_request_info /opt/stack/keystone/keystone/server/flask/request_processing/req_logging.py:27}}
Jul 29 14:08:58.163709 dv-cinder-799871-49-smb devstack@keystone.service[80220]: DEBUG keystone.server.flask.request_processing.req_logging [None req-5427e24a-b64e-4684-95e7-756a6c1ff788 None admin] SCRIPT_NAME: `/identity` {{(pid=80220) log_request_info /opt/stack/keystone/keystone/server/flask/request_processing/req_logging.py:28}}
Jul 29 14:08:58.164032 dv-cinder-799871-49-smb devstack@keystone.service[80220]: DEBUG keystone.server.flask.request_processing.req_logging [None req-5427e24a-b64e-4684-95e7-756a6c1ff788 None admin] PATH_INFO: `/v3/auth/tokens` {{(pid=80220) log_request_info /opt/stack/keystone/keystone/server/flask/request_processing/req_logging.py:29}}
Jul 29 14:08:58.185092 dv-cinder-799871-49-smb devstack@keystone.service[80221]: DEBUG keystone.server.flask.request_processing.middleware.auth_context [None req-929f3d40-e46e-45a2-abad-6d00393780c3 None admin] RBAC: auth_context: {'token': , 'domain_id': None, 'trust_id': None, 'trustor_id': None, 'trustee_id': None, 'domain_name': None, 'group_ids': [], 'user_id': 'd6f21b375132486196e810eed866bb67', 'user_domain_id': 'default', 'system_scope': 'all', 'project_id': None, 'project_domain_id': None, 'roles': ['admin', 'member', 'reader'], 'is_admin_project': True, 'service_user_id': None, 'service_user_domain_id': None, 'service_project_id': None, 'service_project_domain_id': None, 'service_roles': []} {{(pid=80221) fill_context /opt/stack/keystone/keystone/server/flask/request_processing/middleware/auth_context.py:478}}
Jul 29 14:08:58.186062 dv-cinder-799871-49-smb devstack@keystone.service[80221]: DEBUG keystone.server.flask.request_processing.req_logging [None req-929f3d40-e46e-45a2-abad-6d00393780c3 None admin] REQUEST_METHOD: `GET` {{(pid=80221) log_request_info /opt/stack/keystone/keystone/server/flask/request_processing/req_logging.py:27}}
Jul 29 14:08:58.186591 dv-cinder-799871-49-smb devstack@keystone.service[80221]: DEBUG keystone.server.flask.request_processing.req_logging [None req-929f3d40-e46e-45a2-abad-6d00393780c3 None admin] SCRIPT_NAME: `/identity` {{(pid=80221) log_request_info /opt/stack/keystone/keystone/server/flask/request_processing/req_logging.py:28}}
Jul 29 14:08:58.187044 dv-cinder-799871-49-smb devstack@keystone.service[80221]: DEBUG keystone.server.flask.request_processing.req_logging [None req-929f3d40-e46e-45a2-abad-6d00393780c3 None admin] PATH_INFO: `/v3/role_assignments` {{(pid=80221) log_request_info /opt/stack/keystone/keystone/server/flask/request_processing/req_logging.py:29}}
Jul 29 14:08:58.188216 dv-cinder-799871-49-smb devstack@keystone.service[80221]: DEBUG keystone.common.rbac_enforcer.enforcer [None req-929f3d40-e46e-45a2-abad-6d00393780c3 None admin] RBAC: Adding query filter params (group.id=88b67171fdb042bb88b4651ee7973633, role.id=2750ced051844543bf889bb0c58cb82b, scope.project.id=02cc631e40384cd7a07a197b1b8b79af) {{(pid=80221) _extract_filter_values /opt/stack/keystone/keystone/common/rbac_enforcer/enforcer.py:167}}
Jul 29 14:08:58.188767 dv-cinder-799871-49-smb devstack@keystone.service[80221]: DEBUG keystone.common.rbac_enforcer.enforcer [None req-929f3d40-e46e-45a2-abad-6d00393780c3 None admin] RBAC: Authorizing `identity:list_role_assignments()` {{(pid=80221) enforce_call /opt/stack/keystone/keystone/common/rbac_enforcer/enforcer.py:449}}
Jul 29 14:08:58.190795 dv-cinder-799871-49-smb devstack@keystone.service[80221]: DEBUG keystone.common.rbac_enforcer.enforcer [None req-929f3d40-e46e-45a2-abad-6d00393780c3 None admin] RBAC: Authorization granted {{(pid=80221) enforce_call /opt/stack/keystone/keystone/common/rbac_enforcer/enforcer.py:457}}
Jul 29 14:08:58.198209 dv-cinder-799871-49-smb devstack@keystone.service[80221]: [pid: 80221|app: 0|req: 178/375] 10.222.0.60 () {56 vars in 1376 bytes} [Fri Jul 29 14:08:58 2022] GET /identity/v3/role_assignments?group.id=88b67171fdb042bb88b4651ee7973633&scope.project.id=02cc631e40384cd7a07a197b1b8b79af&role.id=2750ced051844543bf889bb0c58cb82b => generated 260 bytes in 186 msecs (HTTP/1.1 200) 5 headers in 177 bytes (1 switches on core 0)
Jul 29 14:08:58.201960 dv-cinder-799871-49-smb devstack@keystone.service[80221]: DEBUG keystone.server.flask.request_processing.middleware.auth_context [None req-929f3d40-e46e-45a2-abad-6d00393780c3 None admin] Authenticating user token {{(pid=80221) process_request /usr/local/lib/python3.8/dist-packages/keystonemiddleware/auth_token/__init__.py:407}}
Jul 29 14:08:58.254122 dv-cinder-799871-49-smb devstack@keystone.service[80220]: DEBUG keystone.common.rbac_enforcer.enforcer [None req-5427e24a-b64e-4684-95e7-756a6c1ff788 None admin] RBAC: Authorizing `identity:validate_token()` {{(pid=80220) enforce_call /opt/stack/keystone/keystone/common/rbac_enforcer/enforcer.py:449}}
Jul 29 14:08:58.255664 dv-cinder-799871-49-smb devstack@keystone.service[80220]: DEBUG keystone.common.rbac_enforcer.enforcer [None req-5427e24a-b64e-4684-95e7-756a6c1ff788 None admin] RBAC: Authorization granted {{(pid=80220) enforce_call /opt/stack/keystone/keystone/common/rbac_enforcer/enforcer.py:457}}
Jul 29 14:08:58.385905 dv-cinder-799871-49-smb devstack@keystone.service[80220]: [pid: 80220|app: 0|req: 198/376] 10.222.0.60 () {58 vars in 1282 bytes} [Fri Jul 29 14:08:57 2022] GET /identity/v3/auth/tokens => generated 799 bytes in 409 msecs (HTTP/1.1 200) 6 headers in 358 bytes (1 switches on core 0)
Jul 29 14:08:58.386944 dv-cinder-799871-49-smb devstack@keystone.service[80220]: DEBUG dbcounter [-] [80220] Writing DB stats keystone:SELECT=100 {{(pid=80220) stat_writer /usr/local/lib/python3.8/dist-packages/dbcounter.py:114}}
Jul 29 14:08:58.391564 dv-cinder-799871-49-smb devstack@keystone.service[80220]: DEBUG keystone.server.flask.request_processing.middleware.auth_context [None req-5427e24a-b64e-4684-95e7-756a6c1ff788 None admin] Authenticating user token {{(pid=80220) process_request /usr/local/lib/python3.8/dist-packages/keystonemiddleware/auth_token/__init__.py:407}}
Jul 29 14:08:58.423369 dv-cinder-799871-49-smb devstack@keystone.service[80221]: DEBUG keystone.server.flask.request_processing.middleware.auth_context [None req-929f3d40-e46e-45a2-abad-6d00393780c3 None admin] Validating token access rules against request {{(pid=80221) validate_allowed_request /usr/local/lib/python3.8/dist-packages/keystonemiddleware/auth_token/__init__.py:545}}
Jul 29 14:08:58.491120 dv-cinder-799871-49-smb devstack@keystone.service[80221]: DEBUG keystone.server.flask.request_processing.middleware.auth_context [None req-a3ec2bb8-30a9-4796-ba68-612578f7dbdc None admin] RBAC: auth_context: {'token': , 'domain_id': None, 'trust_id': None, 'trustor_id': None, 'trustee_id': None, 'domain_name': None, 'group_ids': [], 'user_id': 'd6f21b375132486196e810eed866bb67', 'user_domain_id': 'default', 'system_scope': 'all', 'project_id': None, 'project_domain_id': None, 'roles': ['admin', 'member', 'reader'], 'is_admin_project': True, 'service_user_id': None, 'service_user_domain_id': None, 'service_project_id': None, 'service_project_domain_id': None, 'service_roles': []} {{(pid=80221) fill_context /opt/stack/keystone/keystone/server/flask/request_processing/middleware/auth_context.py:478}}
Jul 29 14:08:58.491773 dv-cinder-799871-49-smb devstack@keystone.service[80221]: DEBUG keystone.server.flask.request_processing.req_logging [None req-a3ec2bb8-30a9-4796-ba68-612578f7dbdc None admin] REQUEST_METHOD: `GET` {{(pid=80221) log_request_info /opt/stack/keystone/keystone/server/flask/request_processing/req_logging.py:27}}
Jul 29 14:08:58.492096 dv-cinder-799871-49-smb devstack@keystone.service[80221]: DEBUG keystone.server.flask.request_processing.req_logging [None req-a3ec2bb8-30a9-4796-ba68-612578f7dbdc None admin] SCRIPT_NAME: `/identity` {{(pid=80221) log_request_info /opt/stack/keystone/keystone/server/flask/request_processing/req_logging.py:28}}
Jul 29 14:08:58.492364 dv-cinder-799871-49-smb devstack@keystone.service[80221]: DEBUG keystone.server.flask.request_processing.req_logging [None req-a3ec2bb8-30a9-4796-ba68-612578f7dbdc None admin] PATH_INFO: `/v3/role_assignments` {{(pid=80221) log_request_info /opt/stack/keystone/keystone/server/flask/request_processing/req_logging.py:29}}
Jul 29 14:08:58.493263 dv-cinder-799871-49-smb devstack@keystone.service[80221]: DEBUG keystone.common.rbac_enforcer.enforcer [None req-a3ec2bb8-30a9-4796-ba68-612578f7dbdc None admin] RBAC: Adding query filter params (group.id=88b67171fdb042bb88b4651ee7973633, role.id=37f51f856da445d1ad498e48cfe232c7, scope.project.id=02cc631e40384cd7a07a197b1b8b79af) {{(pid=80221) _extract_filter_values /opt/stack/keystone/keystone/common/rbac_enforcer/enforcer.py:167}}
Jul 29 14:08:58.493701 dv-cinder-799871-49-smb devstack@keystone.service[80221]: DEBUG keystone.common.rbac_enforcer.enforcer [None req-a3ec2bb8-30a9-4796-ba68-612578f7dbdc None admin] RBAC: Authorizing `identity:list_role_assignments()` {{(pid=80221) enforce_call /opt/stack/keystone/keystone/common/rbac_enforcer/enforcer.py:449}}
Jul 29 14:08:58.495161 dv-cinder-799871-49-smb devstack@keystone.service[80221]: DEBUG keystone.common.rbac_enforcer.enforcer [None req-a3ec2bb8-30a9-4796-ba68-612578f7dbdc None admin] RBAC: Authorization granted {{(pid=80221) enforce_call /opt/stack/keystone/keystone/common/rbac_enforcer/enforcer.py:457}}
Jul 29 14:08:58.509950 dv-cinder-799871-49-smb devstack@keystone.service[80221]: [pid: 80221|app: 0|req: 179/377] 10.222.0.60 () {56 vars in 1376 bytes} [Fri Jul 29 14:08:58 2022] GET /identity/v3/role_assignments?group.id=88b67171fdb042bb88b4651ee7973633&scope.project.id=02cc631e40384cd7a07a197b1b8b79af&role.id=37f51f856da445d1ad498e48cfe232c7 => generated 260 bytes in 308 msecs (HTTP/1.1 200) 5 headers in 177 bytes (1 switches on core 0)
Jul 29 14:08:58.519868 dv-cinder-799871-49-smb devstack@keystone.service[80220]: DEBUG keystone.server.flask.request_processing.middleware.auth_context [None req-5427e24a-b64e-4684-95e7-756a6c1ff788 None admin] Validating token access rules against request {{(pid=80220) validate_allowed_request /usr/local/lib/python3.8/dist-packages/keystonemiddleware/auth_token/__init__.py:545}}
Jul 29 14:08:58.560106 dv-cinder-799871-49-smb devstack@keystone.service[80220]: DEBUG keystone.server.flask.request_processing.middleware.auth_context [None req-7c647542-bf1c-4a11-a1d6-dcd774ed4ecb None admin] RBAC: auth_context: {'token': , 'domain_id': None, 'trust_id': None, 'trustor_id': None, 'trustee_id': None, 'domain_name': None, 'group_ids': [], 'user_id': 'd6f21b375132486196e810eed866bb67', 'user_domain_id': 'default', 'system_scope': 'all', 'project_id': None, 'project_domain_id': None, 'roles': ['admin', 'member', 'reader'], 'is_admin_project': True, 'service_user_id': None, 'service_user_domain_id': None, 'service_project_id': None, 'service_project_domain_id': None, 'service_roles': []} {{(pid=80220) fill_context /opt/stack/keystone/keystone/server/flask/request_processing/middleware/auth_context.py:478}}
Jul 29 14:08:58.561151 dv-cinder-799871-49-smb devstack@keystone.service[80220]: DEBUG keystone.server.flask.request_processing.req_logging [None req-7c647542-bf1c-4a11-a1d6-dcd774ed4ecb None admin] REQUEST_METHOD: `GET` {{(pid=80220) log_request_info /opt/stack/keystone/keystone/server/flask/request_processing/req_logging.py:27}}
Jul 29 14:08:58.561623 dv-cinder-799871-49-smb devstack@keystone.service[80220]: DEBUG keystone.server.flask.request_processing.req_logging [None req-7c647542-bf1c-4a11-a1d6-dcd774ed4ecb None admin] SCRIPT_NAME: `/identity` {{(pid=80220) log_request_info /opt/stack/keystone/keystone/server/flask/request_processing/req_logging.py:28}}
Jul 29 14:08:58.562170 dv-cinder-799871-49-smb devstack@keystone.service[80220]: DEBUG keystone.server.flask.request_processing.req_logging [None req-7c647542-bf1c-4a11-a1d6-dcd774ed4ecb None admin] PATH_INFO: `/v3/projects/2e8a8654a9ba4655b29e581d34dec054` {{(pid=80220) log_request_info /opt/stack/keystone/keystone/server/flask/request_processing/req_logging.py:29}}
Jul 29 14:08:58.563566 dv-cinder-799871-49-smb devstack@keystone.service[80220]: DEBUG keystone.common.rbac_enforcer.enforcer [None req-7c647542-bf1c-4a11-a1d6-dcd774ed4ecb None admin] RBAC: Authorizing `identity:get_project(project_id=2e8a8654a9ba4655b29e581d34dec054)` {{(pid=80220) enforce_call /opt/stack/keystone/keystone/common/rbac_enforcer/enforcer.py:449}}
Jul 29 14:08:58.565597 dv-cinder-799871-49-smb devstack@keystone.service[80220]: DEBUG keystone.common.rbac_enforcer.enforcer [None req-7c647542-bf1c-4a11-a1d6-dcd774ed4ecb None admin] RBAC: Authorization granted {{(pid=80220) enforce_call /opt/stack/keystone/keystone/common/rbac_enforcer/enforcer.py:457}}
Jul 29 14:08:58.567641 dv-cinder-799871-49-smb devstack@keystone.service[80220]: [pid: 80220|app: 0|req: 199/378] 10.222.0.60 () {56 vars in 1186 bytes} [Fri Jul 29 14:08:58 2022] GET /identity/v3/projects/2e8a8654a9ba4655b29e581d34dec054 => generated 344 bytes in 177 msecs (HTTP/1.1 200) 5 headers in 177 bytes (2 switches on core 0)
Jul 29 14:08:58.577022 dv-cinder-799871-49-smb devstack@keystone.service[80221]: DEBUG keystone.server.flask.request_processing.middleware.auth_context [None req-a3ec2bb8-30a9-4796-ba68-612578f7dbdc None admin] Authenticating user token {{(pid=80221) process_request /usr/local/lib/python3.8/dist-packages/keystonemiddleware/auth_token/__init__.py:407}}
Jul 29 14:08:58.628631 dv-cinder-799871-49-smb devstack@keystone.service[80220]: DEBUG keystone.server.flask.request_processing.req_logging [None req-cd744b4c-084d-4136-913c-d98626dea6ab None None] REQUEST_METHOD: `GET` {{(pid=80220) log_request_info /opt/stack/keystone/keystone/server/flask/request_processing/req_logging.py:27}}
Jul 29 14:08:58.629679 dv-cinder-799871-49-smb devstack@keystone.service[80220]: DEBUG keystone.server.flask.request_processing.req_logging [None req-cd744b4c-084d-4136-913c-d98626dea6ab None None] SCRIPT_NAME: `/identity` {{(pid=80220) log_request_info /opt/stack/keystone/keystone/server/flask/request_processing/req_logging.py:28}}
Jul 29 14:08:58.630267 dv-cinder-799871-49-smb devstack@keystone.service[80220]: DEBUG keystone.server.flask.request_processing.req_logging [None req-cd744b4c-084d-4136-913c-d98626dea6ab None None] PATH_INFO: `/` {{(pid=80220) log_request_info /opt/stack/keystone/keystone/server/flask/request_processing/req_logging.py:29}}
Jul 29 14:08:58.632410 dv-cinder-799871-49-smb devstack@keystone.service[80220]: [pid: 80220|app: 0|req: 200/379] 10.222.0.60 () {54 vars in 926 bytes} [Fri Jul 29 14:08:58 2022] GET /identity => generated 270 bytes in 5 msecs (HTTP/1.1 300) 6 headers in 234 bytes (1 switches on core 0)
Jul 29 14:08:58.641021 dv-cinder-799871-49-smb devstack@keystone.service[80220]: DEBUG keystone.server.flask.request_processing.req_logging [None req-3d8d107e-eef5-4c0e-8fce-956c67badd9f None None] REQUEST_METHOD: `POST` {{(pid=80220) log_request_info /opt/stack/keystone/keystone/server/flask/request_processing/req_logging.py:27}}
Jul 29 14:08:58.642629 dv-cinder-799871-49-smb devstack@keystone.service[80220]: DEBUG keystone.server.flask.request_processing.req_logging [None req-3d8d107e-eef5-4c0e-8fce-956c67badd9f None None] SCRIPT_NAME: `/identity` {{(pid=80220) log_request_info /opt/stack/keystone/keystone/server/flask/request_processing/req_logging.py:28}}
Jul 29 14:08:58.643810 dv-cinder-799871-49-smb devstack@keystone.service[80220]: DEBUG keystone.server.flask.request_processing.req_logging [None req-3d8d107e-eef5-4c0e-8fce-956c67badd9f None None] PATH_INFO: `/v3/auth/tokens` {{(pid=80220) log_request_info /opt/stack/keystone/keystone/server/flask/request_processing/req_logging.py:29}}
Jul 29 14:08:58.651130 dv-cinder-799871-49-smb devstack@keystone.service[80221]: DEBUG dbcounter [-] [80221] Writing DB stats keystone:SELECT=100 {{(pid=80221) stat_writer /usr/local/lib/python3.8/dist-packages/dbcounter.py:114}}
Jul 29 14:08:58.682382 dv-cinder-799871-49-smb devstack@keystone.service[80220]: DEBUG keystone.auth.core [None req-3d8d107e-eef5-4c0e-8fce-956c67badd9f None None] MFA Rules not processed for user `d6f21b375132486196e810eed866bb67`. Rule list: `[]` (Enabled: `True`). {{(pid=80220) check_auth_methods_against_rules /opt/stack/keystone/keystone/auth/core.py:438}}
