Jul 28 02:18:32.520648 dv-cinder-799871-46-iscsi neutron-server[104000]: DEBUG neutron.plugins.ml2.drivers.mech_agent [req-bee568b3-3100-45a4-a4de-827a1b318f55 req-c79facf3-ef21-44ca-b434-b45e4e24c5a9 service neutron] Port 1a626239-e398-4f6c-af9a-cb4483118c82 on network 1945b63c-bc56-48e7-a890-1321d0b15d6d not bound, no agent of type Open vSwitch agent registered on host hv-cinder-79987 {{(pid=104000) bind_port /opt/stack/neutron/neutron/plugins/ml2/drivers/mech_agent.py:103}}
Jul 28 02:18:32.521614 dv-cinder-799871-46-iscsi neutron-server[104000]: DEBUG neutron.plugins.ml2.drivers.mech_agent [req-bee568b3-3100-45a4-a4de-827a1b318f55 req-c79facf3-ef21-44ca-b434-b45e4e24c5a9 service neutron] Attempting to bind port 1a626239-e398-4f6c-af9a-cb4483118c82 on network 1945b63c-bc56-48e7-a890-1321d0b15d6d {{(pid=104000) bind_port /opt/stack/neutron/neutron/plugins/ml2/drivers/mech_agent.py:91}}
Jul 28 02:18:32.527566 dv-cinder-799871-46-iscsi neutron-server[103999]: DEBUG neutron.plugins.ml2.drivers.mech_agent [req-dfa4eb22-54c6-40f2-bcd2-4c9e21e08ff2 req-d1eab0ce-0330-479b-bfc4-1b16e5126b6d service neutron] Port d07f97be-2b00-4c81-a7cf-ea02ac526203 on network b7a41f53-02ba-4d68-a9f3-9f5c3103be75 not bound, no agent of type Open vSwitch agent registered on host hv-cinder-79987 {{(pid=103999) bind_port /opt/stack/neutron/neutron/plugins/ml2/drivers/mech_agent.py:103}}
Jul 28 02:18:32.527566 dv-cinder-799871-46-iscsi neutron-server[103999]: DEBUG neutron.plugins.ml2.drivers.mech_agent [req-dfa4eb22-54c6-40f2-bcd2-4c9e21e08ff2 req-d1eab0ce-0330-479b-bfc4-1b16e5126b6d service neutron] Attempting to bind port d07f97be-2b00-4c81-a7cf-ea02ac526203 on network b7a41f53-02ba-4d68-a9f3-9f5c3103be75 {{(pid=103999) bind_port /opt/stack/neutron/neutron/plugins/ml2/drivers/mech_agent.py:91}}
Jul 28 02:18:32.544215 dv-cinder-799871-46-iscsi neutron-server[104000]: DEBUG neutron.plugins.ml2.drivers.mech_agent [req-bee568b3-3100-45a4-a4de-827a1b318f55 req-c79facf3-ef21-44ca-b434-b45e4e24c5a9 service neutron] Checking agent: {'id': '4faf9253-2001-44ef-b83a-102e5ef5a109', 'agent_type': 'HyperV agent', 'binary': 'neutron-hyperv-agent', 'topic': 'N/A', 'host': 'hv-cinder-79987', 'admin_state_up': True, 'created_at': datetime.datetime(2022, 7, 28, 2, 16, 4), 'started_at': datetime.datetime(2022, 7, 28, 2, 16, 4), 'heartbeat_timestamp': datetime.datetime(2022, 7, 28, 2, 18, 4), 'description': None, 'resources_synced': None, 'availability_zone': None, 'alive': True, 'configurations': {'vswitch_mappings': {'physnet1$': 'br-data'}}, 'resource_versions': {}} {{(pid=104000) bind_port /opt/stack/neutron/neutron/plugins/ml2/drivers/mech_agent.py:110}}
Jul 28 02:18:32.544820 dv-cinder-799871-46-iscsi neutron-server[104000]: DEBUG neutron.plugins.ml2.drivers.mech_agent [req-bee568b3-3100-45a4-a4de-827a1b318f55 req-c79facf3-ef21-44ca-b434-b45e4e24c5a9 service neutron] Checking segment: {'id': '2c48cfd2-062b-4647-a482-5c8161baa2f4', 'network_type': 'vlan', 'physical_network': 'physnet1', 'segmentation_id': 360, 'network_id': '1945b63c-bc56-48e7-a890-1321d0b15d6d'} for mappings: {'physnet1$': 'br-data'} with network types: ['local', 'flat', 'vlan'] {{(pid=104000) check_segment_for_agent /opt/stack/neutron/neutron/plugins/ml2/drivers/mech_agent.py:373}}
Jul 28 02:18:32.548221 dv-cinder-799871-46-iscsi neutron-server[104000]: DEBUG neutron.plugins.ml2.drivers.mech_agent [req-bee568b3-3100-45a4-a4de-827a1b318f55 req-c79facf3-ef21-44ca-b434-b45e4e24c5a9 service neutron] Bound using segment: {'id': '2c48cfd2-062b-4647-a482-5c8161baa2f4', 'network_type': 'vlan', 'physical_network': 'physnet1', 'segmentation_id': 360, 'network_id': '1945b63c-bc56-48e7-a890-1321d0b15d6d'} {{(pid=104000) bind_port /opt/stack/neutron/neutron/plugins/ml2/drivers/mech_agent.py:120}}
Jul 28 02:18:32.548221 dv-cinder-799871-46-iscsi neutron-server[104000]: DEBUG neutron.plugins.ml2.managers [req-bee568b3-3100-45a4-a4de-827a1b318f55 req-c79facf3-ef21-44ca-b434-b45e4e24c5a9 service neutron] Bound port: 1a626239-e398-4f6c-af9a-cb4483118c82, host: hv-cinder-79987, vif_type: hyperv, vif_details: {"connectivity": "legacy", "port_filter": false}, binding_levels: [{'bound_driver': 'hyperv', 'bound_segment': {'id': '2c48cfd2-062b-4647-a482-5c8161baa2f4', 'network_type': 'vlan', 'physical_network': 'physnet1', 'segmentation_id': 360, 'network_id': '1945b63c-bc56-48e7-a890-1321d0b15d6d'}}] {{(pid=104000) _bind_port_level /opt/stack/neutron/neutron/plugins/ml2/managers.py:947}}
Jul 28 02:18:32.548221 dv-cinder-799871-46-iscsi neutron-server[104000]: DEBUG neutron_lib.callbacks.manager [req-bee568b3-3100-45a4-a4de-827a1b318f55 req-c79facf3-ef21-44ca-b434-b45e4e24c5a9 service neutron] Publish callbacks ['neutron.plugins.ml2.plugin.SecurityGroupDbMixin._ensure_default_security_group_handler-1330883'] for port (1a626239-e398-4f6c-af9a-cb4483118c82), before_update {{(pid=104000) _notify_loop /usr/local/lib/python3.8/dist-packages/neutron_lib/callbacks/manager.py:176}}
Jul 28 02:18:32.564562 dv-cinder-799871-46-iscsi neutron-server[103999]: DEBUG neutron.pecan_wsgi.hooks.policy_enforcement [req-862780f0-ea8b-4b78-83b1-e911482eddc7 req-86c8f04b-8449-49a7-aaad-5301a41e6681 tempest-DeleteServersTestJSON-941814662 tempest-DeleteServersTestJSON-941814662-project] Attributes excluded by policy engine: ['standard_attr_id', 'binding:profile', 'binding:host_id', 'binding:vif_type', 'binding:vif_details'] {{(pid=103999) _exclude_attributes_by_policy /opt/stack/neutron/neutron/pecan_wsgi/hooks/policy_enforcement.py:259}}
Jul 28 02:18:32.578039 dv-cinder-799871-46-iscsi neutron-server[103999]: INFO neutron.wsgi [req-862780f0-ea8b-4b78-83b1-e911482eddc7 req-86c8f04b-8449-49a7-aaad-5301a41e6681 tempest-DeleteServersTestJSON-941814662 tempest-DeleteServersTestJSON-941814662-project] 10.222.0.40 "GET /v2.0/ports?device_id=00debb19-ca1a-4dc1-ab8a-08c6a04ed862 HTTP/1.1" status: 200 len: 943 time: 0.1441627
Jul 28 02:18:32.580989 dv-cinder-799871-46-iscsi neutron-server[103999]: DEBUG neutron.plugins.ml2.drivers.mech_agent [req-dfa4eb22-54c6-40f2-bcd2-4c9e21e08ff2 req-d1eab0ce-0330-479b-bfc4-1b16e5126b6d service neutron] Checking agent: {'id': '4faf9253-2001-44ef-b83a-102e5ef5a109', 'agent_type': 'HyperV agent', 'binary': 'neutron-hyperv-agent', 'topic': 'N/A', 'host': 'hv-cinder-79987', 'admin_state_up': True, 'created_at': datetime.datetime(2022, 7, 28, 2, 16, 4), 'started_at': datetime.datetime(2022, 7, 28, 2, 16, 4), 'heartbeat_timestamp': datetime.datetime(2022, 7, 28, 2, 18, 4), 'description': None, 'resources_synced': None, 'availability_zone': None, 'alive': True, 'configurations': {'vswitch_mappings': {'physnet1$': 'br-data'}}, 'resource_versions': {}} {{(pid=103999) bind_port /opt/stack/neutron/neutron/plugins/ml2/drivers/mech_agent.py:110}}
Jul 28 02:18:32.587986 dv-cinder-799871-46-iscsi neutron-server[104000]: DEBUG neutron.db.db_base_plugin_common [req-00c0949e-5a32-4e27-b4be-b1e85afe89fe req-f3a3d18a-8019-49a9-9966-8959d2b01eac tempest-AttachVolumeNegativeTest-1071307429 tempest-AttachVolumeNegativeTest-1071307429-project] Allocated IP 172.20.0.14 (bda255f1-8497-41f0-9d65-8f281bd7eb0d/0b6c1c1a-91bf-46d8-8e77-626f9a84855f/f6815afe-e104-4782-8f6b-4017625ff4b9) {{(pid=104000) _store_ip_allocation /opt/stack/neutron/neutron/db/db_base_plugin_common.py:131}}
Jul 28 02:18:32.588294 dv-cinder-799871-46-iscsi neutron-server[103999]: DEBUG neutron.plugins.ml2.drivers.mech_agent [req-dfa4eb22-54c6-40f2-bcd2-4c9e21e08ff2 req-d1eab0ce-0330-479b-bfc4-1b16e5126b6d service neutron] Checking segment: {'id': 'd704733b-9866-4f1a-bedf-601228758543', 'network_type': 'vlan', 'physical_network': 'physnet1', 'segmentation_id': 372, 'network_id': 'b7a41f53-02ba-4d68-a9f3-9f5c3103be75'} for mappings: {'physnet1$': 'br-data'} with network types: ['local', 'flat', 'vlan'] {{(pid=103999) check_segment_for_agent /opt/stack/neutron/neutron/plugins/ml2/drivers/mech_agent.py:373}}
Jul 28 02:18:32.588778 dv-cinder-799871-46-iscsi neutron-server[103999]: DEBUG neutron.plugins.ml2.drivers.mech_agent [req-dfa4eb22-54c6-40f2-bcd2-4c9e21e08ff2 req-d1eab0ce-0330-479b-bfc4-1b16e5126b6d service neutron] Bound using segment: {'id': 'd704733b-9866-4f1a-bedf-601228758543', 'network_type': 'vlan', 'physical_network': 'physnet1', 'segmentation_id': 372, 'network_id': 'b7a41f53-02ba-4d68-a9f3-9f5c3103be75'} {{(pid=103999) bind_port /opt/stack/neutron/neutron/plugins/ml2/drivers/mech_agent.py:120}}
Jul 28 02:18:32.589545 dv-cinder-799871-46-iscsi neutron-server[103999]: DEBUG neutron.plugins.ml2.managers [req-dfa4eb22-54c6-40f2-bcd2-4c9e21e08ff2 req-d1eab0ce-0330-479b-bfc4-1b16e5126b6d service neutron] Bound port: d07f97be-2b00-4c81-a7cf-ea02ac526203, host: hv-cinder-79987, vif_type: hyperv, vif_details: {"connectivity": "legacy", "port_filter": false}, binding_levels: [{'bound_driver': 'hyperv', 'bound_segment': {'id': 'd704733b-9866-4f1a-bedf-601228758543', 'network_type': 'vlan', 'physical_network': 'physnet1', 'segmentation_id': 372, 'network_id': 'b7a41f53-02ba-4d68-a9f3-9f5c3103be75'}}] {{(pid=103999) _bind_port_level /opt/stack/neutron/neutron/plugins/ml2/managers.py:947}}
Jul 28 02:18:32.590399 dv-cinder-799871-46-iscsi neutron-server[103999]: DEBUG neutron_lib.callbacks.manager [req-dfa4eb22-54c6-40f2-bcd2-4c9e21e08ff2 req-d1eab0ce-0330-479b-bfc4-1b16e5126b6d service neutron] Publish callbacks ['neutron.plugins.ml2.plugin.SecurityGroupDbMixin._ensure_default_security_group_handler-1330883'] for port (d07f97be-2b00-4c81-a7cf-ea02ac526203), before_update {{(pid=103999) _notify_loop /usr/local/lib/python3.8/dist-packages/neutron_lib/callbacks/manager.py:176}}
Jul 28 02:18:32.610676 dv-cinder-799871-46-iscsi neutron-server[103999]: DEBUG dbcounter [-] [103999] Writing DB stats neutron:SELECT=97,neutron:UPDATE=2,neutron:INSERT=1 {{(pid=103999) stat_writer /usr/local/lib/python3.8/dist-packages/dbcounter.py:114}}
Jul 28 02:18:32.813847 dv-cinder-799871-46-iscsi neutron-server[103999]: DEBUG neutron.wsgi [-] (103999) accepted ('10.222.0.40', 42092) {{(pid=103999) server /usr/local/lib/python3.8/dist-packages/eventlet/wsgi.py:1004}}
Jul 28 02:18:32.876415 dv-cinder-799871-46-iscsi neutron-server[103999]: DEBUG neutron_lib.callbacks.manager [None req-13a1218d-52ed-4290-b067-be61f6ee09a2 admin admin] Publish callbacks [] for security_group (None), before_create {{(pid=103999) _notify_loop /usr/local/lib/python3.8/dist-packages/neutron_lib/callbacks/manager.py:176}}
Jul 28 02:18:32.891000 dv-cinder-799871-46-iscsi neutron-server[104000]: DEBUG dbcounter [-] [104000] Writing DB stats neutron:SELECT=94,neutron:UPDATE=2,neutron:INSERT=4 {{(pid=104000) stat_writer /usr/local/lib/python3.8/dist-packages/dbcounter.py:114}}
Jul 28 02:18:32.976136 dv-cinder-799871-46-iscsi neutron-server[104000]: DEBUG neutron.plugins.ml2.db [req-bee568b3-3100-45a4-a4de-827a1b318f55 req-c79facf3-ef21-44ca-b434-b45e4e24c5a9 service neutron] For port 1a626239-e398-4f6c-af9a-cb4483118c82, host hv-cinder-79987, cleared binding levels {{(pid=104000) clear_binding_levels /opt/stack/neutron/neutron/plugins/ml2/db.py:87}}
Jul 28 02:18:32.986014 dv-cinder-799871-46-iscsi neutron-server[104000]: DEBUG neutron.plugins.ml2.db [req-bee568b3-3100-45a4-a4de-827a1b318f55 req-c79facf3-ef21-44ca-b434-b45e4e24c5a9 service neutron] For port 1a626239-e398-4f6c-af9a-cb4483118c82, host hv-cinder-79987, set binding levels [PortBindingLevel(driver='hyperv',host='hv-cinder-79987',level=0,port_id=1a626239-e398-4f6c-af9a-cb4483118c82,segment=NetworkSegment(2c48cfd2-062b-4647-a482-5c8161baa2f4),segment_id=2c48cfd2-062b-4647-a482-5c8161baa2f4)] {{(pid=104000) set_binding_levels /opt/stack/neutron/neutron/plugins/ml2/db.py:59}}
Jul 28 02:18:33.006568 dv-cinder-799871-46-iscsi neutron-server[104000]: DEBUG neutron_lib.callbacks.manager [req-bee568b3-3100-45a4-a4de-827a1b318f55 req-c79facf3-ef21-44ca-b434-b45e4e24c5a9 service neutron] Publish callbacks ['neutron.plugins.ml2.plugin.SecurityGroupServerNotifierRpcMixin._notify_sg_on_port_change-1329422', 'neutron.plugins.ml2.ovo_rpc._ObjectChangeHandler.handle_event-246007', 'neutron.api.rpc.agentnotifiers.dhcp_rpc_agent_api.DhcpAgentNotifyAPI._native_event_send_dhcp_notification-1585577', 'neutron.db.l3_db.L3RpcNotifierMixin._notify_gateway_port_ip_changed-8752357835740', 'neutron.db.l3_dvrscheduler_db._notify_l3_agent_port_update-8752357454677', 'neutron.db.l3_hascheduler_db._notify_l3_agent_ha_port_update-8752357454695', 'neutron.services.segments.plugin.NovaSegmentNotifier._notify_port_updated-3099506'] for port (1a626239-e398-4f6c-af9a-cb4483118c82), after_update {{(pid=104000) _notify_loop /usr/local/lib/python3.8/dist-packages/neutron_lib/callbacks/manager.py:176}}
Jul 28 02:18:33.041745 dv-cinder-799871-46-iscsi neutron-server[103999]: INFO neutron.wsgi [req-862780f0-ea8b-4b78-83b1-e911482eddc7 req-cd26e9e7-b782-410b-8336-8e44eab57bd5 tempest-DeleteServersTestJSON-941814662 tempest-DeleteServersTestJSON-941814662-project] 10.222.0.40 "GET /v2.0/security-groups?id=277d6e92-095d-4d8f-88e7-94d758b3b68f&fields=id&fields=name HTTP/1.1" status: 200 len: 286 time: 0.4374561
Jul 28 02:18:33.074237 dv-cinder-799871-46-iscsi neutron-server[103999]: DEBUG neutron.plugins.ml2.db [req-dfa4eb22-54c6-40f2-bcd2-4c9e21e08ff2 req-d1eab0ce-0330-479b-bfc4-1b16e5126b6d service neutron] For port d07f97be-2b00-4c81-a7cf-ea02ac526203, host hv-cinder-79987, cleared binding levels {{(pid=103999) clear_binding_levels /opt/stack/neutron/neutron/plugins/ml2/db.py:87}}
Jul 28 02:18:33.100861 dv-cinder-799871-46-iscsi neutron-server[103999]: DEBUG neutron.plugins.ml2.db [req-dfa4eb22-54c6-40f2-bcd2-4c9e21e08ff2 req-d1eab0ce-0330-479b-bfc4-1b16e5126b6d service neutron] For port d07f97be-2b00-4c81-a7cf-ea02ac526203, host hv-cinder-79987, set binding levels [PortBindingLevel(driver='hyperv',host='hv-cinder-79987',level=0,port_id=d07f97be-2b00-4c81-a7cf-ea02ac526203,segment=NetworkSegment(d704733b-9866-4f1a-bedf-601228758543),segment_id=d704733b-9866-4f1a-bedf-601228758543)] {{(pid=103999) set_binding_levels /opt/stack/neutron/neutron/plugins/ml2/db.py:59}}
Jul 28 02:18:33.132251 dv-cinder-799871-46-iscsi neutron-server[104000]: DEBUG neutron.api.rpc.handlers.resources_rpc [None req-c79facf3-ef21-44ca-b434-b45e4e24c5a9 service neutron] Pushing event updated for resources: {'Port': ['ID=1a626239-e398-4f6c-af9a-cb4483118c82,revision_number=3']} {{(pid=104000) push /opt/stack/neutron/neutron/api/rpc/handlers/resources_rpc.py:237}}
Jul 28 02:18:33.171156 dv-cinder-799871-46-iscsi neutron-server[104000]: DEBUG neutron.pecan_wsgi.hooks.policy_enforcement [req-bee568b3-3100-45a4-a4de-827a1b318f55 req-c79facf3-ef21-44ca-b434-b45e4e24c5a9 service neutron] Attributes excluded by policy engine: ['standard_attr_id'] {{(pid=104000) _exclude_attributes_by_policy /opt/stack/neutron/neutron/pecan_wsgi/hooks/policy_enforcement.py:259}}
Jul 28 02:18:33.171790 dv-cinder-799871-46-iscsi neutron-server[104000]: DEBUG neutron_lib.callbacks.manager [req-bee568b3-3100-45a4-a4de-827a1b318f55 req-c79facf3-ef21-44ca-b434-b45e4e24c5a9 service neutron] Publish callbacks ['neutron.notifiers.nova.Notifier._send_nova_notification-19903', 'neutron.api.rpc.agentnotifiers.dhcp_rpc_agent_api.DhcpAgentNotifyAPI._send_dhcp_notification-1585543'] for port (None), before_response {{(pid=104000) _notify_loop /usr/local/lib/python3.8/dist-packages/neutron_lib/callbacks/manager.py:176}}
Jul 28 02:18:33.173561 dv-cinder-799871-46-iscsi neutron-server[104000]: INFO neutron.wsgi [req-bee568b3-3100-45a4-a4de-827a1b318f55 req-c79facf3-ef21-44ca-b434-b45e4e24c5a9 service neutron] 10.222.0.45 "PUT /v2.0/ports/1a626239-e398-4f6c-af9a-cb4483118c82 HTTP/1.1" status: 200 len: 1093 time: 4.2086234
Jul 28 02:18:33.174168 dv-cinder-799871-46-iscsi neutron-server[104000]: DEBUG neutron.notifiers.nova [-] Sending events: [{'name': 'network-changed', 'server_uuid': '00debb19-ca1a-4dc1-ab8a-08c6a04ed862', 'tag': '1a626239-e398-4f6c-af9a-cb4483118c82'}] {{(pid=104000) send_events /opt/stack/neutron/neutron/notifiers/nova.py:271}}
Jul 28 02:18:33.201265 dv-cinder-799871-46-iscsi neutron-server[103999]: DEBUG neutron_lib.callbacks.manager [req-dfa4eb22-54c6-40f2-bcd2-4c9e21e08ff2 req-d1eab0ce-0330-479b-bfc4-1b16e5126b6d service neutron] Publish callbacks ['neutron.plugins.ml2.plugin.SecurityGroupServerNotifierRpcMixin._notify_sg_on_port_change-1329422', 'neutron.plugins.ml2.ovo_rpc._ObjectChangeHandler.handle_event-246007', 'neutron.api.rpc.agentnotifiers.dhcp_rpc_agent_api.DhcpAgentNotifyAPI._native_event_send_dhcp_notification-1585577', 'neutron.db.l3_db.L3RpcNotifierMixin._notify_gateway_port_ip_changed-8752357835740', 'neutron.db.l3_dvrscheduler_db._notify_l3_agent_port_update-8752357454677', 'neutron.db.l3_hascheduler_db._notify_l3_agent_ha_port_update-8752357454695'] for port (d07f97be-2b00-4c81-a7cf-ea02ac526203), after_update {{(pid=103999) _notify_loop /usr/local/lib/python3.8/dist-packages/neutron_lib/callbacks/manager.py:176}}
Jul 28 02:18:33.210191 dv-cinder-799871-46-iscsi neutron-server[104000]: DEBUG neutron_lib.callbacks.manager [req-00c0949e-5a32-4e27-b4be-b1e85afe89fe req-f3a3d18a-8019-49a9-9966-8959d2b01eac tempest-AttachVolumeNegativeTest-1071307429 tempest-AttachVolumeNegativeTest-1071307429-project] Publish callbacks [] for port (f6815afe-e104-4782-8f6b-4017625ff4b9), precommit_create {{(pid=104000) _notify_loop /usr/local/lib/python3.8/dist-packages/neutron_lib/callbacks/manager.py:176}}
Jul 28 02:18:33.254591 dv-cinder-799871-46-iscsi neutron-server[104000]: DEBUG dbcounter [-] [104000] Writing DB stats neutron:SELECT=88,neutron:UPDATE=7,neutron:INSERT=5 {{(pid=104000) stat_writer /usr/local/lib/python3.8/dist-packages/dbcounter.py:114}}
Jul 28 02:18:33.305218 dv-cinder-799871-46-iscsi neutron-server[104000]: DEBUG neutron_lib.callbacks.manager [req-00c0949e-5a32-4e27-b4be-b1e85afe89fe req-f3a3d18a-8019-49a9-9966-8959d2b01eac tempest-AttachVolumeNegativeTest-1071307429 tempest-AttachVolumeNegativeTest-1071307429-project] Publish callbacks ['neutron.plugins.ml2.plugin.SecurityGroupServerNotifierRpcMixin._notify_sg_on_port_change-1329422', 'neutron.plugins.ml2.ovo_rpc._ObjectChangeHandler.handle_event-246007', 'neutron.api.rpc.agentnotifiers.dhcp_rpc_agent_api.DhcpAgentNotifyAPI._native_event_send_dhcp_notification-1585577', 'neutron.db.l3_dvrscheduler_db._notify_l3_agent_new_port-8752357454659', 'neutron.services.segments.plugin.NovaSegmentNotifier._notify_port_created_or_deleted-3099493'] for port (f6815afe-e104-4782-8f6b-4017625ff4b9), after_create {{(pid=104000) _notify_loop /usr/local/lib/python3.8/dist-packages/neutron_lib/callbacks/manager.py:176}}
Jul 28 02:18:33.449013 dv-cinder-799871-46-iscsi neutron-server[104000]: DEBUG neutron.scheduler.dhcp_agent_scheduler [req-00c0949e-5a32-4e27-b4be-b1e85afe89fe req-f3a3d18a-8019-49a9-9966-8959d2b01eac tempest-AttachVolumeNegativeTest-1071307429 tempest-AttachVolumeNegativeTest-1071307429-project] Network bda255f1-8497-41f0-9d65-8f281bd7eb0d is already hosted by enough agents. {{(pid=104000) _get_dhcp_agents_hosting_network /opt/stack/neutron/neutron/scheduler/dhcp_agent_scheduler.py:275}}
Jul 28 02:18:33.458942 dv-cinder-799871-46-iscsi neutron-server[104000]: DEBUG neutron.scheduler.base_scheduler [req-00c0949e-5a32-4e27-b4be-b1e85afe89fe req-f3a3d18a-8019-49a9-9966-8959d2b01eac tempest-AttachVolumeNegativeTest-1071307429 tempest-AttachVolumeNegativeTest-1071307429-project] Resources bound (agent type, host, resource id): {{(pid=104000) schedule /opt/stack/neutron/neutron/scheduler/base_scheduler.py:57}}
Jul 28 02:18:33.468763 dv-cinder-799871-46-iscsi neutron-server[104000]: DEBUG neutron.db.l3_dvrscheduler_db [req-00c0949e-5a32-4e27-b4be-b1e85afe89fe req-f3a3d18a-8019-49a9-9966-8959d2b01eac tempest-AttachVolumeNegativeTest-1071307429 tempest-AttachVolumeNegativeTest-1071307429-project] Received port after_create {{(pid=104000) _notify_l3_agent_new_port /opt/stack/neutron/neutron/db/l3_dvrscheduler_db.py:542}}
Jul 28 02:18:33.488507 dv-cinder-799871-46-iscsi neutron-server[104000]: DEBUG novaclient.v2.client [-] REQ: curl -g -i --cacert "/opt/stack/data/ca-bundle.pem" -X POST http://10.222.0.40/compute/v2.1/os-server-external-events -H "Accept: application/json" -H "Content-Type: application/json" -H "User-Agent: python-novaclient" -H "X-Auth-Token: {SHA256}838201913c63c21ec2d8f44b77137b97e23dceb071e11f5b867462e2b4ddcf05" -H "X-OpenStack-Nova-API-Version: 2.1" -H "X-OpenStack-Request-ID: req-e4ad4e26-fccb-4de1-a725-c5f037288439" -d '{"events": [{"name": "network-changed", "server_uuid": "00debb19-ca1a-4dc1-ab8a-08c6a04ed862", "tag": "1a626239-e398-4f6c-af9a-cb4483118c82"}]}' {{(pid=104000) _http_log_request /usr/local/lib/python3.8/dist-packages/keystoneauth1/session.py:519}}
Jul 28 02:18:33.490625 dv-cinder-799871-46-iscsi neutron-server[103999]: INFO neutron.wsgi [req-7b113a90-1137-4e87-898f-5d91d01178eb req-54f95040-3fd9-45fe-9a91-0ed26da67c1a tempest-AttachVolumeNegativeTest-1071307429 tempest-AttachVolumeNegativeTest-1071307429-project] 10.222.0.40 "GET /v2.0/ports?device_id=4d26f3b8-4d46-47fe-84fe-f242e97a778c HTTP/1.1" status: 200 len: 210 time: 0.3850622
Jul 28 02:18:33.498649 dv-cinder-799871-46-iscsi neutron-server[103999]: DEBUG dbcounter [-] [103999] Writing DB stats neutron:SELECT=90,neutron:DELETE=4,neutron:UPDATE=1,neutron:INSERT=5 {{(pid=103999) stat_writer /usr/local/lib/python3.8/dist-packages/dbcounter.py:114}}
Jul 28 02:18:33.522959 dv-cinder-799871-46-iscsi neutron-server[103999]: DEBUG neutron.pecan_wsgi.hooks.policy_enforcement [req-dfa4eb22-54c6-40f2-bcd2-4c9e21e08ff2 req-d1eab0ce-0330-479b-bfc4-1b16e5126b6d service neutron] Attributes excluded by policy engine: ['standard_attr_id'] {{(pid=103999) _exclude_attributes_by_policy /opt/stack/neutron/neutron/pecan_wsgi/hooks/policy_enforcement.py:259}}
Jul 28 02:18:33.523795 dv-cinder-799871-46-iscsi neutron-server[103999]: DEBUG neutron_lib.callbacks.manager [req-dfa4eb22-54c6-40f2-bcd2-4c9e21e08ff2 req-d1eab0ce-0330-479b-bfc4-1b16e5126b6d service neutron] Publish callbacks ['neutron.notifiers.nova.Notifier._send_nova_notification-19903', 'neutron.api.rpc.agentnotifiers.dhcp_rpc_agent_api.DhcpAgentNotifyAPI._send_dhcp_notification-1585543'] for port (None), before_response {{(pid=103999) _notify_loop /usr/local/lib/python3.8/dist-packages/neutron_lib/callbacks/manager.py:176}}
Jul 28 02:18:33.527821 dv-cinder-799871-46-iscsi neutron-server[103999]: INFO neutron.wsgi [req-dfa4eb22-54c6-40f2-bcd2-4c9e21e08ff2 req-d1eab0ce-0330-479b-bfc4-1b16e5126b6d service neutron] 10.222.0.45 "PUT /v2.0/ports/d07f97be-2b00-4c81-a7cf-ea02ac526203 HTTP/1.1" status: 200 len: 1094 time: 4.5124657
Jul 28 02:18:33.540693 dv-cinder-799871-46-iscsi neutron-server[103999]: DEBUG neutron.notifiers.nova [-] Sending events: [{'name': 'network-changed', 'server_uuid': '37f3fd25-2f4e-4cbc-8c43-158fc08ece33', 'tag': 'd07f97be-2b00-4c81-a7cf-ea02ac526203'}] {{(pid=103999) send_events /opt/stack/neutron/neutron/notifiers/nova.py:271}}
Jul 28 02:18:33.576689 dv-cinder-799871-46-iscsi neutron-server[104000]: DEBUG neutron.api.rpc.handlers.resources_rpc [None req-f3a3d18a-8019-49a9-9966-8959d2b01eac tempest-AttachVolumeNegativeTest-1071307429 tempest-AttachVolumeNegativeTest-1071307429-project] Pushing event updated for resources: {'Port': ['ID=f6815afe-e104-4782-8f6b-4017625ff4b9,revision_number=1']} {{(pid=104000) push /opt/stack/neutron/neutron/api/rpc/handlers/resources_rpc.py:237}}
Jul 28 02:18:33.630901 dv-cinder-799871-46-iscsi neutron-server[104000]: DEBUG neutron.pecan_wsgi.hooks.policy_enforcement [req-00c0949e-5a32-4e27-b4be-b1e85afe89fe req-f3a3d18a-8019-49a9-9966-8959d2b01eac tempest-AttachVolumeNegativeTest-1071307429 tempest-AttachVolumeNegativeTest-1071307429-project] Attributes excluded by policy engine: ['standard_attr_id', 'binding:profile', 'binding:host_id', 'binding:vif_type', 'binding:vif_details', 'network'] {{(pid=104000) _exclude_attributes_by_policy /opt/stack/neutron/neutron/pecan_wsgi/hooks/policy_enforcement.py:259}}
Jul 28 02:18:33.633950 dv-cinder-799871-46-iscsi neutron-server[104000]: DEBUG neutron_lib.callbacks.manager [req-00c0949e-5a32-4e27-b4be-b1e85afe89fe req-f3a3d18a-8019-49a9-9966-8959d2b01eac tempest-AttachVolumeNegativeTest-1071307429 tempest-AttachVolumeNegativeTest-1071307429-project] Publish callbacks ['neutron.notifiers.nova.Notifier._send_nova_notification-19903', 'neutron.api.rpc.agentnotifiers.dhcp_rpc_agent_api.DhcpAgentNotifyAPI._send_dhcp_notification-1585543'] for port (None), before_response {{(pid=104000) _notify_loop /usr/local/lib/python3.8/dist-packages/neutron_lib/callbacks/manager.py:176}}
Jul 28 02:18:33.666342 dv-cinder-799871-46-iscsi neutron-server[104000]: INFO neutron.wsgi [req-00c0949e-5a32-4e27-b4be-b1e85afe89fe req-f3a3d18a-8019-49a9-9966-8959d2b01eac tempest-AttachVolumeNegativeTest-1071307429 tempest-AttachVolumeNegativeTest-1071307429-project] 10.222.0.45 "POST /v2.0/ports HTTP/1.1" status: 201 len: 934 time: 2.4915228
Jul 28 02:18:33.678569 dv-cinder-799871-46-iscsi neutron-server[103999]: DEBUG neutron.api.rpc.handlers.resources_rpc [None req-d1eab0ce-0330-479b-bfc4-1b16e5126b6d service neutron] Pushing event updated for resources: {'Port': ['ID=d07f97be-2b00-4c81-a7cf-ea02ac526203,revision_number=3']} {{(pid=103999) push /opt/stack/neutron/neutron/api/rpc/handlers/resources_rpc.py:237}}
Jul 28 02:18:33.875112 dv-cinder-799871-46-iscsi neutron-server[104000]: DEBUG novaclient.v2.client [-] RESP: [200] Connection: close Content-Length: 179 Content-Type: application/json Date: Thu, 28 Jul 2022 02:18:33 GMT OpenStack-API-Version: compute 2.1 Server: Apache/2.4.41 (Ubuntu) Vary: OpenStack-API-Version,X-OpenStack-Nova-API-Version X-OpenStack-Nova-API-Version: 2.1 x-compute-request-id: req-5bfd505d-0b1b-42d0-8498-1820e2bc7f34 x-openstack-request-id: req-5bfd505d-0b1b-42d0-8498-1820e2bc7f34 {{(pid=104000) _http_log_response /usr/local/lib/python3.8/dist-packages/keystoneauth1/session.py:550}}
Jul 28 02:18:33.875407 dv-cinder-799871-46-iscsi neutron-server[104000]: DEBUG novaclient.v2.client [-] RESP BODY: {"events": [{"name": "network-changed", "server_uuid": "00debb19-ca1a-4dc1-ab8a-08c6a04ed862", "tag": "1a626239-e398-4f6c-af9a-cb4483118c82", "status": "completed", "code": 200}]} {{(pid=104000) _http_log_response /usr/local/lib/python3.8/dist-packages/keystoneauth1/session.py:582}}
Jul 28 02:18:33.875709 dv-cinder-799871-46-iscsi neutron-server[104000]: DEBUG novaclient.v2.client [-] POST call to compute for http://10.222.0.40/compute/v2.1/os-server-external-events used request id req-5bfd505d-0b1b-42d0-8498-1820e2bc7f34 {{(pid=104000) request /usr/local/lib/python3.8/dist-packages/keystoneauth1/session.py:954}}
Jul 28 02:18:33.876127 dv-cinder-799871-46-iscsi neutron-server[104000]: INFO neutron.notifiers.nova [-] Nova event matching ['req-5bfd505d-0b1b-42d0-8498-1820e2bc7f34'] response: {'name': 'network-changed', 'server_uuid': '00debb19-ca1a-4dc1-ab8a-08c6a04ed862', 'tag': '1a626239-e398-4f6c-af9a-cb4483118c82', 'status': 'completed', 'code': 200}
Jul 28 02:18:33.995244 dv-cinder-799871-46-iscsi neutron-server[104001]: DEBUG neutron.db.provisioning_blocks [None req-26ea702b-6df1-42bd-9968-ceb4893d87fc None None] Provisioning complete for port f6815afe-e104-4782-8f6b-4017625ff4b9 triggered by entity DHCP. {{(pid=104001) provisioning_complete /opt/stack/neutron/neutron/db/provisioning_blocks.py:145}}
Jul 28 02:18:34.000212 dv-cinder-799871-46-iscsi neutron-server[104001]: DEBUG neutron_lib.callbacks.manager [None req-26ea702b-6df1-42bd-9968-ceb4893d87fc None None] Publish callbacks ['neutron.plugins.ml2.plugin.Ml2Plugin._port_provisioned-1408672'] for port (f6815afe-e104-4782-8f6b-4017625ff4b9), provisioning_complete {{(pid=104001) _notify_loop /usr/local/lib/python3.8/dist-packages/neutron_lib/callbacks/manager.py:176}}
Jul 28 02:18:34.065304 dv-cinder-799871-46-iscsi neutron-server[103999]: DEBUG neutron.pecan_wsgi.hooks.policy_enforcement [req-02aa5bb9-3185-4e6d-aa7e-58bf4108d9d8 req-41d4c064-e710-4d82-8f8a-830b3fdf0e41 tempest-AttachVolumeShelveTestJSON-1674315472 tempest-AttachVolumeShelveTestJSON-1674315472-project] Attributes excluded by policy engine: ['standard_attr_id', 'binding:profile', 'binding:host_id', 'binding:vif_type', 'binding:vif_details'] {{(pid=103999) _exclude_attributes_by_policy /opt/stack/neutron/neutron/pecan_wsgi/hooks/policy_enforcement.py:259}}
Jul 28 02:18:34.067172 dv-cinder-799871-46-iscsi neutron-server[103999]: INFO neutron.wsgi [req-02aa5bb9-3185-4e6d-aa7e-58bf4108d9d8 req-41d4c064-e710-4d82-8f8a-830b3fdf0e41 tempest-AttachVolumeShelveTestJSON-1674315472 tempest-AttachVolumeShelveTestJSON-1674315472-project] 10.222.0.40 "GET /v2.0/ports?device_id=37f3fd25-2f4e-4cbc-8c43-158fc08ece33 HTTP/1.1" status: 200 len: 944 time: 0.5669556
Jul 28 02:18:34.083897 dv-cinder-799871-46-iscsi neutron-server[104001]: DEBUG neutron.plugins.ml2.plugin [None req-26ea702b-6df1-42bd-9968-ceb4893d87fc None None] Port f6815afe-e104-4782-8f6b-4017625ff4b9 cannot update to ACTIVE because it is not bound. {{(pid=104001) _port_provisioned /opt/stack/neutron/neutron/plugins/ml2/plugin.py:348}}
Jul 28 02:18:34.121782 dv-cinder-799871-46-iscsi neutron-server[103999]: DEBUG neutron_lib.callbacks.manager [None req-13a1218d-52ed-4290-b067-be61f6ee09a2 admin admin] Publish callbacks [] for security_group (2cd98df8-24a3-470e-ae06-a217c41e84c4), precommit_create {{(pid=103999) _notify_loop /usr/local/lib/python3.8/dist-packages/neutron_lib/callbacks/manager.py:176}}
Jul 28 02:18:34.132904 dv-cinder-799871-46-iscsi neutron-server[103999]: DEBUG novaclient.v2.client [-] REQ: curl -g -i --cacert "/opt/stack/data/ca-bundle.pem" -X POST http://10.222.0.40/compute/v2.1/os-server-external-events -H "Accept: application/json" -H "Content-Type: application/json" -H "User-Agent: python-novaclient" -H "X-Auth-Token: {SHA256}40fd3017fc08cfcfd8945092685727e724b0eb79f5cdddf0496dd7adb644fb43" -H "X-OpenStack-Nova-API-Version: 2.1" -H "X-OpenStack-Request-ID: req-cd23553a-8985-46b5-80d8-6bc7ab9951e3" -d '{"events": [{"name": "network-changed", "server_uuid": "37f3fd25-2f4e-4cbc-8c43-158fc08ece33", "tag": "d07f97be-2b00-4c81-a7cf-ea02ac526203"}]}' {{(pid=103999) _http_log_request /usr/local/lib/python3.8/dist-packages/keystoneauth1/session.py:519}}
Jul 28 02:18:34.139581 dv-cinder-799871-46-iscsi neutron-server[103999]: DEBUG neutron_lib.callbacks.manager [None req-13a1218d-52ed-4290-b067-be61f6ee09a2 admin admin] Publish callbacks ['neutron.plugins.ml2.ovo_rpc._ObjectChangeHandler.handle_event-358566'] for security_group (2cd98df8-24a3-470e-ae06-a217c41e84c4), after_create {{(pid=103999) _notify_loop /usr/local/lib/python3.8/dist-packages/neutron_lib/callbacks/manager.py:176}}
Jul 28 02:18:34.231616 dv-cinder-799871-46-iscsi neutron-server[103999]: INFO neutron.wsgi [None req-13a1218d-52ed-4290-b067-be61f6ee09a2 admin admin] 10.222.0.40 "GET /v2.0/security-groups?tenant_id=723d0f383c134705b88304435358a7f2&name=default HTTP/1.1" status: 200 len: 2996 time: 1.4128871
Jul 28 02:18:34.233538 dv-cinder-799871-46-iscsi neutron-server[104000]: DEBUG neutron.wsgi [-] (104000) accepted ('10.222.0.40', 42146) {{(pid=104000) server /usr/local/lib/python3.8/dist-packages/eventlet/wsgi.py:1004}}
Jul 28 02:18:34.239979 dv-cinder-799871-46-iscsi neutron-server[103999]: INFO neutron.wsgi [req-02aa5bb9-3185-4e6d-aa7e-58bf4108d9d8 req-c65ee01a-f0de-4a92-8c38-36092874675c tempest-AttachVolumeShelveTestJSON-1674315472 tempest-AttachVolumeShelveTestJSON-1674315472-project] 10.222.0.40 "GET /v2.0/security-groups?id=02237a53-9635-4c41-b478-34d65114a395&fields=id&fields=name HTTP/1.1" status: 200 len: 313 time: 0.1637943
Jul 28 02:18:34.257280 dv-cinder-799871-46-iscsi neutron-server[103999]: DEBUG neutron.pecan_wsgi.hooks.policy_enforcement [req-a53d3593-2a45-4eba-8cc8-6d402a721f4f req-7215830a-596e-4de9-a411-ed64d3a94a87 tempest-DeleteServersTestJSON-941814662 tempest-DeleteServersTestJSON-941814662-project] Attributes excluded by policy engine: ['standard_attr_id', 'binding:profile', 'binding:host_id', 'binding:vif_type', 'binding:vif_details'] {{(pid=103999) _exclude_attributes_by_policy /opt/stack/neutron/neutron/pecan_wsgi/hooks/policy_enforcement.py:259}}
Jul 28 02:18:34.259519 dv-cinder-799871-46-iscsi neutron-server[103999]: INFO neutron.wsgi [req-a53d3593-2a45-4eba-8cc8-6d402a721f4f req-7215830a-596e-4de9-a411-ed64d3a94a87 tempest-DeleteServersTestJSON-941814662 tempest-DeleteServersTestJSON-941814662-project] 10.222.0.40 "GET /v2.0/ports?device_id=00debb19-ca1a-4dc1-ab8a-08c6a04ed862 HTTP/1.1" status: 200 len: 943 time: 0.0880568
Jul 28 02:18:34.272949 dv-cinder-799871-46-iscsi neutron-server[103999]: DEBUG neutron.api.rpc.handlers.resources_rpc [None req-13a1218d-52ed-4290-b067-be61f6ee09a2 admin admin] Pushing event updated for resources: {'SecurityGroup': ['ID=2cd98df8-24a3-470e-ae06-a217c41e84c4,revision_number=1']} {{(pid=103999) push /opt/stack/neutron/neutron/api/rpc/handlers/resources_rpc.py:237}}
Jul 28 02:18:34.321573 dv-cinder-799871-46-iscsi neutron-server[104000]: DEBUG neutron_lib.callbacks.manager [None req-4d321f9c-61f0-45fd-93ca-f1bf42571e75 admin admin] Publish callbacks [] for security_group (2cd98df8-24a3-470e-ae06-a217c41e84c4), before_delete {{(pid=104000) _notify_loop /usr/local/lib/python3.8/dist-packages/neutron_lib/callbacks/manager.py:176}}
Jul 28 02:18:34.356042 dv-cinder-799871-46-iscsi neutron-server[104000]: DEBUG neutron_lib.callbacks.manager [None req-4d321f9c-61f0-45fd-93ca-f1bf42571e75 admin admin] Publish callbacks [] for security_group (2cd98df8-24a3-470e-ae06-a217c41e84c4), precommit_delete {{(pid=104000) _notify_loop /usr/local/lib/python3.8/dist-packages/neutron_lib/callbacks/manager.py:176}}
Jul 28 02:18:34.372829 dv-cinder-799871-46-iscsi neutron-server[103999]: INFO neutron.wsgi [req-a53d3593-2a45-4eba-8cc8-6d402a721f4f req-ec0d7a5a-874f-49e9-8535-e8ff5b47691c tempest-DeleteServersTestJSON-941814662 tempest-DeleteServersTestJSON-941814662-project] 10.222.0.40 "GET /v2.0/security-groups?id=277d6e92-095d-4d8f-88e7-94d758b3b68f&fields=id&fields=name HTTP/1.1" status: 200 len: 286 time: 0.0900302
Jul 28 02:18:34.436393 dv-cinder-799871-46-iscsi neutron-server[104000]: DEBUG neutron_lib.callbacks.manager [None req-4d321f9c-61f0-45fd-93ca-f1bf42571e75 admin admin] Publish callbacks ['neutron.plugins.ml2.ovo_rpc._ObjectChangeHandler.handle_event-358566'] for security_group (2cd98df8-24a3-470e-ae06-a217c41e84c4), after_delete {{(pid=104000) _notify_loop /usr/local/lib/python3.8/dist-packages/neutron_lib/callbacks/manager.py:176}}
Jul 28 02:18:34.446495 dv-cinder-799871-46-iscsi neutron-server[104000]: DEBUG neutron_lib.callbacks.manager [None req-4d321f9c-61f0-45fd-93ca-f1bf42571e75 admin admin] Publish callbacks [] for security_group (None), before_response {{(pid=104000) _notify_loop /usr/local/lib/python3.8/dist-packages/neutron_lib/callbacks/manager.py:176}}
Jul 28 02:18:34.461041 dv-cinder-799871-46-iscsi neutron-server[104000]: INFO neutron.wsgi [None req-4d321f9c-61f0-45fd-93ca-f1bf42571e75 admin admin] 10.222.0.40 "DELETE /v2.0/security-groups/2cd98df8-24a3-470e-ae06-a217c41e84c4 HTTP/1.1" status: 204 len: 168 time: 0.2172532
Jul 28 02:18:34.485710 dv-cinder-799871-46-iscsi neutron-server[104000]: DEBUG neutron.api.rpc.handlers.resources_rpc [None req-4d321f9c-61f0-45fd-93ca-f1bf42571e75 admin admin] Pushing event deleted for resources: {'SecurityGroup': ['ID=2cd98df8-24a3-470e-ae06-a217c41e84c4,revision_number=None']} {{(pid=104000) push /opt/stack/neutron/neutron/api/rpc/handlers/resources_rpc.py:237}}
Jul 28 02:18:34.528639 dv-cinder-799871-46-iscsi neutron-server[103999]: DEBUG novaclient.v2.client [-] RESP: [200] Connection: close Content-Length: 179 Content-Type: application/json Date: Thu, 28 Jul 2022 02:18:34 GMT OpenStack-API-Version: compute 2.1 Server: Apache/2.4.41 (Ubuntu) Vary: OpenStack-API-Version,X-OpenStack-Nova-API-Version X-OpenStack-Nova-API-Version: 2.1 x-compute-request-id: req-226624d4-9882-447f-b963-353653b98fa5 x-openstack-request-id: req-226624d4-9882-447f-b963-353653b98fa5 {{(pid=103999) _http_log_response /usr/local/lib/python3.8/dist-packages/keystoneauth1/session.py:550}}
Jul 28 02:18:34.529116 dv-cinder-799871-46-iscsi neutron-server[103999]: DEBUG novaclient.v2.client [-] RESP BODY: {"events": [{"name": "network-changed", "server_uuid": "37f3fd25-2f4e-4cbc-8c43-158fc08ece33", "tag": "d07f97be-2b00-4c81-a7cf-ea02ac526203", "status": "completed", "code": 200}]} {{(pid=103999) _http_log_response /usr/local/lib/python3.8/dist-packages/keystoneauth1/session.py:582}}
Jul 28 02:18:34.529646 dv-cinder-799871-46-iscsi neutron-server[103999]: DEBUG novaclient.v2.client [-] POST call to compute for http://10.222.0.40/compute/v2.1/os-server-external-events used request id req-226624d4-9882-447f-b963-353653b98fa5 {{(pid=103999) request /usr/local/lib/python3.8/dist-packages/keystoneauth1/session.py:954}}
Jul 28 02:18:34.530091 dv-cinder-799871-46-iscsi neutron-server[103999]: INFO neutron.notifiers.nova [-] Nova event matching ['req-226624d4-9882-447f-b963-353653b98fa5'] response: {'name': 'network-changed', 'server_uuid': '37f3fd25-2f4e-4cbc-8c43-158fc08ece33', 'tag': 'd07f97be-2b00-4c81-a7cf-ea02ac526203', 'status': 'completed', 'code': 200}
Jul 28 02:18:34.685117 dv-cinder-799871-46-iscsi neutron-server[103999]: DEBUG neutron.pecan_wsgi.hooks.policy_enforcement [req-e9c9b832-500b-4ba9-a2bb-bd84f975753d req-9b5a80b6-72a8-4039-9307-e2c24a4d8b95 tempest-AttachVolumeNegativeTest-1071307429 tempest-AttachVolumeNegativeTest-1071307429-project] Attributes excluded by policy engine: ['standard_attr_id', 'binding:profile', 'binding:host_id', 'binding:vif_type', 'binding:vif_details'] {{(pid=103999) _exclude_attributes_by_policy /opt/stack/neutron/neutron/pecan_wsgi/hooks/policy_enforcement.py:259}}
Jul 28 02:18:34.694017 dv-cinder-799871-46-iscsi neutron-server[103999]: INFO neutron.wsgi [req-e9c9b832-500b-4ba9-a2bb-bd84f975753d req-9b5a80b6-72a8-4039-9307-e2c24a4d8b95 tempest-AttachVolumeNegativeTest-1071307429 tempest-AttachVolumeNegativeTest-1071307429-project] 10.222.0.40 "GET /v2.0/ports?device_id=4d26f3b8-4d46-47fe-84fe-f242e97a778c HTTP/1.1" status: 200 len: 932 time: 0.0713959
Jul 28 02:18:34.777488 dv-cinder-799871-46-iscsi neutron-server[103999]: INFO neutron.wsgi [req-e9c9b832-500b-4ba9-a2bb-bd84f975753d req-70afa906-5ee6-4908-99c1-642026c25fa3 tempest-AttachVolumeNegativeTest-1071307429 tempest-AttachVolumeNegativeTest-1071307429-project] 10.222.0.40 "GET /v2.0/security-groups?id=8347a0a2-9c3c-4882-9f4b-ed59c58e8074&fields=id&fields=name HTTP/1.1" status: 200 len: 313 time: 0.0824304
Jul 28 02:18:35.410855 dv-cinder-799871-46-iscsi neutron-server[103999]: DEBUG neutron.pecan_wsgi.hooks.policy_enforcement [req-a991c237-b3b5-480e-8916-1f14d248bd7d req-cdd3d65b-4e0a-4548-9fd4-8abc96b93918 tempest-AttachVolumeShelveTestJSON-1674315472 tempest-AttachVolumeShelveTestJSON-1674315472-project] Attributes excluded by policy engine: ['standard_attr_id', 'binding:profile', 'binding:host_id', 'binding:vif_type', 'binding:vif_details'] {{(pid=103999) _exclude_attributes_by_policy /opt/stack/neutron/neutron/pecan_wsgi/hooks/policy_enforcement.py:259}}
Jul 28 02:18:35.412417 dv-cinder-799871-46-iscsi neutron-server[103999]: INFO neutron.wsgi [req-a991c237-b3b5-480e-8916-1f14d248bd7d req-cdd3d65b-4e0a-4548-9fd4-8abc96b93918 tempest-AttachVolumeShelveTestJSON-1674315472 tempest-AttachVolumeShelveTestJSON-1674315472-project] 10.222.0.40 "GET /v2.0/ports?device_id=37f3fd25-2f4e-4cbc-8c43-158fc08ece33 HTTP/1.1" status: 200 len: 944 time: 0.0708411
Jul 28 02:18:35.523550 dv-cinder-799871-46-iscsi neutron-server[104001]: DEBUG neutron_lib.callbacks.manager [None req-755f954d-880f-44ff-bbe8-b92dea19b704 None None] Publish callbacks ['neutron.services.segments.db._update_segment_host_mapping_for_agent-8752357910200', 'neutron.plugins.ml2.plugin.Ml2Plugin._retry_binding_revived_agents-1408730'] for agent (4faf9253-2001-44ef-b83a-102e5ef5a109), after_update {{(pid=104001) _notify_loop /usr/local/lib/python3.8/dist-packages/neutron_lib/callbacks/manager.py:176}}
Jul 28 02:18:35.525910 dv-cinder-799871-46-iscsi neutron-server[103999]: INFO neutron.wsgi [req-a991c237-b3b5-480e-8916-1f14d248bd7d req-e53d182b-86d8-42d2-bb15-e9aff2fd5d98 tempest-AttachVolumeShelveTestJSON-1674315472 tempest-AttachVolumeShelveTestJSON-1674315472-project] 10.222.0.40 "GET /v2.0/security-groups?id=02237a53-9635-4c41-b478-34d65114a395&fields=id&fields=name HTTP/1.1" status: 200 len: 313 time: 0.1032021
Jul 28 02:18:35.554532 dv-cinder-799871-46-iscsi neutron-server[103999]: DEBUG neutron.pecan_wsgi.hooks.policy_enforcement [req-6717ec17-0997-4db9-b368-cc99f0704859 req-40f17bad-26ba-402d-86f5-5ec40cc0ad63 tempest-DeleteServersTestJSON-941814662 tempest-DeleteServersTestJSON-941814662-project] Attributes excluded by policy engine: ['standard_attr_id', 'binding:profile', 'binding:host_id', 'binding:vif_type', 'binding:vif_details'] {{(pid=103999) _exclude_attributes_by_policy /opt/stack/neutron/neutron/pecan_wsgi/hooks/policy_enforcement.py:259}}
Jul 28 02:18:35.556242 dv-cinder-799871-46-iscsi neutron-server[103999]: INFO neutron.wsgi [req-6717ec17-0997-4db9-b368-cc99f0704859 req-40f17bad-26ba-402d-86f5-5ec40cc0ad63 tempest-DeleteServersTestJSON-941814662 tempest-DeleteServersTestJSON-941814662-project] 10.222.0.40 "GET /v2.0/ports?device_id=00debb19-ca1a-4dc1-ab8a-08c6a04ed862 HTTP/1.1" status: 200 len: 943 time: 0.0919392
Jul 28 02:18:35.694515 dv-cinder-799871-46-iscsi neutron-server[103999]: INFO neutron.wsgi [req-6717ec17-0997-4db9-b368-cc99f0704859 req-3bcd7310-9447-4683-bf24-bc066d4e4725 tempest-DeleteServersTestJSON-941814662 tempest-DeleteServersTestJSON-941814662-project] 10.222.0.40 "GET /v2.0/security-groups?id=277d6e92-095d-4d8f-88e7-94d758b3b68f&fields=id&fields=name HTTP/1.1" status: 200 len: 286 time: 0.1313860
Jul 28 02:18:35.943497 dv-cinder-799871-46-iscsi neutron-server[103999]: DEBUG neutron.pecan_wsgi.hooks.policy_enforcement [req-7aaedf17-f1df-4dd1-92ed-9d267c711c0d req-203b845c-7cad-4a24-b05f-268fba472a13 tempest-AttachVolumeNegativeTest-1071307429 tempest-AttachVolumeNegativeTest-1071307429-project] Attributes excluded by policy engine: ['standard_attr_id', 'binding:profile', 'binding:host_id', 'binding:vif_type', 'binding:vif_details'] {{(pid=103999) _exclude_attributes_by_policy /opt/stack/neutron/neutron/pecan_wsgi/hooks/policy_enforcement.py:259}}
Jul 28 02:18:35.945624 dv-cinder-799871-46-iscsi neutron-server[103999]: INFO neutron.wsgi [req-7aaedf17-f1df-4dd1-92ed-9d267c711c0d req-203b845c-7cad-4a24-b05f-268fba472a13 tempest-AttachVolumeNegativeTest-1071307429 tempest-AttachVolumeNegativeTest-1071307429-project] 10.222.0.40 "GET /v2.0/ports?device_id=4d26f3b8-4d46-47fe-84fe-f242e97a778c HTTP/1.1" status: 200 len: 932 time: 0.0564764
Jul 28 02:18:36.063423 dv-cinder-799871-46-iscsi neutron-server[103999]: INFO neutron.wsgi [req-7aaedf17-f1df-4dd1-92ed-9d267c711c0d req-a7cba8c5-2d29-40af-9a5d-d84893b80082 tempest-AttachVolumeNegativeTest-1071307429 tempest-AttachVolumeNegativeTest-1071307429-project] 10.222.0.40 "GET /v2.0/security-groups?id=8347a0a2-9c3c-4882-9f4b-ed59c58e8074&fields=id&fields=name HTTP/1.1" status: 200 len: 313 time: 0.1040056
Jul 28 02:18:36.777900 dv-cinder-799871-46-iscsi neutron-server[103999]: DEBUG neutron.pecan_wsgi.hooks.policy_enforcement [req-febd980f-5707-4bd3-ab5b-ff7a99206c87 req-3dd655d0-12a2-4510-88b8-563668d8cec6 tempest-AttachVolumeShelveTestJSON-1674315472 tempest-AttachVolumeShelveTestJSON-1674315472-project] Attributes excluded by policy engine: ['standard_attr_id', 'binding:profile', 'binding:host_id', 'binding:vif_type', 'binding:vif_details'] {{(pid=103999) _exclude_attributes_by_policy /opt/stack/neutron/neutron/pecan_wsgi/hooks/policy_enforcement.py:259}}
Jul 28 02:18:36.779501 dv-cinder-799871-46-iscsi neutron-server[103999]: INFO neutron.wsgi [req-febd980f-5707-4bd3-ab5b-ff7a99206c87 req-3dd655d0-12a2-4510-88b8-563668d8cec6 tempest-AttachVolumeShelveTestJSON-1674315472 tempest-AttachVolumeShelveTestJSON-1674315472-project] 10.222.0.40 "GET /v2.0/ports?device_id=37f3fd25-2f4e-4cbc-8c43-158fc08ece33 HTTP/1.1" status: 200 len: 944 time: 0.0950897
Jul 28 02:18:36.854939 dv-cinder-799871-46-iscsi neutron-server[103999]: DEBUG dbcounter [-] [103999] Writing DB stats neutron:SELECT=90,neutron:UPDATE=3,neutron:INSERT=7 {{(pid=103999) stat_writer /usr/local/lib/python3.8/dist-packages/dbcounter.py:114}}
Jul 28 02:18:36.945271 dv-cinder-799871-46-iscsi neutron-server[103999]: DEBUG neutron.pecan_wsgi.hooks.policy_enforcement [req-01d467e1-9040-4b22-9824-5ce63380eed2 req-04f6f181-a84e-46bf-aec1-a44cd70dcdc1 tempest-DeleteServersTestJSON-941814662 tempest-DeleteServersTestJSON-941814662-project] Attributes excluded by policy engine: ['standard_attr_id', 'binding:profile', 'binding:host_id', 'binding:vif_type', 'binding:vif_details'] {{(pid=103999) _exclude_attributes_by_policy /opt/stack/neutron/neutron/pecan_wsgi/hooks/policy_enforcement.py:259}}
Jul 28 02:18:36.947754 dv-cinder-799871-46-iscsi neutron-server[103999]: INFO neutron.wsgi [req-01d467e1-9040-4b22-9824-5ce63380eed2 req-04f6f181-a84e-46bf-aec1-a44cd70dcdc1 tempest-DeleteServersTestJSON-941814662 tempest-DeleteServersTestJSON-941814662-project] 10.222.0.40 "GET /v2.0/ports?device_id=00debb19-ca1a-4dc1-ab8a-08c6a04ed862 HTTP/1.1" status: 200 len: 943 time: 0.1255796
Jul 28 02:18:36.957643 dv-cinder-799871-46-iscsi neutron-server[103999]: INFO neutron.wsgi [req-febd980f-5707-4bd3-ab5b-ff7a99206c87 req-2c9c0a75-d19f-4077-9e7c-f0287d9ce44a tempest-AttachVolumeShelveTestJSON-1674315472 tempest-AttachVolumeShelveTestJSON-1674315472-project] 10.222.0.40 "GET /v2.0/security-groups?id=02237a53-9635-4c41-b478-34d65114a395&fields=id&fields=name HTTP/1.1" status: 200 len: 313 time: 0.1697171
Jul 28 02:18:37.058836 dv-cinder-799871-46-iscsi neutron-server[103999]: INFO neutron.wsgi [req-01d467e1-9040-4b22-9824-5ce63380eed2 req-d80ec80e-1dd6-4c64-ae2e-5d1ea655d01d tempest-DeleteServersTestJSON-941814662 tempest-DeleteServersTestJSON-941814662-project] 10.222.0.40 "GET /v2.0/security-groups?id=277d6e92-095d-4d8f-88e7-94d758b3b68f&fields=id&fields=name HTTP/1.1" status: 200 len: 286 time: 0.0959756
Jul 28 02:18:37.366250 dv-cinder-799871-46-iscsi neutron-server[103999]: DEBUG neutron.pecan_wsgi.hooks.policy_enforcement [req-cb7c3889-bc84-4e85-b25c-4868a90aad34 req-7c49589d-9440-4329-a09d-e4902f58a689 tempest-AttachVolumeNegativeTest-1071307429 tempest-AttachVolumeNegativeTest-1071307429-project] Attributes excluded by policy engine: ['standard_attr_id', 'binding:profile', 'binding:host_id', 'binding:vif_type', 'binding:vif_details'] {{(pid=103999) _exclude_attributes_by_policy /opt/stack/neutron/neutron/pecan_wsgi/hooks/policy_enforcement.py:259}}
Jul 28 02:18:37.374401 dv-cinder-799871-46-iscsi neutron-server[103999]: INFO neutron.wsgi [req-cb7c3889-bc84-4e85-b25c-4868a90aad34 req-7c49589d-9440-4329-a09d-e4902f58a689 tempest-AttachVolumeNegativeTest-1071307429 tempest-AttachVolumeNegativeTest-1071307429-project] 10.222.0.40 "GET /v2.0/ports?device_id=4d26f3b8-4d46-47fe-84fe-f242e97a778c HTTP/1.1" status: 200 len: 932 time: 0.1168847
Jul 28 02:18:37.460366 dv-cinder-799871-46-iscsi neutron-server[103999]: DEBUG dbcounter [-] [103999] Writing DB stats neutron:SELECT=100 {{(pid=103999) stat_writer /usr/local/lib/python3.8/dist-packages/dbcounter.py:114}}
Jul 28 02:18:37.484564 dv-cinder-799871-46-iscsi neutron-server[103999]: INFO neutron.wsgi [req-cb7c3889-bc84-4e85-b25c-4868a90aad34 req-cece6da8-859b-4b04-b36d-a3821147b86b tempest-AttachVolumeNegativeTest-1071307429 tempest-AttachVolumeNegativeTest-1071307429-project] 10.222.0.40 "GET /v2.0/security-groups?id=8347a0a2-9c3c-4882-9f4b-ed59c58e8074&fields=id&fields=name HTTP/1.1" status: 200 len: 313 time: 0.1074388
Jul 28 02:18:37.766348 dv-cinder-799871-46-iscsi neutron-server[104000]: DEBUG neutron.wsgi [-] (104000) accepted ('10.222.0.40', 42276) {{(pid=104000) server /usr/local/lib/python3.8/dist-packages/eventlet/wsgi.py:1004}}
Jul 28 02:18:37.960046 dv-cinder-799871-46-iscsi neutron-server[104000]: DEBUG neutron_lib.callbacks.manager [None req-019b1b96-74ae-45be-a52d-12b0628f2bbc admin admin] Publish callbacks [] for security_group (None), before_create {{(pid=104000) _notify_loop /usr/local/lib/python3.8/dist-packages/neutron_lib/callbacks/manager.py:176}}
Jul 28 02:18:38.093538 dv-cinder-799871-46-iscsi neutron-server[104000]: DEBUG neutron_lib.callbacks.manager [None req-019b1b96-74ae-45be-a52d-12b0628f2bbc admin admin] Publish callbacks [] for security_group (67e78c3b-357b-4cfe-993b-63bd205a95f5), precommit_create {{(pid=104000) _notify_loop /usr/local/lib/python3.8/dist-packages/neutron_lib/callbacks/manager.py:176}}
Jul 28 02:18:38.099540 dv-cinder-799871-46-iscsi neutron-server[104000]: DEBUG neutron_lib.callbacks.manager [None req-019b1b96-74ae-45be-a52d-12b0628f2bbc admin admin] Publish callbacks ['neutron.plugins.ml2.ovo_rpc._ObjectChangeHandler.handle_event-358566'] for security_group (67e78c3b-357b-4cfe-993b-63bd205a95f5), after_create {{(pid=104000) _notify_loop /usr/local/lib/python3.8/dist-packages/neutron_lib/callbacks/manager.py:176}}
Jul 28 02:18:38.161951 dv-cinder-799871-46-iscsi neutron-server[104000]: INFO neutron.wsgi [None req-019b1b96-74ae-45be-a52d-12b0628f2bbc admin admin] 10.222.0.40 "GET /v2.0/security-groups?tenant_id=3d90b657e7f449bba0119aefcb31da38&name=default HTTP/1.1" status: 200 len: 2996 time: 0.3914185
Jul 28 02:18:38.165486 dv-cinder-799871-46-iscsi neutron-server[104000]: DEBUG neutron.wsgi [-] (104000) accepted ('10.222.0.40', 42288) {{(pid=104000) server /usr/local/lib/python3.8/dist-packages/eventlet/wsgi.py:1004}}
