Jul 27 18:45:33.016178 dv-cinder-799871-43-smb neutron-server[111171]: INFO neutron.wsgi [None req-d93e4834-5981-40e7-b923-65cb06f93b47 admin admin] 10.222.0.65 "PUT /v2.0/routers/c1130354-20f0-48d8-91d5-35a80c354ed0/add_router_interface HTTP/1.1" status: 200 len: 503 time: 8.8376293
Jul 27 18:45:33.016178 dv-cinder-799871-43-smb neutron-server[111171]: DEBUG neutron_lib.callbacks.manager [None req-7da042eb-628a-45c4-b35c-190c52cc1857 admin admin] Publish callbacks [] for port (c232a60c-55e8-49b6-9ad4-207daa18dadd), precommit_update {{(pid=111171) _notify_loop /usr/local/lib/python3.8/dist-packages/neutron_lib/callbacks/manager.py:176}}
Jul 27 18:45:33.016476 dv-cinder-799871-43-smb neutron-server[111172]: DEBUG neutron.api.rpc.handlers.l3_rpc [None req-6eeca89b-54b5-498c-a1f3-5d55629abfc5 None None] Sync routers for ids ['c1130354-20f0-48d8-91d5-35a80c354ed0'] in dv-cinder-799871-43-smb {{(pid=111172) sync_routers /opt/stack/neutron/neutron/api/rpc/handlers/l3_rpc.py:125}}
Jul 27 18:45:33.029290 dv-cinder-799871-43-smb neutron-server[111170]: INFO neutron.wsgi [req-e4053a9d-d984-4a18-b6d8-0fd638abc6b0 req-bb5df00a-0f70-4dab-a402-74c95765d2e9 tempest-ServerRescueNegativeTestJSON-117908209 tempest-ServerRescueNegativeTestJSON-117908209-project] 10.222.0.65 "GET /v2.0/ports?device_id=39874866-f08c-4abb-8175-1cd3c7568858 HTTP/1.1" status: 200 len: 210 time: 0.1584892
Jul 27 18:45:33.065781 dv-cinder-799871-43-smb neutron-server[111172]: DEBUG neutron.plugins.ml2.db [None req-d5f67034-fc9a-4afe-8571-408286b36851 None None] For port cb5a2d9a-5859-447c-b33f-3083b0b6e117, host dv-cinder-799871-43-smb, got binding levels [PortBindingLevel(driver='openvswitch',host='dv-cinder-799871-43-smb',level=0,port_id=cb5a2d9a-5859-447c-b33f-3083b0b6e117,segment=NetworkSegment(c9f819ef-c109-4941-be56-86fc6797499a),segment_id=c9f819ef-c109-4941-be56-86fc6797499a)] {{(pid=111172) get_binding_level_objs /opt/stack/neutron/neutron/plugins/ml2/db.py:74}}
Jul 27 18:45:33.099207 dv-cinder-799871-43-smb neutron-server[111172]: DEBUG neutron.db.l3_dvrscheduler_db [None req-6eeca89b-54b5-498c-a1f3-5d55629abfc5 None None] Routers {'c1130354-20f0-48d8-91d5-35a80c354ed0'} bound to L3 agent in host dv-cinder-799871-43-smb {{(pid=111172) _get_router_ids_for_agent /opt/stack/neutron/neutron/db/l3_dvrscheduler_db.py:426}}
Jul 27 18:45:33.099907 dv-cinder-799871-43-smb neutron-server[111172]: DEBUG neutron.db.l3_hamode_db [None req-6eeca89b-54b5-498c-a1f3-5d55629abfc5 None None] neutron.services.l3_router.l3_router_plugin.L3RouterPlugin method get_ha_sync_data_for_host called with arguments (, 'dv-cinder-799871-43-smb', Agent(admin_state_up=True,agent_type='L3 agent',availability_zone='nova',binary='neutron-l3-agent',configurations={"agent_mode": "legacy", "ex_gw_ports": 2, "extensions": [], "floating_ips": 0, "handle_internal_only_routers": true, "interface_driver": "openvswitch", "interfaces": 1, "log_agent_heartbeats": false, "routers": 2},created_at=2022-07-27T18:36:25Z,description=,heartbeat_timestamp=2022-07-27T18:45:25Z,host='dv-cinder-799871-43-smb',id=bd541eb3-6cf9-4c3d-8023-1b1048d36383,load=0,resource_versions=,resources_synced=,started_at=2022-07-27T18:36:26Z,topic='l3_agent')) {'router_ids': ['c1130354-20f0-48d8-91d5-35a80c354ed0'], 'active': True} {{(pid=111172) wrapper /usr/local/lib/python3.8/dist-packages/oslo_log/helpers.py:65}}
Jul 27 18:45:33.162134 dv-cinder-799871-43-smb neutron-server[111171]: DEBUG neutron_lib.callbacks.manager [None req-7da042eb-628a-45c4-b35c-190c52cc1857 admin admin] Publish callbacks ['neutron.plugins.ml2.plugin.SecurityGroupServerNotifierRpcMixin._notify_sg_on_port_change-16008718', 'neutron.plugins.ml2.ovo_rpc._ObjectChangeHandler.handle_event-471799', 'neutron.api.rpc.agentnotifiers.dhcp_rpc_agent_api.DhcpAgentNotifyAPI._native_event_send_dhcp_notification-1573795', 'neutron.db.l3_db.L3RpcNotifierMixin._notify_gateway_port_ip_changed-8786218773212', 'neutron.db.l3_dvrscheduler_db._notify_l3_agent_port_update-8786218377804', 'neutron.db.l3_hascheduler_db._notify_l3_agent_ha_port_update-8786218377822'] for port (c232a60c-55e8-49b6-9ad4-207daa18dadd), after_update {{(pid=111171) _notify_loop /usr/local/lib/python3.8/dist-packages/neutron_lib/callbacks/manager.py:176}}
Jul 27 18:45:33.163156 dv-cinder-799871-43-smb neutron-server[111171]: DEBUG neutron_lib.callbacks.manager [None req-7da042eb-628a-45c4-b35c-190c52cc1857 admin admin] Publish callbacks ['neutron.api.rpc.agentnotifiers.dhcp_rpc_agent_api.DhcpAgentNotifyAPI._after_router_interface_created-1573809', 'neutron.services.l3_router.l3_router_plugin.DVRResourceOperationHandler._update_snat_v6_addrs_after_intf_update-2057210'] for router_interface (c519d6f6-d684-4c3d-aff5-a616cab2af7d), after_create {{(pid=111171) _notify_loop /usr/local/lib/python3.8/dist-packages/neutron_lib/callbacks/manager.py:176}}
Jul 27 18:45:33.190893 dv-cinder-799871-43-smb neutron-server[111170]: DEBUG neutron_lib.callbacks.manager [None req-2cbf84e5-66a5-4ac8-ad45-9eab371c092d tempest-AttachVolumeShelveTestJSON-416962003 tempest-AttachVolumeShelveTestJSON-416962003-project] Publish callbacks [] for security_group (aef1a15f-db05-400a-8c7a-3eeebe09b2f7), precommit_create {{(pid=111170) _notify_loop /usr/local/lib/python3.8/dist-packages/neutron_lib/callbacks/manager.py:176}}
Jul 27 18:45:33.212640 dv-cinder-799871-43-smb neutron-server[111172]: DEBUG neutron_lib.callbacks.manager [None req-d5f67034-fc9a-4afe-8571-408286b36851 None None] Publish callbacks ['neutron.plugins.ml2.plugin.SecurityGroupServerNotifierRpcMixin._notify_sg_on_port_change-16008718', 'neutron.plugins.ml2.ovo_rpc._ObjectChangeHandler.handle_event-471799', 'neutron.api.rpc.agentnotifiers.dhcp_rpc_agent_api.DhcpAgentNotifyAPI._native_event_send_dhcp_notification-1573795', 'neutron.db.l3_db.L3RpcNotifierMixin._notify_gateway_port_ip_changed-8786218773212', 'neutron.db.l3_dvrscheduler_db._notify_l3_agent_port_update-8786218377804', 'neutron.db.l3_hascheduler_db._notify_l3_agent_ha_port_update-8786218377822'] for port (cb5a2d9a-5859-447c-b33f-3083b0b6e117), after_update {{(pid=111172) _notify_loop /usr/local/lib/python3.8/dist-packages/neutron_lib/callbacks/manager.py:176}}
Jul 27 18:45:33.275583 dv-cinder-799871-43-smb neutron-server[111172]: DEBUG neutron.api.rpc.handlers.resources_rpc [None req-d5f67034-fc9a-4afe-8571-408286b36851 None None] Pushing event updated for resources: {'Port': ['ID=cb5a2d9a-5859-447c-b33f-3083b0b6e117,revision_number=5']} {{(pid=111172) push /opt/stack/neutron/neutron/api/rpc/handlers/resources_rpc.py:237}}
Jul 27 18:45:33.286240 dv-cinder-799871-43-smb neutron-server[111172]: DEBUG neutron.plugins.ml2.rpc [None req-a307f67a-e28b-4e56-9f9f-63dfd47d5f56 None None] Device dbf0abb5-67b8-4251-ac15-72ad6f1476fd up at agent ovs-agent-dv-cinder-799871-43-smb {{(pid=111172) update_device_up /opt/stack/neutron/neutron/plugins/ml2/rpc.py:296}}
Jul 27 18:45:33.340926 dv-cinder-799871-43-smb neutron-server[111171]: DEBUG dbcounter [-] [111171] Writing DB stats neutron:SELECT=97,neutron:UPDATE=2,neutron:INSERT=1 {{(pid=111171) stat_writer /usr/local/lib/python3.8/dist-packages/dbcounter.py:114}}
Jul 27 18:45:33.345689 dv-cinder-799871-43-smb neutron-server[111170]: DEBUG neutron_lib.callbacks.manager [None req-2cbf84e5-66a5-4ac8-ad45-9eab371c092d tempest-AttachVolumeShelveTestJSON-416962003 tempest-AttachVolumeShelveTestJSON-416962003-project] Publish callbacks ['neutron.plugins.ml2.ovo_rpc._ObjectChangeHandler.handle_event-1686428'] for security_group (aef1a15f-db05-400a-8c7a-3eeebe09b2f7), after_create {{(pid=111170) _notify_loop /usr/local/lib/python3.8/dist-packages/neutron_lib/callbacks/manager.py:176}}
Jul 27 18:45:33.354079 dv-cinder-799871-43-smb neutron-server[111171]: DEBUG neutron.api.rpc.handlers.resources_rpc [None req-7da042eb-628a-45c4-b35c-190c52cc1857 admin admin] Pushing event updated for resources: {'Port': ['ID=c232a60c-55e8-49b6-9ad4-207daa18dadd,revision_number=2']} {{(pid=111171) push /opt/stack/neutron/neutron/api/rpc/handlers/resources_rpc.py:237}}
Jul 27 18:45:33.375967 dv-cinder-799871-43-smb neutron-server[111172]: DEBUG dbcounter [-] [111172] Writing DB stats neutron:SELECT=97,neutron:UPDATE=2,neutron:INSERT=1 {{(pid=111172) stat_writer /usr/local/lib/python3.8/dist-packages/dbcounter.py:114}}
Jul 27 18:45:33.390861 dv-cinder-799871-43-smb neutron-server[111172]: DEBUG neutron.db.provisioning_blocks [None req-cc54d576-48af-49ef-9858-51e2efd2189a None None] Provisioning complete for port d35c9a7b-6992-477c-ae8f-97967b4f3690 triggered by entity DHCP. {{(pid=111172) provisioning_complete /opt/stack/neutron/neutron/db/provisioning_blocks.py:145}}
Jul 27 18:45:33.391423 dv-cinder-799871-43-smb neutron-server[111172]: DEBUG neutron_lib.callbacks.manager [None req-cc54d576-48af-49ef-9858-51e2efd2189a None None] Publish callbacks ['neutron.plugins.ml2.plugin.Ml2Plugin._port_provisioned-15969696'] for port (d35c9a7b-6992-477c-ae8f-97967b4f3690), provisioning_complete {{(pid=111172) _notify_loop /usr/local/lib/python3.8/dist-packages/neutron_lib/callbacks/manager.py:176}}
Jul 27 18:45:33.459169 dv-cinder-799871-43-smb neutron-server[111172]: DEBUG neutron.db.provisioning_blocks [None req-a307f67a-e28b-4e56-9f9f-63dfd47d5f56 None None] Provisioning complete for port dbf0abb5-67b8-4251-ac15-72ad6f1476fd triggered by entity L2. {{(pid=111172) provisioning_complete /opt/stack/neutron/neutron/db/provisioning_blocks.py:145}}
Jul 27 18:45:33.460425 dv-cinder-799871-43-smb neutron-server[111172]: DEBUG neutron_lib.callbacks.manager [None req-a307f67a-e28b-4e56-9f9f-63dfd47d5f56 None None] Publish callbacks ['neutron.plugins.ml2.plugin.Ml2Plugin._port_provisioned-15969696'] for port (dbf0abb5-67b8-4251-ac15-72ad6f1476fd), provisioning_complete {{(pid=111172) _notify_loop /usr/local/lib/python3.8/dist-packages/neutron_lib/callbacks/manager.py:176}}
Jul 27 18:45:33.470465 dv-cinder-799871-43-smb neutron-server[111171]: DEBUG neutron.scheduler.dhcp_agent_scheduler [None req-7da042eb-628a-45c4-b35c-190c52cc1857 admin admin] Network a1c3acb1-df98-4d58-af3f-7ad78a2c3c7b is already hosted by enough agents. {{(pid=111171) _get_dhcp_agents_hosting_network /opt/stack/neutron/neutron/scheduler/dhcp_agent_scheduler.py:275}}
Jul 27 18:45:33.476889 dv-cinder-799871-43-smb neutron-server[111171]: DEBUG neutron.scheduler.base_scheduler [None req-7da042eb-628a-45c4-b35c-190c52cc1857 admin admin] Resources bound (agent type, host, resource id): {{(pid=111171) schedule /opt/stack/neutron/neutron/scheduler/base_scheduler.py:57}}
Jul 27 18:45:33.505054 dv-cinder-799871-43-smb neutron-server[111172]: DEBUG dbcounter [-] [111172] Writing DB stats neutron:SELECT=98,neutron:UPDATE=2 {{(pid=111172) stat_writer /usr/local/lib/python3.8/dist-packages/dbcounter.py:114}}
Jul 27 18:45:33.509558 dv-cinder-799871-43-smb neutron-server[111172]: DEBUG neutron.db.l3_dvr_db [None req-6eeca89b-54b5-498c-a1f3-5d55629abfc5 None None] Set router c1130354-20f0-48d8-91d5-35a80c354ed0 gateway port host: dv-cinder-799871-43-smb {{(pid=111172) _build_routers_list /opt/stack/neutron/neutron/db/l3_dvr_db.py:907}}
Jul 27 18:45:33.510922 dv-cinder-799871-43-smb neutron-server[111170]: DEBUG neutron.api.rpc.handlers.resources_rpc [None req-2cbf84e5-66a5-4ac8-ad45-9eab371c092d tempest-AttachVolumeShelveTestJSON-416962003 tempest-AttachVolumeShelveTestJSON-416962003-project] Pushing event updated for resources: {'SecurityGroup': ['ID=aef1a15f-db05-400a-8c7a-3eeebe09b2f7,revision_number=1']} {{(pid=111170) push /opt/stack/neutron/neutron/api/rpc/handlers/resources_rpc.py:237}}
Jul 27 18:45:33.516999 dv-cinder-799871-43-smb neutron-server[111172]: DEBUG neutron.plugins.ml2.plugin [None req-cc54d576-48af-49ef-9858-51e2efd2189a None None] Port d35c9a7b-6992-477c-ae8f-97967b4f3690 cannot update to ACTIVE because it is not bound. {{(pid=111172) _port_provisioned /opt/stack/neutron/neutron/plugins/ml2/plugin.py:348}}
Jul 27 18:45:33.557305 dv-cinder-799871-43-smb neutron-server[111170]: DEBUG dbcounter [-] [111170] Writing DB stats neutron:SELECT=83,neutron:DELETE=8,neutron:INSERT=8,neutron:UPDATE=1 {{(pid=111170) stat_writer /usr/local/lib/python3.8/dist-packages/dbcounter.py:114}}
Jul 27 18:45:33.589423 dv-cinder-799871-43-smb neutron-server[111170]: DEBUG neutron_lib.callbacks.manager [None req-2cbf84e5-66a5-4ac8-ad45-9eab371c092d tempest-AttachVolumeShelveTestJSON-416962003 tempest-AttachVolumeShelveTestJSON-416962003-project] Publish callbacks [] for security_group (None), before_response {{(pid=111170) _notify_loop /usr/local/lib/python3.8/dist-packages/neutron_lib/callbacks/manager.py:176}}
Jul 27 18:45:33.592079 dv-cinder-799871-43-smb neutron-server[111170]: INFO neutron.wsgi [None req-2cbf84e5-66a5-4ac8-ad45-9eab371c092d tempest-AttachVolumeShelveTestJSON-416962003 tempest-AttachVolumeShelveTestJSON-416962003-project] 10.222.0.65 "POST /v2.0/security-groups HTTP/1.1" status: 201 len: 1796 time: 0.9740136
Jul 27 18:45:33.594899 dv-cinder-799871-43-smb neutron-server[111170]: DEBUG neutron.wsgi [-] (111170) accepted ('10.222.0.65', 40330) {{(pid=111170) server /usr/local/lib/python3.8/dist-packages/eventlet/wsgi.py:1004}}
Jul 27 18:45:33.600264 dv-cinder-799871-43-smb neutron-server[111170]: DEBUG neutron.api.v2.base [None req-aab9bf73-aee2-4360-8879-51cff050d7de tempest-AttachVolumeShelveTestJSON-416962003 tempest-AttachVolumeShelveTestJSON-416962003-project] Request body: {'security_group_rule': {'security_group_id': 'aef1a15f-db05-400a-8c7a-3eeebe09b2f7', 'protocol': 'tcp', 'ethertype': 'IPv4', 'port_range_min': 22, 'port_range_max': 22, 'direction': 'ingress'}} {{(pid=111170) prepare_request_body /opt/stack/neutron/neutron/api/v2/base.py:730}}
Jul 27 18:45:33.714141 dv-cinder-799871-43-smb neutron-server[111170]: DEBUG neutron.wsgi [-] (111170) accepted ('10.222.0.65', 40332) {{(pid=111170) server /usr/local/lib/python3.8/dist-packages/eventlet/wsgi.py:1004}}
Jul 27 18:45:33.760912 dv-cinder-799871-43-smb neutron-server[111170]: DEBUG neutron_lib.callbacks.manager [None req-5cf16c63-0691-4292-ae98-bd1f0ec61cf2 admin admin] Publish callbacks [] for security_group (None), before_create {{(pid=111170) _notify_loop /usr/local/lib/python3.8/dist-packages/neutron_lib/callbacks/manager.py:176}}
Jul 27 18:45:33.780698 dv-cinder-799871-43-smb neutron-server[111171]: DEBUG neutron.scheduler.l3_agent_scheduler [None req-7da042eb-628a-45c4-b35c-190c52cc1857 admin admin] Router c519d6f6-d684-4c3d-aff5-a616cab2af7d has already been hosted by L3 agent bd541eb3-6cf9-4c3d-8023-1b1048d36383 {{(pid=111171) _get_candidates /opt/stack/neutron/neutron/scheduler/l3_agent_scheduler.py:126}}
Jul 27 18:45:33.782261 dv-cinder-799871-43-smb neutron-server[111171]: DEBUG dbcounter [-] [111171] Writing DB stats neutron:SELECT=91,neutron:INSERT=5,neutron:UPDATE=4 {{(pid=111171) stat_writer /usr/local/lib/python3.8/dist-packages/dbcounter.py:114}}
Jul 27 18:45:33.830536 dv-cinder-799871-43-smb neutron-server[111170]: DEBUG neutron_lib.callbacks.manager [None req-aab9bf73-aee2-4360-8879-51cff050d7de tempest-AttachVolumeShelveTestJSON-416962003 tempest-AttachVolumeShelveTestJSON-416962003-project] Publish callbacks [] for security_group_rule (7dc3a58f-048a-4a22-91ba-98b558bd9bf2), before_create {{(pid=111170) _notify_loop /usr/local/lib/python3.8/dist-packages/neutron_lib/callbacks/manager.py:176}}
Jul 27 18:45:33.835091 dv-cinder-799871-43-smb neutron-server[111172]: DEBUG neutron.plugins.ml2.plugin [None req-a307f67a-e28b-4e56-9f9f-63dfd47d5f56 None None] Current status of the port dbf0abb5-67b8-4251-ac15-72ad6f1476fd is: DOWN; New status is: ACTIVE {{(pid=111172) _update_individual_port_db_status /opt/stack/neutron/neutron/plugins/ml2/plugin.py:2292}}
Jul 27 18:45:33.835898 dv-cinder-799871-43-smb neutron-server[111172]: DEBUG neutron_lib.callbacks.manager [None req-a307f67a-e28b-4e56-9f9f-63dfd47d5f56 None None] Publish callbacks ['neutron.plugins.ml2.plugin.SecurityGroupDbMixin._ensure_default_security_group_handler-16021955'] for port (dbf0abb5-67b8-4251-ac15-72ad6f1476fd), before_update {{(pid=111172) _notify_loop /usr/local/lib/python3.8/dist-packages/neutron_lib/callbacks/manager.py:176}}
Jul 27 18:45:33.868379 dv-cinder-799871-43-smb neutron-server[111172]: DEBUG neutron.plugins.ml2.db [None req-a307f67a-e28b-4e56-9f9f-63dfd47d5f56 None None] For port dbf0abb5-67b8-4251-ac15-72ad6f1476fd, host dv-cinder-799871-43-smb, got binding levels [PortBindingLevel(driver='openvswitch',host='dv-cinder-799871-43-smb',level=0,port_id=dbf0abb5-67b8-4251-ac15-72ad6f1476fd,segment=NetworkSegment(bf4a1cda-a3cd-4d80-a332-d5ddd04bf40a),segment_id=bf4a1cda-a3cd-4d80-a332-d5ddd04bf40a)] {{(pid=111172) get_binding_level_objs /opt/stack/neutron/neutron/plugins/ml2/db.py:74}}
Jul 27 18:45:33.937671 dv-cinder-799871-43-smb neutron-server[111171]: DEBUG neutron.api.rpc.agentnotifiers.l3_rpc_agent_api [None req-7da042eb-628a-45c4-b35c-190c52cc1857 admin admin] Notify agent at l3_agent.dv-cinder-799871-43-smb the message routers_updated {{(pid=111171) _agent_notification /opt/stack/neutron/neutron/api/rpc/agentnotifiers/l3_rpc_agent_api.py:65}}
Jul 27 18:45:33.943421 dv-cinder-799871-43-smb neutron-server[111171]: INFO neutron.wsgi [None req-7da042eb-628a-45c4-b35c-190c52cc1857 admin admin] 10.222.0.65 "PUT /v2.0/routers/c519d6f6-d684-4c3d-aff5-a616cab2af7d/add_router_interface HTTP/1.1" status: 200 len: 503 time: 7.1539133
Jul 27 18:45:33.970836 dv-cinder-799871-43-smb neutron-server[111172]: DEBUG neutron_lib.callbacks.manager [None req-a307f67a-e28b-4e56-9f9f-63dfd47d5f56 None None] Publish callbacks ['neutron.plugins.ml2.plugin.SecurityGroupServerNotifierRpcMixin._notify_sg_on_port_change-16008718', 'neutron.plugins.ml2.ovo_rpc._ObjectChangeHandler.handle_event-471799', 'neutron.api.rpc.agentnotifiers.dhcp_rpc_agent_api.DhcpAgentNotifyAPI._native_event_send_dhcp_notification-1573795', 'neutron.db.l3_db.L3RpcNotifierMixin._notify_gateway_port_ip_changed-8786218773212', 'neutron.db.l3_dvrscheduler_db._notify_l3_agent_port_update-8786218377804', 'neutron.db.l3_hascheduler_db._notify_l3_agent_ha_port_update-8786218377822'] for port (dbf0abb5-67b8-4251-ac15-72ad6f1476fd), after_update {{(pid=111172) _notify_loop /usr/local/lib/python3.8/dist-packages/neutron_lib/callbacks/manager.py:176}}
Jul 27 18:45:33.971785 dv-cinder-799871-43-smb neutron-server[111172]: DEBUG neutron.plugins.ml2.rpc [None req-a307f67a-e28b-4e56-9f9f-63dfd47d5f56 None None] Device fb54537f-9256-499b-bc0e-9d10ca4fea27 up at agent ovs-agent-dv-cinder-799871-43-smb {{(pid=111172) update_device_up /opt/stack/neutron/neutron/plugins/ml2/rpc.py:296}}
Jul 27 18:45:33.987684 dv-cinder-799871-43-smb neutron-server[111172]: DEBUG neutron.db.provisioning_blocks [None req-33a7c0ef-e443-4f84-aee2-5096330140fb None None] Provisioning complete for port c232a60c-55e8-49b6-9ad4-207daa18dadd triggered by entity DHCP. {{(pid=111172) provisioning_complete /opt/stack/neutron/neutron/db/provisioning_blocks.py:145}}
Jul 27 18:45:33.988316 dv-cinder-799871-43-smb neutron-server[111172]: DEBUG neutron_lib.callbacks.manager [None req-33a7c0ef-e443-4f84-aee2-5096330140fb None None] Publish callbacks ['neutron.plugins.ml2.plugin.Ml2Plugin._port_provisioned-15969696'] for port (c232a60c-55e8-49b6-9ad4-207daa18dadd), provisioning_complete {{(pid=111172) _notify_loop /usr/local/lib/python3.8/dist-packages/neutron_lib/callbacks/manager.py:176}}
Jul 27 18:45:34.057125 dv-cinder-799871-43-smb neutron-server[111170]: DEBUG neutron_lib.callbacks.manager [None req-aab9bf73-aee2-4360-8879-51cff050d7de tempest-AttachVolumeShelveTestJSON-416962003 tempest-AttachVolumeShelveTestJSON-416962003-project] Publish callbacks [] for security_group_rule (7dc3a58f-048a-4a22-91ba-98b558bd9bf2), precommit_create {{(pid=111170) _notify_loop /usr/local/lib/python3.8/dist-packages/neutron_lib/callbacks/manager.py:176}}
Jul 27 18:45:34.122206 dv-cinder-799871-43-smb neutron-server[111170]: DEBUG neutron_lib.callbacks.manager [None req-5cf16c63-0691-4292-ae98-bd1f0ec61cf2 admin admin] Publish callbacks [] for security_group (8bfcacb3-21d7-4d9c-96e2-ba78e7fa9557), precommit_create {{(pid=111170) _notify_loop /usr/local/lib/python3.8/dist-packages/neutron_lib/callbacks/manager.py:176}}
Jul 27 18:45:34.141947 dv-cinder-799871-43-smb neutron-server[111170]: DEBUG neutron_lib.callbacks.manager [None req-aab9bf73-aee2-4360-8879-51cff050d7de tempest-AttachVolumeShelveTestJSON-416962003 tempest-AttachVolumeShelveTestJSON-416962003-project] Publish callbacks ['neutron.plugins.ml2.ovo_rpc._ObjectChangeHandler.handle_event-1683779'] for security_group_rule (7dc3a58f-048a-4a22-91ba-98b558bd9bf2), after_create {{(pid=111170) _notify_loop /usr/local/lib/python3.8/dist-packages/neutron_lib/callbacks/manager.py:176}}
Jul 27 18:45:34.228672 dv-cinder-799871-43-smb neutron-server[111172]: DEBUG neutron.plugins.ml2.plugin [None req-33a7c0ef-e443-4f84-aee2-5096330140fb None None] Port c232a60c-55e8-49b6-9ad4-207daa18dadd cannot update to ACTIVE because it is not bound. {{(pid=111172) _port_provisioned /opt/stack/neutron/neutron/plugins/ml2/plugin.py:348}}
Jul 27 18:45:34.232744 dv-cinder-799871-43-smb neutron-server[111172]: DEBUG neutron.api.rpc.handlers.resources_rpc [None req-a307f67a-e28b-4e56-9f9f-63dfd47d5f56 None None] Pushing event updated for resources: {'Port': ['ID=dbf0abb5-67b8-4251-ac15-72ad6f1476fd,revision_number=4']} {{(pid=111172) push /opt/stack/neutron/neutron/api/rpc/handlers/resources_rpc.py:237}}
Jul 27 18:45:34.270417 dv-cinder-799871-43-smb neutron-server[111172]: DEBUG neutron.db.l3_hamode_db [None req-6eeca89b-54b5-498c-a1f3-5d55629abfc5 None None] neutron.services.l3_router.l3_router_plugin.L3RouterPlugin method _process_sync_ha_data called with arguments (, [{'id': 'c1130354-20f0-48d8-91d5-35a80c354ed0', 'name': 'tempest-DeleteServersTestJSON-1354504196-router', 'tenant_id': 'ed0f33af11414f889460ec4ed7179503', 'admin_state_up': True, 'status': 'ACTIVE', 'external_gateway_info': {'network_id': '9cb28eac-1124-4d39-99f7-d58889aee8ad', 'external_fixed_ips': [{'subnet_id': '3390e5c9-2d33-47b1-a77d-656de1da60d9', 'ip_address': '172.28.0.188'}], 'enable_snat': True}, 'gw_port_id': 'dbf0abb5-67b8-4251-ac15-72ad6f1476fd', 'description': '', 'availability_zones': ['nova'], 'distributed': False, 'ha': False, 'ha_vr_id': 0, 'availability_zone_hints': [], 'routes': [], 'flavor_id': None, 'tags': [], 'created_at': '2022-07-27T18:45:17Z', 'updated_at': '2022-07-27T18:45:28Z', 'revision_number': 4, 'project_id': 'ed0f33af11414f889460ec4ed7179503', 'gw_port': {'id': 'dbf0abb5-67b8-4251-ac15-72ad6f1476fd', 'name': '', 'network_id': '9cb28eac-1124-4d39-99f7-d58889aee8ad', 'tenant_id': '', 'mac_address': 'fa:16:3e:06:7d:05', 'admin_state_up': True, 'status': 'DOWN', 'device_id': 'c1130354-20f0-48d8-91d5-35a80c354ed0', 'device_owner': 'network:router_gateway', 'standard_attr_id': 78, 'fixed_ips': [{'subnet_id': '3390e5c9-2d33-47b1-a77d-656de1da60d9', 'ip_address': '172.28.0.188', 'prefixlen': 24}], 'allowed_address_pairs': [], 'extra_dhcp_opts': [], 'security_groups': [], 'description': '', 'binding:vnic_type': 'normal', 'binding:profile': {}, 'binding:host_id': 'dv-cinder-799871-43-smb', 'binding:vif_type': 'ovs', 'binding:vif_details': {'connectivity': 'l2', 'port_filter': True, 'ovs_hybrid_plug': False, 'datapath_type': 'system', 'bridge_name': 'br-int', 'bound_drivers': {'0': 'openvswitch'}}, 'port_security_enabled': False, 'tags': [], 'created_at': '2022-07-27T18:45:19Z', 'updated_at': '2022-07-27T18:45:27Z', 'revision_number': 3, 'project_id': '', 'subnets': [{'id': '3390e5c9-2d33-47b1-a77d-656de1da60d9', 'cidr': '172.28.0.0/24', 'gateway_ip': '172.28.0.1', 'dns_nameservers': [], 'ipv6_ra_mode': None, 'subnetpool_id': None}], 'extra_subnets': [], 'address_scopes': {4: None, 6: None}, 'mtu': 1500}, 'enable_snat': True, 'gw_port_host': 'dv-cinder-799871-43-smb', '_interfaces': [{'id': 'd35c9a7b-6992-477c-ae8f-97967b4f3690', 'name': '', 'network_id': '7f438f55-5d7b-4008-98af-c5d43323f3ce', 'tenant_id': 'ed0f33af11414f889460ec4ed7179503', 'mac_address': 'fa:16:3e:f2:55:d2', 'admin_state_up': True, 'status': 'DOWN', 'device_id': 'c1130354-20f0-48d8-91d5-35a80c354ed0', 'device_owner': 'network:router_interface', 'standard_attr_id': 87, 'fixed_ips': [{'subnet_id': '5ce4dc18-ccd9-47af-a483-20ca6592e19a', 'ip_address': '172.20.0.1', 'prefixlen': 28}], 'allowed_address_pairs': [], 'extra_dhcp_opts': [], 'security_groups': [], 'description': '', 'binding:vnic_type': 'normal', 'binding:profile': {}, 'binding:host_id': '', 'binding:vif_type': 'unbound', 'binding:vif_details': {}, 'port_security_enabled': False, 'tags': [], 'created_at': '2022-07-27T18:45:25Z', 'updated_at': '2022-07-27T18:45:29Z', 'revision_number': 2, 'project_id': 'ed0f33af11414f889460ec4ed7179503', 'subnets': [{'id': '5ce4dc18-ccd9-47af-a483-20ca6592e19a', 'cidr': '172.20.0.0/28', 'gateway_ip': '172.20.0.1', 'dns_nameservers': [], 'ipv6_ra_mode': None, 'subnetpool_id': None}], 'extra_subnets': [], 'address_scopes': {4: None, 6: None}, 'mtu': 1500}]}], 'dv-cinder-799871-43-smb', False) {} {{(pid=111172) wrapper /usr/local/lib/python3.8/dist-packages/oslo_log/helpers.py:65}}
Jul 27 18:45:34.290799 dv-cinder-799871-43-smb neutron-server[111170]: DEBUG neutron_lib.callbacks.manager [None req-5cf16c63-0691-4292-ae98-bd1f0ec61cf2 admin admin] Publish callbacks ['neutron.plugins.ml2.ovo_rpc._ObjectChangeHandler.handle_event-1686428'] for security_group (8bfcacb3-21d7-4d9c-96e2-ba78e7fa9557), after_create {{(pid=111170) _notify_loop /usr/local/lib/python3.8/dist-packages/neutron_lib/callbacks/manager.py:176}}
Jul 27 18:45:34.329478 dv-cinder-799871-43-smb neutron-server[111172]: DEBUG neutron.api.rpc.handlers.l3_rpc [None req-6eeca89b-54b5-498c-a1f3-5d55629abfc5 None None] Checking router: c1130354-20f0-48d8-91d5-35a80c354ed0 for host: dv-cinder-799871-43-smb {{(pid=111172) _ensure_host_set_on_ports /opt/stack/neutron/neutron/api/rpc/handlers/l3_rpc.py:155}}
Jul 27 18:45:34.329859 dv-cinder-799871-43-smb neutron-server[111172]: DEBUG neutron.api.rpc.handlers.l3_rpc [None req-6eeca89b-54b5-498c-a1f3-5d55629abfc5 None None] Updating router c1130354-20f0-48d8-91d5-35a80c354ed0 port d35c9a7b-6992-477c-ae8f-97967b4f3690 binding host dv-cinder-799871-43-smb {{(pid=111172) _ensure_host_set_on_port /opt/stack/neutron/neutron/api/rpc/handlers/l3_rpc.py:205}}
Jul 27 18:45:34.338229 dv-cinder-799871-43-smb neutron-server[111172]: DEBUG neutron.db.provisioning_blocks [None req-a307f67a-e28b-4e56-9f9f-63dfd47d5f56 None None] Provisioning complete for port fb54537f-9256-499b-bc0e-9d10ca4fea27 triggered by entity L2. {{(pid=111172) provisioning_complete /opt/stack/neutron/neutron/db/provisioning_blocks.py:145}}
Jul 27 18:45:34.338647 dv-cinder-799871-43-smb neutron-server[111172]: DEBUG neutron_lib.callbacks.manager [None req-a307f67a-e28b-4e56-9f9f-63dfd47d5f56 None None] Publish callbacks ['neutron.plugins.ml2.plugin.Ml2Plugin._port_provisioned-15969696'] for port (fb54537f-9256-499b-bc0e-9d10ca4fea27), provisioning_complete {{(pid=111172) _notify_loop /usr/local/lib/python3.8/dist-packages/neutron_lib/callbacks/manager.py:176}}
Jul 27 18:45:34.378285 dv-cinder-799871-43-smb neutron-server[111170]: DEBUG neutron.api.rpc.handlers.resources_rpc [None req-aab9bf73-aee2-4360-8879-51cff050d7de tempest-AttachVolumeShelveTestJSON-416962003 tempest-AttachVolumeShelveTestJSON-416962003-project] Pushing event updated for resources: {'SecurityGroupRule': ['ID=7dc3a58f-048a-4a22-91ba-98b558bd9bf2,revision_number=0']} {{(pid=111170) push /opt/stack/neutron/neutron/api/rpc/handlers/resources_rpc.py:237}}
Jul 27 18:45:34.420845 dv-cinder-799871-43-smb neutron-server[111172]: DEBUG neutron_lib.callbacks.manager [None req-6eeca89b-54b5-498c-a1f3-5d55629abfc5 None None] Publish callbacks ['neutron.plugins.ml2.plugin.SecurityGroupDbMixin._ensure_default_security_group_handler-16021955'] for port (d35c9a7b-6992-477c-ae8f-97967b4f3690), before_update {{(pid=111172) _notify_loop /usr/local/lib/python3.8/dist-packages/neutron_lib/callbacks/manager.py:176}}
Jul 27 18:45:34.428114 dv-cinder-799871-43-smb neutron-server[111170]: DEBUG dbcounter [-] [111170] Writing DB stats neutron:SELECT=79,neutron:DELETE=4,neutron:INSERT=15,neutron:UPDATE=2 {{(pid=111170) stat_writer /usr/local/lib/python3.8/dist-packages/dbcounter.py:114}}
Jul 27 18:45:34.473403 dv-cinder-799871-43-smb neutron-server[111170]: DEBUG neutron.api.rpc.handlers.resources_rpc [None req-5cf16c63-0691-4292-ae98-bd1f0ec61cf2 admin admin] Pushing event updated for resources: {'SecurityGroup': ['ID=8bfcacb3-21d7-4d9c-96e2-ba78e7fa9557,revision_number=1']} {{(pid=111170) push /opt/stack/neutron/neutron/api/rpc/handlers/resources_rpc.py:237}}
Jul 27 18:45:34.485365 dv-cinder-799871-43-smb neutron-server[111170]: INFO neutron.wsgi [None req-5cf16c63-0691-4292-ae98-bd1f0ec61cf2 admin admin] 10.222.0.65 "GET /v2.0/security-groups?tenant_id=f8e9820b17de4731a880415d5bca6f72&name=default HTTP/1.1" status: 200 len: 2996 time: 0.7701297
Jul 27 18:45:34.488235 dv-cinder-799871-43-smb neutron-server[111171]: DEBUG neutron.wsgi [-] (111171) accepted ('10.222.0.65', 40366) {{(pid=111171) server /usr/local/lib/python3.8/dist-packages/eventlet/wsgi.py:1004}}
Jul 27 18:45:34.498870 dv-cinder-799871-43-smb neutron-server[111170]: DEBUG neutron_lib.callbacks.manager [None req-aab9bf73-aee2-4360-8879-51cff050d7de tempest-AttachVolumeShelveTestJSON-416962003 tempest-AttachVolumeShelveTestJSON-416962003-project] Publish callbacks [] for security_group_rule (None), before_response {{(pid=111170) _notify_loop /usr/local/lib/python3.8/dist-packages/neutron_lib/callbacks/manager.py:176}}
Jul 27 18:45:34.505764 dv-cinder-799871-43-smb neutron-server[111170]: INFO neutron.wsgi [None req-aab9bf73-aee2-4360-8879-51cff050d7de tempest-AttachVolumeShelveTestJSON-416962003 tempest-AttachVolumeShelveTestJSON-416962003-project] 10.222.0.65 "POST /v2.0/security-group-rules HTTP/1.1" status: 201 len: 764 time: 0.9094763
Jul 27 18:45:34.507571 dv-cinder-799871-43-smb neutron-server[111170]: DEBUG neutron.wsgi [-] (111170) accepted ('10.222.0.65', 40368) {{(pid=111170) server /usr/local/lib/python3.8/dist-packages/eventlet/wsgi.py:1004}}
Jul 27 18:45:34.527232 dv-cinder-799871-43-smb neutron-server[111170]: DEBUG neutron.api.v2.base [None req-a41b06e4-b7d1-48c5-9819-f8afb6a17ad0 tempest-AttachVolumeShelveTestJSON-416962003 tempest-AttachVolumeShelveTestJSON-416962003-project] Request body: {'security_group_rule': {'security_group_id': 'aef1a15f-db05-400a-8c7a-3eeebe09b2f7', 'protocol': 'icmp', 'ethertype': 'IPv4', 'direction': 'ingress'}} {{(pid=111170) prepare_request_body /opt/stack/neutron/neutron/api/v2/base.py:730}}
Jul 27 18:45:34.627551 dv-cinder-799871-43-smb neutron-server[111170]: DEBUG neutron.pecan_wsgi.hooks.policy_enforcement [req-375e463a-602e-45d4-9653-6a4a50d3b77a req-d079a7d7-d438-4351-9a3b-5ce3afa1c51e tempest-ServerRescueNegativeTestJSON-117908209 tempest-ServerRescueNegativeTestJSON-117908209-project] Attributes excluded by policy engine: ['standard_attr_id', 'vlan_transparent', 'provider:network_type', 'provider:physical_network', 'provider:segmentation_id'] {{(pid=111170) _exclude_attributes_by_policy /opt/stack/neutron/neutron/pecan_wsgi/hooks/policy_enforcement.py:259}}
Jul 27 18:45:34.638217 dv-cinder-799871-43-smb neutron-server[111170]: INFO neutron.wsgi [req-375e463a-602e-45d4-9653-6a4a50d3b77a req-d079a7d7-d438-4351-9a3b-5ce3afa1c51e tempest-ServerRescueNegativeTestJSON-117908209 tempest-ServerRescueNegativeTestJSON-117908209-project] 10.222.0.65 "GET /v2.0/networks?id=f4d34251-bd37-405c-bd23-77d74ee5548f HTTP/1.1" status: 200 len: 819 time: 0.4911232
Jul 27 18:45:34.638344 dv-cinder-799871-43-smb neutron-server[111171]: DEBUG neutron_lib.callbacks.manager [None req-7f45788b-f1ee-4cc6-81d8-cb1f513ec585 admin admin] Publish callbacks [] for security_group (8bfcacb3-21d7-4d9c-96e2-ba78e7fa9557), before_delete {{(pid=111171) _notify_loop /usr/local/lib/python3.8/dist-packages/neutron_lib/callbacks/manager.py:176}}
Jul 27 18:45:34.663730 dv-cinder-799871-43-smb neutron-server[111170]: INFO neutron.wsgi [req-375e463a-602e-45d4-9653-6a4a50d3b77a req-f0578371-e189-4254-823d-0a8d8a5501f4 tempest-ServerRescueNegativeTestJSON-117908209 tempest-ServerRescueNegativeTestJSON-117908209-project] 10.222.0.65 "GET /v2.0/quotas/cfc3633f57a545048abf93eb58e0f77e HTTP/1.1" status: 200 len: 375 time: 0.0240381
Jul 27 18:45:34.672789 dv-cinder-799871-43-smb neutron-server[111171]: DEBUG neutron_lib.callbacks.manager [None req-7f45788b-f1ee-4cc6-81d8-cb1f513ec585 admin admin] Publish callbacks [] for security_group (8bfcacb3-21d7-4d9c-96e2-ba78e7fa9557), precommit_delete {{(pid=111171) _notify_loop /usr/local/lib/python3.8/dist-packages/neutron_lib/callbacks/manager.py:176}}
Jul 27 18:45:34.736514 dv-cinder-799871-43-smb neutron-server[111170]: DEBUG neutron_lib.callbacks.manager [None req-a41b06e4-b7d1-48c5-9819-f8afb6a17ad0 tempest-AttachVolumeShelveTestJSON-416962003 tempest-AttachVolumeShelveTestJSON-416962003-project] Publish callbacks [] for security_group_rule (7784af6e-8bb6-44e5-a6d6-c6b9742cf12d), before_create {{(pid=111170) _notify_loop /usr/local/lib/python3.8/dist-packages/neutron_lib/callbacks/manager.py:176}}
Jul 27 18:45:34.763090 dv-cinder-799871-43-smb neutron-server[111170]: INFO neutron.wsgi [req-375e463a-602e-45d4-9653-6a4a50d3b77a req-5b9da404-6ad1-4d99-beec-86e678735b40 tempest-ServerRescueNegativeTestJSON-117908209 tempest-ServerRescueNegativeTestJSON-117908209-project] 10.222.0.65 "GET /v2.0/ports?tenant_id=cfc3633f57a545048abf93eb58e0f77e&fields=id HTTP/1.1" status: 200 len: 302 time: 0.0978277
Jul 27 18:45:34.809509 dv-cinder-799871-43-smb neutron-server[111172]: DEBUG neutron.plugins.ml2.plugin [None req-a307f67a-e28b-4e56-9f9f-63dfd47d5f56 None None] Current status of the port fb54537f-9256-499b-bc0e-9d10ca4fea27 is: ACTIVE; New status is: ACTIVE {{(pid=111172) _update_individual_port_db_status /opt/stack/neutron/neutron/plugins/ml2/plugin.py:2292}}
Jul 27 18:45:34.809509 dv-cinder-799871-43-smb neutron-server[111172]: DEBUG neutron.plugins.ml2.rpc [None req-a307f67a-e28b-4e56-9f9f-63dfd47d5f56 None None] Device cb5a2d9a-5859-447c-b33f-3083b0b6e117 up at agent ovs-agent-dv-cinder-799871-43-smb {{(pid=111172) update_device_up /opt/stack/neutron/neutron/plugins/ml2/rpc.py:296}}
Jul 27 18:45:34.812242 dv-cinder-799871-43-smb neutron-server[111172]: DEBUG dbcounter [-] [111172] Writing DB stats neutron:SELECT=98,neutron:UPDATE=2 {{(pid=111172) stat_writer /usr/local/lib/python3.8/dist-packages/dbcounter.py:114}}
Jul 27 18:45:34.865690 dv-cinder-799871-43-smb neutron-server[111171]: DEBUG neutron_lib.callbacks.manager [None req-7f45788b-f1ee-4cc6-81d8-cb1f513ec585 admin admin] Publish callbacks ['neutron.plugins.ml2.ovo_rpc._ObjectChangeHandler.handle_event-1686428'] for security_group (8bfcacb3-21d7-4d9c-96e2-ba78e7fa9557), after_delete {{(pid=111171) _notify_loop /usr/local/lib/python3.8/dist-packages/neutron_lib/callbacks/manager.py:176}}
Jul 27 18:45:34.873413 dv-cinder-799871-43-smb neutron-server[111171]: DEBUG neutron_lib.callbacks.manager [None req-7f45788b-f1ee-4cc6-81d8-cb1f513ec585 admin admin] Publish callbacks [] for security_group (None), before_response {{(pid=111171) _notify_loop /usr/local/lib/python3.8/dist-packages/neutron_lib/callbacks/manager.py:176}}
Jul 27 18:45:34.877553 dv-cinder-799871-43-smb neutron-server[111171]: INFO neutron.wsgi [None req-7f45788b-f1ee-4cc6-81d8-cb1f513ec585 admin admin] 10.222.0.65 "DELETE /v2.0/security-groups/8bfcacb3-21d7-4d9c-96e2-ba78e7fa9557 HTTP/1.1" status: 204 len: 168 time: 0.3850801
Jul 27 18:45:34.907104 dv-cinder-799871-43-smb neutron-server[111171]: DEBUG neutron.api.rpc.handlers.resources_rpc [None req-7f45788b-f1ee-4cc6-81d8-cb1f513ec585 admin admin] Pushing event deleted for resources: {'SecurityGroup': ['ID=8bfcacb3-21d7-4d9c-96e2-ba78e7fa9557,revision_number=None']} {{(pid=111171) push /opt/stack/neutron/neutron/api/rpc/handlers/resources_rpc.py:237}}
Jul 27 18:45:35.022779 dv-cinder-799871-43-smb neutron-server[111170]: DEBUG neutron_lib.callbacks.manager [None req-a41b06e4-b7d1-48c5-9819-f8afb6a17ad0 tempest-AttachVolumeShelveTestJSON-416962003 tempest-AttachVolumeShelveTestJSON-416962003-project] Publish callbacks [] for security_group_rule (7784af6e-8bb6-44e5-a6d6-c6b9742cf12d), precommit_create {{(pid=111170) _notify_loop /usr/local/lib/python3.8/dist-packages/neutron_lib/callbacks/manager.py:176}}
Jul 27 18:45:35.055840 dv-cinder-799871-43-smb neutron-server[111172]: DEBUG neutron.db.provisioning_blocks [None req-a307f67a-e28b-4e56-9f9f-63dfd47d5f56 None None] Provisioning complete for port cb5a2d9a-5859-447c-b33f-3083b0b6e117 triggered by entity L2. {{(pid=111172) provisioning_complete /opt/stack/neutron/neutron/db/provisioning_blocks.py:145}}
Jul 27 18:45:35.055840 dv-cinder-799871-43-smb neutron-server[111172]: DEBUG neutron_lib.callbacks.manager [None req-a307f67a-e28b-4e56-9f9f-63dfd47d5f56 None None] Publish callbacks ['neutron.plugins.ml2.plugin.Ml2Plugin._port_provisioned-15969696'] for port (cb5a2d9a-5859-447c-b33f-3083b0b6e117), provisioning_complete {{(pid=111172) _notify_loop /usr/local/lib/python3.8/dist-packages/neutron_lib/callbacks/manager.py:176}}
Jul 27 18:45:35.058763 dv-cinder-799871-43-smb neutron-server[111170]: INFO neutron.wsgi [req-375e463a-602e-45d4-9653-6a4a50d3b77a req-c710c0f7-b154-4af2-8ced-d93f4fa4e55b service neutron] 10.222.0.65 "GET /v2.0/networks/f4d34251-bd37-405c-bd23-77d74ee5548f?fields=segments HTTP/1.1" status: 200 len: 212 time: 0.2926245
Jul 27 18:45:35.092076 dv-cinder-799871-43-smb neutron-server[111171]: DEBUG dbcounter [-] [111171] Writing DB stats neutron:SELECT=98,neutron:INSERT=1,neutron:UPDATE=1 {{(pid=111171) stat_writer /usr/local/lib/python3.8/dist-packages/dbcounter.py:114}}
Jul 27 18:45:35.271360 dv-cinder-799871-43-smb neutron-server[111172]: DEBUG neutron_lib.callbacks.manager [None req-6eeca89b-54b5-498c-a1f3-5d55629abfc5 None None] Publish callbacks [] for port (d35c9a7b-6992-477c-ae8f-97967b4f3690), precommit_update {{(pid=111172) _notify_loop /usr/local/lib/python3.8/dist-packages/neutron_lib/callbacks/manager.py:176}}
Jul 27 18:45:35.305375 dv-cinder-799871-43-smb neutron-server[111172]: DEBUG neutron.plugins.ml2.plugin [None req-a307f67a-e28b-4e56-9f9f-63dfd47d5f56 None None] Current status of the port cb5a2d9a-5859-447c-b33f-3083b0b6e117 is: ACTIVE; New status is: ACTIVE {{(pid=111172) _update_individual_port_db_status /opt/stack/neutron/neutron/plugins/ml2/plugin.py:2292}}
Jul 27 18:45:35.306471 dv-cinder-799871-43-smb neutron-server[111172]: DEBUG neutron.plugins.ml2.rpc [None req-a307f67a-e28b-4e56-9f9f-63dfd47d5f56 None None] Device 5e67d6aa-39a7-4b46-a365-99c8a894dfb9 up at agent ovs-agent-dv-cinder-799871-43-smb {{(pid=111172) update_device_up /opt/stack/neutron/neutron/plugins/ml2/rpc.py:296}}
Jul 27 18:45:35.311252 dv-cinder-799871-43-smb neutron-server[111173]: DEBUG neutron.api.rpc.handlers.l3_rpc [None req-8f0b0720-69dd-4cd8-b747-e3dd3bd05cbd None None] Sync routers for ids ['7be39d9e-e9c7-42f0-a96a-4d314b3a922c'] in dv-cinder-799871-43-smb {{(pid=111173) sync_routers /opt/stack/neutron/neutron/api/rpc/handlers/l3_rpc.py:125}}
Jul 27 18:45:35.331971 dv-cinder-799871-43-smb neutron-server[111173]: DEBUG neutron.db.l3_dvrscheduler_db [None req-8f0b0720-69dd-4cd8-b747-e3dd3bd05cbd None None] Routers {'7be39d9e-e9c7-42f0-a96a-4d314b3a922c'} bound to L3 agent in host dv-cinder-799871-43-smb {{(pid=111173) _get_router_ids_for_agent /opt/stack/neutron/neutron/db/l3_dvrscheduler_db.py:426}}
Jul 27 18:45:35.334503 dv-cinder-799871-43-smb neutron-server[111173]: DEBUG neutron.db.l3_hamode_db [None req-8f0b0720-69dd-4cd8-b747-e3dd3bd05cbd None None] neutron.services.l3_router.l3_router_plugin.L3RouterPlugin method get_ha_sync_data_for_host called with arguments (, 'dv-cinder-799871-43-smb', Agent(admin_state_up=True,agent_type='L3 agent',availability_zone='nova',binary='neutron-l3-agent',configurations={"agent_mode": "legacy", "ex_gw_ports": 2, "extensions": [], "floating_ips": 0, "handle_internal_only_routers": true, "interface_driver": "openvswitch", "interfaces": 1, "log_agent_heartbeats": false, "routers": 2},created_at=2022-07-27T18:36:25Z,description=,heartbeat_timestamp=2022-07-27T18:45:25Z,host='dv-cinder-799871-43-smb',id=bd541eb3-6cf9-4c3d-8023-1b1048d36383,load=0,resource_versions=,resources_synced=,started_at=2022-07-27T18:36:26Z,topic='l3_agent')) {'router_ids': ['7be39d9e-e9c7-42f0-a96a-4d314b3a922c'], 'active': True} {{(pid=111173) wrapper /usr/local/lib/python3.8/dist-packages/oslo_log/helpers.py:65}}
Jul 27 18:45:35.362191 dv-cinder-799871-43-smb neutron-server[111172]: DEBUG neutron.db.provisioning_blocks [None req-a307f67a-e28b-4e56-9f9f-63dfd47d5f56 None None] Provisioning complete for port 5e67d6aa-39a7-4b46-a365-99c8a894dfb9 triggered by entity L2. {{(pid=111172) provisioning_complete /opt/stack/neutron/neutron/db/provisioning_blocks.py:145}}
Jul 27 18:45:35.363214 dv-cinder-799871-43-smb neutron-server[111172]: DEBUG neutron_lib.callbacks.manager [None req-a307f67a-e28b-4e56-9f9f-63dfd47d5f56 None None] Publish callbacks ['neutron.plugins.ml2.plugin.Ml2Plugin._port_provisioned-15969696'] for port (5e67d6aa-39a7-4b46-a365-99c8a894dfb9), provisioning_complete {{(pid=111172) _notify_loop /usr/local/lib/python3.8/dist-packages/neutron_lib/callbacks/manager.py:176}}
Jul 27 18:45:35.365756 dv-cinder-799871-43-smb neutron-server[111172]: DEBUG dbcounter [-] [111172] Writing DB stats neutron:SELECT=98,neutron:UPDATE=2 {{(pid=111172) stat_writer /usr/local/lib/python3.8/dist-packages/dbcounter.py:114}}
Jul 27 18:45:35.448365 dv-cinder-799871-43-smb neutron-server[111170]: DEBUG neutron.pecan_wsgi.hooks.policy_enforcement [req-8b102d72-7df2-454f-bbdc-ffed9327767d req-9f1f7d5d-1d58-4963-9fc8-8de1d3702800 tempest-DeleteServersTestJSON-1010741234 tempest-DeleteServersTestJSON-1010741234-project] Attributes excluded by policy engine: ['standard_attr_id', 'vlan_transparent', 'provider:network_type', 'provider:physical_network', 'provider:segmentation_id'] {{(pid=111170) _exclude_attributes_by_policy /opt/stack/neutron/neutron/pecan_wsgi/hooks/policy_enforcement.py:259}}
Jul 27 18:45:35.449933 dv-cinder-799871-43-smb neutron-server[111170]: INFO neutron.wsgi [req-8b102d72-7df2-454f-bbdc-ffed9327767d req-9f1f7d5d-1d58-4963-9fc8-8de1d3702800 tempest-DeleteServersTestJSON-1010741234 tempest-DeleteServersTestJSON-1010741234-project] 10.222.0.65 "GET /v2.0/networks?id=7f438f55-5d7b-4008-98af-c5d43323f3ce HTTP/1.1" status: 200 len: 812 time: 0.3890591
Jul 27 18:45:35.450696 dv-cinder-799871-43-smb neutron-server[111170]: DEBUG neutron_lib.callbacks.manager [None req-a41b06e4-b7d1-48c5-9819-f8afb6a17ad0 tempest-AttachVolumeShelveTestJSON-416962003 tempest-AttachVolumeShelveTestJSON-416962003-project] Publish callbacks ['neutron.plugins.ml2.ovo_rpc._ObjectChangeHandler.handle_event-1683779'] for security_group_rule (7784af6e-8bb6-44e5-a6d6-c6b9742cf12d), after_create {{(pid=111170) _notify_loop /usr/local/lib/python3.8/dist-packages/neutron_lib/callbacks/manager.py:176}}
Jul 27 18:45:35.488900 dv-cinder-799871-43-smb neutron-server[111170]: INFO neutron.wsgi [req-8b102d72-7df2-454f-bbdc-ffed9327767d req-da444675-7b3f-4bce-833b-767a56066587 tempest-DeleteServersTestJSON-1010741234 tempest-DeleteServersTestJSON-1010741234-project] 10.222.0.65 "GET /v2.0/quotas/ed0f33af11414f889460ec4ed7179503 HTTP/1.1" status: 200 len: 375 time: 0.0276258
Jul 27 18:45:35.489503 dv-cinder-799871-43-smb neutron-server[111170]: DEBUG neutron.api.rpc.handlers.resources_rpc [None req-a41b06e4-b7d1-48c5-9819-f8afb6a17ad0 tempest-AttachVolumeShelveTestJSON-416962003 tempest-AttachVolumeShelveTestJSON-416962003-project] Pushing event updated for resources: {'SecurityGroupRule': ['ID=7784af6e-8bb6-44e5-a6d6-c6b9742cf12d,revision_number=0']} {{(pid=111170) push /opt/stack/neutron/neutron/api/rpc/handlers/resources_rpc.py:237}}
Jul 27 18:45:35.520959 dv-cinder-799871-43-smb neutron-server[111173]: DEBUG neutron.db.l3_dvr_db [None req-8f0b0720-69dd-4cd8-b747-e3dd3bd05cbd None None] Set router 7be39d9e-e9c7-42f0-a96a-4d314b3a922c gateway port host: dv-cinder-799871-43-smb {{(pid=111173) _build_routers_list /opt/stack/neutron/neutron/db/l3_dvr_db.py:907}}
Jul 27 18:45:35.571222 dv-cinder-799871-43-smb neutron-server[111172]: DEBUG neutron_lib.callbacks.manager [None req-6eeca89b-54b5-498c-a1f3-5d55629abfc5 None None] Publish callbacks ['neutron.plugins.ml2.plugin.SecurityGroupServerNotifierRpcMixin._notify_sg_on_port_change-16008718', 'neutron.plugins.ml2.ovo_rpc._ObjectChangeHandler.handle_event-471799', 'neutron.api.rpc.agentnotifiers.dhcp_rpc_agent_api.DhcpAgentNotifyAPI._native_event_send_dhcp_notification-1573795', 'neutron.db.l3_db.L3RpcNotifierMixin._notify_gateway_port_ip_changed-8786218773212', 'neutron.db.l3_dvrscheduler_db._notify_l3_agent_port_update-8786218377804', 'neutron.db.l3_hascheduler_db._notify_l3_agent_ha_port_update-8786218377822'] for port (d35c9a7b-6992-477c-ae8f-97967b4f3690), after_update {{(pid=111172) _notify_loop /usr/local/lib/python3.8/dist-packages/neutron_lib/callbacks/manager.py:176}}
Jul 27 18:45:35.587759 dv-cinder-799871-43-smb neutron-server[111170]: DEBUG neutron_lib.callbacks.manager [None req-a41b06e4-b7d1-48c5-9819-f8afb6a17ad0 tempest-AttachVolumeShelveTestJSON-416962003 tempest-AttachVolumeShelveTestJSON-416962003-project] Publish callbacks [] for security_group_rule (None), before_response {{(pid=111170) _notify_loop /usr/local/lib/python3.8/dist-packages/neutron_lib/callbacks/manager.py:176}}
Jul 27 18:45:35.592473 dv-cinder-799871-43-smb neutron-server[111171]: DEBUG neutron.wsgi [-] (111171) accepted ('10.222.0.65', 40418) {{(pid=111171) server /usr/local/lib/python3.8/dist-packages/eventlet/wsgi.py:1004}}
Jul 27 18:45:35.592620 dv-cinder-799871-43-smb neutron-server[111170]: INFO neutron.wsgi [None req-a41b06e4-b7d1-48c5-9819-f8afb6a17ad0 tempest-AttachVolumeShelveTestJSON-416962003 tempest-AttachVolumeShelveTestJSON-416962003-project] 10.222.0.65 "POST /v2.0/security-group-rules HTTP/1.1" status: 201 len: 769 time: 1.0814652
Jul 27 18:45:35.601134 dv-cinder-799871-43-smb neutron-server[111171]: DEBUG neutron.api.v2.base [None req-6efdb156-d257-42dd-9512-688790dbcee2 tempest-AttachVolumeShelveTestJSON-416962003 tempest-AttachVolumeShelveTestJSON-416962003-project] Request body: {'floatingip': {'floating_network_id': '9cb28eac-1124-4d39-99f7-d58889aee8ad'}} {{(pid=111171) prepare_request_body /opt/stack/neutron/neutron/api/v2/base.py:730}}
Jul 27 18:45:35.614800 dv-cinder-799871-43-smb neutron-server[111170]: INFO neutron.wsgi [req-8b102d72-7df2-454f-bbdc-ffed9327767d req-dd0a43ed-64d8-4d7b-9464-203a2701b841 tempest-DeleteServersTestJSON-1010741234 tempest-DeleteServersTestJSON-1010741234-project] 10.222.0.65 "GET /v2.0/ports?tenant_id=ed0f33af11414f889460ec4ed7179503&fields=id HTTP/1.1" status: 200 len: 302 time: 0.1042972
Jul 27 18:45:35.621678 dv-cinder-799871-43-smb neutron-server[111170]: INFO neutron.wsgi [req-375e463a-602e-45d4-9653-6a4a50d3b77a req-a22c737a-5ebe-4a8f-91a6-842c135316b9 service neutron] 10.222.0.65 "GET /v2.0/networks/f4d34251-bd37-405c-bd23-77d74ee5548f?fields=provider%3Aphysical_network&fields=provider%3Anetwork_type HTTP/1.1" status: 200 len: 281 time: 0.5619876
Jul 27 18:45:35.768256 dv-cinder-799871-43-smb neutron-server[111171]: DEBUG neutron_lib.callbacks.manager [None req-6efdb156-d257-42dd-9512-688790dbcee2 tempest-AttachVolumeShelveTestJSON-416962003 tempest-AttachVolumeShelveTestJSON-416962003-project] Publish callbacks [] for floatingip (None), before_create {{(pid=111171) _notify_loop /usr/local/lib/python3.8/dist-packages/neutron_lib/callbacks/manager.py:176}}
Jul 27 18:45:35.772694 dv-cinder-799871-43-smb neutron-server[111172]: DEBUG neutron.api.rpc.handlers.resources_rpc [None req-0b77ac2e-72b7-49a6-85ad-6c1cd3411165 None None] Pushing event updated for resources: {'Port': ['ID=d35c9a7b-6992-477c-ae8f-97967b4f3690,revision_number=3']} {{(pid=111172) push /opt/stack/neutron/neutron/api/rpc/handlers/resources_rpc.py:237}}
