Jul 15 19:38:09.610869 dv-cinder-799871-34-smb devstack@c-api.service[111539]: DEBUG cinder.volume.api [None req-7698c5da-094a-4a5b-a4b1-f47773ed28a3 tempest-VolumesServicesTestJSON-1151501685 tempest-VolumesServicesTestJSON-1151501685-project] Task 'cinder.volume.flows.api.create_volume.EntryCreateTask;volume:create' (b6eda63b-c868-4bb0-abac-63b63f54cdf4) transitioned into state 'SUCCESS' from state 'RUNNING' with result '{'volume_id': '78a32ed4-ccc1-4897-90b4-ebf3a4350033', 'volume_properties': VolumeProperties(attach_status='detached',availability_zone='nova',cgsnapshot_id=None,consistencygroup_id=None,display_description=None,display_name='tempest-VolumesServicesTestJSON-Volume-768504383',encryption_key_id=None,group_id=None,group_type_id=,metadata={},multiattach=False,project_id='cd4ac8555a5245eeb729e7292f400f2c',qos_specs=None,replication_status=,reservations=['30915719-d1cd-4404-9817-58db16bdb68e','569a9869-3d50-4fee-8327-d9afdbd333a7','7e4a717c-9f0f-4c5e-9570-ce541cde3365','6420a2b9-2100-4ef4-bbfa-e41b254c23e8'],size=1,snapshot_id=None,source_replicaid=,source_volid=None,status='creating',user_id='ed1bf1c68201466eb95b6e1d4ef4d616',volume_type_id=47e1c2e1-16a6-4375-98cb-5467e9850f15), 'volume': Volume(_name_id=None,admin_metadata=,attach_status='detached',availability_zone='nova',bootable=False,cluster=,cluster_name=None,consistencygroup=,consistencygroup_id=None,created_at=2022-07-15T19:38:09Z,deleted=False,deleted_at=None,display_description=None,display_name='tempest-VolumesServicesTestJSON-Volume-768504383',ec2_id=None,encryption_key_id=None,glance_metadata=,group=,group_id=None,host=None,id=78a32ed4-ccc1-4897-90b4-ebf3a4350033,launched_at=None,metadata={},migration_status=None,multiattach=False,previous_status=None,project_id='cd4ac8555a5245eeb729e7292f400f2c',provider_auth=None,provider_geometry=None,provider_id=None,provider_location=None,replication_driver_data=None,replication_extended_status=None,replication_status=None,scheduled_at=None,service_uuid=None,shared_targets=True,size=1,snapshot_id=None,snapshots=,source_volid=None,status='creating',terminated_at=None,updated_at=None,use_quota=True,user_id='ed1bf1c68201466eb95b6e1d4ef4d616',volume_attachment=VolumeAttachmentList,volume_type=VolumeType(47e1c2e1-16a6-4375-98cb-5467e9850f15),volume_type_id=47e1c2e1-16a6-4375-98cb-5467e9850f15)}' {{(pid=111539) _task_receiver /usr/local/lib/python3.8/dist-packages/taskflow/listeners/logging.py:178}}
Jul 15 19:38:09.612926 dv-cinder-799871-34-smb devstack@c-api.service[111539]: DEBUG cinder.volume.api [None req-7698c5da-094a-4a5b-a4b1-f47773ed28a3 tempest-VolumesServicesTestJSON-1151501685 tempest-VolumesServicesTestJSON-1151501685-project] Task 'cinder.volume.flows.api.create_volume.QuotaCommitTask;volume:create' (22ad66e5-4fc0-41b1-8c09-1c2a3cf18d0a) transitioned into state 'RUNNING' from state 'PENDING' {{(pid=111539) _task_receiver /usr/local/lib/python3.8/dist-packages/taskflow/listeners/logging.py:190}}
Jul 15 19:38:09.619369 dv-cinder-799871-34-smb devstack@c-api.service[111538]: /usr/local/lib/python3.8/dist-packages/oslo_context/context.py:100: DeprecationWarning: Policy enforcement is depending on the value of is_admin. This key is deprecated. Please update your policy file to use the standard policy values.
Jul 15 19:38:09.619369 dv-cinder-799871-34-smb devstack@c-api.service[111538]: warnings.warn('Policy enforcement is depending on the value of '
Jul 15 19:38:09.628119 dv-cinder-799871-34-smb devstack@c-api.service[111538]: INFO cinder.volume.api [None req-5a769583-8b42-4735-aa00-98de799f2218 tempest-DeleteServersTestJSON-1314333107 tempest-DeleteServersTestJSON-1314333107-project] Volume info retrieved successfully.
Jul 15 19:38:09.638042 dv-cinder-799871-34-smb devstack@c-api.service[111538]: INFO cinder.api.openstack.wsgi [None req-5a769583-8b42-4735-aa00-98de799f2218 tempest-DeleteServersTestJSON-1314333107 tempest-DeleteServersTestJSON-1314333107-project] http://10.222.0.40/volume/v3/115fe7763abc4e32bc88cd0846619fa4/volumes/42e66c85-7f59-4805-b79f-4b416aa7474d returned with HTTP 200
Jul 15 19:38:09.638967 dv-cinder-799871-34-smb devstack@c-api.service[111538]: [pid: 111538|app: 0|req: 218/426] 10.222.0.40 () {58 vars in 1324 bytes} [Fri Jul 15 19:38:09 2022] GET /volume/v3/115fe7763abc4e32bc88cd0846619fa4/volumes/42e66c85-7f59-4805-b79f-4b416aa7474d => generated 914 bytes in 50 msecs (HTTP/1.1 200) 7 headers in 285 bytes (1 switches on core 0)
Jul 15 19:38:09.662976 dv-cinder-799871-34-smb devstack@c-api.service[111538]: DEBUG cinder.api.middleware.request_id [None req-44074887-074f-4395-8e01-694304ac5f64 None None] RequestId filter calling following filter/app {{(pid=111538) _context_setter /opt/stack/cinder/cinder/api/middleware/request_id.py:62}}
Jul 15 19:38:09.669143 dv-cinder-799871-34-smb devstack@c-api.service[111538]: INFO cinder.api.openstack.wsgi [None req-44074887-074f-4395-8e01-694304ac5f64 tempest-DeleteServersTestJSON-1314333107 tempest-DeleteServersTestJSON-1314333107-project] DELETE http://10.222.0.40/volume/v3/115fe7763abc4e32bc88cd0846619fa4/volumes/42e66c85-7f59-4805-b79f-4b416aa7474d
Jul 15 19:38:09.669926 dv-cinder-799871-34-smb devstack@c-api.service[111538]: DEBUG cinder.api.openstack.wsgi [None req-44074887-074f-4395-8e01-694304ac5f64 tempest-DeleteServersTestJSON-1314333107 tempest-DeleteServersTestJSON-1314333107-project] Empty body provided in request {{(pid=111538) get_body /opt/stack/cinder/cinder/api/openstack/wsgi.py:715}}
Jul 15 19:38:09.670743 dv-cinder-799871-34-smb devstack@c-api.service[111538]: DEBUG cinder.api.openstack.wsgi [None req-44074887-074f-4395-8e01-694304ac5f64 tempest-DeleteServersTestJSON-1314333107 tempest-DeleteServersTestJSON-1314333107-project] Calling method 'delete' {{(pid=111538) _process_stack /opt/stack/cinder/cinder/api/openstack/wsgi.py:868}}
Jul 15 19:38:09.671193 dv-cinder-799871-34-smb devstack@c-api.service[111538]: INFO cinder.api.v3.volumes [None req-44074887-074f-4395-8e01-694304ac5f64 tempest-DeleteServersTestJSON-1314333107 tempest-DeleteServersTestJSON-1314333107-project] Delete volume with id: 42e66c85-7f59-4805-b79f-4b416aa7474d
Jul 15 19:38:09.689307 dv-cinder-799871-34-smb devstack@c-api.service[111538]: /usr/local/lib/python3.8/dist-packages/oslo_context/context.py:100: DeprecationWarning: Policy enforcement is depending on the value of is_admin. This key is deprecated. Please update your policy file to use the standard policy values.
Jul 15 19:38:09.689307 dv-cinder-799871-34-smb devstack@c-api.service[111538]: warnings.warn('Policy enforcement is depending on the value of '
Jul 15 19:38:09.690497 dv-cinder-799871-34-smb devstack@c-api.service[111538]: INFO cinder.volume.api [None req-44074887-074f-4395-8e01-694304ac5f64 tempest-DeleteServersTestJSON-1314333107 tempest-DeleteServersTestJSON-1314333107-project] Volume info retrieved successfully.
Jul 15 19:38:09.754667 dv-cinder-799871-34-smb devstack@c-api.service[111539]: DEBUG cinder.volume.api [None req-7698c5da-094a-4a5b-a4b1-f47773ed28a3 tempest-VolumesServicesTestJSON-1151501685 tempest-VolumesServicesTestJSON-1151501685-project] Task 'cinder.volume.flows.api.create_volume.QuotaCommitTask;volume:create' (22ad66e5-4fc0-41b1-8c09-1c2a3cf18d0a) transitioned into state 'SUCCESS' from state 'RUNNING' with result '{'volume_properties': VolumeProperties(attach_status='detached',availability_zone='nova',cgsnapshot_id=None,consistencygroup_id=None,display_description=None,display_name='tempest-VolumesServicesTestJSON-Volume-768504383',encryption_key_id=None,group_id=None,group_type_id=,metadata={},multiattach=False,project_id='cd4ac8555a5245eeb729e7292f400f2c',qos_specs=None,replication_status=,reservations=['30915719-d1cd-4404-9817-58db16bdb68e','569a9869-3d50-4fee-8327-d9afdbd333a7','7e4a717c-9f0f-4c5e-9570-ce541cde3365','6420a2b9-2100-4ef4-bbfa-e41b254c23e8'],size=1,snapshot_id=None,source_replicaid=,source_volid=None,status='creating',user_id='ed1bf1c68201466eb95b6e1d4ef4d616',volume_type_id=47e1c2e1-16a6-4375-98cb-5467e9850f15)}' {{(pid=111539) _task_receiver /usr/local/lib/python3.8/dist-packages/taskflow/listeners/logging.py:178}}
Jul 15 19:38:09.756908 dv-cinder-799871-34-smb devstack@c-api.service[111539]: DEBUG cinder.volume.api [None req-7698c5da-094a-4a5b-a4b1-f47773ed28a3 tempest-VolumesServicesTestJSON-1151501685 tempest-VolumesServicesTestJSON-1151501685-project] Task 'cinder.volume.flows.api.create_volume.VolumeCastTask;volume:create' (0b1d2949-19b2-4aca-81e4-7344300503bf) transitioned into state 'RUNNING' from state 'PENDING' {{(pid=111539) _task_receiver /usr/local/lib/python3.8/dist-packages/taskflow/listeners/logging.py:190}}
Jul 15 19:38:09.897941 dv-cinder-799871-34-smb devstack@c-api.service[111539]: DEBUG cinder.volume.api [None req-7698c5da-094a-4a5b-a4b1-f47773ed28a3 tempest-VolumesServicesTestJSON-1151501685 tempest-VolumesServicesTestJSON-1151501685-project] Task 'cinder.volume.flows.api.create_volume.VolumeCastTask;volume:create' (0b1d2949-19b2-4aca-81e4-7344300503bf) transitioned into state 'SUCCESS' from state 'RUNNING' with result 'None' {{(pid=111539) _task_receiver /usr/local/lib/python3.8/dist-packages/taskflow/listeners/logging.py:178}}
Jul 15 19:38:09.900388 dv-cinder-799871-34-smb devstack@c-api.service[111539]: DEBUG cinder.volume.api [None req-7698c5da-094a-4a5b-a4b1-f47773ed28a3 tempest-VolumesServicesTestJSON-1151501685 tempest-VolumesServicesTestJSON-1151501685-project] Flow 'volume_create_api' (b70e7fb3-ee70-4531-9559-f3cf41bebd4c) transitioned into state 'SUCCESS' from state 'RUNNING' {{(pid=111539) _flow_receiver /usr/local/lib/python3.8/dist-packages/taskflow/listeners/logging.py:141}}
Jul 15 19:38:09.901063 dv-cinder-799871-34-smb devstack@c-api.service[111539]: INFO cinder.volume.api [None req-7698c5da-094a-4a5b-a4b1-f47773ed28a3 tempest-VolumesServicesTestJSON-1151501685 tempest-VolumesServicesTestJSON-1151501685-project] Create volume request issued successfully.
Jul 15 19:38:09.902284 dv-cinder-799871-34-smb devstack@c-api.service[111539]: INFO cinder.api.openstack.wsgi [None req-7698c5da-094a-4a5b-a4b1-f47773ed28a3 tempest-VolumesServicesTestJSON-1151501685 tempest-VolumesServicesTestJSON-1151501685-project] http://10.222.0.40/volume/v3/cd4ac8555a5245eeb729e7292f400f2c/volumes returned with HTTP 202
Jul 15 19:38:09.903091 dv-cinder-799871-34-smb devstack@c-api.service[111539]: [pid: 111539|app: 0|req: 209/427] 10.222.0.40 () {60 vars in 1234 bytes} [Fri Jul 15 19:38:08 2022] POST /volume/v3/cd4ac8555a5245eeb729e7292f400f2c/volumes => generated 822 bytes in 1014 msecs (HTTP/1.1 202) 7 headers in 291 bytes (1 switches on core 0)
Jul 15 19:38:09.904545 dv-cinder-799871-34-smb devstack@c-api.service[111539]: DEBUG cinder.api.middleware.request_id [None req-a13455b9-513f-49d0-9470-657faa951ba8 None None] RequestId filter calling following filter/app {{(pid=111539) _context_setter /opt/stack/cinder/cinder/api/middleware/request_id.py:62}}
Jul 15 19:38:09.909176 dv-cinder-799871-34-smb devstack@c-api.service[111539]: INFO cinder.api.openstack.wsgi [None req-a13455b9-513f-49d0-9470-657faa951ba8 tempest-GroupsV314Test-1766815231 tempest-GroupsV314Test-1766815231-project] GET http://10.222.0.40/volume/v3/184c99cca25b43c4a20e8912b01c42b0/volumes/b172cd17-fbba-426c-b0b2-70da0c5516f1
Jul 15 19:38:09.909664 dv-cinder-799871-34-smb devstack@c-api.service[111539]: DEBUG cinder.api.openstack.wsgi [None req-a13455b9-513f-49d0-9470-657faa951ba8 tempest-GroupsV314Test-1766815231 tempest-GroupsV314Test-1766815231-project] Empty body provided in request {{(pid=111539) get_body /opt/stack/cinder/cinder/api/openstack/wsgi.py:715}}
Jul 15 19:38:09.910123 dv-cinder-799871-34-smb devstack@c-api.service[111539]: DEBUG cinder.api.openstack.wsgi [None req-a13455b9-513f-49d0-9470-657faa951ba8 tempest-GroupsV314Test-1766815231 tempest-GroupsV314Test-1766815231-project] Calling method 'show' {{(pid=111539) _process_stack /opt/stack/cinder/cinder/api/openstack/wsgi.py:868}}
Jul 15 19:38:09.921759 dv-cinder-799871-34-smb devstack@c-api.service[111539]: INFO cinder.api.openstack.wsgi [None req-a13455b9-513f-49d0-9470-657faa951ba8 tempest-GroupsV314Test-1766815231 tempest-GroupsV314Test-1766815231-project] http://10.222.0.40/volume/v3/184c99cca25b43c4a20e8912b01c42b0/volumes/b172cd17-fbba-426c-b0b2-70da0c5516f1 returned with HTTP 404
Jul 15 19:38:09.923701 dv-cinder-799871-34-smb devstack@c-api.service[111539]: [pid: 111539|app: 0|req: 210/428] 10.222.0.40 () {60 vars in 1365 bytes} [Fri Jul 15 19:38:09 2022] GET /volume/v3/184c99cca25b43c4a20e8912b01c42b0/volumes/b172cd17-fbba-426c-b0b2-70da0c5516f1 => generated 109 bytes in 20 msecs (HTTP/1.1 404) 7 headers in 293 bytes (1 switches on core 0)
Jul 15 19:38:09.924983 dv-cinder-799871-34-smb devstack@c-api.service[111539]: DEBUG cinder.api.middleware.request_id [None req-330a49ef-b1fe-4cd2-b06a-e760a17e25b1 None None] RequestId filter calling following filter/app {{(pid=111539) _context_setter /opt/stack/cinder/cinder/api/middleware/request_id.py:62}}
Jul 15 19:38:09.928714 dv-cinder-799871-34-smb devstack@c-api.service[111539]: INFO cinder.api.openstack.wsgi [None req-330a49ef-b1fe-4cd2-b06a-e760a17e25b1 tempest-VolumesServicesTestJSON-1151501685 tempest-VolumesServicesTestJSON-1151501685-project] GET http://10.222.0.40/volume/v3/cd4ac8555a5245eeb729e7292f400f2c/volumes/78a32ed4-ccc1-4897-90b4-ebf3a4350033
Jul 15 19:38:09.929198 dv-cinder-799871-34-smb devstack@c-api.service[111539]: DEBUG cinder.api.openstack.wsgi [None req-330a49ef-b1fe-4cd2-b06a-e760a17e25b1 tempest-VolumesServicesTestJSON-1151501685 tempest-VolumesServicesTestJSON-1151501685-project] Empty body provided in request {{(pid=111539) get_body /opt/stack/cinder/cinder/api/openstack/wsgi.py:715}}
Jul 15 19:38:09.929682 dv-cinder-799871-34-smb devstack@c-api.service[111539]: DEBUG cinder.api.openstack.wsgi [None req-330a49ef-b1fe-4cd2-b06a-e760a17e25b1 tempest-VolumesServicesTestJSON-1151501685 tempest-VolumesServicesTestJSON-1151501685-project] Calling method 'show' {{(pid=111539) _process_stack /opt/stack/cinder/cinder/api/openstack/wsgi.py:868}}
Jul 15 19:38:09.939464 dv-cinder-799871-34-smb devstack@c-api.service[111538]: INFO cinder.volume.api [None req-44074887-074f-4395-8e01-694304ac5f64 tempest-DeleteServersTestJSON-1314333107 tempest-DeleteServersTestJSON-1314333107-project] Delete volume request issued successfully.
Jul 15 19:38:09.940171 dv-cinder-799871-34-smb devstack@c-api.service[111538]: INFO cinder.api.openstack.wsgi [None req-44074887-074f-4395-8e01-694304ac5f64 tempest-DeleteServersTestJSON-1314333107 tempest-DeleteServersTestJSON-1314333107-project] http://10.222.0.40/volume/v3/115fe7763abc4e32bc88cd0846619fa4/volumes/42e66c85-7f59-4805-b79f-4b416aa7474d returned with HTTP 202
Jul 15 19:38:09.941580 dv-cinder-799871-34-smb devstack@c-api.service[111538]: [pid: 111538|app: 0|req: 219/429] 10.222.0.40 () {58 vars in 1327 bytes} [Fri Jul 15 19:38:09 2022] DELETE /volume/v3/115fe7763abc4e32bc88cd0846619fa4/volumes/42e66c85-7f59-4805-b79f-4b416aa7474d => generated 0 bytes in 280 msecs (HTTP/1.1 202) 6 headers in 233 bytes (2 switches on core 0)
Jul 15 19:38:09.943184 dv-cinder-799871-34-smb devstack@c-api.service[111538]: DEBUG cinder.api.middleware.request_id [None req-bf365d0b-d434-4847-a5a6-db796b80e60d None None] RequestId filter calling following filter/app {{(pid=111538) _context_setter /opt/stack/cinder/cinder/api/middleware/request_id.py:62}}
Jul 15 19:38:09.948321 dv-cinder-799871-34-smb devstack@c-api.service[111538]: INFO cinder.api.openstack.wsgi [None req-bf365d0b-d434-4847-a5a6-db796b80e60d tempest-GroupsV314Test-1766815231 tempest-GroupsV314Test-1766815231-project] GET http://10.222.0.40/volume/v3/184c99cca25b43c4a20e8912b01c42b0/groups/b2bc201b-5d2b-4570-bed6-ede66dd3d2a0
Jul 15 19:38:09.948596 dv-cinder-799871-34-smb devstack@c-api.service[111538]: DEBUG cinder.api.openstack.wsgi [None req-bf365d0b-d434-4847-a5a6-db796b80e60d tempest-GroupsV314Test-1766815231 tempest-GroupsV314Test-1766815231-project] Empty body provided in request {{(pid=111538) get_body /opt/stack/cinder/cinder/api/openstack/wsgi.py:715}}
Jul 15 19:38:09.949360 dv-cinder-799871-34-smb devstack@c-api.service[111538]: DEBUG cinder.api.openstack.wsgi [None req-bf365d0b-d434-4847-a5a6-db796b80e60d tempest-GroupsV314Test-1766815231 tempest-GroupsV314Test-1766815231-project] Calling method 'version_select' {{(pid=111538) _process_stack /opt/stack/cinder/cinder/api/openstack/wsgi.py:868}}
Jul 15 19:38:09.949857 dv-cinder-799871-34-smb devstack@c-api.service[111538]: DEBUG cinder.api.v3.groups [None req-bf365d0b-d434-4847-a5a6-db796b80e60d tempest-GroupsV314Test-1766815231 tempest-GroupsV314Test-1766815231-project] show called for member b2bc201b-5d2b-4570-bed6-ede66dd3d2a0 {{(pid=111538) show /opt/stack/cinder/cinder/api/v3/groups.py:58}}
Jul 15 19:38:09.949967 dv-cinder-799871-34-smb devstack@c-api.service[111539]: /usr/local/lib/python3.8/dist-packages/oslo_context/context.py:100: DeprecationWarning: Policy enforcement is depending on the value of is_admin. This key is deprecated. Please update your policy file to use the standard policy values.
Jul 15 19:38:09.949967 dv-cinder-799871-34-smb devstack@c-api.service[111539]: warnings.warn('Policy enforcement is depending on the value of '
Jul 15 19:38:09.956079 dv-cinder-799871-34-smb devstack@c-api.service[111538]: INFO cinder.api.openstack.wsgi [None req-bf365d0b-d434-4847-a5a6-db796b80e60d tempest-GroupsV314Test-1766815231 tempest-GroupsV314Test-1766815231-project] http://10.222.0.40/volume/v3/184c99cca25b43c4a20e8912b01c42b0/groups/b2bc201b-5d2b-4570-bed6-ede66dd3d2a0 returned with HTTP 404
Jul 15 19:38:09.957395 dv-cinder-799871-34-smb devstack@c-api.service[111538]: [pid: 111538|app: 0|req: 220/430] 10.222.0.40 () {60 vars in 1362 bytes} [Fri Jul 15 19:38:09 2022] GET /volume/v3/184c99cca25b43c4a20e8912b01c42b0/groups/b2bc201b-5d2b-4570-bed6-ede66dd3d2a0 => generated 108 bytes in 15 msecs (HTTP/1.1 404) 7 headers in 293 bytes (1 switches on core 0)
Jul 15 19:38:09.957395 dv-cinder-799871-34-smb devstack@c-api.service[111538]: DEBUG cinder.api.middleware.request_id [None req-17afca2d-7b5e-470b-84a8-6e6c1cf902fa None None] RequestId filter calling following filter/app {{(pid=111538) _context_setter /opt/stack/cinder/cinder/api/middleware/request_id.py:62}}
Jul 15 19:38:09.960901 dv-cinder-799871-34-smb devstack@c-api.service[111539]: INFO cinder.volume.api [None req-330a49ef-b1fe-4cd2-b06a-e760a17e25b1 tempest-VolumesServicesTestJSON-1151501685 tempest-VolumesServicesTestJSON-1151501685-project] Volume info retrieved successfully.
Jul 15 19:38:09.962668 dv-cinder-799871-34-smb devstack@c-api.service[111538]: INFO cinder.api.openstack.wsgi [None req-17afca2d-7b5e-470b-84a8-6e6c1cf902fa tempest-DeleteServersTestJSON-1314333107 tempest-DeleteServersTestJSON-1314333107-project] GET http://10.222.0.40/volume/v3/115fe7763abc4e32bc88cd0846619fa4/volumes/42e66c85-7f59-4805-b79f-4b416aa7474d
Jul 15 19:38:09.963213 dv-cinder-799871-34-smb devstack@c-api.service[111538]: DEBUG cinder.api.openstack.wsgi [None req-17afca2d-7b5e-470b-84a8-6e6c1cf902fa tempest-DeleteServersTestJSON-1314333107 tempest-DeleteServersTestJSON-1314333107-project] Empty body provided in request {{(pid=111538) get_body /opt/stack/cinder/cinder/api/openstack/wsgi.py:715}}
Jul 15 19:38:09.963948 dv-cinder-799871-34-smb devstack@c-api.service[111538]: DEBUG cinder.api.openstack.wsgi [None req-17afca2d-7b5e-470b-84a8-6e6c1cf902fa tempest-DeleteServersTestJSON-1314333107 tempest-DeleteServersTestJSON-1314333107-project] Calling method 'show' {{(pid=111538) _process_stack /opt/stack/cinder/cinder/api/openstack/wsgi.py:868}}
Jul 15 19:38:09.969049 dv-cinder-799871-34-smb devstack@c-api.service[111539]: INFO cinder.api.openstack.wsgi [None req-330a49ef-b1fe-4cd2-b06a-e760a17e25b1 tempest-VolumesServicesTestJSON-1151501685 tempest-VolumesServicesTestJSON-1151501685-project] http://10.222.0.40/volume/v3/cd4ac8555a5245eeb729e7292f400f2c/volumes/78a32ed4-ccc1-4897-90b4-ebf3a4350033 returned with HTTP 200
Jul 15 19:38:09.970669 dv-cinder-799871-34-smb devstack@c-api.service[111539]: [pid: 111539|app: 0|req: 211/431] 10.222.0.40 () {58 vars in 1324 bytes} [Fri Jul 15 19:38:09 2022] GET /volume/v3/cd4ac8555a5245eeb729e7292f400f2c/volumes/78a32ed4-ccc1-4897-90b4-ebf3a4350033 => generated 890 bytes in 46 msecs (HTTP/1.1 200) 7 headers in 285 bytes (1 switches on core 0)
Jul 15 19:38:09.972049 dv-cinder-799871-34-smb devstack@c-api.service[111539]: DEBUG cinder.api.middleware.request_id [None req-34fc03b5-ec83-4226-98f3-33a33fbba271 None None] RequestId filter calling following filter/app {{(pid=111539) _context_setter /opt/stack/cinder/cinder/api/middleware/request_id.py:62}}
Jul 15 19:38:09.976228 dv-cinder-799871-34-smb devstack@c-api.service[111539]: INFO cinder.api.openstack.wsgi [None req-34fc03b5-ec83-4226-98f3-33a33fbba271 tempest-GroupsV314Test-1766815231 tempest-GroupsV314Test-1766815231-project] GET http://10.222.0.40/volume/v3/184c99cca25b43c4a20e8912b01c42b0/volumes/detail
Jul 15 19:38:09.976228 dv-cinder-799871-34-smb devstack@c-api.service[111539]: DEBUG cinder.api.openstack.wsgi [None req-34fc03b5-ec83-4226-98f3-33a33fbba271 tempest-GroupsV314Test-1766815231 tempest-GroupsV314Test-1766815231-project] Empty body provided in request {{(pid=111539) get_body /opt/stack/cinder/cinder/api/openstack/wsgi.py:715}}
Jul 15 19:38:09.979251 dv-cinder-799871-34-smb devstack@c-api.service[111539]: DEBUG cinder.api.openstack.wsgi [None req-34fc03b5-ec83-4226-98f3-33a33fbba271 tempest-GroupsV314Test-1766815231 tempest-GroupsV314Test-1766815231-project] Calling method 'detail' {{(pid=111539) _process_stack /opt/stack/cinder/cinder/api/openstack/wsgi.py:868}}
Jul 15 19:38:09.979251 dv-cinder-799871-34-smb devstack@c-api.service[111539]: DEBUG cinder.api.api_utils [None req-34fc03b5-ec83-4226-98f3-33a33fbba271 tempest-GroupsV314Test-1766815231 tempest-GroupsV314Test-1766815231-project] Removing options '' from query. {{(pid=111539) remove_invalid_filter_options /opt/stack/cinder/cinder/api/api_utils.py:83}}
Jul 15 19:38:09.979251 dv-cinder-799871-34-smb devstack@c-api.service[111539]: DEBUG cinder.volume.api [None req-34fc03b5-ec83-4226-98f3-33a33fbba271 tempest-GroupsV314Test-1766815231 tempest-GroupsV314Test-1766815231-project] Searching by: MultiDict([('no_migration_targets', True)]). {{(pid=111539) get_all /opt/stack/cinder/cinder/volume/api.py:664}}
Jul 15 19:38:09.980944 dv-cinder-799871-34-smb devstack@c-api.service[111538]: /usr/local/lib/python3.8/dist-packages/oslo_context/context.py:100: DeprecationWarning: Policy enforcement is depending on the value of is_admin. This key is deprecated. Please update your policy file to use the standard policy values.
Jul 15 19:38:09.980944 dv-cinder-799871-34-smb devstack@c-api.service[111538]: warnings.warn('Policy enforcement is depending on the value of '
Jul 15 19:38:09.991860 dv-cinder-799871-34-smb devstack@c-api.service[111538]: INFO cinder.volume.api [None req-17afca2d-7b5e-470b-84a8-6e6c1cf902fa tempest-DeleteServersTestJSON-1314333107 tempest-DeleteServersTestJSON-1314333107-project] Volume info retrieved successfully.
Jul 15 19:38:10.003292 dv-cinder-799871-34-smb devstack@c-api.service[111538]: INFO cinder.api.openstack.wsgi [None req-17afca2d-7b5e-470b-84a8-6e6c1cf902fa tempest-DeleteServersTestJSON-1314333107 tempest-DeleteServersTestJSON-1314333107-project] http://10.222.0.40/volume/v3/115fe7763abc4e32bc88cd0846619fa4/volumes/42e66c85-7f59-4805-b79f-4b416aa7474d returned with HTTP 200
Jul 15 19:38:10.006953 dv-cinder-799871-34-smb devstack@c-api.service[111538]: [pid: 111538|app: 0|req: 221/432] 10.222.0.40 () {58 vars in 1324 bytes} [Fri Jul 15 19:38:09 2022] GET /volume/v3/115fe7763abc4e32bc88cd0846619fa4/volumes/42e66c85-7f59-4805-b79f-4b416aa7474d => generated 913 bytes in 49 msecs (HTTP/1.1 200) 7 headers in 285 bytes (1 switches on core 0)
Jul 15 19:38:10.020346 dv-cinder-799871-34-smb devstack@c-api.service[111538]: DEBUG cinder.api.middleware.request_id [None req-daf4c824-5aad-4e56-b35d-0977778751ab None None] RequestId filter calling following filter/app {{(pid=111538) _context_setter /opt/stack/cinder/cinder/api/middleware/request_id.py:62}}
Jul 15 19:38:10.020346 dv-cinder-799871-34-smb devstack@c-api.service[111538]: INFO cinder.api.openstack.wsgi [None req-daf4c824-5aad-4e56-b35d-0977778751ab tempest-VolumesCloneTest-1319239838 tempest-VolumesCloneTest-1319239838-project] GET http://10.222.0.40/volume/v3/fb3e3f4170a84d2cbd2d15cd80195d4c/volumes/45fa3d5f-dd69-49af-b641-2c8ee61def8f
Jul 15 19:38:10.020346 dv-cinder-799871-34-smb devstack@c-api.service[111538]: DEBUG cinder.api.openstack.wsgi [None req-daf4c824-5aad-4e56-b35d-0977778751ab tempest-VolumesCloneTest-1319239838 tempest-VolumesCloneTest-1319239838-project] Empty body provided in request {{(pid=111538) get_body /opt/stack/cinder/cinder/api/openstack/wsgi.py:715}}
Jul 15 19:38:10.020346 dv-cinder-799871-34-smb devstack@c-api.service[111538]: DEBUG cinder.api.openstack.wsgi [None req-daf4c824-5aad-4e56-b35d-0977778751ab tempest-VolumesCloneTest-1319239838 tempest-VolumesCloneTest-1319239838-project] Calling method 'show' {{(pid=111538) _process_stack /opt/stack/cinder/cinder/api/openstack/wsgi.py:868}}
Jul 15 19:38:10.031021 dv-cinder-799871-34-smb devstack@c-api.service[111539]: INFO cinder.volume.api [None req-34fc03b5-ec83-4226-98f3-33a33fbba271 tempest-GroupsV314Test-1766815231 tempest-GroupsV314Test-1766815231-project] Get all volumes completed successfully.
Jul 15 19:38:10.033681 dv-cinder-799871-34-smb devstack@c-api.service[111539]: WARNING stevedore.named [None req-34fc03b5-ec83-4226-98f3-33a33fbba271 tempest-GroupsV314Test-1766815231 tempest-GroupsV314Test-1766815231-project] Could not load cinder.keymgr.conf_key_mgr.ConfKeyManager
Jul 15 19:38:10.034335 dv-cinder-799871-34-smb devstack@c-api.service[111539]: WARNING castellan.key_manager [None req-34fc03b5-ec83-4226-98f3-33a33fbba271 tempest-GroupsV314Test-1766815231 tempest-GroupsV314Test-1766815231-project] Deprecation Warning : cinder.keymgr.conf_key_mgr.ConfKeyManager is not a stevedore based driver, trying to load it as a class: stevedore.exception.NoMatches: No 'castellan.drivers' driver found, looking for 'cinder.keymgr.conf_key_mgr.ConfKeyManager'
Jul 15 19:38:10.040334 dv-cinder-799871-34-smb devstack@c-api.service[111538]: /usr/local/lib/python3.8/dist-packages/oslo_context/context.py:100: DeprecationWarning: Policy enforcement is depending on the value of is_admin. This key is deprecated. Please update your policy file to use the standard policy values.
Jul 15 19:38:10.040334 dv-cinder-799871-34-smb devstack@c-api.service[111538]: warnings.warn('Policy enforcement is depending on the value of '
Jul 15 19:38:10.043369 dv-cinder-799871-34-smb devstack@c-api.service[111539]: DEBUG oslo_db.sqlalchemy.engines [None req-34fc03b5-ec83-4226-98f3-33a33fbba271 tempest-GroupsV314Test-1766815231 tempest-GroupsV314Test-1766815231-project] MySQL server mode set to STRICT_TRANS_TABLES,STRICT_ALL_TABLES,NO_ZERO_IN_DATE,NO_ZERO_DATE,ERROR_FOR_DIVISION_BY_ZERO,TRADITIONAL,NO_ENGINE_SUBSTITUTION {{(pid=111539) _check_effective_sql_mode /usr/local/lib/python3.8/dist-packages/oslo_db/sqlalchemy/engines.py:314}}
Jul 15 19:38:10.048030 dv-cinder-799871-34-smb devstack@c-api.service[111538]: INFO cinder.volume.api [None req-daf4c824-5aad-4e56-b35d-0977778751ab tempest-VolumesCloneTest-1319239838 tempest-VolumesCloneTest-1319239838-project] Volume info retrieved successfully.
Jul 15 19:38:10.049689 dv-cinder-799871-34-smb devstack@c-api.service[111539]: /usr/local/lib/python3.8/dist-packages/oslo_context/context.py:100: DeprecationWarning: Policy enforcement is depending on the value of is_admin. This key is deprecated. Please update your policy file to use the standard policy values.
Jul 15 19:38:10.049689 dv-cinder-799871-34-smb devstack@c-api.service[111539]: warnings.warn('Policy enforcement is depending on the value of '
Jul 15 19:38:10.058691 dv-cinder-799871-34-smb devstack@c-api.service[111538]: INFO cinder.api.openstack.wsgi [None req-daf4c824-5aad-4e56-b35d-0977778751ab tempest-VolumesCloneTest-1319239838 tempest-VolumesCloneTest-1319239838-project] http://10.222.0.40/volume/v3/fb3e3f4170a84d2cbd2d15cd80195d4c/volumes/45fa3d5f-dd69-49af-b641-2c8ee61def8f returned with HTTP 200
Jul 15 19:38:10.059428 dv-cinder-799871-34-smb devstack@c-api.service[111538]: [pid: 111538|app: 0|req: 222/433] 10.222.0.40 () {58 vars in 1324 bytes} [Fri Jul 15 19:38:10 2022] GET /volume/v3/fb3e3f4170a84d2cbd2d15cd80195d4c/volumes/45fa3d5f-dd69-49af-b641-2c8ee61def8f => generated 907 bytes in 46 msecs (HTTP/1.1 200) 7 headers in 285 bytes (1 switches on core 0)
Jul 15 19:38:10.068108 dv-cinder-799871-34-smb devstack@c-api.service[111539]: INFO cinder.api.openstack.wsgi [None req-34fc03b5-ec83-4226-98f3-33a33fbba271 tempest-GroupsV314Test-1766815231 tempest-GroupsV314Test-1766815231-project] http://10.222.0.40/volume/v3/184c99cca25b43c4a20e8912b01c42b0/volumes/detail returned with HTTP 200
Jul 15 19:38:10.068108 dv-cinder-799871-34-smb devstack@c-api.service[111539]: [pid: 111539|app: 0|req: 212/434] 10.222.0.40 () {60 vars in 1275 bytes} [Fri Jul 15 19:38:09 2022] GET /volume/v3/184c99cca25b43c4a20e8912b01c42b0/volumes/detail => generated 994 bytes in 96 msecs (HTTP/1.1 200) 7 headers in 286 bytes (1 switches on core 0)
Jul 15 19:38:10.080220 dv-cinder-799871-34-smb devstack@c-api.service[111538]: DEBUG cinder.api.middleware.request_id [None req-6c6f365d-0d55-4f56-aa62-3d98af82256a None None] RequestId filter calling following filter/app {{(pid=111538) _context_setter /opt/stack/cinder/cinder/api/middleware/request_id.py:62}}
Jul 15 19:38:10.084313 dv-cinder-799871-34-smb devstack@c-api.service[111538]: INFO cinder.api.openstack.wsgi [None req-6c6f365d-0d55-4f56-aa62-3d98af82256a tempest-GroupsV314Test-1766815231 tempest-GroupsV314Test-1766815231-project] POST http://10.222.0.40/volume/v3/184c99cca25b43c4a20e8912b01c42b0/groups/0a671478-cf5b-4a8e-b103-304184f090c7/action
Jul 15 19:38:10.085066 dv-cinder-799871-34-smb devstack@c-api.service[111538]: DEBUG cinder.api.openstack.wsgi [None req-6c6f365d-0d55-4f56-aa62-3d98af82256a tempest-GroupsV314Test-1766815231 tempest-GroupsV314Test-1766815231-project] Action body: b'{"delete": {"delete-volumes": true}}' {{(pid=111538) get_method /opt/stack/cinder/cinder/api/openstack/wsgi.py:983}}
Jul 15 19:38:10.085910 dv-cinder-799871-34-smb devstack@c-api.service[111538]: DEBUG cinder.api.openstack.wsgi [None req-6c6f365d-0d55-4f56-aa62-3d98af82256a tempest-GroupsV314Test-1766815231 tempest-GroupsV314Test-1766815231-project] Action: 'action', calling method: delete_group, body: {"delete": {"delete-volumes": true}} {{(pid=111538) _process_stack /opt/stack/cinder/cinder/api/openstack/wsgi.py:866}}
Jul 15 19:38:10.086188 dv-cinder-799871-34-smb devstack@c-api.service[111538]: DEBUG cinder.api.v3.groups [None req-6c6f365d-0d55-4f56-aa62-3d98af82256a tempest-GroupsV314Test-1766815231 tempest-GroupsV314Test-1766815231-project] delete called for group 0a671478-cf5b-4a8e-b103-304184f090c7 {{(pid=111538) _delete /opt/stack/cinder/cinder/api/v3/groups.py:117}}
Jul 15 19:38:10.086481 dv-cinder-799871-34-smb devstack@c-api.service[111538]: INFO cinder.api.v3.groups [None req-6c6f365d-0d55-4f56-aa62-3d98af82256a tempest-GroupsV314Test-1766815231 tempest-GroupsV314Test-1766815231-project] Delete group with id: 0a671478-cf5b-4a8e-b103-304184f090c7
Jul 15 19:38:10.092520 dv-cinder-799871-34-smb devstack@c-api.service[111538]: /usr/local/lib/python3.8/dist-packages/oslo_context/context.py:100: DeprecationWarning: Policy enforcement is depending on the value of is_admin. This key is deprecated. Please update your policy file to use the standard policy values.
Jul 15 19:38:10.092520 dv-cinder-799871-34-smb devstack@c-api.service[111538]: warnings.warn('Policy enforcement is depending on the value of '
Jul 15 19:38:10.424647 dv-cinder-799871-34-smb devstack@c-api.service[111538]: INFO cinder.api.openstack.wsgi [None req-6c6f365d-0d55-4f56-aa62-3d98af82256a tempest-GroupsV314Test-1766815231 tempest-GroupsV314Test-1766815231-project] http://10.222.0.40/volume/v3/184c99cca25b43c4a20e8912b01c42b0/groups/0a671478-cf5b-4a8e-b103-304184f090c7/action returned with HTTP 202
Jul 15 19:38:10.428445 dv-cinder-799871-34-smb devstack@c-api.service[111538]: [pid: 111538|app: 0|req: 223/435] 10.222.0.40 () {62 vars in 1404 bytes} [Fri Jul 15 19:38:10 2022] POST /volume/v3/184c99cca25b43c4a20e8912b01c42b0/groups/0a671478-cf5b-4a8e-b103-304184f090c7/action => generated 0 bytes in 347 msecs (HTTP/1.1 202) 6 headers in 234 bytes (1 switches on core 0)
Jul 15 19:38:10.430606 dv-cinder-799871-34-smb devstack@c-api.service[111539]: DEBUG cinder.api.middleware.request_id [None req-2a94027f-e7f3-456b-967b-8d5c15a044f1 None None] RequestId filter calling following filter/app {{(pid=111539) _context_setter /opt/stack/cinder/cinder/api/middleware/request_id.py:62}}
Jul 15 19:38:10.434383 dv-cinder-799871-34-smb devstack@c-api.service[111539]: INFO cinder.api.openstack.wsgi [None req-2a94027f-e7f3-456b-967b-8d5c15a044f1 tempest-GroupsV314Test-1766815231 tempest-GroupsV314Test-1766815231-project] GET http://10.222.0.40/volume/v3/184c99cca25b43c4a20e8912b01c42b0/volumes/bd7deebd-ef23-4b84-8b7e-46eacb795e3b
Jul 15 19:38:10.434894 dv-cinder-799871-34-smb devstack@c-api.service[111539]: DEBUG cinder.api.openstack.wsgi [None req-2a94027f-e7f3-456b-967b-8d5c15a044f1 tempest-GroupsV314Test-1766815231 tempest-GroupsV314Test-1766815231-project] Empty body provided in request {{(pid=111539) get_body /opt/stack/cinder/cinder/api/openstack/wsgi.py:715}}
Jul 15 19:38:10.435345 dv-cinder-799871-34-smb devstack@c-api.service[111539]: DEBUG cinder.api.openstack.wsgi [None req-2a94027f-e7f3-456b-967b-8d5c15a044f1 tempest-GroupsV314Test-1766815231 tempest-GroupsV314Test-1766815231-project] Calling method 'show' {{(pid=111539) _process_stack /opt/stack/cinder/cinder/api/openstack/wsgi.py:868}}
Jul 15 19:38:10.450062 dv-cinder-799871-34-smb devstack@c-api.service[111539]: /usr/local/lib/python3.8/dist-packages/oslo_context/context.py:100: DeprecationWarning: Policy enforcement is depending on the value of is_admin. This key is deprecated. Please update your policy file to use the standard policy values.
Jul 15 19:38:10.450062 dv-cinder-799871-34-smb devstack@c-api.service[111539]: warnings.warn('Policy enforcement is depending on the value of '
Jul 15 19:38:10.456951 dv-cinder-799871-34-smb devstack@c-api.service[111539]: INFO cinder.volume.api [None req-2a94027f-e7f3-456b-967b-8d5c15a044f1 tempest-GroupsV314Test-1766815231 tempest-GroupsV314Test-1766815231-project] Volume info retrieved successfully.
Jul 15 19:38:10.458355 dv-cinder-799871-34-smb devstack@c-api.service[111539]: WARNING stevedore.named [None req-2a94027f-e7f3-456b-967b-8d5c15a044f1 tempest-GroupsV314Test-1766815231 tempest-GroupsV314Test-1766815231-project] Could not load cinder.keymgr.conf_key_mgr.ConfKeyManager
Jul 15 19:38:10.458729 dv-cinder-799871-34-smb devstack@c-api.service[111539]: WARNING castellan.key_manager [None req-2a94027f-e7f3-456b-967b-8d5c15a044f1 tempest-GroupsV314Test-1766815231 tempest-GroupsV314Test-1766815231-project] Deprecation Warning : cinder.keymgr.conf_key_mgr.ConfKeyManager is not a stevedore based driver, trying to load it as a class: stevedore.exception.NoMatches: No 'castellan.drivers' driver found, looking for 'cinder.keymgr.conf_key_mgr.ConfKeyManager'
Jul 15 19:38:10.465640 dv-cinder-799871-34-smb devstack@c-api.service[111539]: DEBUG oslo_db.sqlalchemy.engines [None req-2a94027f-e7f3-456b-967b-8d5c15a044f1 tempest-GroupsV314Test-1766815231 tempest-GroupsV314Test-1766815231-project] MySQL server mode set to STRICT_TRANS_TABLES,STRICT_ALL_TABLES,NO_ZERO_IN_DATE,NO_ZERO_DATE,ERROR_FOR_DIVISION_BY_ZERO,TRADITIONAL,NO_ENGINE_SUBSTITUTION {{(pid=111539) _check_effective_sql_mode /usr/local/lib/python3.8/dist-packages/oslo_db/sqlalchemy/engines.py:314}}
Jul 15 19:38:10.471686 dv-cinder-799871-34-smb devstack@c-api.service[111539]: /usr/local/lib/python3.8/dist-packages/oslo_context/context.py:100: DeprecationWarning: Policy enforcement is depending on the value of is_admin. This key is deprecated. Please update your policy file to use the standard policy values.
Jul 15 19:38:10.471686 dv-cinder-799871-34-smb devstack@c-api.service[111539]: warnings.warn('Policy enforcement is depending on the value of '
Jul 15 19:38:10.486608 dv-cinder-799871-34-smb devstack@c-api.service[111539]: INFO cinder.api.openstack.wsgi [None req-2a94027f-e7f3-456b-967b-8d5c15a044f1 tempest-GroupsV314Test-1766815231 tempest-GroupsV314Test-1766815231-project] http://10.222.0.40/volume/v3/184c99cca25b43c4a20e8912b01c42b0/volumes/bd7deebd-ef23-4b84-8b7e-46eacb795e3b returned with HTTP 200
Jul 15 19:38:10.487375 dv-cinder-799871-34-smb devstack@c-api.service[111539]: [pid: 111539|app: 0|req: 213/436] 10.222.0.40 () {60 vars in 1365 bytes} [Fri Jul 15 19:38:10 2022] GET /volume/v3/184c99cca25b43c4a20e8912b01c42b0/volumes/bd7deebd-ef23-4b84-8b7e-46eacb795e3b => generated 990 bytes in 58 msecs (HTTP/1.1 200) 7 headers in 286 bytes (1 switches on core 0)
Jul 15 19:38:10.582534 dv-cinder-799871-34-smb devstack@c-api.service[111539]: DEBUG dbcounter [-] [111539] Writing DB stats cinder:SELECT=77,cinder:INSERT=11,cinder:UPDATE=12 {{(pid=111539) stat_writer /usr/local/lib/python3.8/dist-packages/dbcounter.py:114}}
Jul 15 19:38:10.601080 dv-cinder-799871-34-smb devstack@c-api.service[111538]: DEBUG cinder.api.middleware.request_id [None req-7e1d0efd-1d46-4fc3-9176-3e8287b86484 None None] RequestId filter calling following filter/app {{(pid=111538) _context_setter /opt/stack/cinder/cinder/api/middleware/request_id.py:62}}
Jul 15 19:38:10.604733 dv-cinder-799871-34-smb devstack@c-api.service[111538]: INFO cinder.api.openstack.wsgi [None req-7e1d0efd-1d46-4fc3-9176-3e8287b86484 tempest-VolumesCloneNegativeTest-1018832124 tempest-VolumesCloneNegativeTest-1018832124-project] GET http://10.222.0.40/volume/v3/83f162a5892f49c6889fff30eae17acf/volumes/057dc8d1-9435-4f4e-a5dd-555897ef1fb8
Jul 15 19:38:10.605444 dv-cinder-799871-34-smb devstack@c-api.service[111538]: DEBUG cinder.api.openstack.wsgi [None req-7e1d0efd-1d46-4fc3-9176-3e8287b86484 tempest-VolumesCloneNegativeTest-1018832124 tempest-VolumesCloneNegativeTest-1018832124-project] Empty body provided in request {{(pid=111538) get_body /opt/stack/cinder/cinder/api/openstack/wsgi.py:715}}
Jul 15 19:38:10.605635 dv-cinder-799871-34-smb devstack@c-api.service[111538]: DEBUG cinder.api.openstack.wsgi [None req-7e1d0efd-1d46-4fc3-9176-3e8287b86484 tempest-VolumesCloneNegativeTest-1018832124 tempest-VolumesCloneNegativeTest-1018832124-project] Calling method 'show' {{(pid=111538) _process_stack /opt/stack/cinder/cinder/api/openstack/wsgi.py:868}}
Jul 15 19:38:10.618132 dv-cinder-799871-34-smb devstack@c-api.service[111538]: INFO cinder.api.openstack.wsgi [None req-7e1d0efd-1d46-4fc3-9176-3e8287b86484 tempest-VolumesCloneNegativeTest-1018832124 tempest-VolumesCloneNegativeTest-1018832124-project] http://10.222.0.40/volume/v3/83f162a5892f49c6889fff30eae17acf/volumes/057dc8d1-9435-4f4e-a5dd-555897ef1fb8 returned with HTTP 404
Jul 15 19:38:10.619096 dv-cinder-799871-34-smb devstack@c-api.service[111538]: [pid: 111538|app: 0|req: 224/437] 10.222.0.40 () {58 vars in 1324 bytes} [Fri Jul 15 19:38:10 2022] GET /volume/v3/83f162a5892f49c6889fff30eae17acf/volumes/057dc8d1-9435-4f4e-a5dd-555897ef1fb8 => generated 109 bytes in 19 msecs (HTTP/1.1 404) 7 headers in 292 bytes (1 switches on core 0)
Jul 15 19:38:10.991853 dv-cinder-799871-34-smb devstack@c-api.service[111539]: DEBUG cinder.api.middleware.request_id [None req-f21116eb-3e63-403e-8aa7-3ae58ed3de7f None None] RequestId filter calling following filter/app {{(pid=111539) _context_setter /opt/stack/cinder/cinder/api/middleware/request_id.py:62}}
Jul 15 19:38:10.995672 dv-cinder-799871-34-smb devstack@c-api.service[111539]: INFO cinder.api.openstack.wsgi [None req-f21116eb-3e63-403e-8aa7-3ae58ed3de7f tempest-VolumesServicesTestJSON-1151501685 tempest-VolumesServicesTestJSON-1151501685-project] GET http://10.222.0.40/volume/v3/cd4ac8555a5245eeb729e7292f400f2c/volumes/78a32ed4-ccc1-4897-90b4-ebf3a4350033
Jul 15 19:38:10.996198 dv-cinder-799871-34-smb devstack@c-api.service[111539]: DEBUG cinder.api.openstack.wsgi [None req-f21116eb-3e63-403e-8aa7-3ae58ed3de7f tempest-VolumesServicesTestJSON-1151501685 tempest-VolumesServicesTestJSON-1151501685-project] Empty body provided in request {{(pid=111539) get_body /opt/stack/cinder/cinder/api/openstack/wsgi.py:715}}
Jul 15 19:38:10.996553 dv-cinder-799871-34-smb devstack@c-api.service[111539]: DEBUG cinder.api.openstack.wsgi [None req-f21116eb-3e63-403e-8aa7-3ae58ed3de7f tempest-VolumesServicesTestJSON-1151501685 tempest-VolumesServicesTestJSON-1151501685-project] Calling method 'show' {{(pid=111539) _process_stack /opt/stack/cinder/cinder/api/openstack/wsgi.py:868}}
Jul 15 19:38:11.012427 dv-cinder-799871-34-smb devstack@c-api.service[111539]: /usr/local/lib/python3.8/dist-packages/oslo_context/context.py:100: DeprecationWarning: Policy enforcement is depending on the value of is_admin. This key is deprecated. Please update your policy file to use the standard policy values.
Jul 15 19:38:11.012427 dv-cinder-799871-34-smb devstack@c-api.service[111539]: warnings.warn('Policy enforcement is depending on the value of '
Jul 15 19:38:11.019410 dv-cinder-799871-34-smb devstack@c-api.service[111539]: INFO cinder.volume.api [None req-f21116eb-3e63-403e-8aa7-3ae58ed3de7f tempest-VolumesServicesTestJSON-1151501685 tempest-VolumesServicesTestJSON-1151501685-project] Volume info retrieved successfully.
Jul 15 19:38:11.024512 dv-cinder-799871-34-smb devstack@c-api.service[111538]: DEBUG cinder.api.middleware.request_id [None req-ff53b8f5-7561-4193-966a-01e325c89d0d None None] RequestId filter calling following filter/app {{(pid=111538) _context_setter /opt/stack/cinder/cinder/api/middleware/request_id.py:62}}
Jul 15 19:38:11.028481 dv-cinder-799871-34-smb devstack@c-api.service[111538]: INFO cinder.api.openstack.wsgi [None req-ff53b8f5-7561-4193-966a-01e325c89d0d tempest-DeleteServersTestJSON-1314333107 tempest-DeleteServersTestJSON-1314333107-project] GET http://10.222.0.40/volume/v3/115fe7763abc4e32bc88cd0846619fa4/volumes/42e66c85-7f59-4805-b79f-4b416aa7474d
Jul 15 19:38:11.028872 dv-cinder-799871-34-smb devstack@c-api.service[111539]: INFO cinder.api.openstack.wsgi [None req-f21116eb-3e63-403e-8aa7-3ae58ed3de7f tempest-VolumesServicesTestJSON-1151501685 tempest-VolumesServicesTestJSON-1151501685-project] http://10.222.0.40/volume/v3/cd4ac8555a5245eeb729e7292f400f2c/volumes/78a32ed4-ccc1-4897-90b4-ebf3a4350033 returned with HTTP 200
Jul 15 19:38:11.028993 dv-cinder-799871-34-smb devstack@c-api.service[111538]: DEBUG cinder.api.openstack.wsgi [None req-ff53b8f5-7561-4193-966a-01e325c89d0d tempest-DeleteServersTestJSON-1314333107 tempest-DeleteServersTestJSON-1314333107-project] Empty body provided in request {{(pid=111538) get_body /opt/stack/cinder/cinder/api/openstack/wsgi.py:715}}
Jul 15 19:38:11.029535 dv-cinder-799871-34-smb devstack@c-api.service[111538]: DEBUG cinder.api.openstack.wsgi [None req-ff53b8f5-7561-4193-966a-01e325c89d0d tempest-DeleteServersTestJSON-1314333107 tempest-DeleteServersTestJSON-1314333107-project] Calling method 'show' {{(pid=111538) _process_stack /opt/stack/cinder/cinder/api/openstack/wsgi.py:868}}
Jul 15 19:38:11.031955 dv-cinder-799871-34-smb devstack@c-api.service[111539]: [pid: 111539|app: 0|req: 214/438] 10.222.0.40 () {58 vars in 1324 bytes} [Fri Jul 15 19:38:10 2022] GET /volume/v3/cd4ac8555a5245eeb729e7292f400f2c/volumes/78a32ed4-ccc1-4897-90b4-ebf3a4350033 => generated 915 bytes in 39 msecs (HTTP/1.1 200) 7 headers in 285 bytes (1 switches on core 0)
Jul 15 19:38:11.043774 dv-cinder-799871-34-smb devstack@c-api.service[111539]: DEBUG cinder.api.middleware.request_id [None req-c6358d49-66b5-4c08-b9b5-f6981b14e396 None None] RequestId filter calling following filter/app {{(pid=111539) _context_setter /opt/stack/cinder/cinder/api/middleware/request_id.py:62}}
Jul 15 19:38:11.048222 dv-cinder-799871-34-smb devstack@c-api.service[111539]: INFO cinder.api.openstack.wsgi [None req-c6358d49-66b5-4c08-b9b5-f6981b14e396 tempest-VolumesServicesTestJSON-1820427100 tempest-VolumesServicesTestJSON-1820427100-project-admin] GET http://10.222.0.40/volume/v3/9e697b307f3842ffb6056930c23e99e4/volumes/78a32ed4-ccc1-4897-90b4-ebf3a4350033
Jul 15 19:38:11.048937 dv-cinder-799871-34-smb devstack@c-api.service[111539]: DEBUG cinder.api.openstack.wsgi [None req-c6358d49-66b5-4c08-b9b5-f6981b14e396 tempest-VolumesServicesTestJSON-1820427100 tempest-VolumesServicesTestJSON-1820427100-project-admin] Empty body provided in request {{(pid=111539) get_body /opt/stack/cinder/cinder/api/openstack/wsgi.py:715}}
Jul 15 19:38:11.049599 dv-cinder-799871-34-smb devstack@c-api.service[111539]: DEBUG cinder.api.openstack.wsgi [None req-c6358d49-66b5-4c08-b9b5-f6981b14e396 tempest-VolumesServicesTestJSON-1820427100 tempest-VolumesServicesTestJSON-1820427100-project-admin] Calling method 'show' {{(pid=111539) _process_stack /opt/stack/cinder/cinder/api/openstack/wsgi.py:868}}
Jul 15 19:38:11.050662 dv-cinder-799871-34-smb devstack@c-api.service[111538]: INFO cinder.api.openstack.wsgi [None req-ff53b8f5-7561-4193-966a-01e325c89d0d tempest-DeleteServersTestJSON-1314333107 tempest-DeleteServersTestJSON-1314333107-project] http://10.222.0.40/volume/v3/115fe7763abc4e32bc88cd0846619fa4/volumes/42e66c85-7f59-4805-b79f-4b416aa7474d returned with HTTP 404
Jul 15 19:38:11.052772 dv-cinder-799871-34-smb devstack@c-api.service[111538]: [pid: 111538|app: 0|req: 225/439] 10.222.0.40 () {58 vars in 1324 bytes} [Fri Jul 15 19:38:11 2022] GET /volume/v3/115fe7763abc4e32bc88cd0846619fa4/volumes/42e66c85-7f59-4805-b79f-4b416aa7474d => generated 109 bytes in 29 msecs (HTTP/1.1 404) 7 headers in 292 bytes (2 switches on core 0)
Jul 15 19:38:11.072238 dv-cinder-799871-34-smb devstack@c-api.service[111538]: DEBUG cinder.api.middleware.request_id [None req-026f8e18-b591-4cb3-9513-f1d8012c9c99 None None] RequestId filter calling following filter/app {{(pid=111538) _context_setter /opt/stack/cinder/cinder/api/middleware/request_id.py:62}}
Jul 15 19:38:11.072769 dv-cinder-799871-34-smb devstack@c-api.service[111539]: /usr/local/lib/python3.8/dist-packages/oslo_context/context.py:100: DeprecationWarning: Policy enforcement is depending on the value of is_admin. This key is deprecated. Please update your policy file to use the standard policy values.
Jul 15 19:38:11.072769 dv-cinder-799871-34-smb devstack@c-api.service[111539]: warnings.warn('Policy enforcement is depending on the value of '
Jul 15 19:38:11.076935 dv-cinder-799871-34-smb devstack@c-api.service[111538]: INFO cinder.api.openstack.wsgi [None req-026f8e18-b591-4cb3-9513-f1d8012c9c99 tempest-VolumesCloneTest-1319239838 tempest-VolumesCloneTest-1319239838-project] GET http://10.222.0.40/volume/v3/fb3e3f4170a84d2cbd2d15cd80195d4c/volumes/45fa3d5f-dd69-49af-b641-2c8ee61def8f
Jul 15 19:38:11.077390 dv-cinder-799871-34-smb devstack@c-api.service[111538]: DEBUG cinder.api.openstack.wsgi [None req-026f8e18-b591-4cb3-9513-f1d8012c9c99 tempest-VolumesCloneTest-1319239838 tempest-VolumesCloneTest-1319239838-project] Empty body provided in request {{(pid=111538) get_body /opt/stack/cinder/cinder/api/openstack/wsgi.py:715}}
Jul 15 19:38:11.077851 dv-cinder-799871-34-smb devstack@c-api.service[111538]: DEBUG cinder.api.openstack.wsgi [None req-026f8e18-b591-4cb3-9513-f1d8012c9c99 tempest-VolumesCloneTest-1319239838 tempest-VolumesCloneTest-1319239838-project] Calling method 'show' {{(pid=111538) _process_stack /opt/stack/cinder/cinder/api/openstack/wsgi.py:868}}
Jul 15 19:38:11.082732 dv-cinder-799871-34-smb devstack@c-api.service[111539]: INFO cinder.volume.api [None req-c6358d49-66b5-4c08-b9b5-f6981b14e396 tempest-VolumesServicesTestJSON-1820427100 tempest-VolumesServicesTestJSON-1820427100-project-admin] Volume info retrieved successfully.
Jul 15 19:38:11.085230 dv-cinder-799871-34-smb devstack@c-api.service[111538]: DEBUG dbcounter [-] [111538] Writing DB stats cinder:INSERT=13,cinder:UPDATE=21,cinder:SELECT=66 {{(pid=111538) stat_writer /usr/local/lib/python3.8/dist-packages/dbcounter.py:114}}
Jul 15 19:38:11.093923 dv-cinder-799871-34-smb devstack@c-api.service[111539]: INFO cinder.api.openstack.wsgi [None req-c6358d49-66b5-4c08-b9b5-f6981b14e396 tempest-VolumesServicesTestJSON-1820427100 tempest-VolumesServicesTestJSON-1820427100-project-admin] http://10.222.0.40/volume/v3/9e697b307f3842ffb6056930c23e99e4/volumes/78a32ed4-ccc1-4897-90b4-ebf3a4350033 returned with HTTP 200
Jul 15 19:38:11.101267 dv-cinder-799871-34-smb devstack@c-api.service[111538]: /usr/local/lib/python3.8/dist-packages/oslo_context/context.py:100: DeprecationWarning: Policy enforcement is depending on the value of is_admin. This key is deprecated. Please update your policy file to use the standard policy values.
Jul 15 19:38:11.101267 dv-cinder-799871-34-smb devstack@c-api.service[111538]: warnings.warn('Policy enforcement is depending on the value of '
Jul 15 19:38:11.105249 dv-cinder-799871-34-smb devstack@c-api.service[111539]: [pid: 111539|app: 0|req: 215/440] 10.222.0.40 () {58 vars in 1324 bytes} [Fri Jul 15 19:38:11 2022] GET /volume/v3/9e697b307f3842ffb6056930c23e99e4/volumes/78a32ed4-ccc1-4897-90b4-ebf3a4350033 => generated 1081 bytes in 62 msecs (HTTP/1.1 200) 7 headers in 286 bytes (2 switches on core 0)
Jul 15 19:38:11.106843 dv-cinder-799871-34-smb devstack@c-api.service[111539]: DEBUG cinder.api.middleware.request_id [None req-d6a640cc-db02-4d84-9662-924dbf834c2d None None] RequestId filter calling following filter/app {{(pid=111539) _context_setter /opt/stack/cinder/cinder/api/middleware/request_id.py:62}}
