Jul 14 19:09:07.135140 dv-cinder-799871-31-iscsi devstack@c-api.service[111416]: DEBUG cinder.api.openstack.wsgi [None req-dc52fed4-8e9e-445a-b6f1-c12e29763fb9 tempest-SnapshotsActionsTest-1021737778 tempest-SnapshotsActionsTest-1021737778-project] Action: 'action', calling method: _update_snapshot_status, body: {"os-update_snapshot_status": {"status": "error", "progress": "80%"}} {{(pid=111416) _process_stack /opt/stack/cinder/cinder/api/openstack/wsgi.py:866}}
Jul 14 19:09:07.136022 dv-cinder-799871-31-iscsi devstack@c-api.service[111416]: DEBUG cinder.api.contrib.snapshot_actions [None req-dc52fed4-8e9e-445a-b6f1-c12e29763fb9 tempest-SnapshotsActionsTest-1021737778 tempest-SnapshotsActionsTest-1021737778-project] body: {'os-update_snapshot_status': {'status': 'error', 'progress': '80%'}} {{(pid=111416) _update_snapshot_status /opt/stack/cinder/cinder/api/contrib/snapshot_actions.py:46}}
Jul 14 19:09:07.146448 dv-cinder-799871-31-iscsi devstack@c-api.service[111416]: /usr/local/lib/python3.8/dist-packages/oslo_context/context.py:100: DeprecationWarning: Policy enforcement is depending on the value of is_admin. This key is deprecated. Please update your policy file to use the standard policy values.
Jul 14 19:09:07.146448 dv-cinder-799871-31-iscsi devstack@c-api.service[111416]: warnings.warn('Policy enforcement is depending on the value of '
Jul 14 19:09:07.147809 dv-cinder-799871-31-iscsi devstack@c-api.service[111416]: INFO cinder.api.contrib.snapshot_actions [None req-dc52fed4-8e9e-445a-b6f1-c12e29763fb9 tempest-SnapshotsActionsTest-1021737778 tempest-SnapshotsActionsTest-1021737778-project] Updating snapshot 60b2d685-daab-43cb-b20c-cab59ac1105e with info {'id': '60b2d685-daab-43cb-b20c-cab59ac1105e', 'status': 'error', 'progress': '80%'}
Jul 14 19:09:07.213181 dv-cinder-799871-31-iscsi devstack@c-api.service[111416]: INFO cinder.api.openstack.wsgi [None req-dc52fed4-8e9e-445a-b6f1-c12e29763fb9 tempest-SnapshotsActionsTest-1021737778 tempest-SnapshotsActionsTest-1021737778-project] http://10.222.0.69/volume/v3/40d521bd6dbd470f9739c7d5c40863b8/snapshots/60b2d685-daab-43cb-b20c-cab59ac1105e/action returned with HTTP 202
Jul 14 19:09:07.218686 dv-cinder-799871-31-iscsi devstack@c-api.service[111416]: [pid: 111416|app: 0|req: 211/405] 10.222.0.69 () {60 vars in 1372 bytes} [Thu Jul 14 19:09:07 2022] POST /volume/v3/40d521bd6dbd470f9739c7d5c40863b8/snapshots/60b2d685-daab-43cb-b20c-cab59ac1105e/action => generated 0 bytes in 92 msecs (HTTP/1.1 202) 6 headers in 233 bytes (1 switches on core 0)
Jul 14 19:09:07.220119 dv-cinder-799871-31-iscsi devstack@c-api.service[111417]: DEBUG cinder.api.middleware.request_id [None req-b514a5c6-96c6-4ab6-8a0d-8fa98f6047ed None None] RequestId filter calling following filter/app {{(pid=111417) _context_setter /opt/stack/cinder/cinder/api/middleware/request_id.py:62}}
Jul 14 19:09:07.224160 dv-cinder-799871-31-iscsi devstack@c-api.service[111417]: INFO cinder.api.openstack.wsgi [None req-b514a5c6-96c6-4ab6-8a0d-8fa98f6047ed tempest-SnapshotsActionsTest-566890646 tempest-SnapshotsActionsTest-566890646-project-admin] GET http://10.222.0.69/volume/v3/872dd756982b4d9585b456641b67d12b/snapshots/60b2d685-daab-43cb-b20c-cab59ac1105e
Jul 14 19:09:07.224609 dv-cinder-799871-31-iscsi devstack@c-api.service[111417]: DEBUG cinder.api.openstack.wsgi [None req-b514a5c6-96c6-4ab6-8a0d-8fa98f6047ed tempest-SnapshotsActionsTest-566890646 tempest-SnapshotsActionsTest-566890646-project-admin] Empty body provided in request {{(pid=111417) get_body /opt/stack/cinder/cinder/api/openstack/wsgi.py:715}}
Jul 14 19:09:07.225070 dv-cinder-799871-31-iscsi devstack@c-api.service[111417]: DEBUG cinder.api.openstack.wsgi [None req-b514a5c6-96c6-4ab6-8a0d-8fa98f6047ed tempest-SnapshotsActionsTest-566890646 tempest-SnapshotsActionsTest-566890646-project-admin] Calling method 'show' {{(pid=111417) _process_stack /opt/stack/cinder/cinder/api/openstack/wsgi.py:868}}
Jul 14 19:09:07.234960 dv-cinder-799871-31-iscsi devstack@c-api.service[111417]: /usr/local/lib/python3.8/dist-packages/oslo_context/context.py:100: DeprecationWarning: Policy enforcement is depending on the value of is_admin. This key is deprecated. Please update your policy file to use the standard policy values.
Jul 14 19:09:07.234960 dv-cinder-799871-31-iscsi devstack@c-api.service[111417]: warnings.warn('Policy enforcement is depending on the value of '
Jul 14 19:09:07.235781 dv-cinder-799871-31-iscsi devstack@c-api.service[111417]: INFO cinder.volume.api [None req-b514a5c6-96c6-4ab6-8a0d-8fa98f6047ed tempest-SnapshotsActionsTest-566890646 tempest-SnapshotsActionsTest-566890646-project-admin] Snapshot retrieved successfully.
Jul 14 19:09:07.237352 dv-cinder-799871-31-iscsi devstack@c-api.service[111417]: INFO cinder.api.openstack.wsgi [None req-b514a5c6-96c6-4ab6-8a0d-8fa98f6047ed tempest-SnapshotsActionsTest-566890646 tempest-SnapshotsActionsTest-566890646-project-admin] http://10.222.0.69/volume/v3/872dd756982b4d9585b456641b67d12b/snapshots/60b2d685-daab-43cb-b20c-cab59ac1105e returned with HTTP 200
Jul 14 19:09:07.238421 dv-cinder-799871-31-iscsi devstack@c-api.service[111417]: [pid: 111417|app: 0|req: 195/406] 10.222.0.69 () {58 vars in 1330 bytes} [Thu Jul 14 19:09:07 2022] GET /volume/v3/872dd756982b4d9585b456641b67d12b/snapshots/60b2d685-daab-43cb-b20c-cab59ac1105e => generated 461 bytes in 19 msecs (HTTP/1.1 200) 7 headers in 285 bytes (1 switches on core 0)
Jul 14 19:09:07.245599 dv-cinder-799871-31-iscsi devstack@c-api.service[111416]: DEBUG cinder.api.middleware.request_id [None req-df794f28-c5f1-4793-b77b-1e10734a8ab4 None None] RequestId filter calling following filter/app {{(pid=111416) _context_setter /opt/stack/cinder/cinder/api/middleware/request_id.py:62}}
Jul 14 19:09:07.250156 dv-cinder-799871-31-iscsi devstack@c-api.service[111416]: INFO cinder.api.openstack.wsgi [None req-df794f28-c5f1-4793-b77b-1e10734a8ab4 tempest-SnapshotsActionsTest-566890646 tempest-SnapshotsActionsTest-566890646-project-admin] POST http://10.222.0.69/volume/v3/872dd756982b4d9585b456641b67d12b/snapshots/60b2d685-daab-43cb-b20c-cab59ac1105e/action
Jul 14 19:09:07.250897 dv-cinder-799871-31-iscsi devstack@c-api.service[111416]: DEBUG cinder.api.openstack.wsgi [None req-df794f28-c5f1-4793-b77b-1e10734a8ab4 tempest-SnapshotsActionsTest-566890646 tempest-SnapshotsActionsTest-566890646-project-admin] Action body: b'{"os-reset_status": {"status": "available"}}' {{(pid=111416) get_method /opt/stack/cinder/cinder/api/openstack/wsgi.py:983}}
Jul 14 19:09:07.251262 dv-cinder-799871-31-iscsi devstack@c-api.service[111416]: DEBUG cinder.api.openstack.wsgi [None req-df794f28-c5f1-4793-b77b-1e10734a8ab4 tempest-SnapshotsActionsTest-566890646 tempest-SnapshotsActionsTest-566890646-project-admin] Action: 'action', calling method: _reset_status, body: {"os-reset_status": {"status": "available"}} {{(pid=111416) _process_stack /opt/stack/cinder/cinder/api/openstack/wsgi.py:866}}
Jul 14 19:09:07.252169 dv-cinder-799871-31-iscsi devstack@c-api.service[111416]: DEBUG cinder.api.contrib.admin_actions [None req-df794f28-c5f1-4793-b77b-1e10734a8ab4 tempest-SnapshotsActionsTest-566890646 tempest-SnapshotsActionsTest-566890646-project-admin] Updating snapshot '60b2d685-daab-43cb-b20c-cab59ac1105e' with '{'status': 'available'}' {{(pid=111416) _reset_status /opt/stack/cinder/cinder/api/contrib/admin_actions.py:100}}
Jul 14 19:09:07.273873 dv-cinder-799871-31-iscsi devstack@c-api.service[111416]: /usr/local/lib/python3.8/dist-packages/oslo_context/context.py:100: DeprecationWarning: Policy enforcement is depending on the value of is_admin. This key is deprecated. Please update your policy file to use the standard policy values.
Jul 14 19:09:07.273873 dv-cinder-799871-31-iscsi devstack@c-api.service[111416]: warnings.warn('Policy enforcement is depending on the value of '
Jul 14 19:09:07.392355 dv-cinder-799871-31-iscsi devstack@c-api.service[111416]: INFO cinder.api.openstack.wsgi [None req-df794f28-c5f1-4793-b77b-1e10734a8ab4 tempest-SnapshotsActionsTest-566890646 tempest-SnapshotsActionsTest-566890646-project-admin] http://10.222.0.69/volume/v3/872dd756982b4d9585b456641b67d12b/snapshots/60b2d685-daab-43cb-b20c-cab59ac1105e/action returned with HTTP 202
Jul 14 19:09:07.393458 dv-cinder-799871-31-iscsi devstack@c-api.service[111416]: [pid: 111416|app: 0|req: 212/407] 10.222.0.69 () {60 vars in 1372 bytes} [Thu Jul 14 19:09:07 2022] POST /volume/v3/872dd756982b4d9585b456641b67d12b/snapshots/60b2d685-daab-43cb-b20c-cab59ac1105e/action => generated 0 bytes in 149 msecs (HTTP/1.1 202) 7 headers in 289 bytes (1 switches on core 0)
Jul 14 19:09:07.398225 dv-cinder-799871-31-iscsi devstack@c-api.service[111417]: DEBUG cinder.api.middleware.request_id [None req-32ab79ba-057d-4d8e-a68c-7c9c5001e89c None None] RequestId filter calling following filter/app {{(pid=111417) _context_setter /opt/stack/cinder/cinder/api/middleware/request_id.py:62}}
Jul 14 19:09:07.402395 dv-cinder-799871-31-iscsi devstack@c-api.service[111417]: INFO cinder.api.openstack.wsgi [None req-32ab79ba-057d-4d8e-a68c-7c9c5001e89c tempest-SnapshotsActionsTest-1021737778 tempest-SnapshotsActionsTest-1021737778-project] GET http://10.222.0.69/volume/v3/40d521bd6dbd470f9739c7d5c40863b8/snapshots/60b2d685-daab-43cb-b20c-cab59ac1105e
Jul 14 19:09:07.402846 dv-cinder-799871-31-iscsi devstack@c-api.service[111417]: DEBUG cinder.api.openstack.wsgi [None req-32ab79ba-057d-4d8e-a68c-7c9c5001e89c tempest-SnapshotsActionsTest-1021737778 tempest-SnapshotsActionsTest-1021737778-project] Empty body provided in request {{(pid=111417) get_body /opt/stack/cinder/cinder/api/openstack/wsgi.py:715}}
Jul 14 19:09:07.403339 dv-cinder-799871-31-iscsi devstack@c-api.service[111417]: DEBUG cinder.api.openstack.wsgi [None req-32ab79ba-057d-4d8e-a68c-7c9c5001e89c tempest-SnapshotsActionsTest-1021737778 tempest-SnapshotsActionsTest-1021737778-project] Calling method 'show' {{(pid=111417) _process_stack /opt/stack/cinder/cinder/api/openstack/wsgi.py:868}}
Jul 14 19:09:07.413485 dv-cinder-799871-31-iscsi devstack@c-api.service[111417]: /usr/local/lib/python3.8/dist-packages/oslo_context/context.py:100: DeprecationWarning: Policy enforcement is depending on the value of is_admin. This key is deprecated. Please update your policy file to use the standard policy values.
Jul 14 19:09:07.413485 dv-cinder-799871-31-iscsi devstack@c-api.service[111417]: warnings.warn('Policy enforcement is depending on the value of '
Jul 14 19:09:07.414376 dv-cinder-799871-31-iscsi devstack@c-api.service[111417]: INFO cinder.volume.api [None req-32ab79ba-057d-4d8e-a68c-7c9c5001e89c tempest-SnapshotsActionsTest-1021737778 tempest-SnapshotsActionsTest-1021737778-project] Snapshot retrieved successfully.
Jul 14 19:09:07.416982 dv-cinder-799871-31-iscsi devstack@c-api.service[111417]: INFO cinder.api.openstack.wsgi [None req-32ab79ba-057d-4d8e-a68c-7c9c5001e89c tempest-SnapshotsActionsTest-1021737778 tempest-SnapshotsActionsTest-1021737778-project] http://10.222.0.69/volume/v3/40d521bd6dbd470f9739c7d5c40863b8/snapshots/60b2d685-daab-43cb-b20c-cab59ac1105e returned with HTTP 200
Jul 14 19:09:07.418175 dv-cinder-799871-31-iscsi devstack@c-api.service[111417]: [pid: 111417|app: 0|req: 196/408] 10.222.0.69 () {58 vars in 1330 bytes} [Thu Jul 14 19:09:07 2022] GET /volume/v3/40d521bd6dbd470f9739c7d5c40863b8/snapshots/60b2d685-daab-43cb-b20c-cab59ac1105e => generated 465 bytes in 21 msecs (HTTP/1.1 200) 7 headers in 285 bytes (1 switches on core 0)
Jul 14 19:09:07.426653 dv-cinder-799871-31-iscsi devstack@c-api.service[111416]: DEBUG cinder.api.middleware.request_id [None req-be6feb29-8649-46d9-a6ca-cabb04228191 None None] RequestId filter calling following filter/app {{(pid=111416) _context_setter /opt/stack/cinder/cinder/api/middleware/request_id.py:62}}
Jul 14 19:09:07.430891 dv-cinder-799871-31-iscsi devstack@c-api.service[111416]: INFO cinder.api.openstack.wsgi [None req-be6feb29-8649-46d9-a6ca-cabb04228191 tempest-SnapshotsActionsTest-1021737778 tempest-SnapshotsActionsTest-1021737778-project] DELETE http://10.222.0.69/volume/v3/40d521bd6dbd470f9739c7d5c40863b8/snapshots/62d263df-1199-4bd3-bde9-b67bd8d1e0ce
Jul 14 19:09:07.431389 dv-cinder-799871-31-iscsi devstack@c-api.service[111416]: DEBUG cinder.api.openstack.wsgi [None req-be6feb29-8649-46d9-a6ca-cabb04228191 tempest-SnapshotsActionsTest-1021737778 tempest-SnapshotsActionsTest-1021737778-project] Empty body provided in request {{(pid=111416) get_body /opt/stack/cinder/cinder/api/openstack/wsgi.py:715}}
Jul 14 19:09:07.431866 dv-cinder-799871-31-iscsi devstack@c-api.service[111416]: DEBUG cinder.api.openstack.wsgi [None req-be6feb29-8649-46d9-a6ca-cabb04228191 tempest-SnapshotsActionsTest-1021737778 tempest-SnapshotsActionsTest-1021737778-project] Calling method 'delete' {{(pid=111416) _process_stack /opt/stack/cinder/cinder/api/openstack/wsgi.py:868}}
Jul 14 19:09:07.432173 dv-cinder-799871-31-iscsi devstack@c-api.service[111416]: INFO cinder.api.v2.snapshots [None req-be6feb29-8649-46d9-a6ca-cabb04228191 tempest-SnapshotsActionsTest-1021737778 tempest-SnapshotsActionsTest-1021737778-project] Delete snapshot with id: 62d263df-1199-4bd3-bde9-b67bd8d1e0ce
Jul 14 19:09:07.442126 dv-cinder-799871-31-iscsi devstack@c-api.service[111416]: INFO cinder.api.openstack.wsgi [None req-be6feb29-8649-46d9-a6ca-cabb04228191 tempest-SnapshotsActionsTest-1021737778 tempest-SnapshotsActionsTest-1021737778-project] http://10.222.0.69/volume/v3/40d521bd6dbd470f9739c7d5c40863b8/snapshots/62d263df-1199-4bd3-bde9-b67bd8d1e0ce returned with HTTP 404
Jul 14 19:09:07.446509 dv-cinder-799871-31-iscsi devstack@c-api.service[111416]: [pid: 111416|app: 0|req: 213/409] 10.222.0.69 () {58 vars in 1333 bytes} [Thu Jul 14 19:09:07 2022] DELETE /volume/v3/40d521bd6dbd470f9739c7d5c40863b8/snapshots/62d263df-1199-4bd3-bde9-b67bd8d1e0ce => generated 111 bytes in 18 msecs (HTTP/1.1 404) 7 headers in 292 bytes (1 switches on core 0)
Jul 14 19:09:07.448603 dv-cinder-799871-31-iscsi devstack@c-api.service[111417]: DEBUG cinder.api.middleware.request_id [None req-fcd56c36-f233-4035-ac60-a3ac685f2028 None None] RequestId filter calling following filter/app {{(pid=111417) _context_setter /opt/stack/cinder/cinder/api/middleware/request_id.py:62}}
Jul 14 19:09:07.453289 dv-cinder-799871-31-iscsi devstack@c-api.service[111417]: INFO cinder.api.openstack.wsgi [None req-fcd56c36-f233-4035-ac60-a3ac685f2028 tempest-SnapshotsActionsTest-1021737778 tempest-SnapshotsActionsTest-1021737778-project] DELETE http://10.222.0.69/volume/v3/40d521bd6dbd470f9739c7d5c40863b8/snapshots/c5c9284f-9f2b-4436-81e5-7d5644cc5268
Jul 14 19:09:07.454304 dv-cinder-799871-31-iscsi devstack@c-api.service[111417]: DEBUG cinder.api.openstack.wsgi [None req-fcd56c36-f233-4035-ac60-a3ac685f2028 tempest-SnapshotsActionsTest-1021737778 tempest-SnapshotsActionsTest-1021737778-project] Empty body provided in request {{(pid=111417) get_body /opt/stack/cinder/cinder/api/openstack/wsgi.py:715}}
Jul 14 19:09:07.454809 dv-cinder-799871-31-iscsi devstack@c-api.service[111417]: DEBUG cinder.api.openstack.wsgi [None req-fcd56c36-f233-4035-ac60-a3ac685f2028 tempest-SnapshotsActionsTest-1021737778 tempest-SnapshotsActionsTest-1021737778-project] Calling method 'delete' {{(pid=111417) _process_stack /opt/stack/cinder/cinder/api/openstack/wsgi.py:868}}
Jul 14 19:09:07.455338 dv-cinder-799871-31-iscsi devstack@c-api.service[111417]: INFO cinder.api.v2.snapshots [None req-fcd56c36-f233-4035-ac60-a3ac685f2028 tempest-SnapshotsActionsTest-1021737778 tempest-SnapshotsActionsTest-1021737778-project] Delete snapshot with id: c5c9284f-9f2b-4436-81e5-7d5644cc5268
Jul 14 19:09:07.470182 dv-cinder-799871-31-iscsi devstack@c-api.service[111416]: DEBUG cinder.api.middleware.request_id [None req-2ba1a9dc-4b4b-4b8a-9484-8c0c7fb1d487 None None] RequestId filter calling following filter/app {{(pid=111416) _context_setter /opt/stack/cinder/cinder/api/middleware/request_id.py:62}}
Jul 14 19:09:07.470182 dv-cinder-799871-31-iscsi devstack@c-api.service[111416]: INFO cinder.api.openstack.wsgi [None req-2ba1a9dc-4b4b-4b8a-9484-8c0c7fb1d487 tempest-GroupSnapshotsTest-451437109 tempest-GroupSnapshotsTest-451437109-project] GET http://10.222.0.69/volume/v3/cc29a1f5e0054fc0976a1059f0fb760b/volumes/c293f3a0-1859-4260-b6ea-9454e5f28819
Jul 14 19:09:07.471154 dv-cinder-799871-31-iscsi devstack@c-api.service[111416]: DEBUG cinder.api.openstack.wsgi [None req-2ba1a9dc-4b4b-4b8a-9484-8c0c7fb1d487 tempest-GroupSnapshotsTest-451437109 tempest-GroupSnapshotsTest-451437109-project] Empty body provided in request {{(pid=111416) get_body /opt/stack/cinder/cinder/api/openstack/wsgi.py:715}}
Jul 14 19:09:07.471819 dv-cinder-799871-31-iscsi devstack@c-api.service[111416]: DEBUG cinder.api.openstack.wsgi [None req-2ba1a9dc-4b4b-4b8a-9484-8c0c7fb1d487 tempest-GroupSnapshotsTest-451437109 tempest-GroupSnapshotsTest-451437109-project] Calling method 'show' {{(pid=111416) _process_stack /opt/stack/cinder/cinder/api/openstack/wsgi.py:868}}
Jul 14 19:09:07.476708 dv-cinder-799871-31-iscsi devstack@c-api.service[111416]: DEBUG dbcounter [-] [111416] Writing DB stats cinder:SELECT=85,cinder:UPDATE=7,cinder:DELETE=2,cinder:INSERT=6 {{(pid=111416) stat_writer /usr/local/lib/python3.8/dist-packages/dbcounter.py:114}}
Jul 14 19:09:07.478179 dv-cinder-799871-31-iscsi devstack@c-api.service[111417]: INFO cinder.api.openstack.wsgi [None req-fcd56c36-f233-4035-ac60-a3ac685f2028 tempest-SnapshotsActionsTest-1021737778 tempest-SnapshotsActionsTest-1021737778-project] http://10.222.0.69/volume/v3/40d521bd6dbd470f9739c7d5c40863b8/snapshots/c5c9284f-9f2b-4436-81e5-7d5644cc5268 returned with HTTP 404
Jul 14 19:09:07.479196 dv-cinder-799871-31-iscsi devstack@c-api.service[111417]: [pid: 111417|app: 0|req: 197/410] 10.222.0.69 () {58 vars in 1333 bytes} [Thu Jul 14 19:09:07 2022] DELETE /volume/v3/40d521bd6dbd470f9739c7d5c40863b8/snapshots/c5c9284f-9f2b-4436-81e5-7d5644cc5268 => generated 111 bytes in 32 msecs (HTTP/1.1 404) 7 headers in 292 bytes (1 switches on core 0)
Jul 14 19:09:07.485025 dv-cinder-799871-31-iscsi devstack@c-api.service[111417]: DEBUG cinder.api.middleware.request_id [None req-b1cda626-83a0-445b-bd43-974f8405218a None None] RequestId filter calling following filter/app {{(pid=111417) _context_setter /opt/stack/cinder/cinder/api/middleware/request_id.py:62}}
Jul 14 19:09:07.492472 dv-cinder-799871-31-iscsi devstack@c-api.service[111416]: /usr/local/lib/python3.8/dist-packages/oslo_context/context.py:100: DeprecationWarning: Policy enforcement is depending on the value of is_admin. This key is deprecated. Please update your policy file to use the standard policy values.
Jul 14 19:09:07.492472 dv-cinder-799871-31-iscsi devstack@c-api.service[111416]: warnings.warn('Policy enforcement is depending on the value of '
Jul 14 19:09:07.492784 dv-cinder-799871-31-iscsi devstack@c-api.service[111417]: INFO cinder.api.openstack.wsgi [None req-b1cda626-83a0-445b-bd43-974f8405218a tempest-SnapshotsActionsTest-1021737778 tempest-SnapshotsActionsTest-1021737778-project] DELETE http://10.222.0.69/volume/v3/40d521bd6dbd470f9739c7d5c40863b8/snapshots/c28f74ee-05b7-4fdc-b526-e9aa18c39611
Jul 14 19:09:07.493363 dv-cinder-799871-31-iscsi devstack@c-api.service[111417]: DEBUG cinder.api.openstack.wsgi [None req-b1cda626-83a0-445b-bd43-974f8405218a tempest-SnapshotsActionsTest-1021737778 tempest-SnapshotsActionsTest-1021737778-project] Empty body provided in request {{(pid=111417) get_body /opt/stack/cinder/cinder/api/openstack/wsgi.py:715}}
Jul 14 19:09:07.498723 dv-cinder-799871-31-iscsi devstack@c-api.service[111417]: DEBUG cinder.api.openstack.wsgi [None req-b1cda626-83a0-445b-bd43-974f8405218a tempest-SnapshotsActionsTest-1021737778 tempest-SnapshotsActionsTest-1021737778-project] Calling method 'delete' {{(pid=111417) _process_stack /opt/stack/cinder/cinder/api/openstack/wsgi.py:868}}
Jul 14 19:09:07.498723 dv-cinder-799871-31-iscsi devstack@c-api.service[111417]: INFO cinder.api.v2.snapshots [None req-b1cda626-83a0-445b-bd43-974f8405218a tempest-SnapshotsActionsTest-1021737778 tempest-SnapshotsActionsTest-1021737778-project] Delete snapshot with id: c28f74ee-05b7-4fdc-b526-e9aa18c39611
Jul 14 19:09:07.501564 dv-cinder-799871-31-iscsi devstack@c-api.service[111416]: INFO cinder.volume.api [None req-2ba1a9dc-4b4b-4b8a-9484-8c0c7fb1d487 tempest-GroupSnapshotsTest-451437109 tempest-GroupSnapshotsTest-451437109-project] Volume info retrieved successfully.
Jul 14 19:09:07.504539 dv-cinder-799871-31-iscsi devstack@c-api.service[111416]: WARNING stevedore.named [None req-2ba1a9dc-4b4b-4b8a-9484-8c0c7fb1d487 tempest-GroupSnapshotsTest-451437109 tempest-GroupSnapshotsTest-451437109-project] Could not load cinder.keymgr.conf_key_mgr.ConfKeyManager
Jul 14 19:09:07.504722 dv-cinder-799871-31-iscsi devstack@c-api.service[111416]: WARNING castellan.key_manager [None req-2ba1a9dc-4b4b-4b8a-9484-8c0c7fb1d487 tempest-GroupSnapshotsTest-451437109 tempest-GroupSnapshotsTest-451437109-project] Deprecation Warning : cinder.keymgr.conf_key_mgr.ConfKeyManager is not a stevedore based driver, trying to load it as a class: stevedore.exception.NoMatches: No 'castellan.drivers' driver found, looking for 'cinder.keymgr.conf_key_mgr.ConfKeyManager'
Jul 14 19:09:07.509247 dv-cinder-799871-31-iscsi devstack@c-api.service[111417]: INFO cinder.api.openstack.wsgi [None req-b1cda626-83a0-445b-bd43-974f8405218a tempest-SnapshotsActionsTest-1021737778 tempest-SnapshotsActionsTest-1021737778-project] http://10.222.0.69/volume/v3/40d521bd6dbd470f9739c7d5c40863b8/snapshots/c28f74ee-05b7-4fdc-b526-e9aa18c39611 returned with HTTP 404
Jul 14 19:09:07.511662 dv-cinder-799871-31-iscsi devstack@c-api.service[111417]: [pid: 111417|app: 0|req: 198/411] 10.222.0.69 () {58 vars in 1333 bytes} [Thu Jul 14 19:09:07 2022] DELETE /volume/v3/40d521bd6dbd470f9739c7d5c40863b8/snapshots/c28f74ee-05b7-4fdc-b526-e9aa18c39611 => generated 111 bytes in 28 msecs (HTTP/1.1 404) 7 headers in 292 bytes (2 switches on core 0)
Jul 14 19:09:07.514808 dv-cinder-799871-31-iscsi devstack@c-api.service[111416]: DEBUG oslo_db.sqlalchemy.engines [None req-2ba1a9dc-4b4b-4b8a-9484-8c0c7fb1d487 tempest-GroupSnapshotsTest-451437109 tempest-GroupSnapshotsTest-451437109-project] MySQL server mode set to STRICT_TRANS_TABLES,STRICT_ALL_TABLES,NO_ZERO_IN_DATE,NO_ZERO_DATE,ERROR_FOR_DIVISION_BY_ZERO,TRADITIONAL,NO_ENGINE_SUBSTITUTION {{(pid=111416) _check_effective_sql_mode /usr/local/lib/python3.8/dist-packages/oslo_db/sqlalchemy/engines.py:314}}
Jul 14 19:09:07.515901 dv-cinder-799871-31-iscsi devstack@c-api.service[111417]: DEBUG cinder.api.middleware.request_id [None req-f9ba3668-132c-4ada-9737-38196d8e4fc7 None None] RequestId filter calling following filter/app {{(pid=111417) _context_setter /opt/stack/cinder/cinder/api/middleware/request_id.py:62}}
Jul 14 19:09:07.520098 dv-cinder-799871-31-iscsi devstack@c-api.service[111417]: INFO cinder.api.openstack.wsgi [None req-f9ba3668-132c-4ada-9737-38196d8e4fc7 tempest-SnapshotsActionsTest-1021737778 tempest-SnapshotsActionsTest-1021737778-project] DELETE http://10.222.0.69/volume/v3/40d521bd6dbd470f9739c7d5c40863b8/snapshots/4c457def-450b-4666-ac64-4e60e6e2d3af
Jul 14 19:09:07.527742 dv-cinder-799871-31-iscsi devstack@c-api.service[111417]: DEBUG cinder.api.openstack.wsgi [None req-f9ba3668-132c-4ada-9737-38196d8e4fc7 tempest-SnapshotsActionsTest-1021737778 tempest-SnapshotsActionsTest-1021737778-project] Empty body provided in request {{(pid=111417) get_body /opt/stack/cinder/cinder/api/openstack/wsgi.py:715}}
Jul 14 19:09:07.527742 dv-cinder-799871-31-iscsi devstack@c-api.service[111417]: DEBUG cinder.api.openstack.wsgi [None req-f9ba3668-132c-4ada-9737-38196d8e4fc7 tempest-SnapshotsActionsTest-1021737778 tempest-SnapshotsActionsTest-1021737778-project] Calling method 'delete' {{(pid=111417) _process_stack /opt/stack/cinder/cinder/api/openstack/wsgi.py:868}}
Jul 14 19:09:07.527742 dv-cinder-799871-31-iscsi devstack@c-api.service[111417]: INFO cinder.api.v2.snapshots [None req-f9ba3668-132c-4ada-9737-38196d8e4fc7 tempest-SnapshotsActionsTest-1021737778 tempest-SnapshotsActionsTest-1021737778-project] Delete snapshot with id: 4c457def-450b-4666-ac64-4e60e6e2d3af
Jul 14 19:09:07.528090 dv-cinder-799871-31-iscsi devstack@c-api.service[111416]: /usr/local/lib/python3.8/dist-packages/oslo_context/context.py:100: DeprecationWarning: Policy enforcement is depending on the value of is_admin. This key is deprecated. Please update your policy file to use the standard policy values.
Jul 14 19:09:07.528090 dv-cinder-799871-31-iscsi devstack@c-api.service[111416]: warnings.warn('Policy enforcement is depending on the value of '
Jul 14 19:09:07.531731 dv-cinder-799871-31-iscsi devstack@c-api.service[111417]: INFO cinder.api.openstack.wsgi [None req-f9ba3668-132c-4ada-9737-38196d8e4fc7 tempest-SnapshotsActionsTest-1021737778 tempest-SnapshotsActionsTest-1021737778-project] http://10.222.0.69/volume/v3/40d521bd6dbd470f9739c7d5c40863b8/snapshots/4c457def-450b-4666-ac64-4e60e6e2d3af returned with HTTP 404
Jul 14 19:09:07.533228 dv-cinder-799871-31-iscsi devstack@c-api.service[111417]: [pid: 111417|app: 0|req: 199/412] 10.222.0.69 () {58 vars in 1333 bytes} [Thu Jul 14 19:09:07 2022] DELETE /volume/v3/40d521bd6dbd470f9739c7d5c40863b8/snapshots/4c457def-450b-4666-ac64-4e60e6e2d3af => generated 111 bytes in 18 msecs (HTTP/1.1 404) 7 headers in 292 bytes (1 switches on core 0)
Jul 14 19:09:07.537750 dv-cinder-799871-31-iscsi devstack@c-api.service[111417]: DEBUG cinder.api.middleware.request_id [None req-88164382-5722-4413-aba4-02ee31b77813 None None] RequestId filter calling following filter/app {{(pid=111417) _context_setter /opt/stack/cinder/cinder/api/middleware/request_id.py:62}}
Jul 14 19:09:07.542729 dv-cinder-799871-31-iscsi devstack@c-api.service[111417]: INFO cinder.api.openstack.wsgi [None req-88164382-5722-4413-aba4-02ee31b77813 tempest-SnapshotsActionsTest-1021737778 tempest-SnapshotsActionsTest-1021737778-project] DELETE http://10.222.0.69/volume/v3/40d521bd6dbd470f9739c7d5c40863b8/snapshots/60b2d685-daab-43cb-b20c-cab59ac1105e
Jul 14 19:09:07.543475 dv-cinder-799871-31-iscsi devstack@c-api.service[111417]: DEBUG cinder.api.openstack.wsgi [None req-88164382-5722-4413-aba4-02ee31b77813 tempest-SnapshotsActionsTest-1021737778 tempest-SnapshotsActionsTest-1021737778-project] Empty body provided in request {{(pid=111417) get_body /opt/stack/cinder/cinder/api/openstack/wsgi.py:715}}
Jul 14 19:09:07.544633 dv-cinder-799871-31-iscsi devstack@c-api.service[111417]: DEBUG cinder.api.openstack.wsgi [None req-88164382-5722-4413-aba4-02ee31b77813 tempest-SnapshotsActionsTest-1021737778 tempest-SnapshotsActionsTest-1021737778-project] Calling method 'delete' {{(pid=111417) _process_stack /opt/stack/cinder/cinder/api/openstack/wsgi.py:868}}
Jul 14 19:09:07.544941 dv-cinder-799871-31-iscsi devstack@c-api.service[111417]: INFO cinder.api.v2.snapshots [None req-88164382-5722-4413-aba4-02ee31b77813 tempest-SnapshotsActionsTest-1021737778 tempest-SnapshotsActionsTest-1021737778-project] Delete snapshot with id: 60b2d685-daab-43cb-b20c-cab59ac1105e
Jul 14 19:09:07.548204 dv-cinder-799871-31-iscsi devstack@c-api.service[111416]: INFO cinder.api.openstack.wsgi [None req-2ba1a9dc-4b4b-4b8a-9484-8c0c7fb1d487 tempest-GroupSnapshotsTest-451437109 tempest-GroupSnapshotsTest-451437109-project] http://10.222.0.69/volume/v3/cc29a1f5e0054fc0976a1059f0fb760b/volumes/c293f3a0-1859-4260-b6ea-9454e5f28819 returned with HTTP 200
Jul 14 19:09:07.549624 dv-cinder-799871-31-iscsi devstack@c-api.service[111416]: [pid: 111416|app: 0|req: 214/413] 10.222.0.69 () {60 vars in 1365 bytes} [Thu Jul 14 19:09:07 2022] GET /volume/v3/cc29a1f5e0054fc0976a1059f0fb760b/volumes/c293f3a0-1859-4260-b6ea-9454e5f28819 => generated 1000 bytes in 84 msecs (HTTP/1.1 200) 7 headers in 287 bytes (2 switches on core 0)
Jul 14 19:09:07.561684 dv-cinder-799871-31-iscsi devstack@c-api.service[111417]: /usr/local/lib/python3.8/dist-packages/oslo_context/context.py:100: DeprecationWarning: Policy enforcement is depending on the value of is_admin. This key is deprecated. Please update your policy file to use the standard policy values.
Jul 14 19:09:07.561684 dv-cinder-799871-31-iscsi devstack@c-api.service[111417]: warnings.warn('Policy enforcement is depending on the value of '
Jul 14 19:09:07.563714 dv-cinder-799871-31-iscsi devstack@c-api.service[111417]: INFO cinder.volume.api [None req-88164382-5722-4413-aba4-02ee31b77813 tempest-SnapshotsActionsTest-1021737778 tempest-SnapshotsActionsTest-1021737778-project] Snapshot retrieved successfully.
Jul 14 19:09:07.565106 dv-cinder-799871-31-iscsi devstack@c-api.service[111416]: DEBUG cinder.api.middleware.request_id [None req-d316545d-d8a8-4b02-b4db-d1a148e12ee0 None None] RequestId filter calling following filter/app {{(pid=111416) _context_setter /opt/stack/cinder/cinder/api/middleware/request_id.py:62}}
Jul 14 19:09:07.574408 dv-cinder-799871-31-iscsi devstack@c-api.service[111416]: INFO cinder.api.openstack.wsgi [None req-d316545d-d8a8-4b02-b4db-d1a148e12ee0 tempest-GroupSnapshotsTest-451437109 tempest-GroupSnapshotsTest-451437109-project] PUT http://10.222.0.69/volume/v3/cc29a1f5e0054fc0976a1059f0fb760b/groups/0f3e3eb4-d79c-433f-8029-00f9bcfb9018
Jul 14 19:09:07.576261 dv-cinder-799871-31-iscsi devstack@c-api.service[111416]: DEBUG cinder.api.openstack.wsgi [None req-d316545d-d8a8-4b02-b4db-d1a148e12ee0 tempest-GroupSnapshotsTest-451437109 tempest-GroupSnapshotsTest-451437109-project] Action: 'update', calling method: version_select, body: {"group": {"remove_volumes": "7cbd3ef0-309d-44a6-b690-20ba7e3df481"}} {{(pid=111416) _process_stack /opt/stack/cinder/cinder/api/openstack/wsgi.py:866}}
Jul 14 19:09:07.578994 dv-cinder-799871-31-iscsi devstack@c-api.service[111416]: DEBUG cinder.api.v3.groups [None req-d316545d-d8a8-4b02-b4db-d1a148e12ee0 tempest-GroupSnapshotsTest-451437109 tempest-GroupSnapshotsTest-451437109-project] Update called for group 0f3e3eb4-d79c-433f-8029-00f9bcfb9018. {{(pid=111416) update /opt/stack/cinder/cinder/api/v3/groups.py:302}}
Jul 14 19:09:07.579620 dv-cinder-799871-31-iscsi devstack@c-api.service[111416]: INFO cinder.api.v3.groups [None req-d316545d-d8a8-4b02-b4db-d1a148e12ee0 tempest-GroupSnapshotsTest-451437109 tempest-GroupSnapshotsTest-451437109-project] Updating group 0f3e3eb4-d79c-433f-8029-00f9bcfb9018 with name None description: None add_volumes: None remove_volumes: 7cbd3ef0-309d-44a6-b690-20ba7e3df481.
Jul 14 19:09:07.587743 dv-cinder-799871-31-iscsi devstack@c-api.service[111416]: /usr/local/lib/python3.8/dist-packages/oslo_context/context.py:100: DeprecationWarning: Policy enforcement is depending on the value of is_admin. This key is deprecated. Please update your policy file to use the standard policy values.
Jul 14 19:09:07.587743 dv-cinder-799871-31-iscsi devstack@c-api.service[111416]: warnings.warn('Policy enforcement is depending on the value of '
Jul 14 19:09:07.646022 dv-cinder-799871-31-iscsi devstack@c-api.service[111417]: INFO cinder.volume.api [None req-88164382-5722-4413-aba4-02ee31b77813 tempest-SnapshotsActionsTest-1021737778 tempest-SnapshotsActionsTest-1021737778-project] Snapshot delete request issued successfully.
Jul 14 19:09:07.646463 dv-cinder-799871-31-iscsi devstack@c-api.service[111417]: INFO cinder.api.openstack.wsgi [None req-88164382-5722-4413-aba4-02ee31b77813 tempest-SnapshotsActionsTest-1021737778 tempest-SnapshotsActionsTest-1021737778-project] http://10.222.0.69/volume/v3/40d521bd6dbd470f9739c7d5c40863b8/snapshots/60b2d685-daab-43cb-b20c-cab59ac1105e returned with HTTP 202
Jul 14 19:09:07.647551 dv-cinder-799871-31-iscsi devstack@c-api.service[111417]: [pid: 111417|app: 0|req: 200/414] 10.222.0.69 () {58 vars in 1333 bytes} [Thu Jul 14 19:09:07 2022] DELETE /volume/v3/40d521bd6dbd470f9739c7d5c40863b8/snapshots/60b2d685-daab-43cb-b20c-cab59ac1105e => generated 0 bytes in 111 msecs (HTTP/1.1 202) 6 headers in 233 bytes (1 switches on core 0)
Jul 14 19:09:07.652064 dv-cinder-799871-31-iscsi devstack@c-api.service[111417]: DEBUG cinder.api.middleware.request_id [None req-f3b98f35-214e-4d70-a2e8-d3f4b76c153e None None] RequestId filter calling following filter/app {{(pid=111417) _context_setter /opt/stack/cinder/cinder/api/middleware/request_id.py:62}}
Jul 14 19:09:07.656008 dv-cinder-799871-31-iscsi devstack@c-api.service[111417]: INFO cinder.api.openstack.wsgi [None req-f3b98f35-214e-4d70-a2e8-d3f4b76c153e tempest-SnapshotsActionsTest-1021737778 tempest-SnapshotsActionsTest-1021737778-project] GET http://10.222.0.69/volume/v3/40d521bd6dbd470f9739c7d5c40863b8/snapshots/60b2d685-daab-43cb-b20c-cab59ac1105e
Jul 14 19:09:07.656441 dv-cinder-799871-31-iscsi devstack@c-api.service[111417]: DEBUG cinder.api.openstack.wsgi [None req-f3b98f35-214e-4d70-a2e8-d3f4b76c153e tempest-SnapshotsActionsTest-1021737778 tempest-SnapshotsActionsTest-1021737778-project] Empty body provided in request {{(pid=111417) get_body /opt/stack/cinder/cinder/api/openstack/wsgi.py:715}}
Jul 14 19:09:07.656898 dv-cinder-799871-31-iscsi devstack@c-api.service[111417]: DEBUG cinder.api.openstack.wsgi [None req-f3b98f35-214e-4d70-a2e8-d3f4b76c153e tempest-SnapshotsActionsTest-1021737778 tempest-SnapshotsActionsTest-1021737778-project] Calling method 'show' {{(pid=111417) _process_stack /opt/stack/cinder/cinder/api/openstack/wsgi.py:868}}
Jul 14 19:09:07.666920 dv-cinder-799871-31-iscsi devstack@c-api.service[111417]: /usr/local/lib/python3.8/dist-packages/oslo_context/context.py:100: DeprecationWarning: Policy enforcement is depending on the value of is_admin. This key is deprecated. Please update your policy file to use the standard policy values.
Jul 14 19:09:07.666920 dv-cinder-799871-31-iscsi devstack@c-api.service[111417]: warnings.warn('Policy enforcement is depending on the value of '
Jul 14 19:09:07.667933 dv-cinder-799871-31-iscsi devstack@c-api.service[111417]: INFO cinder.volume.api [None req-f3b98f35-214e-4d70-a2e8-d3f4b76c153e tempest-SnapshotsActionsTest-1021737778 tempest-SnapshotsActionsTest-1021737778-project] Snapshot retrieved successfully.
Jul 14 19:09:07.670321 dv-cinder-799871-31-iscsi devstack@c-api.service[111417]: INFO cinder.api.openstack.wsgi [None req-f3b98f35-214e-4d70-a2e8-d3f4b76c153e tempest-SnapshotsActionsTest-1021737778 tempest-SnapshotsActionsTest-1021737778-project] http://10.222.0.69/volume/v3/40d521bd6dbd470f9739c7d5c40863b8/snapshots/60b2d685-daab-43cb-b20c-cab59ac1105e returned with HTTP 200
Jul 14 19:09:07.671042 dv-cinder-799871-31-iscsi devstack@c-api.service[111417]: [pid: 111417|app: 0|req: 201/415] 10.222.0.69 () {58 vars in 1330 bytes} [Thu Jul 14 19:09:07 2022] GET /volume/v3/40d521bd6dbd470f9739c7d5c40863b8/snapshots/60b2d685-daab-43cb-b20c-cab59ac1105e => generated 464 bytes in 20 msecs (HTTP/1.1 200) 7 headers in 285 bytes (2 switches on core 0)
Jul 14 19:09:07.678702 dv-cinder-799871-31-iscsi devstack@c-api.service[111416]: INFO cinder.api.openstack.wsgi [None req-d316545d-d8a8-4b02-b4db-d1a148e12ee0 tempest-GroupSnapshotsTest-451437109 tempest-GroupSnapshotsTest-451437109-project] http://10.222.0.69/volume/v3/cc29a1f5e0054fc0976a1059f0fb760b/groups/0f3e3eb4-d79c-433f-8029-00f9bcfb9018 returned with HTTP 202
Jul 14 19:09:07.679625 dv-cinder-799871-31-iscsi devstack@c-api.service[111416]: [pid: 111416|app: 0|req: 215/416] 10.222.0.69 () {62 vars in 1382 bytes} [Thu Jul 14 19:09:07 2022] PUT /volume/v3/cc29a1f5e0054fc0976a1059f0fb760b/groups/0f3e3eb4-d79c-433f-8029-00f9bcfb9018 => generated 0 bytes in 116 msecs (HTTP/1.1 202) 6 headers in 234 bytes (2 switches on core 0)
Jul 14 19:09:07.689222 dv-cinder-799871-31-iscsi devstack@c-api.service[111417]: DEBUG cinder.api.middleware.request_id [None req-8cb62262-a48f-4f37-acc8-89f1c18a0685 None None] RequestId filter calling following filter/app {{(pid=111417) _context_setter /opt/stack/cinder/cinder/api/middleware/request_id.py:62}}
Jul 14 19:09:07.693094 dv-cinder-799871-31-iscsi devstack@c-api.service[111417]: INFO cinder.api.openstack.wsgi [None req-8cb62262-a48f-4f37-acc8-89f1c18a0685 tempest-GroupSnapshotsTest-451437109 tempest-GroupSnapshotsTest-451437109-project] GET http://10.222.0.69/volume/v3/cc29a1f5e0054fc0976a1059f0fb760b/groups/0f3e3eb4-d79c-433f-8029-00f9bcfb9018
Jul 14 19:09:07.693701 dv-cinder-799871-31-iscsi devstack@c-api.service[111417]: DEBUG cinder.api.openstack.wsgi [None req-8cb62262-a48f-4f37-acc8-89f1c18a0685 tempest-GroupSnapshotsTest-451437109 tempest-GroupSnapshotsTest-451437109-project] Empty body provided in request {{(pid=111417) get_body /opt/stack/cinder/cinder/api/openstack/wsgi.py:715}}
Jul 14 19:09:07.694155 dv-cinder-799871-31-iscsi devstack@c-api.service[111417]: DEBUG cinder.api.openstack.wsgi [None req-8cb62262-a48f-4f37-acc8-89f1c18a0685 tempest-GroupSnapshotsTest-451437109 tempest-GroupSnapshotsTest-451437109-project] Calling method 'version_select' {{(pid=111417) _process_stack /opt/stack/cinder/cinder/api/openstack/wsgi.py:868}}
Jul 14 19:09:07.694500 dv-cinder-799871-31-iscsi devstack@c-api.service[111417]: DEBUG cinder.api.v3.groups [None req-8cb62262-a48f-4f37-acc8-89f1c18a0685 tempest-GroupSnapshotsTest-451437109 tempest-GroupSnapshotsTest-451437109-project] show called for member 0f3e3eb4-d79c-433f-8029-00f9bcfb9018 {{(pid=111417) show /opt/stack/cinder/cinder/api/v3/groups.py:58}}
Jul 14 19:09:07.700377 dv-cinder-799871-31-iscsi devstack@c-api.service[111417]: /usr/local/lib/python3.8/dist-packages/oslo_context/context.py:100: DeprecationWarning: Policy enforcement is depending on the value of is_admin. This key is deprecated. Please update your policy file to use the standard policy values.
Jul 14 19:09:07.700377 dv-cinder-799871-31-iscsi devstack@c-api.service[111417]: warnings.warn('Policy enforcement is depending on the value of '
Jul 14 19:09:07.714083 dv-cinder-799871-31-iscsi devstack@c-api.service[111417]: INFO cinder.api.openstack.wsgi [None req-8cb62262-a48f-4f37-acc8-89f1c18a0685 tempest-GroupSnapshotsTest-451437109 tempest-GroupSnapshotsTest-451437109-project] http://10.222.0.69/volume/v3/cc29a1f5e0054fc0976a1059f0fb760b/groups/0f3e3eb4-d79c-433f-8029-00f9bcfb9018 returned with HTTP 200
Jul 14 19:09:07.714939 dv-cinder-799871-31-iscsi devstack@c-api.service[111417]: [pid: 111417|app: 0|req: 202/417] 10.222.0.69 () {60 vars in 1362 bytes} [Thu Jul 14 19:09:07 2022] GET /volume/v3/cc29a1f5e0054fc0976a1059f0fb760b/groups/0f3e3eb4-d79c-433f-8029-00f9bcfb9018 => generated 392 bytes in 27 msecs (HTTP/1.1 200) 7 headers in 286 bytes (2 switches on core 0)
Jul 14 19:09:07.898980 dv-cinder-799871-31-iscsi devstack@c-api.service[111416]: DEBUG cinder.api.middleware.request_id [None req-5b10f5a0-20bf-455f-a1d0-cb6f47ce5ab2 None None] RequestId filter calling following filter/app {{(pid=111416) _context_setter /opt/stack/cinder/cinder/api/middleware/request_id.py:62}}
Jul 14 19:09:07.902683 dv-cinder-799871-31-iscsi devstack@c-api.service[111416]: INFO cinder.api.openstack.wsgi [None req-5b10f5a0-20bf-455f-a1d0-cb6f47ce5ab2 tempest-GroupsTest-870642511 tempest-GroupsTest-870642511-project] GET http://10.222.0.69/volume/v3/faf21454928a4888b102f0683c19cff6/volumes/00916b04-253b-4ab2-a6b5-2fcf7ad8ec73
Jul 14 19:09:07.903722 dv-cinder-799871-31-iscsi devstack@c-api.service[111416]: DEBUG cinder.api.openstack.wsgi [None req-5b10f5a0-20bf-455f-a1d0-cb6f47ce5ab2 tempest-GroupsTest-870642511 tempest-GroupsTest-870642511-project] Empty body provided in request {{(pid=111416) get_body /opt/stack/cinder/cinder/api/openstack/wsgi.py:715}}
Jul 14 19:09:07.904176 dv-cinder-799871-31-iscsi devstack@c-api.service[111416]: DEBUG cinder.api.openstack.wsgi [None req-5b10f5a0-20bf-455f-a1d0-cb6f47ce5ab2 tempest-GroupsTest-870642511 tempest-GroupsTest-870642511-project] Calling method 'show' {{(pid=111416) _process_stack /opt/stack/cinder/cinder/api/openstack/wsgi.py:868}}
Jul 14 19:09:07.915310 dv-cinder-799871-31-iscsi devstack@c-api.service[111416]: INFO cinder.api.openstack.wsgi [None req-5b10f5a0-20bf-455f-a1d0-cb6f47ce5ab2 tempest-GroupsTest-870642511 tempest-GroupsTest-870642511-project] http://10.222.0.69/volume/v3/faf21454928a4888b102f0683c19cff6/volumes/00916b04-253b-4ab2-a6b5-2fcf7ad8ec73 returned with HTTP 404
Jul 14 19:09:07.916213 dv-cinder-799871-31-iscsi devstack@c-api.service[111416]: [pid: 111416|app: 0|req: 216/418] 10.222.0.69 () {60 vars in 1365 bytes} [Thu Jul 14 19:09:07 2022] GET /volume/v3/faf21454928a4888b102f0683c19cff6/volumes/00916b04-253b-4ab2-a6b5-2fcf7ad8ec73 => generated 109 bytes in 18 msecs (HTTP/1.1 404) 7 headers in 293 bytes (2 switches on core 0)
Jul 14 19:09:07.921830 dv-cinder-799871-31-iscsi devstack@c-api.service[111417]: DEBUG cinder.api.middleware.request_id [None req-b8a07c3d-7feb-4f0f-b30f-6f03635d6e19 None None] RequestId filter calling following filter/app {{(pid=111417) _context_setter /opt/stack/cinder/cinder/api/middleware/request_id.py:62}}
Jul 14 19:09:07.925893 dv-cinder-799871-31-iscsi devstack@c-api.service[111417]: INFO cinder.api.openstack.wsgi [None req-b8a07c3d-7feb-4f0f-b30f-6f03635d6e19 tempest-GroupsTest-870642511 tempest-GroupsTest-870642511-project] GET http://10.222.0.69/volume/v3/faf21454928a4888b102f0683c19cff6/volumes/5cb96f0c-33ef-480e-8a47-d24aebac9713
Jul 14 19:09:07.926385 dv-cinder-799871-31-iscsi devstack@c-api.service[111417]: DEBUG cinder.api.openstack.wsgi [None req-b8a07c3d-7feb-4f0f-b30f-6f03635d6e19 tempest-GroupsTest-870642511 tempest-GroupsTest-870642511-project] Empty body provided in request {{(pid=111417) get_body /opt/stack/cinder/cinder/api/openstack/wsgi.py:715}}
Jul 14 19:09:07.926876 dv-cinder-799871-31-iscsi devstack@c-api.service[111417]: DEBUG cinder.api.openstack.wsgi [None req-b8a07c3d-7feb-4f0f-b30f-6f03635d6e19 tempest-GroupsTest-870642511 tempest-GroupsTest-870642511-project] Calling method 'show' {{(pid=111417) _process_stack /opt/stack/cinder/cinder/api/openstack/wsgi.py:868}}
Jul 14 19:09:07.945303 dv-cinder-799871-31-iscsi devstack@c-api.service[111417]: /usr/local/lib/python3.8/dist-packages/oslo_context/context.py:100: DeprecationWarning: Policy enforcement is depending on the value of is_admin. This key is deprecated. Please update your policy file to use the standard policy values.
Jul 14 19:09:07.945303 dv-cinder-799871-31-iscsi devstack@c-api.service[111417]: warnings.warn('Policy enforcement is depending on the value of '
Jul 14 19:09:07.951919 dv-cinder-799871-31-iscsi devstack@c-api.service[111416]: DEBUG cinder.api.middleware.request_id [None req-3497a9d2-961e-4850-8b35-af78eed20bb9 None None] RequestId filter calling following filter/app {{(pid=111416) _context_setter /opt/stack/cinder/cinder/api/middleware/request_id.py:62}}
Jul 14 19:09:07.952314 dv-cinder-799871-31-iscsi devstack@c-api.service[111417]: INFO cinder.volume.api [None req-b8a07c3d-7feb-4f0f-b30f-6f03635d6e19 tempest-GroupsTest-870642511 tempest-GroupsTest-870642511-project] Volume info retrieved successfully.
Jul 14 19:09:07.953741 dv-cinder-799871-31-iscsi devstack@c-api.service[111417]: WARNING stevedore.named [None req-b8a07c3d-7feb-4f0f-b30f-6f03635d6e19 tempest-GroupsTest-870642511 tempest-GroupsTest-870642511-project] Could not load cinder.keymgr.conf_key_mgr.ConfKeyManager
Jul 14 19:09:07.954115 dv-cinder-799871-31-iscsi devstack@c-api.service[111417]: WARNING castellan.key_manager [None req-b8a07c3d-7feb-4f0f-b30f-6f03635d6e19 tempest-GroupsTest-870642511 tempest-GroupsTest-870642511-project] Deprecation Warning : cinder.keymgr.conf_key_mgr.ConfKeyManager is not a stevedore based driver, trying to load it as a class: stevedore.exception.NoMatches: No 'castellan.drivers' driver found, looking for 'cinder.keymgr.conf_key_mgr.ConfKeyManager'
Jul 14 19:09:07.955720 dv-cinder-799871-31-iscsi devstack@c-api.service[111416]: INFO cinder.api.openstack.wsgi [None req-3497a9d2-961e-4850-8b35-af78eed20bb9 tempest-DeleteServersTestJSON-1447762652 tempest-DeleteServersTestJSON-1447762652-project] GET http://10.222.0.69/volume/v3/43a3b44b0a5f40b3955ce8027cd1cc35/volumes/0e40b1c0-6955-4d46-af10-b05ab27cdd74
Jul 14 19:09:07.956360 dv-cinder-799871-31-iscsi devstack@c-api.service[111416]: DEBUG cinder.api.openstack.wsgi [None req-3497a9d2-961e-4850-8b35-af78eed20bb9 tempest-DeleteServersTestJSON-1447762652 tempest-DeleteServersTestJSON-1447762652-project] Empty body provided in request {{(pid=111416) get_body /opt/stack/cinder/cinder/api/openstack/wsgi.py:715}}
Jul 14 19:09:07.956945 dv-cinder-799871-31-iscsi devstack@c-api.service[111416]: DEBUG cinder.api.openstack.wsgi [None req-3497a9d2-961e-4850-8b35-af78eed20bb9 tempest-DeleteServersTestJSON-1447762652 tempest-DeleteServersTestJSON-1447762652-project] Calling method 'show' {{(pid=111416) _process_stack /opt/stack/cinder/cinder/api/openstack/wsgi.py:868}}
Jul 14 19:09:07.963310 dv-cinder-799871-31-iscsi devstack@c-api.service[111417]: DEBUG oslo_db.sqlalchemy.engines [None req-b8a07c3d-7feb-4f0f-b30f-6f03635d6e19 tempest-GroupsTest-870642511 tempest-GroupsTest-870642511-project] MySQL server mode set to STRICT_TRANS_TABLES,STRICT_ALL_TABLES,NO_ZERO_IN_DATE,NO_ZERO_DATE,ERROR_FOR_DIVISION_BY_ZERO,TRADITIONAL,NO_ENGINE_SUBSTITUTION {{(pid=111417) _check_effective_sql_mode /usr/local/lib/python3.8/dist-packages/oslo_db/sqlalchemy/engines.py:314}}
Jul 14 19:09:07.969967 dv-cinder-799871-31-iscsi devstack@c-api.service[111417]: /usr/local/lib/python3.8/dist-packages/oslo_context/context.py:100: DeprecationWarning: Policy enforcement is depending on the value of is_admin. This key is deprecated. Please update your policy file to use the standard policy values.
Jul 14 19:09:07.969967 dv-cinder-799871-31-iscsi devstack@c-api.service[111417]: warnings.warn('Policy enforcement is depending on the value of '
Jul 14 19:09:07.984271 dv-cinder-799871-31-iscsi devstack@c-api.service[111416]: /usr/local/lib/python3.8/dist-packages/oslo_context/context.py:100: DeprecationWarning: Policy enforcement is depending on the value of is_admin. This key is deprecated. Please update your policy file to use the standard policy values.
Jul 14 19:09:07.984271 dv-cinder-799871-31-iscsi devstack@c-api.service[111416]: warnings.warn('Policy enforcement is depending on the value of '
Jul 14 19:09:07.985244 dv-cinder-799871-31-iscsi devstack@c-api.service[111417]: INFO cinder.api.openstack.wsgi [None req-b8a07c3d-7feb-4f0f-b30f-6f03635d6e19 tempest-GroupsTest-870642511 tempest-GroupsTest-870642511-project] http://10.222.0.69/volume/v3/faf21454928a4888b102f0683c19cff6/volumes/5cb96f0c-33ef-480e-8a47-d24aebac9713 returned with HTTP 200
Jul 14 19:09:07.985985 dv-cinder-799871-31-iscsi devstack@c-api.service[111417]: [pid: 111417|app: 0|req: 203/419] 10.222.0.69 () {60 vars in 1365 bytes} [Thu Jul 14 19:09:07 2022] GET /volume/v3/faf21454928a4888b102f0683c19cff6/volumes/5cb96f0c-33ef-480e-8a47-d24aebac9713 => generated 982 bytes in 65 msecs (HTTP/1.1 200) 7 headers in 286 bytes (2 switches on core 0)
Jul 14 19:09:07.990904 dv-cinder-799871-31-iscsi devstack@c-api.service[111416]: INFO cinder.volume.api [None req-3497a9d2-961e-4850-8b35-af78eed20bb9 tempest-DeleteServersTestJSON-1447762652 tempest-DeleteServersTestJSON-1447762652-project] Volume info retrieved successfully.
Jul 14 19:09:08.002571 dv-cinder-799871-31-iscsi devstack@c-api.service[111416]: INFO cinder.api.openstack.wsgi [None req-3497a9d2-961e-4850-8b35-af78eed20bb9 tempest-DeleteServersTestJSON-1447762652 tempest-DeleteServersTestJSON-1447762652-project] http://10.222.0.69/volume/v3/43a3b44b0a5f40b3955ce8027cd1cc35/volumes/0e40b1c0-6955-4d46-af10-b05ab27cdd74 returned with HTTP 200
Jul 14 19:09:08.004506 dv-cinder-799871-31-iscsi devstack@c-api.service[111416]: [pid: 111416|app: 0|req: 217/420] 10.222.0.69 () {58 vars in 1324 bytes} [Thu Jul 14 19:09:07 2022] GET /volume/v3/43a3b44b0a5f40b3955ce8027cd1cc35/volumes/0e40b1c0-6955-4d46-af10-b05ab27cdd74 => generated 912 bytes in 53 msecs (HTTP/1.1 200) 7 headers in 285 bytes (2 switches on core 0)
Jul 14 19:09:08.134372 dv-cinder-799871-31-iscsi devstack@c-api.service[111417]: DEBUG cinder.api.middleware.request_id [None req-6b87107b-3b90-4d35-a27d-7b7b14ead113 None None] RequestId filter calling following filter/app {{(pid=111417) _context_setter /opt/stack/cinder/cinder/api/middleware/request_id.py:62}}
Jul 14 19:09:08.138768 dv-cinder-799871-31-iscsi devstack@c-api.service[111417]: INFO cinder.api.openstack.wsgi [None req-6b87107b-3b90-4d35-a27d-7b7b14ead113 tempest-VolumeRetypeWithoutMigrationTest-2081102576 tempest-VolumeRetypeWithoutMigrationTest-2081102576-project] GET http://10.222.0.69/volume/v3/93edbffa75e7420e8ddd6f317ba6a380/volumes/ff02cf7a-91d0-4fcd-8c45-639b361e5d0c
Jul 14 19:09:08.139245 dv-cinder-799871-31-iscsi devstack@c-api.service[111417]: DEBUG cinder.api.openstack.wsgi [None req-6b87107b-3b90-4d35-a27d-7b7b14ead113 tempest-VolumeRetypeWithoutMigrationTest-2081102576 tempest-VolumeRetypeWithoutMigrationTest-2081102576-project] Empty body provided in request {{(pid=111417) get_body /opt/stack/cinder/cinder/api/openstack/wsgi.py:715}}
Jul 14 19:09:08.139699 dv-cinder-799871-31-iscsi devstack@c-api.service[111417]: DEBUG cinder.api.openstack.wsgi [None req-6b87107b-3b90-4d35-a27d-7b7b14ead113 tempest-VolumeRetypeWithoutMigrationTest-2081102576 tempest-VolumeRetypeWithoutMigrationTest-2081102576-project] Calling method 'show' {{(pid=111417) _process_stack /opt/stack/cinder/cinder/api/openstack/wsgi.py:868}}
Jul 14 19:09:08.154237 dv-cinder-799871-31-iscsi devstack@c-api.service[111417]: /usr/local/lib/python3.8/dist-packages/oslo_context/context.py:100: DeprecationWarning: Policy enforcement is depending on the value of is_admin. This key is deprecated. Please update your policy file to use the standard policy values.
Jul 14 19:09:08.154237 dv-cinder-799871-31-iscsi devstack@c-api.service[111417]: warnings.warn('Policy enforcement is depending on the value of '
