Jul 14 14:04:52.130816 dv-cinder-799871-30-smb neutron-server[104246]: DEBUG neutron_lib.callbacks.manager [None req-6315c916-dacf-44eb-bb49-d47a2e74cf31 None None] Publish callbacks ['neutron.plugins.ml2.plugin.SecurityGroupServerNotifierRpcMixin._notify_sg_on_port_change-659900', 'neutron.plugins.ml2.ovo_rpc._ObjectChangeHandler.handle_event-215087', 'neutron.api.rpc.agentnotifiers.dhcp_rpc_agent_api.DhcpAgentNotifyAPI._native_event_send_dhcp_notification-1635324', 'neutron.db.l3_db.L3RpcNotifierMixin._notify_gateway_port_ip_changed-8750477012749', 'neutron.db.l3_dvrscheduler_db._notify_l3_agent_port_update-8750476529686', 'neutron.db.l3_hascheduler_db._notify_l3_agent_ha_port_update-8750476529704'] for port (eea66132-f730-4baa-bf13-2203c511c131), after_update {{(pid=104246) _notify_loop /usr/local/lib/python3.8/dist-packages/neutron_lib/callbacks/manager.py:176}}
Jul 14 14:04:52.134068 dv-cinder-799871-30-smb neutron-server[104245]: DEBUG neutron.api.rpc.handlers.resources_rpc [None req-cf5e1bd8-7821-42c7-b887-4bf0f3fc9ee7 admin admin] Pushing event updated for resources: {'SecurityGroup': ['ID=dfd430d7-1aa3-4efd-9f33-7688a33610b4,revision_number=1']} {{(pid=104245) push /opt/stack/neutron/neutron/api/rpc/handlers/resources_rpc.py:237}}
Jul 14 14:04:52.155050 dv-cinder-799871-30-smb neutron-server[104246]: DEBUG neutron.db.provisioning_blocks [None req-bde436a9-e57a-4d08-92de-6f590cd34c1a None None] Provisioning complete for port fb3fafe1-a37e-4f6d-b2d9-1f08b1201285 triggered by entity DHCP. {{(pid=104246) provisioning_complete /opt/stack/neutron/neutron/db/provisioning_blocks.py:145}}
Jul 14 14:04:52.155442 dv-cinder-799871-30-smb neutron-server[104246]: DEBUG neutron_lib.callbacks.manager [None req-bde436a9-e57a-4d08-92de-6f590cd34c1a None None] Publish callbacks ['neutron.plugins.ml2.plugin.Ml2Plugin._port_provisioned-735918'] for port (fb3fafe1-a37e-4f6d-b2d9-1f08b1201285), provisioning_complete {{(pid=104246) _notify_loop /usr/local/lib/python3.8/dist-packages/neutron_lib/callbacks/manager.py:176}}
Jul 14 14:04:52.232755 dv-cinder-799871-30-smb neutron-server[104244]: DEBUG neutron.scheduler.dhcp_agent_scheduler [None req-fb255e18-918c-4930-a8a6-5260221c15d1 admin admin] Network cb686cd7-1d69-46f2-abc9-c60b00c27bb9 is scheduled to be hosted by DHCP agent 24692423-ccc8-4cb7-879f-80fdc5e46e66 with binding_index 1 {{(pid=104244) bind /opt/stack/neutron/neutron/scheduler/dhcp_agent_scheduler.py:227}}
Jul 14 14:04:52.246512 dv-cinder-799871-30-smb neutron-server[104244]: DEBUG neutron_lib.callbacks.manager [None req-baeced6c-3fe9-4a5d-aece-2051f35a6aad admin admin] Publish callbacks [] for security_group (39d9dd5a-d633-4159-982e-efb267c5d7c2), precommit_create {{(pid=104244) _notify_loop /usr/local/lib/python3.8/dist-packages/neutron_lib/callbacks/manager.py:176}}
Jul 14 14:04:52.264389 dv-cinder-799871-30-smb neutron-server[104244]: DEBUG neutron.api.rpc.handlers.resources_rpc [None req-fc2fa743-ca0c-4ece-a7b1-af1936cac3e0 admin admin] Pushing event updated for resources: {'Subnet': ['ID=3eddae7d-cf6f-425d-8c3b-aa590083a046,revision_number=0']} {{(pid=104244) push /opt/stack/neutron/neutron/api/rpc/handlers/resources_rpc.py:237}}
Jul 14 14:04:52.272262 dv-cinder-799871-30-smb neutron-server[104244]: DEBUG neutron_lib.callbacks.manager [None req-baeced6c-3fe9-4a5d-aece-2051f35a6aad admin admin] Publish callbacks ['neutron.plugins.ml2.ovo_rpc._ObjectChangeHandler.handle_event-1673796'] for security_group (39d9dd5a-d633-4159-982e-efb267c5d7c2), after_create {{(pid=104244) _notify_loop /usr/local/lib/python3.8/dist-packages/neutron_lib/callbacks/manager.py:176}}
Jul 14 14:04:52.278120 dv-cinder-799871-30-smb neutron-server[104244]: DEBUG neutron.db.db_base_plugin_common [None req-dbe3e6f2-7ebe-4d36-89c0-1d3d907a4053 admin admin] Allocated IP 172.28.3.102 (05e90d63-2dd2-4ebc-bbc1-3fca2fac003f/29210abd-78a2-4ea9-bcf7-ad489a65d2bc/f774edbf-6dd7-4e0f-ad76-6b17ded4d060) {{(pid=104244) _store_ip_allocation /opt/stack/neutron/neutron/db/db_base_plugin_common.py:131}}
Jul 14 14:04:52.283829 dv-cinder-799871-30-smb neutron-server[104244]: DEBUG neutron.scheduler.base_scheduler [None req-fb255e18-918c-4930-a8a6-5260221c15d1 admin admin] Resources bound (agent type, host, resource id): (DHCP agent, dv-cinder-799871-30-smb, cb686cd7-1d69-46f2-abc9-c60b00c27bb9) {{(pid=104244) schedule /opt/stack/neutron/neutron/scheduler/base_scheduler.py:57}}
Jul 14 14:04:52.308286 dv-cinder-799871-30-smb neutron-server[104247]: DEBUG neutron.db.l3_dvr_db [None req-76a8810d-555c-47e2-91fc-469d488a5ea2 None None] Set router 38e09718-c8e9-447a-997f-68e92299edea gateway port host: dv-cinder-799871-30-smb {{(pid=104247) _build_routers_list /opt/stack/neutron/neutron/db/l3_dvr_db.py:907}}
Jul 14 14:04:52.324916 dv-cinder-799871-30-smb neutron-server[104244]: DEBUG neutron.pecan_wsgi.hooks.policy_enforcement [None req-fb255e18-918c-4930-a8a6-5260221c15d1 admin admin] Attributes excluded by policy engine: ['standard_attr_id', 'shared', 'network'] {{(pid=104244) _exclude_attributes_by_policy /opt/stack/neutron/neutron/pecan_wsgi/hooks/policy_enforcement.py:259}}
Jul 14 14:04:52.325982 dv-cinder-799871-30-smb neutron-server[104244]: DEBUG neutron_lib.callbacks.manager [None req-fb255e18-918c-4930-a8a6-5260221c15d1 admin admin] Publish callbacks ['neutron.api.rpc.agentnotifiers.dhcp_rpc_agent_api.DhcpAgentNotifyAPI._send_dhcp_notification-1635310'] for subnet (None), before_response {{(pid=104244) _notify_loop /usr/local/lib/python3.8/dist-packages/neutron_lib/callbacks/manager.py:176}}
Jul 14 14:04:52.339362 dv-cinder-799871-30-smb neutron-server[104246]: DEBUG neutron.api.rpc.handlers.resources_rpc [None req-6315c916-dacf-44eb-bb49-d47a2e74cf31 None None] Pushing event updated for resources: {'Port': ['ID=eea66132-f730-4baa-bf13-2203c511c131,revision_number=2']} {{(pid=104246) push /opt/stack/neutron/neutron/api/rpc/handlers/resources_rpc.py:237}}
Jul 14 14:04:52.342100 dv-cinder-799871-30-smb neutron-server[104246]: DEBUG neutron.plugins.ml2.plugin [None req-9e7a84ad-2e8f-4c54-927e-8c1121928dba None None] Current status of the port fb3fafe1-a37e-4f6d-b2d9-1f08b1201285 is: ACTIVE; New status is: ACTIVE {{(pid=104246) _update_individual_port_db_status /opt/stack/neutron/neutron/plugins/ml2/plugin.py:2292}}
Jul 14 14:04:52.352792 dv-cinder-799871-30-smb neutron-server[104246]: DEBUG neutron.api.rpc.handlers.dhcp_rpc [None req-f0ffd2f6-1342-45f5-803c-2166a508b754 None None] Network cb686cd7-1d69-46f2-abc9-c60b00c27bb9 requested from dv-cinder-799871-30-smb {{(pid=104246) get_network_info /opt/stack/neutron/neutron/api/rpc/handlers/dhcp_rpc.py:191}}
Jul 14 14:04:52.395215 dv-cinder-799871-30-smb neutron-server[104244]: INFO neutron.wsgi [None req-baeced6c-3fe9-4a5d-aece-2051f35a6aad admin admin] 10.222.0.84 "GET /v2.0/security-groups?tenant_id=e9e6c252252749729a364587d480b411&name=default HTTP/1.1" status: 200 len: 2992 time: 1.2352805
Jul 14 14:04:52.396348 dv-cinder-799871-30-smb neutron-server[104244]: DEBUG neutron.api.rpc.handlers.resources_rpc [None req-baeced6c-3fe9-4a5d-aece-2051f35a6aad admin admin] Pushing event updated for resources: {'SecurityGroup': ['ID=39d9dd5a-d633-4159-982e-efb267c5d7c2,revision_number=1']} {{(pid=104244) push /opt/stack/neutron/neutron/api/rpc/handlers/resources_rpc.py:237}}
Jul 14 14:04:52.399488 dv-cinder-799871-30-smb neutron-server[104244]: DEBUG neutron.wsgi [-] (104244) accepted ('10.222.0.84', 56482) {{(pid=104244) server /usr/local/lib/python3.8/dist-packages/eventlet/wsgi.py:1004}}
Jul 14 14:04:52.431354 dv-cinder-799871-30-smb neutron-server[104244]: DEBUG neutron.plugins.ml2.drivers.mech_agent [None req-fc2fa743-ca0c-4ece-a7b1-af1936cac3e0 admin admin] Checking segment: {'id': '0855dfe8-06d7-4999-961a-6bf476b5ea85', 'network_type': 'vlan', 'physical_network': 'physnet1', 'segmentation_id': 905, 'network_id': '4099ccc3-3966-4612-9ee9-76303792b394'} for mappings: {'physnet1': 'br-data'} with network types: ['local', 'flat', 'vlan'] {{(pid=104244) check_segment_for_agent /opt/stack/neutron/neutron/plugins/ml2/drivers/mech_agent.py:373}}
Jul 14 14:04:52.431754 dv-cinder-799871-30-smb neutron-server[104244]: DEBUG neutron.scheduler.dhcp_agent_scheduler [None req-fc2fa743-ca0c-4ece-a7b1-af1936cac3e0 admin admin] Network hostable DHCP agents. Network: 4099ccc3-3966-4612-9ee9-76303792b394, hostable agents: ['24692423-ccc8-4cb7-879f-80fdc5e46e66'], hosted agents: [] {{(pid=104244) _get_network_hostable_dhcp_agents /opt/stack/neutron/neutron/scheduler/dhcp_agent_scheduler.py:329}}
Jul 14 14:04:52.459290 dv-cinder-799871-30-smb neutron-server[104244]: INFO neutron.wsgi [None req-fb255e18-918c-4930-a8a6-5260221c15d1 admin admin] 10.222.0.84 "POST /v2.0/subnets HTTP/1.1" status: 201 len: 851 time: 2.5137770
Jul 14 14:04:52.467459 dv-cinder-799871-30-smb neutron-server[104244]: DEBUG neutron.wsgi [-] (104244) accepted ('10.222.0.84', 56484) {{(pid=104244) server /usr/local/lib/python3.8/dist-packages/eventlet/wsgi.py:1004}}
Jul 14 14:04:52.476912 dv-cinder-799871-30-smb neutron-server[104244]: DEBUG neutron.api.v2.base [None req-be7dc1e6-d0f3-458e-8457-dedc719b5a9e admin admin] Request body: {'router': {'name': 'tempest-AttachVolumeNegativeTest-1699388016-router', 'tenant_id': '814c15ba9f0b443bacbbfa4021f5b1b5', 'external_gateway_info': {'network_id': '05e90d63-2dd2-4ebc-bbc1-3fca2fac003f'}}} {{(pid=104244) prepare_request_body /opt/stack/neutron/neutron/api/v2/base.py:730}}
Jul 14 14:04:52.617461 dv-cinder-799871-30-smb neutron-server[104244]: DEBUG neutron.scheduler.dhcp_agent_scheduler [None req-fc2fa743-ca0c-4ece-a7b1-af1936cac3e0 admin admin] Network 4099ccc3-3966-4612-9ee9-76303792b394 is scheduled to be hosted by DHCP agent 24692423-ccc8-4cb7-879f-80fdc5e46e66 with binding_index 1 {{(pid=104244) bind /opt/stack/neutron/neutron/scheduler/dhcp_agent_scheduler.py:227}}
Jul 14 14:04:52.654222 dv-cinder-799871-30-smb neutron-server[104244]: DEBUG neutron_lib.callbacks.manager [None req-be7dc1e6-d0f3-458e-8457-dedc719b5a9e admin admin] Publish callbacks ['neutron.services.l3_router.l3_router_plugin.L3_HA_NAT_db_mixin._before_router_create_handler-1698126', 'neutron.services.l3_router.service_providers.driver_controller.DriverController._check_router_request-752'] for router (05548b43-8b91-4d93-860d-f00dcc2e425e), before_create {{(pid=104244) _notify_loop /usr/local/lib/python3.8/dist-packages/neutron_lib/callbacks/manager.py:176}}
Jul 14 14:04:52.654654 dv-cinder-799871-30-smb neutron-server[104246]: DEBUG neutron.db.db_base_plugin_common [None req-724bf940-4ce6-4609-b1d7-b33b715354c8 None None] Allocated IP 172.20.0.2 (ff1e74ad-3582-444d-b055-6f3baf2f2239/167959f2-a93c-4c81-813f-8b9fcba1307b/c8d7eb27-37c5-4aac-9ba9-63a129d3fd18) {{(pid=104246) _store_ip_allocation /opt/stack/neutron/neutron/db/db_base_plugin_common.py:131}}
Jul 14 14:04:52.655468 dv-cinder-799871-30-smb neutron-server[104244]: DEBUG neutron_lib.callbacks.manager [None req-be7dc1e6-d0f3-458e-8457-dedc719b5a9e admin admin] Publish callbacks ['neutron.services.l3_router.l3_router_plugin.L3_HA_NAT_db_mixin._precommit_router_create-1698266', 'neutron.services.l3_router.l3_router_plugin.DVRResourceOperationHandler._set_distributed_flag-1700543', 'neutron.services.l3_router.l3_router_plugin.RouterAvailabilityZoneMixin._process_az_request-1820804', 'neutron.services.l3_router.service_providers.driver_controller.DriverController._set_router_provider-763'] for router (05548b43-8b91-4d93-860d-f00dcc2e425e), precommit_create {{(pid=104244) _notify_loop /usr/local/lib/python3.8/dist-packages/neutron_lib/callbacks/manager.py:176}}
Jul 14 14:04:52.685029 dv-cinder-799871-30-smb neutron-server[104247]: DEBUG neutron.db.l3_hamode_db [None req-76a8810d-555c-47e2-91fc-469d488a5ea2 None None] neutron.services.l3_router.l3_router_plugin.L3RouterPlugin method _process_sync_ha_data called with arguments (, [{'id': '38e09718-c8e9-447a-997f-68e92299edea', 'name': 'tempest-ServerRescueNegativeTestJSON-1650439073-router', 'tenant_id': '935fcdb97b6b41e2a530ad1e31b77873', 'admin_state_up': True, 'status': 'ACTIVE', 'external_gateway_info': {'network_id': '05e90d63-2dd2-4ebc-bbc1-3fca2fac003f', 'external_fixed_ips': [{'subnet_id': '29210abd-78a2-4ea9-bcf7-ad489a65d2bc', 'ip_address': '172.28.3.146'}], 'enable_snat': True}, 'gw_port_id': 'fa5f8916-eec8-4801-b983-f0a4928eaed6', 'description': '', 'availability_zones': ['nova'], 'distributed': False, 'ha': False, 'ha_vr_id': 0, 'availability_zone_hints': [], 'routes': [], 'flavor_id': None, 'tags': [], 'created_at': '2022-07-14T14:04:47Z', 'updated_at': '2022-07-14T14:04:49Z', 'revision_number': 3, 'project_id': '935fcdb97b6b41e2a530ad1e31b77873', 'gw_port': {'id': 'fa5f8916-eec8-4801-b983-f0a4928eaed6', 'name': '', 'network_id': '05e90d63-2dd2-4ebc-bbc1-3fca2fac003f', 'tenant_id': '', 'mac_address': 'fa:16:3e:e0:fa:00', 'admin_state_up': True, 'status': 'DOWN', 'device_id': '38e09718-c8e9-447a-997f-68e92299edea', 'device_owner': 'network:router_gateway', 'standard_attr_id': 55, 'fixed_ips': [{'subnet_id': '29210abd-78a2-4ea9-bcf7-ad489a65d2bc', 'ip_address': '172.28.3.146', 'prefixlen': 24}], 'allowed_address_pairs': [], 'extra_dhcp_opts': [], 'security_groups': [], 'description': '', 'binding:vnic_type': 'normal', 'binding:profile': {}, 'binding:host_id': '', 'binding:vif_type': 'unbound', 'binding:vif_details': {}, 'port_security_enabled': False, 'tags': [], 'created_at': '2022-07-14T14:04:48Z', 'updated_at': '2022-07-14T14:04:49Z', 'revision_number': 1, 'project_id': '', 'subnets': [{'id': '29210abd-78a2-4ea9-bcf7-ad489a65d2bc', 'cidr': '172.28.3.0/24', 'gateway_ip': '172.28.3.1', 'dns_nameservers': [], 'ipv6_ra_mode': None, 'subnetpool_id': None}], 'extra_subnets': [], 'address_scopes': {4: None, 6: None}, 'mtu': 1500}, 'enable_snat': True, 'gw_port_host': 'dv-cinder-799871-30-smb'}], 'dv-cinder-799871-30-smb', False) {} {{(pid=104247) wrapper /usr/local/lib/python3.8/dist-packages/oslo_log/helpers.py:65}}
Jul 14 14:04:52.729787 dv-cinder-799871-30-smb neutron-server[104244]: DEBUG neutron.scheduler.base_scheduler [None req-fc2fa743-ca0c-4ece-a7b1-af1936cac3e0 admin admin] Resources bound (agent type, host, resource id): (DHCP agent, dv-cinder-799871-30-smb, 4099ccc3-3966-4612-9ee9-76303792b394) {{(pid=104244) schedule /opt/stack/neutron/neutron/scheduler/base_scheduler.py:57}}
Jul 14 14:04:52.761267 dv-cinder-799871-30-smb neutron-server[104246]: DEBUG neutron.api.rpc.handlers.dhcp_rpc [None req-3315999e-36e3-4c3b-b1da-f5bdc053b65a None None] Network 4099ccc3-3966-4612-9ee9-76303792b394 requested from dv-cinder-799871-30-smb {{(pid=104246) get_network_info /opt/stack/neutron/neutron/api/rpc/handlers/dhcp_rpc.py:191}}
Jul 14 14:04:52.766334 dv-cinder-799871-30-smb neutron-server[104244]: DEBUG neutron.pecan_wsgi.hooks.policy_enforcement [None req-fc2fa743-ca0c-4ece-a7b1-af1936cac3e0 admin admin] Attributes excluded by policy engine: ['standard_attr_id', 'shared', 'network'] {{(pid=104244) _exclude_attributes_by_policy /opt/stack/neutron/neutron/pecan_wsgi/hooks/policy_enforcement.py:259}}
Jul 14 14:04:52.766869 dv-cinder-799871-30-smb neutron-server[104244]: DEBUG neutron_lib.callbacks.manager [None req-fc2fa743-ca0c-4ece-a7b1-af1936cac3e0 admin admin] Publish callbacks ['neutron.api.rpc.agentnotifiers.dhcp_rpc_agent_api.DhcpAgentNotifyAPI._send_dhcp_notification-1635310'] for subnet (None), before_response {{(pid=104244) _notify_loop /usr/local/lib/python3.8/dist-packages/neutron_lib/callbacks/manager.py:176}}
Jul 14 14:04:52.786189 dv-cinder-799871-30-smb neutron-server[104247]: DEBUG neutron.api.rpc.handlers.l3_rpc [None req-76a8810d-555c-47e2-91fc-469d488a5ea2 None None] Checking router: 38e09718-c8e9-447a-997f-68e92299edea for host: dv-cinder-799871-30-smb {{(pid=104247) _ensure_host_set_on_ports /opt/stack/neutron/neutron/api/rpc/handlers/l3_rpc.py:155}}
Jul 14 14:04:52.786643 dv-cinder-799871-30-smb neutron-server[104244]: DEBUG neutron_lib.callbacks.manager [None req-ae14351b-a736-45fa-8021-65b709fc10e9 admin admin] Publish callbacks [] for security_group (39d9dd5a-d633-4159-982e-efb267c5d7c2), before_delete {{(pid=104244) _notify_loop /usr/local/lib/python3.8/dist-packages/neutron_lib/callbacks/manager.py:176}}
Jul 14 14:04:52.786859 dv-cinder-799871-30-smb neutron-server[104247]: DEBUG neutron.api.rpc.handlers.l3_rpc [None req-76a8810d-555c-47e2-91fc-469d488a5ea2 None None] Updating router 38e09718-c8e9-447a-997f-68e92299edea port fa5f8916-eec8-4801-b983-f0a4928eaed6 binding host dv-cinder-799871-30-smb {{(pid=104247) _ensure_host_set_on_port /opt/stack/neutron/neutron/api/rpc/handlers/l3_rpc.py:205}}
Jul 14 14:04:52.796164 dv-cinder-799871-30-smb neutron-server[104244]: DEBUG neutron_lib.callbacks.manager [None req-dbe3e6f2-7ebe-4d36-89c0-1d3d907a4053 admin admin] Publish callbacks [] for port (f774edbf-6dd7-4e0f-ad76-6b17ded4d060), precommit_create {{(pid=104244) _notify_loop /usr/local/lib/python3.8/dist-packages/neutron_lib/callbacks/manager.py:176}}
Jul 14 14:04:52.823569 dv-cinder-799871-30-smb neutron-server[104244]: DEBUG dbcounter [-] [104244] Writing DB stats neutron:SELECT=80,neutron:INSERT=13,neutron:UPDATE=6,neutron:DELETE=1 {{(pid=104244) stat_writer /usr/local/lib/python3.8/dist-packages/dbcounter.py:114}}
Jul 14 14:04:52.830135 dv-cinder-799871-30-smb neutron-server[104247]: DEBUG neutron_lib.callbacks.manager [None req-76a8810d-555c-47e2-91fc-469d488a5ea2 None None] Publish callbacks ['neutron.plugins.ml2.plugin.SecurityGroupDbMixin._ensure_default_security_group_handler-661375'] for port (fa5f8916-eec8-4801-b983-f0a4928eaed6), before_update {{(pid=104247) _notify_loop /usr/local/lib/python3.8/dist-packages/neutron_lib/callbacks/manager.py:176}}
Jul 14 14:04:52.845685 dv-cinder-799871-30-smb neutron-server[104246]: DEBUG neutron.plugins.ml2.plugin [None req-bde436a9-e57a-4d08-92de-6f590cd34c1a None None] Current status of the port fb3fafe1-a37e-4f6d-b2d9-1f08b1201285 is: ACTIVE; New status is: ACTIVE {{(pid=104246) _update_individual_port_db_status /opt/stack/neutron/neutron/plugins/ml2/plugin.py:2292}}
Jul 14 14:04:52.888417 dv-cinder-799871-30-smb neutron-server[104246]: DEBUG neutron.api.rpc.handlers.dhcp_rpc [None req-396e7b63-18bf-4a10-ba53-c1a757d14b65 None None] Create dhcp port {'port': {'name': '', 'admin_state_up': True, 'device_id': 'dhcpdb26426d-9543-5b3a-8ad2-0d53fd5e38fc-cb686cd7-1d69-46f2-abc9-c60b00c27bb9', 'network_id': 'cb686cd7-1d69-46f2-abc9-c60b00c27bb9', 'project_id': '814c15ba9f0b443bacbbfa4021f5b1b5', 'fixed_ips': [{'subnet_id': '3be22587-4224-4602-a6c7-8374871a6ff7'}]}} from dv-cinder-799871-30-smb. {{(pid=104246) create_dhcp_port /opt/stack/neutron/neutron/api/rpc/handlers/dhcp_rpc.py:268}}
Jul 14 14:04:52.889282 dv-cinder-799871-30-smb neutron-server[104246]: DEBUG neutron_lib.callbacks.manager [None req-396e7b63-18bf-4a10-ba53-c1a757d14b65 None None] Publish callbacks ['neutron.plugins.ml2.plugin.SecurityGroupDbMixin._ensure_default_security_group_handler-661375'] for port (None), before_create {{(pid=104246) _notify_loop /usr/local/lib/python3.8/dist-packages/neutron_lib/callbacks/manager.py:176}}
Jul 14 14:04:52.925595 dv-cinder-799871-30-smb neutron-server[104244]: DEBUG neutron_lib.callbacks.manager [None req-be7dc1e6-d0f3-458e-8457-dedc719b5a9e admin admin] Publish callbacks [] for router_controller (05548b43-8b91-4d93-860d-f00dcc2e425e), precommit_add_association {{(pid=104244) _notify_loop /usr/local/lib/python3.8/dist-packages/neutron_lib/callbacks/manager.py:176}}
Jul 14 14:04:52.942889 dv-cinder-799871-30-smb neutron-server[104245]: DEBUG dbcounter [-] [104245] Writing DB stats neutron:SELECT=89,neutron:INSERT=9,neutron:DELETE=2 {{(pid=104245) stat_writer /usr/local/lib/python3.8/dist-packages/dbcounter.py:114}}
Jul 14 14:04:52.943781 dv-cinder-799871-30-smb neutron-server[104244]: INFO neutron.wsgi [None req-fc2fa743-ca0c-4ece-a7b1-af1936cac3e0 admin admin] 10.222.0.84 "POST /v2.0/subnets HTTP/1.1" status: 201 len: 847 time: 2.3454623
Jul 14 14:04:52.947561 dv-cinder-799871-30-smb neutron-server[104244]: DEBUG neutron.wsgi [-] (104244) accepted ('10.222.0.84', 56490) {{(pid=104244) server /usr/local/lib/python3.8/dist-packages/eventlet/wsgi.py:1004}}
Jul 14 14:04:52.955455 dv-cinder-799871-30-smb neutron-server[104244]: DEBUG neutron_lib.callbacks.manager [None req-ae14351b-a736-45fa-8021-65b709fc10e9 admin admin] Publish callbacks [] for security_group (39d9dd5a-d633-4159-982e-efb267c5d7c2), precommit_delete {{(pid=104244) _notify_loop /usr/local/lib/python3.8/dist-packages/neutron_lib/callbacks/manager.py:176}}
Jul 14 14:04:52.983311 dv-cinder-799871-30-smb neutron-server[104244]: DEBUG neutron.api.v2.base [None req-955f6adf-086e-4f89-863d-2c75256b8ae8 admin admin] Request body: {'router': {'name': 'tempest-DeleteServersTestJSON-151882271-router', 'tenant_id': 'ff3a6de87da844e68022471725ba5dc7', 'external_gateway_info': {'network_id': '05e90d63-2dd2-4ebc-bbc1-3fca2fac003f'}}} {{(pid=104244) prepare_request_body /opt/stack/neutron/neutron/api/v2/base.py:730}}
Jul 14 14:04:53.013334 dv-cinder-799871-30-smb neutron-server[104244]: DEBUG dbcounter [-] [104244] Writing DB stats neutron:SELECT=92,neutron:INSERT=5,neutron:DELETE=3 {{(pid=104244) stat_writer /usr/local/lib/python3.8/dist-packages/dbcounter.py:114}}
Jul 14 14:04:53.028654 dv-cinder-799871-30-smb neutron-server[104246]: DEBUG neutron_lib.callbacks.manager [None req-2b94e8ac-5ba8-4cf1-87ee-3cd6ac3d7e13 None None] Publish callbacks ['neutron.services.segments.db._update_segment_host_mapping_for_agent-8750476967729', 'neutron.plugins.ml2.plugin.Ml2Plugin._retry_binding_revived_agents-735940'] for agent (4bee94b2-e853-4401-9b73-73be761e9e20), after_update {{(pid=104246) _notify_loop /usr/local/lib/python3.8/dist-packages/neutron_lib/callbacks/manager.py:176}}
Jul 14 14:04:53.035417 dv-cinder-799871-30-smb neutron-server[104245]: DEBUG neutron_lib.callbacks.manager [None req-87302c23-981f-471f-902e-a3632ee83e46 admin admin] Publish callbacks [] for router_gateway (3089938c-98ab-4bca-b28e-51d9bcff99e2), before_create {{(pid=104245) _notify_loop /usr/local/lib/python3.8/dist-packages/neutron_lib/callbacks/manager.py:176}}
Jul 14 14:04:53.037524 dv-cinder-799871-30-smb neutron-server[104245]: DEBUG neutron_lib.callbacks.manager [None req-32259ccc-fc01-4f70-974f-078bfb8b96b3 admin admin] Publish callbacks [] for security_group (dfd430d7-1aa3-4efd-9f33-7688a33610b4), before_delete {{(pid=104245) _notify_loop /usr/local/lib/python3.8/dist-packages/neutron_lib/callbacks/manager.py:176}}
Jul 14 14:04:53.063292 dv-cinder-799871-30-smb neutron-server[104245]: DEBUG neutron_lib.callbacks.manager [None req-32259ccc-fc01-4f70-974f-078bfb8b96b3 admin admin] Publish callbacks [] for security_group (dfd430d7-1aa3-4efd-9f33-7688a33610b4), precommit_delete {{(pid=104245) _notify_loop /usr/local/lib/python3.8/dist-packages/neutron_lib/callbacks/manager.py:176}}
Jul 14 14:04:53.121087 dv-cinder-799871-30-smb neutron-server[104244]: DEBUG neutron_lib.callbacks.manager [None req-955f6adf-086e-4f89-863d-2c75256b8ae8 admin admin] Publish callbacks ['neutron.services.l3_router.l3_router_plugin.L3_HA_NAT_db_mixin._before_router_create_handler-1698126', 'neutron.services.l3_router.service_providers.driver_controller.DriverController._check_router_request-752'] for router (fb5dca3e-6455-4ab5-a7e3-b63eae249f8e), before_create {{(pid=104244) _notify_loop /usr/local/lib/python3.8/dist-packages/neutron_lib/callbacks/manager.py:176}}
Jul 14 14:04:53.122140 dv-cinder-799871-30-smb neutron-server[104244]: DEBUG neutron_lib.callbacks.manager [None req-955f6adf-086e-4f89-863d-2c75256b8ae8 admin admin] Publish callbacks ['neutron.services.l3_router.l3_router_plugin.L3_HA_NAT_db_mixin._precommit_router_create-1698266', 'neutron.services.l3_router.l3_router_plugin.DVRResourceOperationHandler._set_distributed_flag-1700543', 'neutron.services.l3_router.l3_router_plugin.RouterAvailabilityZoneMixin._process_az_request-1820804', 'neutron.services.l3_router.service_providers.driver_controller.DriverController._set_router_provider-763'] for router (fb5dca3e-6455-4ab5-a7e3-b63eae249f8e), precommit_create {{(pid=104244) _notify_loop /usr/local/lib/python3.8/dist-packages/neutron_lib/callbacks/manager.py:176}}
Jul 14 14:04:53.130578 dv-cinder-799871-30-smb neutron-server[104245]: DEBUG neutron_lib.callbacks.manager [None req-87302c23-981f-471f-902e-a3632ee83e46 admin admin] Publish callbacks ['neutron.plugins.ml2.plugin.SecurityGroupDbMixin._ensure_default_security_group_handler-661375'] for port (None), before_create {{(pid=104245) _notify_loop /usr/local/lib/python3.8/dist-packages/neutron_lib/callbacks/manager.py:176}}
Jul 14 14:04:53.134953 dv-cinder-799871-30-smb neutron-server[104245]: DEBUG dbcounter [-] [104245] Writing DB stats neutron:SELECT=96,neutron:DELETE=4 {{(pid=104245) stat_writer /usr/local/lib/python3.8/dist-packages/dbcounter.py:114}}
Jul 14 14:04:53.195475 dv-cinder-799871-30-smb neutron-server[104245]: DEBUG neutron_lib.callbacks.manager [None req-32259ccc-fc01-4f70-974f-078bfb8b96b3 admin admin] Publish callbacks ['neutron.plugins.ml2.ovo_rpc._ObjectChangeHandler.handle_event-1673796'] for security_group (dfd430d7-1aa3-4efd-9f33-7688a33610b4), after_delete {{(pid=104245) _notify_loop /usr/local/lib/python3.8/dist-packages/neutron_lib/callbacks/manager.py:176}}
Jul 14 14:04:53.197972 dv-cinder-799871-30-smb neutron-server[104245]: DEBUG neutron_lib.callbacks.manager [None req-32259ccc-fc01-4f70-974f-078bfb8b96b3 admin admin] Publish callbacks [] for security_group (None), before_response {{(pid=104245) _notify_loop /usr/local/lib/python3.8/dist-packages/neutron_lib/callbacks/manager.py:176}}
Jul 14 14:04:53.199439 dv-cinder-799871-30-smb neutron-server[104245]: INFO neutron.wsgi [None req-32259ccc-fc01-4f70-974f-078bfb8b96b3 admin admin] 10.222.0.84 "DELETE /v2.0/security-groups/dfd430d7-1aa3-4efd-9f33-7688a33610b4 HTTP/1.1" status: 204 len: 168 time: 1.0681138
Jul 14 14:04:53.231713 dv-cinder-799871-30-smb neutron-server[104245]: DEBUG neutron.api.rpc.handlers.resources_rpc [None req-32259ccc-fc01-4f70-974f-078bfb8b96b3 admin admin] Pushing event deleted for resources: {'SecurityGroup': ['ID=dfd430d7-1aa3-4efd-9f33-7688a33610b4,revision_number=None']} {{(pid=104245) push /opt/stack/neutron/neutron/api/rpc/handlers/resources_rpc.py:237}}
Jul 14 14:04:53.280658 dv-cinder-799871-30-smb neutron-server[104244]: DEBUG neutron_lib.callbacks.manager [None req-dbe3e6f2-7ebe-4d36-89c0-1d3d907a4053 admin admin] Publish callbacks ['neutron.plugins.ml2.plugin.SecurityGroupServerNotifierRpcMixin._notify_sg_on_port_change-659900', 'neutron.plugins.ml2.ovo_rpc._ObjectChangeHandler.handle_event-215087', 'neutron.api.rpc.agentnotifiers.dhcp_rpc_agent_api.DhcpAgentNotifyAPI._native_event_send_dhcp_notification-1635324', 'neutron.db.l3_dvrscheduler_db._notify_l3_agent_new_port-8750476529668'] for port (f774edbf-6dd7-4e0f-ad76-6b17ded4d060), after_create {{(pid=104244) _notify_loop /usr/local/lib/python3.8/dist-packages/neutron_lib/callbacks/manager.py:176}}
Jul 14 14:04:53.370021 dv-cinder-799871-30-smb neutron-server[104244]: DEBUG neutron_lib.callbacks.manager [None req-be7dc1e6-d0f3-458e-8457-dedc719b5a9e admin admin] Publish callbacks [] for router_gateway (05548b43-8b91-4d93-860d-f00dcc2e425e), precommit_update {{(pid=104244) _notify_loop /usr/local/lib/python3.8/dist-packages/neutron_lib/callbacks/manager.py:176}}
Jul 14 14:04:53.407041 dv-cinder-799871-30-smb neutron-server[104247]: DEBUG neutron_lib.callbacks.manager [None req-76a8810d-555c-47e2-91fc-469d488a5ea2 None None] Publish callbacks [] for port (fa5f8916-eec8-4801-b983-f0a4928eaed6), precommit_update {{(pid=104247) _notify_loop /usr/local/lib/python3.8/dist-packages/neutron_lib/callbacks/manager.py:176}}
Jul 14 14:04:53.428740 dv-cinder-799871-30-smb neutron-server[104247]: DEBUG neutron_lib.callbacks.manager [None req-76a8810d-555c-47e2-91fc-469d488a5ea2 None None] Publish callbacks ['neutron.plugins.ml2.plugin.SecurityGroupServerNotifierRpcMixin._notify_sg_on_port_change-659900', 'neutron.plugins.ml2.ovo_rpc._ObjectChangeHandler.handle_event-215087', 'neutron.api.rpc.agentnotifiers.dhcp_rpc_agent_api.DhcpAgentNotifyAPI._native_event_send_dhcp_notification-1635324', 'neutron.db.l3_db.L3RpcNotifierMixin._notify_gateway_port_ip_changed-8750477012749', 'neutron.db.l3_dvrscheduler_db._notify_l3_agent_port_update-8750476529686', 'neutron.db.l3_hascheduler_db._notify_l3_agent_ha_port_update-8750476529704'] for port (fa5f8916-eec8-4801-b983-f0a4928eaed6), after_update {{(pid=104247) _notify_loop /usr/local/lib/python3.8/dist-packages/neutron_lib/callbacks/manager.py:176}}
Jul 14 14:04:53.457702 dv-cinder-799871-30-smb neutron-server[104244]: DEBUG neutron_lib.callbacks.manager [None req-ae14351b-a736-45fa-8021-65b709fc10e9 admin admin] Publish callbacks ['neutron.plugins.ml2.ovo_rpc._ObjectChangeHandler.handle_event-1673796'] for security_group (39d9dd5a-d633-4159-982e-efb267c5d7c2), after_delete {{(pid=104244) _notify_loop /usr/local/lib/python3.8/dist-packages/neutron_lib/callbacks/manager.py:176}}
Jul 14 14:04:53.461325 dv-cinder-799871-30-smb neutron-server[104244]: DEBUG neutron_lib.callbacks.manager [None req-ae14351b-a736-45fa-8021-65b709fc10e9 admin admin] Publish callbacks [] for security_group (None), before_response {{(pid=104244) _notify_loop /usr/local/lib/python3.8/dist-packages/neutron_lib/callbacks/manager.py:176}}
Jul 14 14:04:53.463057 dv-cinder-799871-30-smb neutron-server[104244]: INFO neutron.wsgi [None req-ae14351b-a736-45fa-8021-65b709fc10e9 admin admin] 10.222.0.84 "DELETE /v2.0/security-groups/39d9dd5a-d633-4159-982e-efb267c5d7c2 HTTP/1.1" status: 204 len: 168 time: 1.0595846
Jul 14 14:04:53.492138 dv-cinder-799871-30-smb neutron-server[104247]: DEBUG neutron.api.rpc.handlers.resources_rpc [None req-ce07c806-9fad-4fc7-9973-16ff7aa162f3 None None] Pushing event updated for resources: {'Port': ['ID=fa5f8916-eec8-4801-b983-f0a4928eaed6,revision_number=2']} {{(pid=104247) push /opt/stack/neutron/neutron/api/rpc/handlers/resources_rpc.py:237}}
Jul 14 14:04:53.520379 dv-cinder-799871-30-smb neutron-server[104247]: DEBUG neutron.api.rpc.callbacks.version_manager [None req-ce07c806-9fad-4fc7-9973-16ff7aa162f3 None None] Version for resource type AddressGroup changed None to 1.2 on consumer Open vSwitch agent@dv-cinder-799871-30-smb {{(pid=104247) _set_version /opt/stack/neutron/neutron/api/rpc/callbacks/version_manager.py:113}}
Jul 14 14:04:53.520949 dv-cinder-799871-30-smb neutron-server[104247]: DEBUG neutron.api.rpc.callbacks.version_manager [None req-ce07c806-9fad-4fc7-9973-16ff7aa162f3 None None] Version for resource type Agent changed None to 1.1 on consumer Open vSwitch agent@dv-cinder-799871-30-smb {{(pid=104247) _set_version /opt/stack/neutron/neutron/api/rpc/callbacks/version_manager.py:113}}
Jul 14 14:04:53.521436 dv-cinder-799871-30-smb neutron-server[104247]: DEBUG neutron.api.rpc.callbacks.version_manager [None req-ce07c806-9fad-4fc7-9973-16ff7aa162f3 None None] Version for resource type ConntrackHelper changed None to 1.0 on consumer Open vSwitch agent@dv-cinder-799871-30-smb {{(pid=104247) _set_version /opt/stack/neutron/neutron/api/rpc/callbacks/version_manager.py:113}}
Jul 14 14:04:53.521914 dv-cinder-799871-30-smb neutron-server[104247]: DEBUG neutron.api.rpc.callbacks.version_manager [None req-ce07c806-9fad-4fc7-9973-16ff7aa162f3 None None] Version for resource type LocalIPAssociation changed None to 1.0 on consumer Open vSwitch agent@dv-cinder-799871-30-smb {{(pid=104247) _set_version /opt/stack/neutron/neutron/api/rpc/callbacks/version_manager.py:113}}
Jul 14 14:04:53.522380 dv-cinder-799871-30-smb neutron-server[104247]: DEBUG neutron.api.rpc.callbacks.version_manager [None req-ce07c806-9fad-4fc7-9973-16ff7aa162f3 None None] Version for resource type Log changed None to 1.0 on consumer Open vSwitch agent@dv-cinder-799871-30-smb {{(pid=104247) _set_version /opt/stack/neutron/neutron/api/rpc/callbacks/version_manager.py:113}}
Jul 14 14:04:53.522855 dv-cinder-799871-30-smb neutron-server[104247]: DEBUG neutron.api.rpc.callbacks.version_manager [None req-ce07c806-9fad-4fc7-9973-16ff7aa162f3 None None] Version for resource type NDPProxy changed None to 1.0 on consumer Open vSwitch agent@dv-cinder-799871-30-smb {{(pid=104247) _set_version /opt/stack/neutron/neutron/api/rpc/callbacks/version_manager.py:113}}
Jul 14 14:04:53.523315 dv-cinder-799871-30-smb neutron-server[104247]: DEBUG neutron.api.rpc.callbacks.version_manager [None req-ce07c806-9fad-4fc7-9973-16ff7aa162f3 None None] Version for resource type Network changed None to 1.1 on consumer Open vSwitch agent@dv-cinder-799871-30-smb {{(pid=104247) _set_version /opt/stack/neutron/neutron/api/rpc/callbacks/version_manager.py:113}}
Jul 14 14:04:53.523776 dv-cinder-799871-30-smb neutron-server[104247]: DEBUG neutron.api.rpc.callbacks.version_manager [None req-ce07c806-9fad-4fc7-9973-16ff7aa162f3 None None] Version for resource type Port changed None to 1.7 on consumer Open vSwitch agent@dv-cinder-799871-30-smb {{(pid=104247) _set_version /opt/stack/neutron/neutron/api/rpc/callbacks/version_manager.py:113}}
Jul 14 14:04:53.524263 dv-cinder-799871-30-smb neutron-server[104247]: DEBUG neutron.api.rpc.callbacks.version_manager [None req-ce07c806-9fad-4fc7-9973-16ff7aa162f3 None None] Version for resource type PortForwarding changed None to 1.3 on consumer Open vSwitch agent@dv-cinder-799871-30-smb {{(pid=104247) _set_version /opt/stack/neutron/neutron/api/rpc/callbacks/version_manager.py:113}}
Jul 14 14:04:53.524728 dv-cinder-799871-30-smb neutron-server[104247]: DEBUG neutron.api.rpc.callbacks.version_manager [None req-ce07c806-9fad-4fc7-9973-16ff7aa162f3 None None] Version for resource type QosPolicy changed None to 1.10 on consumer Open vSwitch agent@dv-cinder-799871-30-smb {{(pid=104247) _set_version /opt/stack/neutron/neutron/api/rpc/callbacks/version_manager.py:113}}
Jul 14 14:04:53.525197 dv-cinder-799871-30-smb neutron-server[104247]: DEBUG neutron.api.rpc.callbacks.version_manager [None req-ce07c806-9fad-4fc7-9973-16ff7aa162f3 None None] Version for resource type SecurityGroup changed None to 1.5 on consumer Open vSwitch agent@dv-cinder-799871-30-smb {{(pid=104247) _set_version /opt/stack/neutron/neutron/api/rpc/callbacks/version_manager.py:113}}
Jul 14 14:04:53.525803 dv-cinder-799871-30-smb neutron-server[104247]: DEBUG neutron.api.rpc.callbacks.version_manager [None req-ce07c806-9fad-4fc7-9973-16ff7aa162f3 None None] Version for resource type SecurityGroupRule changed None to 1.2 on consumer Open vSwitch agent@dv-cinder-799871-30-smb {{(pid=104247) _set_version /opt/stack/neutron/neutron/api/rpc/callbacks/version_manager.py:113}}
Jul 14 14:04:53.526321 dv-cinder-799871-30-smb neutron-server[104247]: DEBUG neutron.api.rpc.callbacks.version_manager [None req-ce07c806-9fad-4fc7-9973-16ff7aa162f3 None None] Version for resource type SubPort changed None to 1.0 on consumer Open vSwitch agent@dv-cinder-799871-30-smb {{(pid=104247) _set_version /opt/stack/neutron/neutron/api/rpc/callbacks/version_manager.py:113}}
Jul 14 14:04:53.526910 dv-cinder-799871-30-smb neutron-server[104247]: DEBUG neutron.api.rpc.callbacks.version_manager [None req-ce07c806-9fad-4fc7-9973-16ff7aa162f3 None None] Version for resource type Subnet changed None to 1.1 on consumer Open vSwitch agent@dv-cinder-799871-30-smb {{(pid=104247) _set_version /opt/stack/neutron/neutron/api/rpc/callbacks/version_manager.py:113}}
Jul 14 14:04:53.527374 dv-cinder-799871-30-smb neutron-server[104247]: DEBUG neutron.api.rpc.callbacks.version_manager [None req-ce07c806-9fad-4fc7-9973-16ff7aa162f3 None None] Version for resource type Trunk changed None to 1.1 on consumer Open vSwitch agent@dv-cinder-799871-30-smb {{(pid=104247) _set_version /opt/stack/neutron/neutron/api/rpc/callbacks/version_manager.py:113}}
Jul 14 14:04:53.528680 dv-cinder-799871-30-smb neutron-server[104247]: DEBUG neutron.api.rpc.callbacks.version_manager [None req-ce07c806-9fad-4fc7-9973-16ff7aa162f3 None None] Tracked resource versions report:
Jul 14 14:04:53.528680 dv-cinder-799871-30-smb neutron-server[104247]: pushed versions:
Jul 14 14:04:53.528680 dv-cinder-799871-30-smb neutron-server[104247]: { 'AddressGroup': {'1.2'},
Jul 14 14:04:53.528680 dv-cinder-799871-30-smb neutron-server[104247]: 'Agent': {'1.1'},
Jul 14 14:04:53.528680 dv-cinder-799871-30-smb neutron-server[104247]: 'ConntrackHelper': {'1.0'},
Jul 14 14:04:53.528680 dv-cinder-799871-30-smb neutron-server[104247]: 'LocalIPAssociation': {'1.0'},
Jul 14 14:04:53.528680 dv-cinder-799871-30-smb neutron-server[104247]: 'Log': {'1.0'},
Jul 14 14:04:53.528680 dv-cinder-799871-30-smb neutron-server[104247]: 'NDPProxy': {'1.0'},
Jul 14 14:04:53.528680 dv-cinder-799871-30-smb neutron-server[104247]: 'Network': {'1.1'},
Jul 14 14:04:53.528680 dv-cinder-799871-30-smb neutron-server[104247]: 'Port': {'1.7'},
Jul 14 14:04:53.528680 dv-cinder-799871-30-smb neutron-server[104247]: 'PortForwarding': {'1.3'},
Jul 14 14:04:53.528680 dv-cinder-799871-30-smb neutron-server[104247]: 'QosPolicy': {'1.10'},
Jul 14 14:04:53.528680 dv-cinder-799871-30-smb neutron-server[104247]: 'SecurityGroup': {'1.5'},
Jul 14 14:04:53.528680 dv-cinder-799871-30-smb neutron-server[104247]: 'SecurityGroupRule': {'1.2'},
Jul 14 14:04:53.528680 dv-cinder-799871-30-smb neutron-server[104247]: 'SubPort': {'1.0'},
Jul 14 14:04:53.528680 dv-cinder-799871-30-smb neutron-server[104247]: 'Subnet': {'1.1'},
Jul 14 14:04:53.528680 dv-cinder-799871-30-smb neutron-server[104247]: 'Trunk': {'1.1'}}
Jul 14 14:04:53.528680 dv-cinder-799871-30-smb neutron-server[104247]: consumer versions:
Jul 14 14:04:53.528680 dv-cinder-799871-30-smb neutron-server[104247]: { DHCP agent@dv-cinder-799871-30-smb: {},
Jul 14 14:04:53.528680 dv-cinder-799871-30-smb neutron-server[104247]: HyperV agent@hv-cinder-79987: {},
Jul 14 14:04:53.528680 dv-cinder-799871-30-smb neutron-server[104247]: L3 agent@dv-cinder-799871-30-smb: {},
Jul 14 14:04:53.528680 dv-cinder-799871-30-smb neutron-server[104247]: Metadata agent@dv-cinder-799871-30-smb: {},
Jul 14 14:04:53.528680 dv-cinder-799871-30-smb neutron-server[104247]: Metering agent@dv-cinder-799871-30-smb: {},
Jul 14 14:04:53.528680 dv-cinder-799871-30-smb neutron-server[104247]: Open vSwitch agent@dv-cinder-799871-30-smb: { 'AddressGroup': '1.2',
Jul 14 14:04:53.528680 dv-cinder-799871-30-smb neutron-server[104247]: 'Agent': '1.1',
Jul 14 14:04:53.528680 dv-cinder-799871-30-smb neutron-server[104247]: 'ConntrackHelper': '1.0',
Jul 14 14:04:53.528680 dv-cinder-799871-30-smb neutron-server[104247]: 'LocalIPAssociation': '1.0',
Jul 14 14:04:53.528680 dv-cinder-799871-30-smb neutron-server[104247]: 'Log': '1.0',
Jul 14 14:04:53.528680 dv-cinder-799871-30-smb neutron-server[104247]: 'NDPProxy': '1.0',
Jul 14 14:04:53.528680 dv-cinder-799871-30-smb neutron-server[104247]: 'Network': '1.1',
Jul 14 14:04:53.528680 dv-cinder-799871-30-smb neutron-server[104247]: 'Port': '1.7',
Jul 14 14:04:53.528680 dv-cinder-799871-30-smb neutron-server[104247]: 'PortForwarding': '1.3',
Jul 14 14:04:53.528680 dv-cinder-799871-30-smb neutron-server[104247]: 'QosPolicy': '1.10',
Jul 14 14:04:53.528680 dv-cinder-799871-30-smb neutron-server[104247]: 'SecurityGroup': '1.5',
Jul 14 14:04:53.528680 dv-cinder-799871-30-smb neutron-server[104247]: 'SecurityGroupRule': '1.2',
Jul 14 14:04:53.528680 dv-cinder-799871-30-smb neutron-server[104247]: 'SubPort': '1.0',
Jul 14 14:04:53.528680 dv-cinder-799871-30-smb neutron-server[104247]: 'Subnet': '1.1',
Jul 14 14:04:53.528680 dv-cinder-799871-30-smb neutron-server[104247]: 'Trunk': '1.1'}}
Jul 14 14:04:53.528680 dv-cinder-799871-30-smb neutron-server[104247]: {{(pid=104247) report /opt/stack/neutron/neutron/api/rpc/callbacks/version_manager.py:175}}
Jul 14 14:04:53.533775 dv-cinder-799871-30-smb neutron-server[104247]: DEBUG neutron.plugins.ml2.managers [None req-76a8810d-555c-47e2-91fc-469d488a5ea2 None None] Attempting to bind port fa5f8916-eec8-4801-b983-f0a4928eaed6 on host dv-cinder-799871-30-smb for vnic_type normal with profile {{(pid=104247) bind_port /opt/stack/neutron/neutron/plugins/ml2/managers.py:810}}
Jul 14 14:04:53.534402 dv-cinder-799871-30-smb neutron-server[104247]: DEBUG neutron.plugins.ml2.managers [None req-76a8810d-555c-47e2-91fc-469d488a5ea2 None None] Attempting to bind port fa5f8916-eec8-4801-b983-f0a4928eaed6 by drivers openvswitch,hyperv on host dv-cinder-799871-30-smb at level 0 using segments [{'id': '4fa38aed-42c8-4c87-933d-1cb1873416f3', 'network_type': 'flat', 'physical_network': 'physnet1', 'segmentation_id': None, 'network_id': '05e90d63-2dd2-4ebc-bbc1-3fca2fac003f'}] {{(pid=104247) _bind_port_level /opt/stack/neutron/neutron/plugins/ml2/managers.py:835}}
Jul 14 14:04:53.534898 dv-cinder-799871-30-smb neutron-server[104247]: DEBUG neutron.plugins.ml2.drivers.mech_agent [None req-76a8810d-555c-47e2-91fc-469d488a5ea2 None None] Attempting to bind port fa5f8916-eec8-4801-b983-f0a4928eaed6 on network 05e90d63-2dd2-4ebc-bbc1-3fca2fac003f {{(pid=104247) bind_port /opt/stack/neutron/neutron/plugins/ml2/drivers/mech_agent.py:91}}
Jul 14 14:04:53.539168 dv-cinder-799871-30-smb neutron-server[104245]: DEBUG neutron.db.db_base_plugin_common [None req-87302c23-981f-471f-902e-a3632ee83e46 admin admin] Allocated IP 172.28.3.73 (05e90d63-2dd2-4ebc-bbc1-3fca2fac003f/29210abd-78a2-4ea9-bcf7-ad489a65d2bc/f763b3ea-885e-401f-a81e-d92683787611) {{(pid=104245) _store_ip_allocation /opt/stack/neutron/neutron/db/db_base_plugin_common.py:131}}
Jul 14 14:04:53.541847 dv-cinder-799871-30-smb neutron-server[104247]: DEBUG neutron.plugins.ml2.drivers.mech_agent [None req-76a8810d-555c-47e2-91fc-469d488a5ea2 None None] Checking agent: {'id': '8b935736-1443-4a19-bc20-0aba4dddec3a', 'agent_type': 'Open vSwitch agent', 'binary': 'neutron-openvswitch-agent', 'topic': 'N/A', 'host': 'dv-cinder-799871-30-smb', 'admin_state_up': True, 'created_at': datetime.datetime(2022, 7, 14, 13, 55, 55), 'started_at': datetime.datetime(2022, 7, 14, 13, 56, 25), 'heartbeat_timestamp': datetime.datetime(2022, 7, 14, 14, 4, 25), 'description': None, 'resources_synced': None, 'availability_zone': None, 'alive': True, 'configurations': {'arp_responder_enabled': False, 'baremetal_smartnic': False, 'bridge_mappings': {'physnet1': 'br-data'}, 'datapath_type': 'system', 'devices': 0, 'enable_distributed_routing': False, 'extensions': [], 'in_distributed_mode': False, 'integration_bridge': 'br-int', 'l2_population': False, 'log_agent_heartbeats': False, 'ovs_capabilities': {'datapath_types': ['netdev', 'system'], 'iface_types': ['erspan', 'geneve', 'gre', 'internal', 'ip6erspan', 'ip6gre', 'lisp', 'patch', 'stt', 'system', 'tap', 'vxlan']}, 'ovs_hybrid_plug': False, 'resource_provider_bandwidths': {}, 'resource_provider_hypervisors': {'br-data': 'dv-cinder-799871-30-smb'}, 'resource_provider_inventory_defaults': {'allocation_ratio': 1.0, 'min_unit': 1, 'step_size': 1, 'reserved': 0}, 'resource_provider_packet_processing_inventory_defaults': {'allocation_ratio': 1.0, 'min_unit': 1, 'step_size': 1, 'reserved': 0}, 'resource_provider_packet_processing_with_direction': {}, 'resource_provider_packet_processing_without_direction': {}, 'tunnel_types': [], 'tunneling_ip': None, 'vhostuser_socket_dir': '/var/run/openvswitch'}, 'resource_versions': {'AddressGroup': '1.2', 'Agent': '1.1', 'ConntrackHelper': '1.0', 'LocalIPAssociation': '1.0', 'Log': '1.0', 'NDPProxy': '1.0', 'Network': '1.1', 'Port': '1.7', 'PortForwarding': '1.3', 'QosPolicy': '1.10', 'SecurityGroup': '1.5', 'SecurityGroupRule': '1.2', 'SubPort': '1.0', 'Subnet': '1.1', 'Trunk': '1.1'}} {{(pid=104247) bind_port /opt/stack/neutron/neutron/plugins/ml2/drivers/mech_agent.py:110}}
Jul 14 14:04:53.542230 dv-cinder-799871-30-smb neutron-server[104247]: DEBUG neutron.plugins.ml2.drivers.mech_agent [None req-76a8810d-555c-47e2-91fc-469d488a5ea2 None None] Checking segment: {'id': '4fa38aed-42c8-4c87-933d-1cb1873416f3', 'network_type': 'flat', 'physical_network': 'physnet1', 'segmentation_id': None, 'network_id': '05e90d63-2dd2-4ebc-bbc1-3fca2fac003f'} for mappings: {'physnet1': 'br-data'} with network types: ['local', 'flat', 'vlan'] {{(pid=104247) check_segment_for_agent /opt/stack/neutron/neutron/plugins/ml2/drivers/mech_agent.py:373}}
Jul 14 14:04:53.542623 dv-cinder-799871-30-smb neutron-server[104247]: DEBUG neutron_lib.callbacks.manager [None req-76a8810d-555c-47e2-91fc-469d488a5ea2 None None] Publish callbacks [] for ovs_bridge_name (None), before_read {{(pid=104247) _notify_loop /usr/local/lib/python3.8/dist-packages/neutron_lib/callbacks/manager.py:176}}
Jul 14 14:04:53.543165 dv-cinder-799871-30-smb neutron-server[104247]: DEBUG neutron.plugins.ml2.drivers.mech_agent [None req-76a8810d-555c-47e2-91fc-469d488a5ea2 None None] Bound using segment: {'id': '4fa38aed-42c8-4c87-933d-1cb1873416f3', 'network_type': 'flat', 'physical_network': 'physnet1', 'segmentation_id': None, 'network_id': '05e90d63-2dd2-4ebc-bbc1-3fca2fac003f'} {{(pid=104247) bind_port /opt/stack/neutron/neutron/plugins/ml2/drivers/mech_agent.py:120}}
Jul 14 14:04:53.543786 dv-cinder-799871-30-smb neutron-server[104247]: DEBUG neutron.plugins.ml2.managers [None req-76a8810d-555c-47e2-91fc-469d488a5ea2 None None] Bound port: fa5f8916-eec8-4801-b983-f0a4928eaed6, host: dv-cinder-799871-30-smb, vif_type: ovs, vif_details: {"connectivity": "l2", "port_filter": true, "ovs_hybrid_plug": false, "datapath_type": "system", "bridge_name": "br-int"}, binding_levels: [{'bound_driver': 'openvswitch', 'bound_segment': {'id': '4fa38aed-42c8-4c87-933d-1cb1873416f3', 'network_type': 'flat', 'physical_network': 'physnet1', 'segmentation_id': None, 'network_id': '05e90d63-2dd2-4ebc-bbc1-3fca2fac003f'}}] {{(pid=104247) _bind_port_level /opt/stack/neutron/neutron/plugins/ml2/managers.py:947}}
Jul 14 14:04:53.547654 dv-cinder-799871-30-smb neutron-server[104247]: DEBUG neutron_lib.callbacks.manager [None req-76a8810d-555c-47e2-91fc-469d488a5ea2 None None] Publish callbacks ['neutron.plugins.ml2.plugin.SecurityGroupDbMixin._ensure_default_security_group_handler-661375'] for port (fa5f8916-eec8-4801-b983-f0a4928eaed6), before_update {{(pid=104247) _notify_loop /usr/local/lib/python3.8/dist-packages/neutron_lib/callbacks/manager.py:176}}
Jul 14 14:04:53.564275 dv-cinder-799871-30-smb neutron-server[104246]: DEBUG neutron_lib.callbacks.manager [None req-724bf940-4ce6-4609-b1d7-b33b715354c8 None None] Publish callbacks [] for port (c8d7eb27-37c5-4aac-9ba9-63a129d3fd18), precommit_create {{(pid=104246) _notify_loop /usr/local/lib/python3.8/dist-packages/neutron_lib/callbacks/manager.py:176}}
Jul 14 14:04:53.580872 dv-cinder-799871-30-smb neutron-server[104246]: DEBUG neutron.plugins.ml2.rpc [None req-9e7a84ad-2e8f-4c54-927e-8c1121928dba None None] Device fb3fafe1-a37e-4f6d-b2d9-1f08b1201285 up at agent ovs-agent-dv-cinder-799871-30-smb {{(pid=104246) update_device_up /opt/stack/neutron/neutron/plugins/ml2/rpc.py:296}}
Jul 14 14:04:53.620491 dv-cinder-799871-30-smb neutron-server[104247]: DEBUG neutron.plugins.ml2.db [None req-76a8810d-555c-47e2-91fc-469d488a5ea2 None None] For port fa5f8916-eec8-4801-b983-f0a4928eaed6, host dv-cinder-799871-30-smb, cleared binding levels {{(pid=104247) clear_binding_levels /opt/stack/neutron/neutron/plugins/ml2/db.py:87}}
Jul 14 14:04:53.625377 dv-cinder-799871-30-smb neutron-server[104247]: DEBUG neutron.plugins.ml2.db [None req-76a8810d-555c-47e2-91fc-469d488a5ea2 None None] For port fa5f8916-eec8-4801-b983-f0a4928eaed6, host dv-cinder-799871-30-smb, set binding levels [PortBindingLevel(driver='openvswitch',host='dv-cinder-799871-30-smb',level=0,port_id=fa5f8916-eec8-4801-b983-f0a4928eaed6,segment=NetworkSegment(4fa38aed-42c8-4c87-933d-1cb1873416f3),segment_id=4fa38aed-42c8-4c87-933d-1cb1873416f3)] {{(pid=104247) set_binding_levels /opt/stack/neutron/neutron/plugins/ml2/db.py:59}}
Jul 14 14:04:53.627523 dv-cinder-799871-30-smb neutron-server[104244]: DEBUG neutron.scheduler.dhcp_agent_scheduler [None req-dbe3e6f2-7ebe-4d36-89c0-1d3d907a4053 admin admin] Network 05e90d63-2dd2-4ebc-bbc1-3fca2fac003f is already hosted by enough agents. {{(pid=104244) _get_dhcp_agents_hosting_network /opt/stack/neutron/neutron/scheduler/dhcp_agent_scheduler.py:275}}
Jul 14 14:04:53.630010 dv-cinder-799871-30-smb neutron-server[104244]: DEBUG neutron.api.rpc.handlers.resources_rpc [None req-ae14351b-a736-45fa-8021-65b709fc10e9 admin admin] Pushing event deleted for resources: {'SecurityGroup': ['ID=39d9dd5a-d633-4159-982e-efb267c5d7c2,revision_number=None']} {{(pid=104244) push /opt/stack/neutron/neutron/api/rpc/handlers/resources_rpc.py:237}}
Jul 14 14:04:53.635400 dv-cinder-799871-30-smb neutron-server[104247]: DEBUG neutron_lib.callbacks.manager [None req-76a8810d-555c-47e2-91fc-469d488a5ea2 None None] Publish callbacks ['neutron.plugins.ml2.plugin.SecurityGroupServerNotifierRpcMixin._notify_sg_on_port_change-659900', 'neutron.plugins.ml2.ovo_rpc._ObjectChangeHandler.handle_event-215087', 'neutron.api.rpc.agentnotifiers.dhcp_rpc_agent_api.DhcpAgentNotifyAPI._native_event_send_dhcp_notification-1635324', 'neutron.db.l3_db.L3RpcNotifierMixin._notify_gateway_port_ip_changed-8750477012749', 'neutron.db.l3_dvrscheduler_db._notify_l3_agent_port_update-8750476529686', 'neutron.db.l3_hascheduler_db._notify_l3_agent_ha_port_update-8750476529704'] for port (fa5f8916-eec8-4801-b983-f0a4928eaed6), after_update {{(pid=104247) _notify_loop /usr/local/lib/python3.8/dist-packages/neutron_lib/callbacks/manager.py:176}}
Jul 14 14:04:53.652388 dv-cinder-799871-30-smb neutron-server[104246]: DEBUG dbcounter [-] [104246] Writing DB stats neutron:SELECT=92,neutron:INSERT=5,neutron:UPDATE=3 {{(pid=104246) stat_writer /usr/local/lib/python3.8/dist-packages/dbcounter.py:114}}
