Jul 14 14:05:20.458055 dv-cinder-799871-30-smb neutron-server[104246]: DEBUG neutron_lib.callbacks.manager [None req-d1ec7aea-d00b-4490-84a4-4aa68a900622 None None] Publish callbacks ['neutron.services.segments.db._update_segment_host_mapping_for_agent-8750476967729', 'neutron.plugins.ml2.plugin.Ml2Plugin._retry_binding_revived_agents-735940'] for agent (d03ec0a8-88d9-4445-8cba-bfc80eb171f5), after_update {{(pid=104246) _notify_loop /usr/local/lib/python3.8/dist-packages/neutron_lib/callbacks/manager.py:176}}
Jul 14 14:05:20.622912 dv-cinder-799871-30-smb neutron-server[104244]: DEBUG neutron_lib.callbacks.manager [None req-e4d0568d-9d82-4191-9958-9005983dce8e admin admin] Publish callbacks [] for security_group (9cab64cf-abc3-4e01-9b6b-7681f2c77345), before_delete {{(pid=104244) _notify_loop /usr/local/lib/python3.8/dist-packages/neutron_lib/callbacks/manager.py:176}}
Jul 14 14:05:20.667532 dv-cinder-799871-30-smb neutron-server[104244]: DEBUG neutron_lib.callbacks.manager [None req-e4d0568d-9d82-4191-9958-9005983dce8e admin admin] Publish callbacks [] for security_group (9cab64cf-abc3-4e01-9b6b-7681f2c77345), precommit_delete {{(pid=104244) _notify_loop /usr/local/lib/python3.8/dist-packages/neutron_lib/callbacks/manager.py:176}}
Jul 14 14:05:20.732692 dv-cinder-799871-30-smb neutron-server[104245]: DEBUG neutron_lib.callbacks.manager [req-eb5f649f-aaa1-4679-b422-5efea7beb0f7 req-8cca75fb-d3f5-424e-8e1c-17ca1967282b tempest-ServerRescueNegativeTestJSON-994188002 tempest-ServerRescueNegativeTestJSON-994188002-project] Publish callbacks [] for port (2fac284f-6dfa-4033-9cbe-16acb99bf1b9), precommit_create {{(pid=104245) _notify_loop /usr/local/lib/python3.8/dist-packages/neutron_lib/callbacks/manager.py:176}}
Jul 14 14:05:20.791524 dv-cinder-799871-30-smb neutron-server[104246]: DEBUG neutron.db.provisioning_blocks [None req-9e7a84ad-2e8f-4c54-927e-8c1121928dba None None] Provisioning complete for port 472e0ad4-2168-4c5b-9d20-f35e7cb16abf triggered by entity L2. {{(pid=104246) provisioning_complete /opt/stack/neutron/neutron/db/provisioning_blocks.py:145}}
Jul 14 14:05:20.791909 dv-cinder-799871-30-smb neutron-server[104246]: DEBUG neutron_lib.callbacks.manager [None req-9e7a84ad-2e8f-4c54-927e-8c1121928dba None None] Publish callbacks ['neutron.plugins.ml2.plugin.Ml2Plugin._port_provisioned-735918'] for port (472e0ad4-2168-4c5b-9d20-f35e7cb16abf), provisioning_complete {{(pid=104246) _notify_loop /usr/local/lib/python3.8/dist-packages/neutron_lib/callbacks/manager.py:176}}
Jul 14 14:05:20.849967 dv-cinder-799871-30-smb neutron-server[104244]: DEBUG neutron.wsgi [-] (104244) accepted ('10.222.0.82', 51612) {{(pid=104244) server /usr/local/lib/python3.8/dist-packages/eventlet/wsgi.py:1004}}
Jul 14 14:05:20.855194 dv-cinder-799871-30-smb neutron-server[104244]: DEBUG dbcounter [-] [104244] Writing DB stats neutron:SELECT=93,neutron:UPDATE=1,neutron:DELETE=5,neutron:INSERT=1 {{(pid=104244) stat_writer /usr/local/lib/python3.8/dist-packages/dbcounter.py:114}}
Jul 14 14:05:20.917287 dv-cinder-799871-30-smb neutron-server[104244]: DEBUG neutron.pecan_wsgi.hooks.policy_enforcement [req-84bf098a-84d4-4a82-a5ac-2ffc82940285 req-6ef39816-87de-4898-ac1e-42d4177498de tempest-AttachVolumeTestJSON-656473999 tempest-AttachVolumeTestJSON-656473999-project] Attributes excluded by policy engine: ['standard_attr_id', 'vlan_transparent', 'provider:network_type', 'provider:physical_network', 'provider:segmentation_id'] {{(pid=104244) _exclude_attributes_by_policy /opt/stack/neutron/neutron/pecan_wsgi/hooks/policy_enforcement.py:259}}
Jul 14 14:05:20.926198 dv-cinder-799871-30-smb neutron-server[104244]: INFO neutron.wsgi [req-84bf098a-84d4-4a82-a5ac-2ffc82940285 req-6ef39816-87de-4898-ac1e-42d4177498de tempest-AttachVolumeTestJSON-656473999 tempest-AttachVolumeTestJSON-656473999-project] 10.222.0.84 "GET /v2.0/networks?id=ff1e74ad-3582-444d-b055-6f3baf2f2239 HTTP/1.1" status: 200 len: 810 time: 0.8014362
Jul 14 14:05:20.940380 dv-cinder-799871-30-smb neutron-server[104245]: DEBUG neutron.api.v2.base [req-fdf2e540-765c-46fb-b2a9-b5d31f1cc42d req-d4f5c36b-e8cf-4774-b8a4-c5f41ca301c0 service neutron] Request body: {'port': {'device_id': '816a0fb6-aac4-49b2-bc5f-9aafa3915255', 'device_owner': 'compute:nova', 'binding:host_id': 'hv-cinder-79987'}} {{(pid=104245) prepare_request_body /opt/stack/neutron/neutron/api/v2/base.py:730}}
Jul 14 14:05:20.970838 dv-cinder-799871-30-smb neutron-server[104246]: DEBUG neutron.plugins.ml2.plugin [None req-0a317743-83e4-4fa9-833d-ef4f1f893085 None None] Current status of the port 472e0ad4-2168-4c5b-9d20-f35e7cb16abf is: ACTIVE; New status is: ACTIVE {{(pid=104246) _update_individual_port_db_status /opt/stack/neutron/neutron/plugins/ml2/plugin.py:2292}}
Jul 14 14:05:20.975647 dv-cinder-799871-30-smb neutron-server[104244]: DEBUG neutron_lib.callbacks.manager [None req-e4d0568d-9d82-4191-9958-9005983dce8e admin admin] Publish callbacks ['neutron.plugins.ml2.ovo_rpc._ObjectChangeHandler.handle_event-1673796'] for security_group (9cab64cf-abc3-4e01-9b6b-7681f2c77345), after_delete {{(pid=104244) _notify_loop /usr/local/lib/python3.8/dist-packages/neutron_lib/callbacks/manager.py:176}}
Jul 14 14:05:20.978334 dv-cinder-799871-30-smb neutron-server[104244]: DEBUG neutron_lib.callbacks.manager [None req-e4d0568d-9d82-4191-9958-9005983dce8e admin admin] Publish callbacks [] for security_group (None), before_response {{(pid=104244) _notify_loop /usr/local/lib/python3.8/dist-packages/neutron_lib/callbacks/manager.py:176}}
Jul 14 14:05:20.989399 dv-cinder-799871-30-smb neutron-server[104244]: INFO neutron.wsgi [None req-e4d0568d-9d82-4191-9958-9005983dce8e admin admin] 10.222.0.84 "DELETE /v2.0/security-groups/9cab64cf-abc3-4e01-9b6b-7681f2c77345 HTTP/1.1" status: 204 len: 168 time: 0.9119086
Jul 14 14:05:21.106476 dv-cinder-799871-30-smb neutron-server[104244]: DEBUG neutron.api.rpc.handlers.resources_rpc [None req-e4d0568d-9d82-4191-9958-9005983dce8e admin admin] Pushing event deleted for resources: {'SecurityGroup': ['ID=9cab64cf-abc3-4e01-9b6b-7681f2c77345,revision_number=None']} {{(pid=104244) push /opt/stack/neutron/neutron/api/rpc/handlers/resources_rpc.py:237}}
Jul 14 14:05:21.155842 dv-cinder-799871-30-smb neutron-server[104244]: INFO neutron.wsgi [req-84bf098a-84d4-4a82-a5ac-2ffc82940285 req-cccafb65-c369-412f-a190-21f554b198dd tempest-AttachVolumeTestJSON-656473999 tempest-AttachVolumeTestJSON-656473999-project] 10.222.0.84 "GET /v2.0/quotas/5d74a76b53e54fef8c601a766e6d6aad HTTP/1.1" status: 200 len: 375 time: 0.2286227
Jul 14 14:05:21.256085 dv-cinder-799871-30-smb neutron-server[104245]: DEBUG neutron_lib.callbacks.manager [None req-19fb5fd7-4c5b-4932-af72-6b11d20beecb tempest-AttachVolumeShelveTestJSON-1620060139 tempest-AttachVolumeShelveTestJSON-1620060139-project] Publish callbacks ['neutron.plugins.ml2.plugin.SecurityGroupServerNotifierRpcMixin._notify_sg_on_port_change-659900', 'neutron.plugins.ml2.ovo_rpc._ObjectChangeHandler.handle_event-215087', 'neutron.api.rpc.agentnotifiers.dhcp_rpc_agent_api.DhcpAgentNotifyAPI._native_event_send_dhcp_notification-1635324', 'neutron.db.l3_dvrscheduler_db._notify_l3_agent_new_port-8750476529668'] for port (8b6ea9f1-45b6-4bca-bd10-a57a160f1965), after_create {{(pid=104245) _notify_loop /usr/local/lib/python3.8/dist-packages/neutron_lib/callbacks/manager.py:176}}
Jul 14 14:05:21.415589 dv-cinder-799871-30-smb neutron-server[104244]: INFO neutron.wsgi [req-84bf098a-84d4-4a82-a5ac-2ffc82940285 req-b93afcf8-d6c4-47a3-b25c-4de5dc026d3d tempest-AttachVolumeTestJSON-656473999 tempest-AttachVolumeTestJSON-656473999-project] 10.222.0.84 "GET /v2.0/ports?tenant_id=5d74a76b53e54fef8c601a766e6d6aad&fields=id HTTP/1.1" status: 200 len: 302 time: 0.2578523
Jul 14 14:05:21.429146 dv-cinder-799871-30-smb neutron-server[104246]: DEBUG neutron.db.provisioning_blocks [None req-0a317743-83e4-4fa9-833d-ef4f1f893085 None None] Provisioning complete for port a83a6f08-94af-488d-8be6-cbe2b127bc12 triggered by entity DHCP. {{(pid=104246) provisioning_complete /opt/stack/neutron/neutron/db/provisioning_blocks.py:145}}
Jul 14 14:05:21.429929 dv-cinder-799871-30-smb neutron-server[104246]: DEBUG neutron_lib.callbacks.manager [None req-0a317743-83e4-4fa9-833d-ef4f1f893085 None None] Publish callbacks ['neutron.plugins.ml2.plugin.Ml2Plugin._port_provisioned-735918'] for port (a83a6f08-94af-488d-8be6-cbe2b127bc12), provisioning_complete {{(pid=104246) _notify_loop /usr/local/lib/python3.8/dist-packages/neutron_lib/callbacks/manager.py:176}}
Jul 14 14:05:21.466292 dv-cinder-799871-30-smb neutron-server[104246]: DEBUG neutron.db.l3_hamode_db [None req-63eea8c2-fdf6-4f30-964e-82b3e6e5e8e6 None None] neutron.services.l3_router.l3_router_plugin.L3RouterPlugin method _process_sync_ha_data called with arguments (, [{'id': 'fa5ec09b-0a79-42d0-87ec-6ed1dcaabaf3', 'name': 'tempest-AttachVolumeShelveTestJSON-336647654-router', 'tenant_id': '8404b7818535484493c205cf30ff7eb8', 'admin_state_up': True, 'status': 'ACTIVE', 'external_gateway_info': {'network_id': '05e90d63-2dd2-4ebc-bbc1-3fca2fac003f', 'external_fixed_ips': [{'subnet_id': '29210abd-78a2-4ea9-bcf7-ad489a65d2bc', 'ip_address': '172.28.3.102'}], 'enable_snat': True}, 'gw_port_id': 'f774edbf-6dd7-4e0f-ad76-6b17ded4d060', 'description': '', 'availability_zones': ['nova'], 'distributed': False, 'ha': False, 'ha_vr_id': 0, 'availability_zone_hints': [], 'routes': [], 'flavor_id': None, 'tags': [], 'created_at': '2022-07-14T14:04:49Z', 'updated_at': '2022-07-14T14:05:04Z', 'revision_number': 4, 'project_id': '8404b7818535484493c205cf30ff7eb8', 'gw_port': {'id': 'f774edbf-6dd7-4e0f-ad76-6b17ded4d060', 'name': '', 'network_id': '05e90d63-2dd2-4ebc-bbc1-3fca2fac003f', 'tenant_id': '', 'mac_address': 'fa:16:3e:d5:1f:1d', 'admin_state_up': True, 'status': 'ACTIVE', 'device_id': 'fa5ec09b-0a79-42d0-87ec-6ed1dcaabaf3', 'device_owner': 'network:router_gateway', 'standard_attr_id': 81, 'fixed_ips': [{'subnet_id': '29210abd-78a2-4ea9-bcf7-ad489a65d2bc', 'ip_address': '172.28.3.102', 'prefixlen': 24}], 'allowed_address_pairs': [], 'extra_dhcp_opts': [], 'security_groups': [], 'description': '', 'binding:vnic_type': 'normal', 'binding:profile': {}, 'binding:host_id': 'dv-cinder-799871-30-smb', 'binding:vif_type': 'ovs', 'binding:vif_details': {'connectivity': 'l2', 'port_filter': True, 'ovs_hybrid_plug': False, 'datapath_type': 'system', 'bridge_name': 'br-int', 'bound_drivers': {'0': 'openvswitch'}}, 'port_security_enabled': False, 'tags': [], 'created_at': '2022-07-14T14:04:51Z', 'updated_at': '2022-07-14T14:05:08Z', 'revision_number': 4, 'project_id': '', 'subnets': [{'id': '29210abd-78a2-4ea9-bcf7-ad489a65d2bc', 'cidr': '172.28.3.0/24', 'gateway_ip': '172.28.3.1', 'dns_nameservers': [], 'ipv6_ra_mode': None, 'subnetpool_id': None}], 'extra_subnets': [], 'address_scopes': {4: None, 6: None}, 'mtu': 1500}, 'enable_snat': True, 'gw_port_host': 'dv-cinder-799871-30-smb', '_interfaces': [{'id': 'a83a6f08-94af-488d-8be6-cbe2b127bc12', 'name': '', 'network_id': 'fa6bc81b-7640-4405-a991-ecc9979e4a30', 'tenant_id': '8404b7818535484493c205cf30ff7eb8', 'mac_address': 'fa:16:3e:e1:78:fd', 'admin_state_up': True, 'status': 'DOWN', 'device_id': 'fa5ec09b-0a79-42d0-87ec-6ed1dcaabaf3', 'device_owner': 'network:router_interface', 'standard_attr_id': 108, 'fixed_ips': [{'subnet_id': '766d6426-16b8-4df5-9421-bc137744f4e2', 'ip_address': '172.20.0.1', 'prefixlen': 28}], 'allowed_address_pairs': [], 'extra_dhcp_opts': [], 'security_groups': [], 'description': '', 'binding:vnic_type': 'normal', 'binding:profile': {}, 'binding:host_id': 'dv-cinder-799871-30-smb', 'binding:vif_type': 'ovs', 'binding:vif_details': {'connectivity': 'l2', 'port_filter': True, 'ovs_hybrid_plug': False, 'datapath_type': 'system', 'bridge_name': 'br-int', 'bound_drivers': {'0': 'openvswitch'}}, 'port_security_enabled': False, 'tags': [], 'created_at': '2022-07-14T14:05:01Z', 'updated_at': '2022-07-14T14:05:17Z', 'revision_number': 4, 'project_id': '8404b7818535484493c205cf30ff7eb8', 'subnets': [{'id': '766d6426-16b8-4df5-9421-bc137744f4e2', 'cidr': '172.20.0.0/28', 'gateway_ip': '172.20.0.1', 'dns_nameservers': [], 'ipv6_ra_mode': None, 'subnetpool_id': None}], 'extra_subnets': [], 'address_scopes': {4: None, 6: None}, 'mtu': 1500}]}], 'dv-cinder-799871-30-smb', False) {} {{(pid=104246) wrapper /usr/local/lib/python3.8/dist-packages/oslo_log/helpers.py:65}}
Jul 14 14:05:21.470673 dv-cinder-799871-30-smb neutron-server[104245]: DEBUG neutron_lib.callbacks.manager [req-eb5f649f-aaa1-4679-b422-5efea7beb0f7 req-8cca75fb-d3f5-424e-8e1c-17ca1967282b tempest-ServerRescueNegativeTestJSON-994188002 tempest-ServerRescueNegativeTestJSON-994188002-project] Publish callbacks ['neutron.plugins.ml2.plugin.SecurityGroupServerNotifierRpcMixin._notify_sg_on_port_change-659900', 'neutron.plugins.ml2.ovo_rpc._ObjectChangeHandler.handle_event-215087', 'neutron.api.rpc.agentnotifiers.dhcp_rpc_agent_api.DhcpAgentNotifyAPI._native_event_send_dhcp_notification-1635324', 'neutron.db.l3_dvrscheduler_db._notify_l3_agent_new_port-8750476529668'] for port (2fac284f-6dfa-4033-9cbe-16acb99bf1b9), after_create {{(pid=104245) _notify_loop /usr/local/lib/python3.8/dist-packages/neutron_lib/callbacks/manager.py:176}}
Jul 14 14:05:21.500049 dv-cinder-799871-30-smb neutron-server[104245]: DEBUG neutron.api.rpc.handlers.resources_rpc [None req-19fb5fd7-4c5b-4932-af72-6b11d20beecb tempest-AttachVolumeShelveTestJSON-1620060139 tempest-AttachVolumeShelveTestJSON-1620060139-project] Pushing event updated for resources: {'Port': ['ID=8b6ea9f1-45b6-4bca-bd10-a57a160f1965,revision_number=1']} {{(pid=104245) push /opt/stack/neutron/neutron/api/rpc/handlers/resources_rpc.py:237}}
Jul 14 14:05:21.512401 dv-cinder-799871-30-smb neutron-server[104245]: DEBUG neutron.scheduler.dhcp_agent_scheduler [None req-19fb5fd7-4c5b-4932-af72-6b11d20beecb tempest-AttachVolumeShelveTestJSON-1620060139 tempest-AttachVolumeShelveTestJSON-1620060139-project] Network 05e90d63-2dd2-4ebc-bbc1-3fca2fac003f is already hosted by enough agents. {{(pid=104245) _get_dhcp_agents_hosting_network /opt/stack/neutron/neutron/scheduler/dhcp_agent_scheduler.py:275}}
Jul 14 14:05:21.520471 dv-cinder-799871-30-smb neutron-server[104245]: DEBUG neutron.pecan_wsgi.hooks.policy_enforcement [req-67080538-e559-4fcf-8856-e6f5adb1ccb2 req-14494cb3-5484-4158-9373-0288d29a9785 tempest-ServerRescueNegativeTestJSON-994188002 tempest-ServerRescueNegativeTestJSON-994188002-project] Attributes excluded by policy engine: ['standard_attr_id', 'binding:profile', 'binding:host_id', 'binding:vif_type', 'binding:vif_details'] {{(pid=104245) _exclude_attributes_by_policy /opt/stack/neutron/neutron/pecan_wsgi/hooks/policy_enforcement.py:259}}
Jul 14 14:05:21.528963 dv-cinder-799871-30-smb neutron-server[104245]: INFO neutron.wsgi [req-67080538-e559-4fcf-8856-e6f5adb1ccb2 req-14494cb3-5484-4158-9373-0288d29a9785 tempest-ServerRescueNegativeTestJSON-994188002 tempest-ServerRescueNegativeTestJSON-994188002-project] 10.222.0.84 "GET /v2.0/ports?device_id=816a0fb6-aac4-49b2-bc5f-9aafa3915255 HTTP/1.1" status: 200 len: 931 time: 0.6224380
Jul 14 14:05:21.663333 dv-cinder-799871-30-smb neutron-server[104245]: DEBUG neutron.scheduler.base_scheduler [None req-19fb5fd7-4c5b-4932-af72-6b11d20beecb tempest-AttachVolumeShelveTestJSON-1620060139 tempest-AttachVolumeShelveTestJSON-1620060139-project] Resources bound (agent type, host, resource id): {{(pid=104245) schedule /opt/stack/neutron/neutron/scheduler/base_scheduler.py:57}}
Jul 14 14:05:21.666835 dv-cinder-799871-30-smb neutron-server[104245]: DEBUG neutron.api.rpc.handlers.resources_rpc [None req-8cca75fb-d3f5-424e-8e1c-17ca1967282b tempest-ServerRescueNegativeTestJSON-994188002 tempest-ServerRescueNegativeTestJSON-994188002-project] Pushing event updated for resources: {'Port': ['ID=2fac284f-6dfa-4033-9cbe-16acb99bf1b9,revision_number=1']} {{(pid=104245) push /opt/stack/neutron/neutron/api/rpc/handlers/resources_rpc.py:237}}
Jul 14 14:05:21.688397 dv-cinder-799871-30-smb neutron-server[104245]: DEBUG neutron.db.l3_dvrscheduler_db [None req-19fb5fd7-4c5b-4932-af72-6b11d20beecb tempest-AttachVolumeShelveTestJSON-1620060139 tempest-AttachVolumeShelveTestJSON-1620060139-project] Received port after_create {{(pid=104245) _notify_l3_agent_new_port /opt/stack/neutron/neutron/db/l3_dvrscheduler_db.py:542}}
Jul 14 14:05:21.742347 dv-cinder-799871-30-smb neutron-server[104244]: INFO neutron.wsgi [req-84bf098a-84d4-4a82-a5ac-2ffc82940285 req-ea4614ec-f637-4232-af64-d133a82306b8 service neutron] 10.222.0.84 "GET /v2.0/networks/ff1e74ad-3582-444d-b055-6f3baf2f2239?fields=segments HTTP/1.1" status: 200 len: 212 time: 0.3101196
Jul 14 14:05:21.760030 dv-cinder-799871-30-smb neutron-server[104246]: DEBUG neutron.api.rpc.handlers.l3_rpc [None req-63eea8c2-fdf6-4f30-964e-82b3e6e5e8e6 None None] The sync data for ids ['fa5ec09b-0a79-42d0-87ec-6ed1dcaabaf3'] in dv-cinder-799871-30-smb is: [{'id': 'fa5ec09b-0a79-42d0-87ec-6ed1dcaabaf3', 'name': 'tempest-AttachVolumeShelveTestJSON-336647654-router', 'tenant_id': '8404b7818535484493c205cf30ff7eb8', 'admin_state_up': True, 'status': 'ACTIVE', 'external_gateway_info': {'network_id': '05e90d63-2dd2-4ebc-bbc1-3fca2fac003f', 'external_fixed_ips': [{'subnet_id': '29210abd-78a2-4ea9-bcf7-ad489a65d2bc', 'ip_address': '172.28.3.102'}], 'enable_snat': True}, 'gw_port_id': 'f774edbf-6dd7-4e0f-ad76-6b17ded4d060', 'description': '', 'availability_zones': ['nova'], 'distributed': False, 'ha': False, 'ha_vr_id': 0, 'availability_zone_hints': [], 'routes': [], 'flavor_id': None, 'tags': [], 'created_at': '2022-07-14T14:04:49Z', 'updated_at': '2022-07-14T14:05:04Z', 'revision_number': 4, 'project_id': '8404b7818535484493c205cf30ff7eb8', 'gw_port': {'id': 'f774edbf-6dd7-4e0f-ad76-6b17ded4d060', 'name': '', 'network_id': '05e90d63-2dd2-4ebc-bbc1-3fca2fac003f', 'tenant_id': '', 'mac_address': 'fa:16:3e:d5:1f:1d', 'admin_state_up': True, 'status': 'ACTIVE', 'device_id': 'fa5ec09b-0a79-42d0-87ec-6ed1dcaabaf3', 'device_owner': 'network:router_gateway', 'standard_attr_id': 81, 'fixed_ips': [{'subnet_id': '29210abd-78a2-4ea9-bcf7-ad489a65d2bc', 'ip_address': '172.28.3.102', 'prefixlen': 24}], 'allowed_address_pairs': [], 'extra_dhcp_opts': [], 'security_groups': [], 'description': '', 'binding:vnic_type': 'normal', 'binding:profile': {}, 'binding:host_id': 'dv-cinder-799871-30-smb', 'binding:vif_type': 'ovs', 'binding:vif_details': {'connectivity': 'l2', 'port_filter': True, 'ovs_hybrid_plug': False, 'datapath_type': 'system', 'bridge_name': 'br-int', 'bound_drivers': {'0': 'openvswitch'}}, 'port_security_enabled': False, 'tags': [], 'created_at': '2022-07-14T14:04:51Z', 'updated_at': '2022-07-14T14:05:08Z', 'revision_number': 4, 'project_id': '', 'subnets': [{'id': '29210abd-78a2-4ea9-bcf7-ad489a65d2bc', 'cidr': '172.28.3.0/24', 'gateway_ip': '172.28.3.1', 'dns_nameservers': [], 'ipv6_ra_mode': None, 'subnetpool_id': None}], 'extra_subnets': [], 'address_scopes': {4: None, 6: None}, 'mtu': 1500}, 'enable_snat': True, 'gw_port_host': 'dv-cinder-799871-30-smb', '_interfaces': [{'id': 'a83a6f08-94af-488d-8be6-cbe2b127bc12', 'name': '', 'network_id': 'fa6bc81b-7640-4405-a991-ecc9979e4a30', 'tenant_id': '8404b7818535484493c205cf30ff7eb8', 'mac_address': 'fa:16:3e:e1:78:fd', 'admin_state_up': True, 'status': 'DOWN', 'device_id': 'fa5ec09b-0a79-42d0-87ec-6ed1dcaabaf3', 'device_owner': 'network:router_interface', 'standard_attr_id': 108, 'fixed_ips': [{'subnet_id': '766d6426-16b8-4df5-9421-bc137744f4e2', 'ip_address': '172.20.0.1', 'prefixlen': 28}], 'allowed_address_pairs': [], 'extra_dhcp_opts': [], 'security_groups': [], 'description': '', 'binding:vnic_type': 'normal', 'binding:profile': {}, 'binding:host_id': 'dv-cinder-799871-30-smb', 'binding:vif_type': 'ovs', 'binding:vif_details': {'connectivity': 'l2', 'port_filter': True, 'ovs_hybrid_plug': False, 'datapath_type': 'system', 'bridge_name': 'br-int', 'bound_drivers': {'0': 'openvswitch'}}, 'port_security_enabled': False, 'tags': [], 'created_at': '2022-07-14T14:05:01Z', 'updated_at': '2022-07-14T14:05:17Z', 'revision_number': 4, 'project_id': '8404b7818535484493c205cf30ff7eb8', 'subnets': [{'id': '766d6426-16b8-4df5-9421-bc137744f4e2', 'cidr': '172.20.0.0/28', 'gateway_ip': '172.20.0.1', 'dns_nameservers': [], 'ipv6_ra_mode': None, 'subnetpool_id': None}], 'extra_subnets': [], 'address_scopes': {4: None, 6: None}, 'mtu': 1500}]}] {{(pid=104246) sync_routers /opt/stack/neutron/neutron/api/rpc/handlers/l3_rpc.py:137}}
Jul 14 14:05:21.836496 dv-cinder-799871-30-smb neutron-server[104245]: DEBUG dbcounter [-] [104245] Writing DB stats neutron:INSERT=8,neutron:SELECT=90,neutron:UPDATE=2 {{(pid=104245) stat_writer /usr/local/lib/python3.8/dist-packages/dbcounter.py:114}}
Jul 14 14:05:21.859359 dv-cinder-799871-30-smb neutron-server[104245]: DEBUG neutron_lib.callbacks.manager [req-fdf2e540-765c-46fb-b2a9-b5d31f1cc42d req-d4f5c36b-e8cf-4774-b8a4-c5f41ca301c0 service neutron] Publish callbacks ['neutron.plugins.ml2.plugin.SecurityGroupDbMixin._ensure_default_security_group_handler-661375'] for port (88ac8eaf-482c-45d3-b069-53504f219164), before_update {{(pid=104245) _notify_loop /usr/local/lib/python3.8/dist-packages/neutron_lib/callbacks/manager.py:176}}
Jul 14 14:05:21.899442 dv-cinder-799871-30-smb neutron-server[104246]: DEBUG neutron.plugins.ml2.plugin [None req-9e7a84ad-2e8f-4c54-927e-8c1121928dba None None] Current status of the port 472e0ad4-2168-4c5b-9d20-f35e7cb16abf is: ACTIVE; New status is: ACTIVE {{(pid=104246) _update_individual_port_db_status /opt/stack/neutron/neutron/plugins/ml2/plugin.py:2292}}
Jul 14 14:05:21.907363 dv-cinder-799871-30-smb neutron-server[104246]: DEBUG neutron.plugins.ml2.rpc [None req-9e7a84ad-2e8f-4c54-927e-8c1121928dba None None] Device f774edbf-6dd7-4e0f-ad76-6b17ded4d060 up at agent ovs-agent-dv-cinder-799871-30-smb {{(pid=104246) update_device_up /opt/stack/neutron/neutron/plugins/ml2/rpc.py:296}}
Jul 14 14:05:21.937571 dv-cinder-799871-30-smb neutron-server[104246]: DEBUG neutron_lib.callbacks.manager [None req-881f3d1f-297a-476f-b9ec-4f81ba48ecb6 None None] Publish callbacks ['neutron.services.segments.db._update_segment_host_mapping_for_agent-8750476967729', 'neutron.plugins.ml2.plugin.Ml2Plugin._retry_binding_revived_agents-735940'] for agent (8b661234-f86d-473d-910b-a85f3dd3dc30), after_update {{(pid=104246) _notify_loop /usr/local/lib/python3.8/dist-packages/neutron_lib/callbacks/manager.py:176}}
Jul 14 14:05:21.953624 dv-cinder-799871-30-smb neutron-server[104245]: DEBUG neutron.scheduler.dhcp_agent_scheduler [req-eb5f649f-aaa1-4679-b422-5efea7beb0f7 req-8cca75fb-d3f5-424e-8e1c-17ca1967282b tempest-ServerRescueNegativeTestJSON-994188002 tempest-ServerRescueNegativeTestJSON-994188002-project] Network 09b37fa2-a76c-424e-8a62-00c6296a43cb is already hosted by enough agents. {{(pid=104245) _get_dhcp_agents_hosting_network /opt/stack/neutron/neutron/scheduler/dhcp_agent_scheduler.py:275}}
Jul 14 14:05:21.982255 dv-cinder-799871-30-smb neutron-server[104244]: DEBUG neutron.pecan_wsgi.hooks.policy_enforcement [req-2f842881-2928-48ba-a4dd-3d0c37e5ee8c req-dd183521-f675-4e2d-b87f-9641d9a93139 tempest-DeleteServersTestJSON-790119170 tempest-DeleteServersTestJSON-790119170-project] Attributes excluded by policy engine: ['standard_attr_id', 'vlan_transparent', 'provider:network_type', 'provider:physical_network', 'provider:segmentation_id'] {{(pid=104244) _exclude_attributes_by_policy /opt/stack/neutron/neutron/pecan_wsgi/hooks/policy_enforcement.py:259}}
Jul 14 14:05:21.983801 dv-cinder-799871-30-smb neutron-server[104244]: INFO neutron.wsgi [req-2f842881-2928-48ba-a4dd-3d0c37e5ee8c req-dd183521-f675-4e2d-b87f-9641d9a93139 tempest-DeleteServersTestJSON-790119170 tempest-DeleteServersTestJSON-790119170-project] 10.222.0.82 "GET /v2.0/networks?id=4099ccc3-3966-4612-9ee9-76303792b394 HTTP/1.1" status: 200 len: 811 time: 1.1160920
Jul 14 14:05:22.034119 dv-cinder-799871-30-smb neutron-server[104244]: INFO neutron.wsgi [req-84bf098a-84d4-4a82-a5ac-2ffc82940285 req-a3c17a4e-d47f-49e3-9076-7d90efd3205a service neutron] 10.222.0.84 "GET /v2.0/networks/ff1e74ad-3582-444d-b055-6f3baf2f2239?fields=provider%3Aphysical_network&fields=provider%3Anetwork_type HTTP/1.1" status: 200 len: 281 time: 0.2765305
Jul 14 14:05:22.059174 dv-cinder-799871-30-smb neutron-server[104245]: DEBUG neutron.scheduler.base_scheduler [req-eb5f649f-aaa1-4679-b422-5efea7beb0f7 req-8cca75fb-d3f5-424e-8e1c-17ca1967282b tempest-ServerRescueNegativeTestJSON-994188002 tempest-ServerRescueNegativeTestJSON-994188002-project] Resources bound (agent type, host, resource id): {{(pid=104245) schedule /opt/stack/neutron/neutron/scheduler/base_scheduler.py:57}}
Jul 14 14:05:22.070355 dv-cinder-799871-30-smb neutron-server[104245]: DEBUG neutron.db.l3_dvrscheduler_db [req-eb5f649f-aaa1-4679-b422-5efea7beb0f7 req-8cca75fb-d3f5-424e-8e1c-17ca1967282b tempest-ServerRescueNegativeTestJSON-994188002 tempest-ServerRescueNegativeTestJSON-994188002-project] Received port after_create {{(pid=104245) _notify_l3_agent_new_port /opt/stack/neutron/neutron/db/l3_dvrscheduler_db.py:542}}
Jul 14 14:05:22.094189 dv-cinder-799871-30-smb neutron-server[104245]: DEBUG neutron.pecan_wsgi.hooks.policy_enforcement [req-eb5f649f-aaa1-4679-b422-5efea7beb0f7 req-8cca75fb-d3f5-424e-8e1c-17ca1967282b tempest-ServerRescueNegativeTestJSON-994188002 tempest-ServerRescueNegativeTestJSON-994188002-project] Attributes excluded by policy engine: ['standard_attr_id', 'binding:profile', 'binding:host_id', 'binding:vif_type', 'binding:vif_details', 'network'] {{(pid=104245) _exclude_attributes_by_policy /opt/stack/neutron/neutron/pecan_wsgi/hooks/policy_enforcement.py:259}}
Jul 14 14:05:22.095140 dv-cinder-799871-30-smb neutron-server[104245]: DEBUG neutron_lib.callbacks.manager [req-eb5f649f-aaa1-4679-b422-5efea7beb0f7 req-8cca75fb-d3f5-424e-8e1c-17ca1967282b tempest-ServerRescueNegativeTestJSON-994188002 tempest-ServerRescueNegativeTestJSON-994188002-project] Publish callbacks ['neutron.notifiers.nova.Notifier._send_nova_notification-153088', 'neutron.api.rpc.agentnotifiers.dhcp_rpc_agent_api.DhcpAgentNotifyAPI._send_dhcp_notification-1635310'] for port (None), before_response {{(pid=104245) _notify_loop /usr/local/lib/python3.8/dist-packages/neutron_lib/callbacks/manager.py:176}}
Jul 14 14:05:22.100099 dv-cinder-799871-30-smb neutron-server[104246]: DEBUG dbcounter [-] [104246] Writing DB stats neutron:SELECT=99,neutron:UPDATE=1 {{(pid=104246) stat_writer /usr/local/lib/python3.8/dist-packages/dbcounter.py:114}}
Jul 14 14:05:22.188609 dv-cinder-799871-30-smb neutron-server[104244]: DEBUG neutron.api.v2.base [req-2f842881-2928-48ba-a4dd-3d0c37e5ee8c req-8dcf17b8-8706-473e-8141-1b54ac5da5ee tempest-DeleteServersTestJSON-790119170 tempest-DeleteServersTestJSON-790119170-project] Request body: {'port': {'device_id': '5f3d0379-0821-4706-9d08-a2f21d453ba2', 'network_id': '4099ccc3-3966-4612-9ee9-76303792b394', 'admin_state_up': True, 'tenant_id': 'ff3a6de87da844e68022471725ba5dc7'}} {{(pid=104244) prepare_request_body /opt/stack/neutron/neutron/api/v2/base.py:730}}
Jul 14 14:05:22.213499 dv-cinder-799871-30-smb neutron-server[104245]: DEBUG dbcounter [-] [104245] Writing DB stats neutron:SELECT=97,neutron:UPDATE=1,neutron:INSERT=2 {{(pid=104245) stat_writer /usr/local/lib/python3.8/dist-packages/dbcounter.py:114}}
Jul 14 14:05:22.348487 dv-cinder-799871-30-smb neutron-server[104246]: DEBUG neutron.api.rpc.handlers.l3_rpc [None req-fa46c597-892a-43ef-811f-fb1a7400b349 None None] Sync routers for ids ['fb5dca3e-6455-4ab5-a7e3-b63eae249f8e'] in dv-cinder-799871-30-smb {{(pid=104246) sync_routers /opt/stack/neutron/neutron/api/rpc/handlers/l3_rpc.py:125}}
Jul 14 14:05:22.424562 dv-cinder-799871-30-smb neutron-server[104246]: DEBUG neutron.plugins.ml2.plugin [None req-0a317743-83e4-4fa9-833d-ef4f1f893085 None None] Current status of the port a83a6f08-94af-488d-8be6-cbe2b127bc12 is: DOWN; New status is: ACTIVE {{(pid=104246) _update_individual_port_db_status /opt/stack/neutron/neutron/plugins/ml2/plugin.py:2292}}
Jul 14 14:05:22.437525 dv-cinder-799871-30-smb neutron-server[104246]: DEBUG neutron_lib.callbacks.manager [None req-0a317743-83e4-4fa9-833d-ef4f1f893085 None None] Publish callbacks ['neutron.plugins.ml2.plugin.SecurityGroupDbMixin._ensure_default_security_group_handler-661375'] for port (a83a6f08-94af-488d-8be6-cbe2b127bc12), before_update {{(pid=104246) _notify_loop /usr/local/lib/python3.8/dist-packages/neutron_lib/callbacks/manager.py:176}}
Jul 14 14:05:22.498813 dv-cinder-799871-30-smb neutron-server[104246]: DEBUG neutron.db.provisioning_blocks [None req-9e7a84ad-2e8f-4c54-927e-8c1121928dba None None] Provisioning complete for port f774edbf-6dd7-4e0f-ad76-6b17ded4d060 triggered by entity L2. {{(pid=104246) provisioning_complete /opt/stack/neutron/neutron/db/provisioning_blocks.py:145}}
Jul 14 14:05:22.499192 dv-cinder-799871-30-smb neutron-server[104246]: DEBUG neutron_lib.callbacks.manager [None req-9e7a84ad-2e8f-4c54-927e-8c1121928dba None None] Publish callbacks ['neutron.plugins.ml2.plugin.Ml2Plugin._port_provisioned-735918'] for port (f774edbf-6dd7-4e0f-ad76-6b17ded4d060), provisioning_complete {{(pid=104246) _notify_loop /usr/local/lib/python3.8/dist-packages/neutron_lib/callbacks/manager.py:176}}
Jul 14 14:05:22.615176 dv-cinder-799871-30-smb neutron-server[104247]: DEBUG neutron.db.agents_db [None req-f917b63d-89b9-4f70-a55b-bd9bf2558f9e None None] Agent healthcheck: found 6 active agents {{(pid=104247) agent_health_check /opt/stack/neutron/neutron/db/agents_db.py:317}}
Jul 14 14:05:22.701690 dv-cinder-799871-30-smb neutron-server[104244]: DEBUG neutron.wsgi [-] (104244) accepted ('10.222.0.82', 51617) {{(pid=104244) server /usr/local/lib/python3.8/dist-packages/eventlet/wsgi.py:1004}}
Jul 14 14:05:22.710643 dv-cinder-799871-30-smb neutron-server[104246]: DEBUG dbcounter [-] [104246] Writing DB stats neutron:SELECT=98,neutron:UPDATE=2 {{(pid=104246) stat_writer /usr/local/lib/python3.8/dist-packages/dbcounter.py:114}}
Jul 14 14:05:22.827822 dv-cinder-799871-30-smb neutron-server[104246]: DEBUG neutron.db.l3_dvrscheduler_db [None req-fa46c597-892a-43ef-811f-fb1a7400b349 None None] Routers {'fb5dca3e-6455-4ab5-a7e3-b63eae249f8e'} bound to L3 agent in host dv-cinder-799871-30-smb {{(pid=104246) _get_router_ids_for_agent /opt/stack/neutron/neutron/db/l3_dvrscheduler_db.py:426}}
Jul 14 14:05:22.849287 dv-cinder-799871-30-smb neutron-server[104246]: DEBUG neutron.db.l3_hamode_db [None req-fa46c597-892a-43ef-811f-fb1a7400b349 None None] neutron.services.l3_router.l3_router_plugin.L3RouterPlugin method get_ha_sync_data_for_host called with arguments (, 'dv-cinder-799871-30-smb', Agent(admin_state_up=True,agent_type='L3 agent',availability_zone='nova',binary='neutron-l3-agent',configurations={"agent_mode": "legacy", "ex_gw_ports": 6, "extensions": [], "floating_ips": 0, "handle_internal_only_routers": true, "interface_driver": "openvswitch", "interfaces": 5, "log_agent_heartbeats": false, "routers": 6},created_at=2022-07-14T13:55:52Z,description=,heartbeat_timestamp=2022-07-14T14:05:22Z,host='dv-cinder-799871-30-smb',id=8b661234-f86d-473d-910b-a85f3dd3dc30,load=0,resource_versions=,resources_synced=,started_at=2022-07-14T13:55:52Z,topic='l3_agent')) {'router_ids': ['fb5dca3e-6455-4ab5-a7e3-b63eae249f8e'], 'active': True} {{(pid=104246) wrapper /usr/local/lib/python3.8/dist-packages/oslo_log/helpers.py:65}}
Jul 14 14:05:22.869612 dv-cinder-799871-30-smb neutron-server[104246]: DEBUG neutron.plugins.ml2.db [None req-0a317743-83e4-4fa9-833d-ef4f1f893085 None None] For port a83a6f08-94af-488d-8be6-cbe2b127bc12, host dv-cinder-799871-30-smb, got binding levels [PortBindingLevel(driver='openvswitch',host='dv-cinder-799871-30-smb',level=0,port_id=a83a6f08-94af-488d-8be6-cbe2b127bc12,segment=NetworkSegment(3e8bd20d-b468-4897-ad56-4bba877e408f),segment_id=3e8bd20d-b468-4897-ad56-4bba877e408f)] {{(pid=104246) get_binding_level_objs /opt/stack/neutron/neutron/plugins/ml2/db.py:74}}
Jul 14 14:05:22.964094 dv-cinder-799871-30-smb neutron-server[104246]: DEBUG neutron_lib.callbacks.manager [None req-0a317743-83e4-4fa9-833d-ef4f1f893085 None None] Publish callbacks ['neutron.plugins.ml2.plugin.SecurityGroupServerNotifierRpcMixin._notify_sg_on_port_change-659900', 'neutron.plugins.ml2.ovo_rpc._ObjectChangeHandler.handle_event-215087', 'neutron.api.rpc.agentnotifiers.dhcp_rpc_agent_api.DhcpAgentNotifyAPI._native_event_send_dhcp_notification-1635324', 'neutron.db.l3_db.L3RpcNotifierMixin._notify_gateway_port_ip_changed-8750477012749', 'neutron.db.l3_dvrscheduler_db._notify_l3_agent_port_update-8750476529686', 'neutron.db.l3_hascheduler_db._notify_l3_agent_ha_port_update-8750476529704'] for port (a83a6f08-94af-488d-8be6-cbe2b127bc12), after_update {{(pid=104246) _notify_loop /usr/local/lib/python3.8/dist-packages/neutron_lib/callbacks/manager.py:176}}
Jul 14 14:05:22.967212 dv-cinder-799871-30-smb neutron-server[104245]: DEBUG neutron_lib.callbacks.manager [None req-19fb5fd7-4c5b-4932-af72-6b11d20beecb tempest-AttachVolumeShelveTestJSON-1620060139 tempest-AttachVolumeShelveTestJSON-1620060139-project] Publish callbacks [] for floatingip (5841e201-2964-4355-a90c-a2bf4e253c97), precommit_create {{(pid=104245) _notify_loop /usr/local/lib/python3.8/dist-packages/neutron_lib/callbacks/manager.py:176}}
Jul 14 14:05:22.991931 dv-cinder-799871-30-smb neutron-server[104245]: INFO neutron.wsgi [req-eb5f649f-aaa1-4679-b422-5efea7beb0f7 req-8cca75fb-d3f5-424e-8e1c-17ca1967282b tempest-ServerRescueNegativeTestJSON-994188002 tempest-ServerRescueNegativeTestJSON-994188002-project] 10.222.0.82 "POST /v2.0/ports HTTP/1.1" status: 201 len: 933 time: 9.3179193
Jul 14 14:05:23.044984 dv-cinder-799871-30-smb neutron-server[104245]: INFO neutron.wsgi [req-67080538-e559-4fcf-8856-e6f5adb1ccb2 req-556b33ac-4f22-44d9-a55a-ee7618d3d091 tempest-ServerRescueNegativeTestJSON-994188002 tempest-ServerRescueNegativeTestJSON-994188002-project] 10.222.0.84 "GET /v2.0/security-groups?id=9c7d8d37-0410-4ffb-b489-7f9ff9b3c409&fields=id&fields=name HTTP/1.1" status: 200 len: 286 time: 1.5006692
Jul 14 14:05:23.074927 dv-cinder-799871-30-smb neutron-server[104245]: DEBUG neutron.api.v2.base [req-eb5f649f-aaa1-4679-b422-5efea7beb0f7 req-d35d7c4c-f7e3-46f8-bd7a-f7bc3a986277 service neutron] Request body: {'port': {'device_id': '49ac2a7f-0749-4417-8daa-40482d5a2702', 'device_owner': 'compute:nova', 'binding:host_id': 'hv-cinder-79987'}} {{(pid=104245) prepare_request_body /opt/stack/neutron/neutron/api/v2/base.py:730}}
Jul 14 14:05:23.193037 dv-cinder-799871-30-smb neutron-server[104244]: DEBUG neutron.pecan_wsgi.hooks.policy_enforcement [req-68354426-a4ef-4ab6-ac8f-6a6b829065b8 req-82a18b28-7196-4818-acf1-4c0fea203e5d tempest-AttachVolumeNegativeTest-344203540 tempest-AttachVolumeNegativeTest-344203540-project] Attributes excluded by policy engine: ['standard_attr_id', 'vlan_transparent', 'provider:network_type', 'provider:physical_network', 'provider:segmentation_id'] {{(pid=104244) _exclude_attributes_by_policy /opt/stack/neutron/neutron/pecan_wsgi/hooks/policy_enforcement.py:259}}
Jul 14 14:05:23.194462 dv-cinder-799871-30-smb neutron-server[104244]: INFO neutron.wsgi [req-68354426-a4ef-4ab6-ac8f-6a6b829065b8 req-82a18b28-7196-4818-acf1-4c0fea203e5d tempest-AttachVolumeNegativeTest-344203540 tempest-AttachVolumeNegativeTest-344203540-project] 10.222.0.82 "GET /v2.0/networks?id=cb686cd7-1d69-46f2-abc9-c60b00c27bb9 HTTP/1.1" status: 200 len: 815 time: 0.4880235
Jul 14 14:05:23.201580 dv-cinder-799871-30-smb neutron-server[104244]: INFO neutron.wsgi [req-4c9cb574-a3ff-4c41-a627-5d9774fe8268 req-1ed7587e-ef07-4a0a-b34d-71ce3b403040 tempest-DeleteServersTestJSON-790119170 tempest-DeleteServersTestJSON-790119170-project] 10.222.0.84 "GET /v2.0/ports?device_id=5f3d0379-0821-4706-9d08-a2f21d453ba2 HTTP/1.1" status: 200 len: 210 time: 0.4165783
Jul 14 14:05:23.232549 dv-cinder-799871-30-smb neutron-server[104244]: DEBUG neutron.pecan_wsgi.hooks.quota_enforcement [req-2f842881-2928-48ba-a4dd-3d0c37e5ee8c req-8dcf17b8-8706-473e-8141-1b54ac5da5ee tempest-DeleteServersTestJSON-790119170 tempest-DeleteServersTestJSON-790119170-project] Made reservation on behalf of ff3a6de87da844e68022471725ba5dc7 for: {'port': 1} {{(pid=104244) before /opt/stack/neutron/neutron/pecan_wsgi/hooks/quota_enforcement.py:53}}
Jul 14 14:05:23.238831 dv-cinder-799871-30-smb neutron-server[104244]: DEBUG neutron_lib.callbacks.manager [req-2f842881-2928-48ba-a4dd-3d0c37e5ee8c req-8dcf17b8-8706-473e-8141-1b54ac5da5ee tempest-DeleteServersTestJSON-790119170 tempest-DeleteServersTestJSON-790119170-project] Publish callbacks ['neutron.plugins.ml2.plugin.SecurityGroupDbMixin._ensure_default_security_group_handler-661375'] for port (None), before_create {{(pid=104244) _notify_loop /usr/local/lib/python3.8/dist-packages/neutron_lib/callbacks/manager.py:176}}
Jul 14 14:05:23.312607 dv-cinder-799871-30-smb neutron-server[104244]: DEBUG dbcounter [-] [104244] Writing DB stats neutron:SELECT=88,neutron:INSERT=10,neutron:UPDATE=1,neutron:DELETE=1 {{(pid=104244) stat_writer /usr/local/lib/python3.8/dist-packages/dbcounter.py:114}}
Jul 14 14:05:23.350298 dv-cinder-799871-30-smb neutron-server[104245]: DEBUG neutron_lib.callbacks.manager [None req-19fb5fd7-4c5b-4932-af72-6b11d20beecb tempest-AttachVolumeShelveTestJSON-1620060139 tempest-AttachVolumeShelveTestJSON-1620060139-project] Publish callbacks ['neutron.plugins.ml2.plugin.SecurityGroupDbMixin._ensure_default_security_group_handler-661375'] for port (8b6ea9f1-45b6-4bca-bd10-a57a160f1965), before_update {{(pid=104245) _notify_loop /usr/local/lib/python3.8/dist-packages/neutron_lib/callbacks/manager.py:176}}
Jul 14 14:05:23.389369 dv-cinder-799871-30-smb neutron-server[104245]: INFO neutron.wsgi [req-bcecc6e6-ad5a-4008-9f3e-122b87ac4435 req-309170f4-e059-400d-a86f-d8bb5d5ca10b tempest-AttachVolumeNegativeTest-344203540 tempest-AttachVolumeNegativeTest-344203540-project] 10.222.0.84 "GET /v2.0/ports?device_id=ba2df665-39f5-4a6a-8eca-8c9307a59084 HTTP/1.1" status: 200 len: 210 time: 0.2228036
Jul 14 14:05:23.425049 dv-cinder-799871-30-smb neutron-server[104246]: DEBUG neutron_lib.callbacks.manager [None req-2b94e8ac-5ba8-4cf1-87ee-3cd6ac3d7e13 None None] Publish callbacks ['neutron.services.segments.db._update_segment_host_mapping_for_agent-8750476967729', 'neutron.plugins.ml2.plugin.Ml2Plugin._retry_binding_revived_agents-735940'] for agent (4bee94b2-e853-4401-9b73-73be761e9e20), after_update {{(pid=104246) _notify_loop /usr/local/lib/python3.8/dist-packages/neutron_lib/callbacks/manager.py:176}}
Jul 14 14:05:23.438215 dv-cinder-799871-30-smb neutron-server[104246]: DEBUG neutron.db.provisioning_blocks [None req-c1742edb-ecbd-472d-a523-806950f8f8ae None None] Provisioning complete for port 2fac284f-6dfa-4033-9cbe-16acb99bf1b9 triggered by entity DHCP. {{(pid=104246) provisioning_complete /opt/stack/neutron/neutron/db/provisioning_blocks.py:145}}
Jul 14 14:05:23.438984 dv-cinder-799871-30-smb neutron-server[104246]: DEBUG neutron_lib.callbacks.manager [None req-c1742edb-ecbd-472d-a523-806950f8f8ae None None] Publish callbacks ['neutron.plugins.ml2.plugin.Ml2Plugin._port_provisioned-735918'] for port (2fac284f-6dfa-4033-9cbe-16acb99bf1b9), provisioning_complete {{(pid=104246) _notify_loop /usr/local/lib/python3.8/dist-packages/neutron_lib/callbacks/manager.py:176}}
Jul 14 14:05:23.540225 dv-cinder-799871-30-smb neutron-server[104246]: DEBUG neutron.plugins.ml2.plugin [None req-9e7a84ad-2e8f-4c54-927e-8c1121928dba None None] Current status of the port f774edbf-6dd7-4e0f-ad76-6b17ded4d060 is: ACTIVE; New status is: ACTIVE {{(pid=104246) _update_individual_port_db_status /opt/stack/neutron/neutron/plugins/ml2/plugin.py:2292}}
Jul 14 14:05:23.542152 dv-cinder-799871-30-smb neutron-server[104246]: DEBUG neutron.plugins.ml2.rpc [None req-9e7a84ad-2e8f-4c54-927e-8c1121928dba None None] Device e4abcdd1-dafc-49c4-bd71-f7938b01eaec up at agent ovs-agent-dv-cinder-799871-30-smb {{(pid=104246) update_device_up /opt/stack/neutron/neutron/plugins/ml2/rpc.py:296}}
Jul 14 14:05:23.569577 dv-cinder-799871-30-smb neutron-server[104245]: DEBUG neutron_lib.callbacks.manager [req-eb5f649f-aaa1-4679-b422-5efea7beb0f7 req-d35d7c4c-f7e3-46f8-bd7a-f7bc3a986277 service neutron] Publish callbacks ['neutron.plugins.ml2.plugin.SecurityGroupDbMixin._ensure_default_security_group_handler-661375'] for port (2fac284f-6dfa-4033-9cbe-16acb99bf1b9), before_update {{(pid=104245) _notify_loop /usr/local/lib/python3.8/dist-packages/neutron_lib/callbacks/manager.py:176}}
Jul 14 14:05:23.600805 dv-cinder-799871-30-smb neutron-server[104246]: DEBUG neutron.plugins.ml2.plugin [None req-c1742edb-ecbd-472d-a523-806950f8f8ae None None] Port 2fac284f-6dfa-4033-9cbe-16acb99bf1b9 cannot update to ACTIVE because it is not bound. {{(pid=104246) _port_provisioned /opt/stack/neutron/neutron/plugins/ml2/plugin.py:348}}
Jul 14 14:05:23.636506 dv-cinder-799871-30-smb neutron-server[104246]: DEBUG neutron.api.rpc.handlers.resources_rpc [None req-0a317743-83e4-4fa9-833d-ef4f1f893085 None None] Pushing event updated for resources: {'Port': ['ID=a83a6f08-94af-488d-8be6-cbe2b127bc12,revision_number=5']} {{(pid=104246) push /opt/stack/neutron/neutron/api/rpc/handlers/resources_rpc.py:237}}
Jul 14 14:05:23.732027 dv-cinder-799871-30-smb neutron-server[104244]: DEBUG dbcounter [-] [104244] Writing DB stats neutron:SELECT=96,neutron:INSERT=4 {{(pid=104244) stat_writer /usr/local/lib/python3.8/dist-packages/dbcounter.py:114}}
Jul 14 14:05:23.736758 dv-cinder-799871-30-smb neutron-server[104246]: DEBUG neutron.db.l3_dvr_db [None req-fa46c597-892a-43ef-811f-fb1a7400b349 None None] Set router fb5dca3e-6455-4ab5-a7e3-b63eae249f8e gateway port host: dv-cinder-799871-30-smb {{(pid=104246) _build_routers_list /opt/stack/neutron/neutron/db/l3_dvr_db.py:907}}
Jul 14 14:05:23.746793 dv-cinder-799871-30-smb neutron-server[104246]: DEBUG neutron.db.provisioning_blocks [None req-c1742edb-ecbd-472d-a523-806950f8f8ae None None] Provisioning complete for port a83a6f08-94af-488d-8be6-cbe2b127bc12 triggered by entity DHCP. {{(pid=104246) provisioning_complete /opt/stack/neutron/neutron/db/provisioning_blocks.py:145}}
Jul 14 14:05:23.747260 dv-cinder-799871-30-smb neutron-server[104246]: DEBUG neutron_lib.callbacks.manager [None req-c1742edb-ecbd-472d-a523-806950f8f8ae None None] Publish callbacks ['neutron.plugins.ml2.plugin.Ml2Plugin._port_provisioned-735918'] for port (a83a6f08-94af-488d-8be6-cbe2b127bc12), provisioning_complete {{(pid=104246) _notify_loop /usr/local/lib/python3.8/dist-packages/neutron_lib/callbacks/manager.py:176}}
Jul 14 14:05:23.827429 dv-cinder-799871-30-smb neutron-server[104244]: INFO neutron.wsgi [req-ca0bff8d-928e-4298-b222-74b5053cf0ec req-ba185a2b-072d-4167-8757-720976a41a0e tempest-AttachVolumeTestJSON-656473999 tempest-AttachVolumeTestJSON-656473999-project] 10.222.0.84 "GET /v2.0/ports?device_id=91d491d4-0cc6-40fd-b477-4b37c1e9730f HTTP/1.1" status: 200 len: 210 time: 0.4238470
Jul 14 14:05:24.164334 dv-cinder-799871-30-smb neutron-server[104246]: DEBUG neutron.db.provisioning_blocks [None req-9e7a84ad-2e8f-4c54-927e-8c1121928dba None None] Provisioning complete for port e4abcdd1-dafc-49c4-bd71-f7938b01eaec triggered by entity L2. {{(pid=104246) provisioning_complete /opt/stack/neutron/neutron/db/provisioning_blocks.py:145}}
Jul 14 14:05:24.164885 dv-cinder-799871-30-smb neutron-server[104246]: DEBUG neutron_lib.callbacks.manager [None req-9e7a84ad-2e8f-4c54-927e-8c1121928dba None None] Publish callbacks ['neutron.plugins.ml2.plugin.Ml2Plugin._port_provisioned-735918'] for port (e4abcdd1-dafc-49c4-bd71-f7938b01eaec), provisioning_complete {{(pid=104246) _notify_loop /usr/local/lib/python3.8/dist-packages/neutron_lib/callbacks/manager.py:176}}
Jul 14 14:05:24.342644 dv-cinder-799871-30-smb neutron-server[104244]: DEBUG neutron.db.db_base_plugin_common [req-2f842881-2928-48ba-a4dd-3d0c37e5ee8c req-8dcf17b8-8706-473e-8141-1b54ac5da5ee tempest-DeleteServersTestJSON-790119170 tempest-DeleteServersTestJSON-790119170-project] Allocated IP 172.20.0.5 (4099ccc3-3966-4612-9ee9-76303792b394/3eddae7d-cf6f-425d-8c3b-aa590083a046/f162efbd-2e54-4fb8-8d7f-3dab542fa9e6) {{(pid=104244) _store_ip_allocation /opt/stack/neutron/neutron/db/db_base_plugin_common.py:131}}
Jul 14 14:05:24.690939 dv-cinder-799871-30-smb neutron-server[104246]: DEBUG dbcounter [-] [104246] Writing DB stats neutron:SELECT=97,neutron:UPDATE=3 {{(pid=104246) stat_writer /usr/local/lib/python3.8/dist-packages/dbcounter.py:114}}
Jul 14 14:05:24.739618 dv-cinder-799871-30-smb neutron-server[104246]: DEBUG neutron.plugins.ml2.plugin [None req-c1742edb-ecbd-472d-a523-806950f8f8ae None None] Current status of the port a83a6f08-94af-488d-8be6-cbe2b127bc12 is: ACTIVE; New status is: ACTIVE {{(pid=104246) _update_individual_port_db_status /opt/stack/neutron/neutron/plugins/ml2/plugin.py:2292}}
Jul 14 14:05:24.835157 dv-cinder-799871-30-smb neutron-server[104245]: DEBUG neutron.notifiers.nova [req-fdf2e540-765c-46fb-b2a9-b5d31f1cc42d req-d4f5c36b-e8cf-4774-b8a4-c5f41ca301c0 service neutron] Ignoring state change previous_port_status: DOWN current_port_status: DOWN port_id 88ac8eaf-482c-45d3-b069-53504f219164 {{(pid=104245) record_port_status_changed /opt/stack/neutron/neutron/notifiers/nova.py:233}}
Jul 14 14:05:24.982649 dv-cinder-799871-30-smb neutron-server[104246]: DEBUG neutron.db.provisioning_blocks [None req-c1742edb-ecbd-472d-a523-806950f8f8ae None None] Provisioning complete for port 88ac8eaf-482c-45d3-b069-53504f219164 triggered by entity DHCP. {{(pid=104246) provisioning_complete /opt/stack/neutron/neutron/db/provisioning_blocks.py:145}}
Jul 14 14:05:24.983105 dv-cinder-799871-30-smb neutron-server[104246]: DEBUG neutron_lib.callbacks.manager [None req-c1742edb-ecbd-472d-a523-806950f8f8ae None None] Publish callbacks ['neutron.plugins.ml2.plugin.Ml2Plugin._port_provisioned-735918'] for port (88ac8eaf-482c-45d3-b069-53504f219164), provisioning_complete {{(pid=104246) _notify_loop /usr/local/lib/python3.8/dist-packages/neutron_lib/callbacks/manager.py:176}}
Jul 14 14:05:24.988746 dv-cinder-799871-30-smb neutron-server[104246]: DEBUG neutron.plugins.ml2.plugin [None req-9e7a84ad-2e8f-4c54-927e-8c1121928dba None None] Current status of the port e4abcdd1-dafc-49c4-bd71-f7938b01eaec is: DOWN; New status is: ACTIVE {{(pid=104246) _update_individual_port_db_status /opt/stack/neutron/neutron/plugins/ml2/plugin.py:2292}}
Jul 14 14:05:24.989126 dv-cinder-799871-30-smb neutron-server[104246]: DEBUG neutron_lib.callbacks.manager [None req-9e7a84ad-2e8f-4c54-927e-8c1121928dba None None] Publish callbacks ['neutron.plugins.ml2.plugin.SecurityGroupDbMixin._ensure_default_security_group_handler-661375'] for port (e4abcdd1-dafc-49c4-bd71-f7938b01eaec), before_update {{(pid=104246) _notify_loop /usr/local/lib/python3.8/dist-packages/neutron_lib/callbacks/manager.py:176}}
Jul 14 14:05:25.120229 dv-cinder-799871-30-smb neutron-server[104245]: DEBUG neutron_lib.callbacks.manager [None req-19fb5fd7-4c5b-4932-af72-6b11d20beecb tempest-AttachVolumeShelveTestJSON-1620060139 tempest-AttachVolumeShelveTestJSON-1620060139-project] Publish callbacks [] for port (8b6ea9f1-45b6-4bca-bd10-a57a160f1965), precommit_update {{(pid=104245) _notify_loop /usr/local/lib/python3.8/dist-packages/neutron_lib/callbacks/manager.py:176}}
Jul 14 14:05:25.143504 dv-cinder-799871-30-smb neutron-server[104245]: DEBUG neutron_lib.callbacks.manager [req-fdf2e540-765c-46fb-b2a9-b5d31f1cc42d req-d4f5c36b-e8cf-4774-b8a4-c5f41ca301c0 service neutron] Publish callbacks [] for port (88ac8eaf-482c-45d3-b069-53504f219164), precommit_update {{(pid=104245) _notify_loop /usr/local/lib/python3.8/dist-packages/neutron_lib/callbacks/manager.py:176}}
Jul 14 14:05:25.157851 dv-cinder-799871-30-smb neutron-server[104244]: DEBUG neutron_lib.callbacks.manager [req-2f842881-2928-48ba-a4dd-3d0c37e5ee8c req-8dcf17b8-8706-473e-8141-1b54ac5da5ee tempest-DeleteServersTestJSON-790119170 tempest-DeleteServersTestJSON-790119170-project] Publish callbacks [] for port (f162efbd-2e54-4fb8-8d7f-3dab542fa9e6), precommit_create {{(pid=104244) _notify_loop /usr/local/lib/python3.8/dist-packages/neutron_lib/callbacks/manager.py:176}}
Jul 14 14:05:25.170004 dv-cinder-799871-30-smb neutron-server[104246]: DEBUG neutron_lib.callbacks.manager [None req-125f9d98-9864-49ac-abac-57e68f48696b None None] Publish callbacks ['neutron.services.segments.db._update_segment_host_mapping_for_agent-8750476967729', 'neutron.plugins.ml2.plugin.Ml2Plugin._retry_binding_revived_agents-735940'] for agent (4a8ad10d-98fa-4e0a-85bd-9e830862d7e9), after_update {{(pid=104246) _notify_loop /usr/local/lib/python3.8/dist-packages/neutron_lib/callbacks/manager.py:176}}
Jul 14 14:05:25.184963 dv-cinder-799871-30-smb neutron-server[104246]: DEBUG neutron_lib.callbacks.manager [None req-9e7a84ad-2e8f-4c54-927e-8c1121928dba None None] Publish callbacks ['neutron.services.segments.db._update_segment_host_mapping_for_agent-8750476967729', 'neutron.plugins.ml2.plugin.Ml2Plugin._retry_binding_revived_agents-735940'] for agent (8b935736-1443-4a19-bc20-0aba4dddec3a), after_update {{(pid=104246) _notify_loop /usr/local/lib/python3.8/dist-packages/neutron_lib/callbacks/manager.py:176}}
Jul 14 14:05:25.228711 dv-cinder-799871-30-smb neutron-server[104246]: DEBUG neutron.plugins.ml2.db [None req-9e7a84ad-2e8f-4c54-927e-8c1121928dba None None] For port e4abcdd1-dafc-49c4-bd71-f7938b01eaec, host dv-cinder-799871-30-smb, got binding levels [PortBindingLevel(driver='openvswitch',host='dv-cinder-799871-30-smb',level=0,port_id=e4abcdd1-dafc-49c4-bd71-f7938b01eaec,segment=NetworkSegment(4fa38aed-42c8-4c87-933d-1cb1873416f3),segment_id=4fa38aed-42c8-4c87-933d-1cb1873416f3)] {{(pid=104246) get_binding_level_objs /opt/stack/neutron/neutron/plugins/ml2/db.py:74}}
