Jul 13 23:17:12.772071 dv-cinder-799871-29-smb devstack@c-api.service[111062]: DEBUG cinder.api.openstack.wsgi [None req-23071627-bf8c-449e-a633-62a5815fe220 tempest-GroupsTest-334370825 tempest-GroupsTest-334370825-project] Action body: b'{"delete": {"delete-volumes": false}}' {{(pid=111062) get_method /opt/stack/cinder/cinder/api/openstack/wsgi.py:983}}
Jul 13 23:17:12.774725 dv-cinder-799871-29-smb devstack@c-api.service[111062]: DEBUG cinder.api.openstack.wsgi [None req-23071627-bf8c-449e-a633-62a5815fe220 tempest-GroupsTest-334370825 tempest-GroupsTest-334370825-project] Action: 'action', calling method: delete_group, body: {"delete": {"delete-volumes": false}} {{(pid=111062) _process_stack /opt/stack/cinder/cinder/api/openstack/wsgi.py:866}}
Jul 13 23:17:12.783270 dv-cinder-799871-29-smb devstack@c-api.service[111062]: DEBUG cinder.api.v3.groups [None req-23071627-bf8c-449e-a633-62a5815fe220 tempest-GroupsTest-334370825 tempest-GroupsTest-334370825-project] delete called for group d2278d63-b683-4418-82f3-7c9875242417 {{(pid=111062) _delete /opt/stack/cinder/cinder/api/v3/groups.py:117}}
Jul 13 23:17:12.783992 dv-cinder-799871-29-smb devstack@c-api.service[111062]: INFO cinder.api.v3.groups [None req-23071627-bf8c-449e-a633-62a5815fe220 tempest-GroupsTest-334370825 tempest-GroupsTest-334370825-project] Delete group with id: d2278d63-b683-4418-82f3-7c9875242417
Jul 13 23:17:12.799936 dv-cinder-799871-29-smb devstack@c-api.service[111062]: /usr/local/lib/python3.8/dist-packages/oslo_context/context.py:100: DeprecationWarning: Policy enforcement is depending on the value of is_admin. This key is deprecated. Please update your policy file to use the standard policy values.
Jul 13 23:17:12.799936 dv-cinder-799871-29-smb devstack@c-api.service[111062]: warnings.warn('Policy enforcement is depending on the value of '
Jul 13 23:17:12.822551 dv-cinder-799871-29-smb devstack@c-api.service[111063]: INFO cinder.api.openstack.wsgi [None req-948ec4c4-ab34-483a-8d48-e2b90fceb512 tempest-GroupSnapshotsTest-1040163582 tempest-GroupSnapshotsTest-1040163582-project] http://10.222.0.61/volume/v3/f4c6c22de5df430f826bcf1c0bb3b0ea/groups/a8aa37f1-66eb-40c7-a83f-58b4d4b68690/action returned with HTTP 202
Jul 13 23:17:12.826505 dv-cinder-799871-29-smb devstack@c-api.service[111063]: [pid: 111063|app: 0|req: 66/130] 10.222.0.61 () {62 vars in 1404 bytes} [Wed Jul 13 23:17:12 2022] POST /volume/v3/f4c6c22de5df430f826bcf1c0bb3b0ea/groups/a8aa37f1-66eb-40c7-a83f-58b4d4b68690/action => generated 0 bytes in 277 msecs (HTTP/1.1 202) 6 headers in 234 bytes (1 switches on core 0)
Jul 13 23:17:12.826505 dv-cinder-799871-29-smb devstack@c-api.service[111063]: DEBUG cinder.api.middleware.request_id [None req-70e665c0-154a-463e-bd95-99982b144b05 None None] RequestId filter calling following filter/app {{(pid=111063) _context_setter /opt/stack/cinder/cinder/api/middleware/request_id.py:62}}
Jul 13 23:17:12.849857 dv-cinder-799871-29-smb devstack@c-api.service[111063]: INFO cinder.api.openstack.wsgi [None req-70e665c0-154a-463e-bd95-99982b144b05 tempest-GroupsV314Test-389004781 tempest-GroupsV314Test-389004781-project-admin] GET http://10.222.0.61/volume/v3/86216be76e6c4f5389fdbed960e1a361/types/805e501d-db45-4d58-8bfa-328168eb5f36
Jul 13 23:17:12.850565 dv-cinder-799871-29-smb devstack@c-api.service[111063]: DEBUG cinder.api.openstack.wsgi [None req-70e665c0-154a-463e-bd95-99982b144b05 tempest-GroupsV314Test-389004781 tempest-GroupsV314Test-389004781-project-admin] Empty body provided in request {{(pid=111063) get_body /opt/stack/cinder/cinder/api/openstack/wsgi.py:715}}
Jul 13 23:17:12.852204 dv-cinder-799871-29-smb devstack@c-api.service[111063]: DEBUG cinder.api.openstack.wsgi [None req-70e665c0-154a-463e-bd95-99982b144b05 tempest-GroupsV314Test-389004781 tempest-GroupsV314Test-389004781-project-admin] Calling method 'show' {{(pid=111063) _process_stack /opt/stack/cinder/cinder/api/openstack/wsgi.py:868}}
Jul 13 23:17:12.869203 dv-cinder-799871-29-smb devstack@c-api.service[111063]: INFO cinder.api.openstack.wsgi [None req-70e665c0-154a-463e-bd95-99982b144b05 tempest-GroupsV314Test-389004781 tempest-GroupsV314Test-389004781-project-admin] http://10.222.0.61/volume/v3/86216be76e6c4f5389fdbed960e1a361/types/805e501d-db45-4d58-8bfa-328168eb5f36 returned with HTTP 404
Jul 13 23:17:12.874515 dv-cinder-799871-29-smb devstack@c-api.service[111062]: INFO cinder.api.openstack.wsgi [None req-23071627-bf8c-449e-a633-62a5815fe220 tempest-GroupsTest-334370825 tempest-GroupsTest-334370825-project] http://10.222.0.61/volume/v3/19ef06ecea364919a230a3a81ac0bc87/groups/d2278d63-b683-4418-82f3-7c9875242417/action returned with HTTP 202
Jul 13 23:17:12.879046 dv-cinder-799871-29-smb devstack@c-api.service[111062]: [pid: 111062|app: 0|req: 65/131] 10.222.0.61 () {62 vars in 1404 bytes} [Wed Jul 13 23:17:12 2022] POST /volume/v3/19ef06ecea364919a230a3a81ac0bc87/groups/d2278d63-b683-4418-82f3-7c9875242417/action => generated 0 bytes in 117 msecs (HTTP/1.1 202) 6 headers in 234 bytes (1 switches on core 0)
Jul 13 23:17:12.880828 dv-cinder-799871-29-smb devstack@c-api.service[111062]: DEBUG cinder.api.middleware.request_id [None req-47100342-d6eb-4e78-b54c-0b3de9a37a11 None None] RequestId filter calling following filter/app {{(pid=111062) _context_setter /opt/stack/cinder/cinder/api/middleware/request_id.py:62}}
Jul 13 23:17:12.886385 dv-cinder-799871-29-smb devstack@c-api.service[111062]: INFO cinder.api.openstack.wsgi [None req-47100342-d6eb-4e78-b54c-0b3de9a37a11 tempest-GroupSnapshotsTest-1040163582 tempest-GroupSnapshotsTest-1040163582-project] GET http://10.222.0.61/volume/v3/f4c6c22de5df430f826bcf1c0bb3b0ea/volumes/f5bd4e07-6ee1-41d8-b2b7-66a605fbcb5e
Jul 13 23:17:12.886786 dv-cinder-799871-29-smb devstack@c-api.service[111062]: DEBUG cinder.api.openstack.wsgi [None req-47100342-d6eb-4e78-b54c-0b3de9a37a11 tempest-GroupSnapshotsTest-1040163582 tempest-GroupSnapshotsTest-1040163582-project] Empty body provided in request {{(pid=111062) get_body /opt/stack/cinder/cinder/api/openstack/wsgi.py:715}}
Jul 13 23:17:12.887244 dv-cinder-799871-29-smb devstack@c-api.service[111062]: DEBUG cinder.api.openstack.wsgi [None req-47100342-d6eb-4e78-b54c-0b3de9a37a11 tempest-GroupSnapshotsTest-1040163582 tempest-GroupSnapshotsTest-1040163582-project] Calling method 'show' {{(pid=111062) _process_stack /opt/stack/cinder/cinder/api/openstack/wsgi.py:868}}
Jul 13 23:17:12.887964 dv-cinder-799871-29-smb devstack@c-api.service[111063]: [pid: 111063|app: 0|req: 67/132] 10.222.0.61 () {58 vars in 1318 bytes} [Wed Jul 13 23:17:12 2022] GET /volume/v3/86216be76e6c4f5389fdbed960e1a361/types/805e501d-db45-4d58-8bfa-328168eb5f36 => generated 114 bytes in 63 msecs (HTTP/1.1 404) 7 headers in 292 bytes (1 switches on core 0)
Jul 13 23:17:12.906080 dv-cinder-799871-29-smb devstack@c-api.service[111062]: /usr/local/lib/python3.8/dist-packages/oslo_context/context.py:100: DeprecationWarning: Policy enforcement is depending on the value of is_admin. This key is deprecated. Please update your policy file to use the standard policy values.
Jul 13 23:17:12.906080 dv-cinder-799871-29-smb devstack@c-api.service[111062]: warnings.warn('Policy enforcement is depending on the value of '
Jul 13 23:17:12.911214 dv-cinder-799871-29-smb devstack@c-api.service[111063]: DEBUG cinder.api.middleware.request_id [None req-5086df9b-b1b9-4745-8d10-00db19f48b7c None None] RequestId filter calling following filter/app {{(pid=111063) _context_setter /opt/stack/cinder/cinder/api/middleware/request_id.py:62}}
Jul 13 23:17:12.915604 dv-cinder-799871-29-smb devstack@c-api.service[111062]: INFO cinder.volume.api [None req-47100342-d6eb-4e78-b54c-0b3de9a37a11 tempest-GroupSnapshotsTest-1040163582 tempest-GroupSnapshotsTest-1040163582-project] Volume info retrieved successfully.
Jul 13 23:17:12.918393 dv-cinder-799871-29-smb devstack@c-api.service[111062]: WARNING stevedore.named [None req-47100342-d6eb-4e78-b54c-0b3de9a37a11 tempest-GroupSnapshotsTest-1040163582 tempest-GroupSnapshotsTest-1040163582-project] Could not load cinder.keymgr.conf_key_mgr.ConfKeyManager
Jul 13 23:17:12.919022 dv-cinder-799871-29-smb devstack@c-api.service[111062]: WARNING castellan.key_manager [None req-47100342-d6eb-4e78-b54c-0b3de9a37a11 tempest-GroupSnapshotsTest-1040163582 tempest-GroupSnapshotsTest-1040163582-project] Deprecation Warning : cinder.keymgr.conf_key_mgr.ConfKeyManager is not a stevedore based driver, trying to load it as a class: stevedore.exception.NoMatches: No 'castellan.drivers' driver found, looking for 'cinder.keymgr.conf_key_mgr.ConfKeyManager'
Jul 13 23:17:12.931597 dv-cinder-799871-29-smb devstack@c-api.service[111062]: DEBUG oslo_db.sqlalchemy.engines [None req-47100342-d6eb-4e78-b54c-0b3de9a37a11 tempest-GroupSnapshotsTest-1040163582 tempest-GroupSnapshotsTest-1040163582-project] MySQL server mode set to STRICT_TRANS_TABLES,STRICT_ALL_TABLES,NO_ZERO_IN_DATE,NO_ZERO_DATE,ERROR_FOR_DIVISION_BY_ZERO,TRADITIONAL,NO_ENGINE_SUBSTITUTION {{(pid=111062) _check_effective_sql_mode /usr/local/lib/python3.8/dist-packages/oslo_db/sqlalchemy/engines.py:314}}
Jul 13 23:17:12.939516 dv-cinder-799871-29-smb devstack@c-api.service[111062]: /usr/local/lib/python3.8/dist-packages/oslo_context/context.py:100: DeprecationWarning: Policy enforcement is depending on the value of is_admin. This key is deprecated. Please update your policy file to use the standard policy values.
Jul 13 23:17:12.939516 dv-cinder-799871-29-smb devstack@c-api.service[111062]: warnings.warn('Policy enforcement is depending on the value of '
Jul 13 23:17:12.939807 dv-cinder-799871-29-smb devstack@c-api.service[111063]: INFO cinder.api.openstack.wsgi [None req-5086df9b-b1b9-4745-8d10-00db19f48b7c tempest-GroupsTest-334370825 tempest-GroupsTest-334370825-project] GET http://10.222.0.61/volume/v3/19ef06ecea364919a230a3a81ac0bc87/groups/d2278d63-b683-4418-82f3-7c9875242417
Jul 13 23:17:12.946613 dv-cinder-799871-29-smb devstack@c-api.service[111063]: DEBUG cinder.api.openstack.wsgi [None req-5086df9b-b1b9-4745-8d10-00db19f48b7c tempest-GroupsTest-334370825 tempest-GroupsTest-334370825-project] Empty body provided in request {{(pid=111063) get_body /opt/stack/cinder/cinder/api/openstack/wsgi.py:715}}
Jul 13 23:17:12.948755 dv-cinder-799871-29-smb devstack@c-api.service[111063]: DEBUG cinder.api.openstack.wsgi [None req-5086df9b-b1b9-4745-8d10-00db19f48b7c tempest-GroupsTest-334370825 tempest-GroupsTest-334370825-project] Calling method 'version_select' {{(pid=111063) _process_stack /opt/stack/cinder/cinder/api/openstack/wsgi.py:868}}
Jul 13 23:17:12.953073 dv-cinder-799871-29-smb devstack@c-api.service[111063]: DEBUG cinder.api.v3.groups [None req-5086df9b-b1b9-4745-8d10-00db19f48b7c tempest-GroupsTest-334370825 tempest-GroupsTest-334370825-project] show called for member d2278d63-b683-4418-82f3-7c9875242417 {{(pid=111063) show /opt/stack/cinder/cinder/api/v3/groups.py:58}}
Jul 13 23:17:12.963147 dv-cinder-799871-29-smb devstack@c-api.service[111062]: INFO cinder.api.openstack.wsgi [None req-47100342-d6eb-4e78-b54c-0b3de9a37a11 tempest-GroupSnapshotsTest-1040163582 tempest-GroupSnapshotsTest-1040163582-project] http://10.222.0.61/volume/v3/f4c6c22de5df430f826bcf1c0bb3b0ea/volumes/f5bd4e07-6ee1-41d8-b2b7-66a605fbcb5e returned with HTTP 200
Jul 13 23:17:12.964661 dv-cinder-799871-29-smb devstack@c-api.service[111062]: [pid: 111062|app: 0|req: 66/133] 10.222.0.61 () {60 vars in 1365 bytes} [Wed Jul 13 23:17:12 2022] GET /volume/v3/f4c6c22de5df430f826bcf1c0bb3b0ea/volumes/f5bd4e07-6ee1-41d8-b2b7-66a605fbcb5e => generated 992 bytes in 85 msecs (HTTP/1.1 200) 7 headers in 286 bytes (1 switches on core 0)
Jul 13 23:17:12.994737 dv-cinder-799871-29-smb devstack@c-api.service[111063]: /usr/local/lib/python3.8/dist-packages/oslo_context/context.py:100: DeprecationWarning: Policy enforcement is depending on the value of is_admin. This key is deprecated. Please update your policy file to use the standard policy values.
Jul 13 23:17:12.994737 dv-cinder-799871-29-smb devstack@c-api.service[111063]: warnings.warn('Policy enforcement is depending on the value of '
Jul 13 23:17:13.064031 dv-cinder-799871-29-smb devstack@c-api.service[111063]: INFO cinder.api.openstack.wsgi [None req-5086df9b-b1b9-4745-8d10-00db19f48b7c tempest-GroupsTest-334370825 tempest-GroupsTest-334370825-project] http://10.222.0.61/volume/v3/19ef06ecea364919a230a3a81ac0bc87/groups/d2278d63-b683-4418-82f3-7c9875242417 returned with HTTP 200
Jul 13 23:17:13.068049 dv-cinder-799871-29-smb devstack@c-api.service[111063]: [pid: 111063|app: 0|req: 68/134] 10.222.0.61 () {60 vars in 1362 bytes} [Wed Jul 13 23:17:12 2022] GET /volume/v3/19ef06ecea364919a230a3a81ac0bc87/groups/d2278d63-b683-4418-82f3-7c9875242417 => generated 283 bytes in 178 msecs (HTTP/1.1 200) 7 headers in 286 bytes (1 switches on core 0)
Jul 13 23:17:13.979864 dv-cinder-799871-29-smb devstack@c-api.service[111062]: DEBUG cinder.api.middleware.request_id [None req-6e3a8e22-fb15-487c-9f6f-6c08da3dda24 None None] RequestId filter calling following filter/app {{(pid=111062) _context_setter /opt/stack/cinder/cinder/api/middleware/request_id.py:62}}
Jul 13 23:17:13.985139 dv-cinder-799871-29-smb devstack@c-api.service[111062]: INFO cinder.api.openstack.wsgi [None req-6e3a8e22-fb15-487c-9f6f-6c08da3dda24 tempest-GroupSnapshotsTest-1040163582 tempest-GroupSnapshotsTest-1040163582-project] GET http://10.222.0.61/volume/v3/f4c6c22de5df430f826bcf1c0bb3b0ea/volumes/f5bd4e07-6ee1-41d8-b2b7-66a605fbcb5e
Jul 13 23:17:13.985804 dv-cinder-799871-29-smb devstack@c-api.service[111062]: DEBUG cinder.api.openstack.wsgi [None req-6e3a8e22-fb15-487c-9f6f-6c08da3dda24 tempest-GroupSnapshotsTest-1040163582 tempest-GroupSnapshotsTest-1040163582-project] Empty body provided in request {{(pid=111062) get_body /opt/stack/cinder/cinder/api/openstack/wsgi.py:715}}
Jul 13 23:17:13.986370 dv-cinder-799871-29-smb devstack@c-api.service[111062]: DEBUG cinder.api.openstack.wsgi [None req-6e3a8e22-fb15-487c-9f6f-6c08da3dda24 tempest-GroupSnapshotsTest-1040163582 tempest-GroupSnapshotsTest-1040163582-project] Calling method 'show' {{(pid=111062) _process_stack /opt/stack/cinder/cinder/api/openstack/wsgi.py:868}}
Jul 13 23:17:14.011225 dv-cinder-799871-29-smb devstack@c-api.service[111063]: DEBUG cinder.api.middleware.request_id [req-c3800575-85eb-4c50-a824-1720f668b80b req-2f3cbc76-79cd-4248-a87a-f0c26701f627 None None] RequestId filter calling following filter/app {{(pid=111063) _context_setter /opt/stack/cinder/cinder/api/middleware/request_id.py:62}}
Jul 13 23:17:14.017810 dv-cinder-799871-29-smb devstack@c-api.service[111062]: INFO cinder.api.openstack.wsgi [None req-6e3a8e22-fb15-487c-9f6f-6c08da3dda24 tempest-GroupSnapshotsTest-1040163582 tempest-GroupSnapshotsTest-1040163582-project] http://10.222.0.61/volume/v3/f4c6c22de5df430f826bcf1c0bb3b0ea/volumes/f5bd4e07-6ee1-41d8-b2b7-66a605fbcb5e returned with HTTP 404
Jul 13 23:17:14.020097 dv-cinder-799871-29-smb devstack@c-api.service[111063]: INFO cinder.api.openstack.wsgi [req-c3800575-85eb-4c50-a824-1720f668b80b req-2f3cbc76-79cd-4248-a87a-f0c26701f627 tempest-VolumesNegativeTest-1033597338 tempest-VolumesNegativeTest-1033597338-project] DELETE http://10.222.0.61/volume/v3/0b186c218e164ae7aa75134030f8dd13/volumes/tempest-invalid-1196915417
Jul 13 23:17:14.023590 dv-cinder-799871-29-smb devstack@c-api.service[111063]: DEBUG cinder.api.openstack.wsgi [req-c3800575-85eb-4c50-a824-1720f668b80b req-2f3cbc76-79cd-4248-a87a-f0c26701f627 tempest-VolumesNegativeTest-1033597338 tempest-VolumesNegativeTest-1033597338-project] Empty body provided in request {{(pid=111063) get_body /opt/stack/cinder/cinder/api/openstack/wsgi.py:715}}
Jul 13 23:17:14.024828 dv-cinder-799871-29-smb devstack@c-api.service[111063]: DEBUG cinder.api.openstack.wsgi [req-c3800575-85eb-4c50-a824-1720f668b80b req-2f3cbc76-79cd-4248-a87a-f0c26701f627 tempest-VolumesNegativeTest-1033597338 tempest-VolumesNegativeTest-1033597338-project] Calling method 'delete' {{(pid=111063) _process_stack /opt/stack/cinder/cinder/api/openstack/wsgi.py:868}}
Jul 13 23:17:14.025378 dv-cinder-799871-29-smb devstack@c-api.service[111062]: [pid: 111062|app: 0|req: 67/135] 10.222.0.61 () {60 vars in 1365 bytes} [Wed Jul 13 23:17:13 2022] GET /volume/v3/f4c6c22de5df430f826bcf1c0bb3b0ea/volumes/f5bd4e07-6ee1-41d8-b2b7-66a605fbcb5e => generated 109 bytes in 47 msecs (HTTP/1.1 404) 7 headers in 293 bytes (1 switches on core 0)
Jul 13 23:17:14.027061 dv-cinder-799871-29-smb devstack@c-api.service[111062]: DEBUG cinder.api.middleware.request_id [None req-b15cd175-edc5-4c4d-812b-d21a6afc8ba7 None None] RequestId filter calling following filter/app {{(pid=111062) _context_setter /opt/stack/cinder/cinder/api/middleware/request_id.py:62}}
Jul 13 23:17:14.028038 dv-cinder-799871-29-smb devstack@c-api.service[111063]: INFO cinder.api.v3.volumes [req-c3800575-85eb-4c50-a824-1720f668b80b req-2f3cbc76-79cd-4248-a87a-f0c26701f627 tempest-VolumesNegativeTest-1033597338 tempest-VolumesNegativeTest-1033597338-project] Delete volume with id: tempest-invalid-1196915417
Jul 13 23:17:14.034136 dv-cinder-799871-29-smb devstack@c-api.service[111062]: INFO cinder.api.openstack.wsgi [None req-b15cd175-edc5-4c4d-812b-d21a6afc8ba7 tempest-GroupSnapshotsTest-1040163582 tempest-GroupSnapshotsTest-1040163582-project] GET http://10.222.0.61/volume/v3/f4c6c22de5df430f826bcf1c0bb3b0ea/groups/a8aa37f1-66eb-40c7-a83f-58b4d4b68690
Jul 13 23:17:14.034636 dv-cinder-799871-29-smb devstack@c-api.service[111062]: DEBUG cinder.api.openstack.wsgi [None req-b15cd175-edc5-4c4d-812b-d21a6afc8ba7 tempest-GroupSnapshotsTest-1040163582 tempest-GroupSnapshotsTest-1040163582-project] Empty body provided in request {{(pid=111062) get_body /opt/stack/cinder/cinder/api/openstack/wsgi.py:715}}
Jul 13 23:17:14.035479 dv-cinder-799871-29-smb devstack@c-api.service[111062]: DEBUG cinder.api.openstack.wsgi [None req-b15cd175-edc5-4c4d-812b-d21a6afc8ba7 tempest-GroupSnapshotsTest-1040163582 tempest-GroupSnapshotsTest-1040163582-project] Calling method 'version_select' {{(pid=111062) _process_stack /opt/stack/cinder/cinder/api/openstack/wsgi.py:868}}
Jul 13 23:17:14.036019 dv-cinder-799871-29-smb devstack@c-api.service[111062]: DEBUG cinder.api.v3.groups [None req-b15cd175-edc5-4c4d-812b-d21a6afc8ba7 tempest-GroupSnapshotsTest-1040163582 tempest-GroupSnapshotsTest-1040163582-project] show called for member a8aa37f1-66eb-40c7-a83f-58b4d4b68690 {{(pid=111062) show /opt/stack/cinder/cinder/api/v3/groups.py:58}}
Jul 13 23:17:14.051378 dv-cinder-799871-29-smb devstack@c-api.service[111062]: INFO cinder.api.openstack.wsgi [None req-b15cd175-edc5-4c4d-812b-d21a6afc8ba7 tempest-GroupSnapshotsTest-1040163582 tempest-GroupSnapshotsTest-1040163582-project] http://10.222.0.61/volume/v3/f4c6c22de5df430f826bcf1c0bb3b0ea/groups/a8aa37f1-66eb-40c7-a83f-58b4d4b68690 returned with HTTP 404
Jul 13 23:17:14.057546 dv-cinder-799871-29-smb devstack@c-api.service[111062]: [pid: 111062|app: 0|req: 68/136] 10.222.0.61 () {60 vars in 1362 bytes} [Wed Jul 13 23:17:14 2022] GET /volume/v3/f4c6c22de5df430f826bcf1c0bb3b0ea/groups/a8aa37f1-66eb-40c7-a83f-58b4d4b68690 => generated 108 bytes in 31 msecs (HTTP/1.1 404) 7 headers in 293 bytes (1 switches on core 0)
Jul 13 23:17:14.061882 dv-cinder-799871-29-smb devstack@c-api.service[111062]: DEBUG cinder.api.middleware.request_id [None req-22de793d-e5ef-4e9e-bc32-d241666a307c None None] RequestId filter calling following filter/app {{(pid=111062) _context_setter /opt/stack/cinder/cinder/api/middleware/request_id.py:62}}
Jul 13 23:17:14.074489 dv-cinder-799871-29-smb devstack@c-api.service[111062]: INFO cinder.api.openstack.wsgi [None req-22de793d-e5ef-4e9e-bc32-d241666a307c tempest-GroupSnapshotsTest-1040163582 tempest-GroupSnapshotsTest-1040163582-project] DELETE http://10.222.0.61/volume/v3/f4c6c22de5df430f826bcf1c0bb3b0ea/group_snapshots/598ab061-2bce-438e-be32-82d55a6da804
Jul 13 23:17:14.075001 dv-cinder-799871-29-smb devstack@c-api.service[111062]: DEBUG cinder.api.openstack.wsgi [None req-22de793d-e5ef-4e9e-bc32-d241666a307c tempest-GroupSnapshotsTest-1040163582 tempest-GroupSnapshotsTest-1040163582-project] Empty body provided in request {{(pid=111062) get_body /opt/stack/cinder/cinder/api/openstack/wsgi.py:715}}
Jul 13 23:17:14.075483 dv-cinder-799871-29-smb devstack@c-api.service[111062]: DEBUG cinder.api.openstack.wsgi [None req-22de793d-e5ef-4e9e-bc32-d241666a307c tempest-GroupSnapshotsTest-1040163582 tempest-GroupSnapshotsTest-1040163582-project] Calling method 'version_select' {{(pid=111062) _process_stack /opt/stack/cinder/cinder/api/openstack/wsgi.py:868}}
Jul 13 23:17:14.075828 dv-cinder-799871-29-smb devstack@c-api.service[111062]: DEBUG cinder.api.v3.group_snapshots [None req-22de793d-e5ef-4e9e-bc32-d241666a307c tempest-GroupSnapshotsTest-1040163582 tempest-GroupSnapshotsTest-1040163582-project] delete called for member 598ab061-2bce-438e-be32-82d55a6da804 {{(pid=111062) delete /opt/stack/cinder/cinder/api/v3/group_snapshots.py:72}}
Jul 13 23:17:14.076101 dv-cinder-799871-29-smb devstack@c-api.service[111062]: INFO cinder.api.v3.group_snapshots [None req-22de793d-e5ef-4e9e-bc32-d241666a307c tempest-GroupSnapshotsTest-1040163582 tempest-GroupSnapshotsTest-1040163582-project] Delete group_snapshot with id: 598ab061-2bce-438e-be32-82d55a6da804
Jul 13 23:17:14.099729 dv-cinder-799871-29-smb devstack@c-api.service[111063]: INFO cinder.api.openstack.wsgi [req-c3800575-85eb-4c50-a824-1720f668b80b req-2f3cbc76-79cd-4248-a87a-f0c26701f627 tempest-VolumesNegativeTest-1033597338 tempest-VolumesNegativeTest-1033597338-project] http://10.222.0.61/volume/v3/0b186c218e164ae7aa75134030f8dd13/volumes/tempest-invalid-1196915417 returned with HTTP 404
Jul 13 23:17:14.102575 dv-cinder-799871-29-smb devstack@c-api.service[111062]: /usr/local/lib/python3.8/dist-packages/oslo_context/context.py:100: DeprecationWarning: Policy enforcement is depending on the value of is_admin. This key is deprecated. Please update your policy file to use the standard policy values.
Jul 13 23:17:14.102575 dv-cinder-799871-29-smb devstack@c-api.service[111062]: warnings.warn('Policy enforcement is depending on the value of '
Jul 13 23:17:14.108043 dv-cinder-799871-29-smb devstack@c-api.service[111063]: [pid: 111063|app: 0|req: 69/137] 10.222.0.61 () {62 vars in 1570 bytes} [Wed Jul 13 23:17:14 2022] DELETE /volume/v3/0b186c218e164ae7aa75134030f8dd13/volumes/tempest-invalid-1196915417 => generated 99 bytes in 98 msecs (HTTP/1.1 404) 7 headers in 291 bytes (1 switches on core 0)
Jul 13 23:17:14.110915 dv-cinder-799871-29-smb devstack@c-api.service[111063]: DEBUG cinder.api.middleware.request_id [None req-a5724e88-b80d-4569-a3bb-53559e940e9e None None] RequestId filter calling following filter/app {{(pid=111063) _context_setter /opt/stack/cinder/cinder/api/middleware/request_id.py:62}}
Jul 13 23:17:14.174736 dv-cinder-799871-29-smb devstack@c-api.service[111063]: INFO cinder.api.openstack.wsgi [None req-a5724e88-b80d-4569-a3bb-53559e940e9e tempest-GroupsTest-334370825 tempest-GroupsTest-334370825-project] GET http://10.222.0.61/volume/v3/19ef06ecea364919a230a3a81ac0bc87/groups/d2278d63-b683-4418-82f3-7c9875242417
Jul 13 23:17:14.176182 dv-cinder-799871-29-smb devstack@c-api.service[111063]: DEBUG cinder.api.openstack.wsgi [None req-a5724e88-b80d-4569-a3bb-53559e940e9e tempest-GroupsTest-334370825 tempest-GroupsTest-334370825-project] Empty body provided in request {{(pid=111063) get_body /opt/stack/cinder/cinder/api/openstack/wsgi.py:715}}
Jul 13 23:17:14.187055 dv-cinder-799871-29-smb devstack@c-api.service[111063]: DEBUG cinder.api.openstack.wsgi [None req-a5724e88-b80d-4569-a3bb-53559e940e9e tempest-GroupsTest-334370825 tempest-GroupsTest-334370825-project] Calling method 'version_select' {{(pid=111063) _process_stack /opt/stack/cinder/cinder/api/openstack/wsgi.py:868}}
Jul 13 23:17:14.188203 dv-cinder-799871-29-smb devstack@c-api.service[111063]: DEBUG cinder.api.v3.groups [None req-a5724e88-b80d-4569-a3bb-53559e940e9e tempest-GroupsTest-334370825 tempest-GroupsTest-334370825-project] show called for member d2278d63-b683-4418-82f3-7c9875242417 {{(pid=111063) show /opt/stack/cinder/cinder/api/v3/groups.py:58}}
Jul 13 23:17:14.226169 dv-cinder-799871-29-smb devstack@c-api.service[111063]: INFO cinder.api.openstack.wsgi [None req-a5724e88-b80d-4569-a3bb-53559e940e9e tempest-GroupsTest-334370825 tempest-GroupsTest-334370825-project] http://10.222.0.61/volume/v3/19ef06ecea364919a230a3a81ac0bc87/groups/d2278d63-b683-4418-82f3-7c9875242417 returned with HTTP 404
Jul 13 23:17:14.244576 dv-cinder-799871-29-smb devstack@c-api.service[111063]: [pid: 111063|app: 0|req: 70/138] 10.222.0.61 () {60 vars in 1362 bytes} [Wed Jul 13 23:17:14 2022] GET /volume/v3/19ef06ecea364919a230a3a81ac0bc87/groups/d2278d63-b683-4418-82f3-7c9875242417 => generated 108 bytes in 135 msecs (HTTP/1.1 404) 7 headers in 293 bytes (1 switches on core 0)
Jul 13 23:17:14.252349 dv-cinder-799871-29-smb devstack@c-api.service[111063]: DEBUG cinder.api.middleware.request_id [None req-86a07d66-9b1c-46bf-8e29-ff1e12a53456 None None] RequestId filter calling following filter/app {{(pid=111063) _context_setter /opt/stack/cinder/cinder/api/middleware/request_id.py:62}}
Jul 13 23:17:14.287937 dv-cinder-799871-29-smb devstack@c-api.service[111063]: INFO cinder.api.openstack.wsgi [None req-86a07d66-9b1c-46bf-8e29-ff1e12a53456 tempest-GroupsTest-334370825 tempest-GroupsTest-334370825-project] GET http://10.222.0.61/volume/v3/19ef06ecea364919a230a3a81ac0bc87/groups/detail
Jul 13 23:17:14.295439 dv-cinder-799871-29-smb devstack@c-api.service[111063]: DEBUG cinder.api.openstack.wsgi [None req-86a07d66-9b1c-46bf-8e29-ff1e12a53456 tempest-GroupsTest-334370825 tempest-GroupsTest-334370825-project] Empty body provided in request {{(pid=111063) get_body /opt/stack/cinder/cinder/api/openstack/wsgi.py:715}}
Jul 13 23:17:14.299324 dv-cinder-799871-29-smb devstack@c-api.service[111063]: DEBUG cinder.api.openstack.wsgi [None req-86a07d66-9b1c-46bf-8e29-ff1e12a53456 tempest-GroupsTest-334370825 tempest-GroupsTest-334370825-project] Calling method 'version_select' {{(pid=111063) _process_stack /opt/stack/cinder/cinder/api/openstack/wsgi.py:868}}
Jul 13 23:17:14.335090 dv-cinder-799871-29-smb devstack@c-api.service[111063]: INFO cinder.api.openstack.wsgi [None req-86a07d66-9b1c-46bf-8e29-ff1e12a53456 tempest-GroupsTest-334370825 tempest-GroupsTest-334370825-project] http://10.222.0.61/volume/v3/19ef06ecea364919a230a3a81ac0bc87/groups/detail returned with HTTP 200
Jul 13 23:17:14.341406 dv-cinder-799871-29-smb devstack@c-api.service[111063]: [pid: 111063|app: 0|req: 71/139] 10.222.0.61 () {60 vars in 1272 bytes} [Wed Jul 13 23:17:14 2022] GET /volume/v3/19ef06ecea364919a230a3a81ac0bc87/groups/detail => generated 14 bytes in 92 msecs (HTTP/1.1 200) 7 headers in 285 bytes (1 switches on core 0)
Jul 13 23:17:14.349994 dv-cinder-799871-29-smb devstack@c-api.service[111063]: DEBUG cinder.api.middleware.request_id [None req-692a24e2-a3c1-4f85-8b8b-caaf10005ec2 None None] RequestId filter calling following filter/app {{(pid=111063) _context_setter /opt/stack/cinder/cinder/api/middleware/request_id.py:62}}
Jul 13 23:17:14.356302 dv-cinder-799871-29-smb devstack@c-api.service[111062]: INFO cinder.api.openstack.wsgi [None req-22de793d-e5ef-4e9e-bc32-d241666a307c tempest-GroupSnapshotsTest-1040163582 tempest-GroupSnapshotsTest-1040163582-project] http://10.222.0.61/volume/v3/f4c6c22de5df430f826bcf1c0bb3b0ea/group_snapshots/598ab061-2bce-438e-be32-82d55a6da804 returned with HTTP 202
Jul 13 23:17:14.358596 dv-cinder-799871-29-smb devstack@c-api.service[111063]: INFO cinder.api.openstack.wsgi [None req-692a24e2-a3c1-4f85-8b8b-caaf10005ec2 tempest-GroupsTest-334370825 tempest-GroupsTest-334370825-project] GET http://10.222.0.61/volume/v3/19ef06ecea364919a230a3a81ac0bc87/volumes/detail
Jul 13 23:17:14.359733 dv-cinder-799871-29-smb devstack@c-api.service[111063]: DEBUG cinder.api.openstack.wsgi [None req-692a24e2-a3c1-4f85-8b8b-caaf10005ec2 tempest-GroupsTest-334370825 tempest-GroupsTest-334370825-project] Empty body provided in request {{(pid=111063) get_body /opt/stack/cinder/cinder/api/openstack/wsgi.py:715}}
Jul 13 23:17:14.360860 dv-cinder-799871-29-smb devstack@c-api.service[111063]: DEBUG cinder.api.openstack.wsgi [None req-692a24e2-a3c1-4f85-8b8b-caaf10005ec2 tempest-GroupsTest-334370825 tempest-GroupsTest-334370825-project] Calling method 'detail' {{(pid=111063) _process_stack /opt/stack/cinder/cinder/api/openstack/wsgi.py:868}}
Jul 13 23:17:14.362227 dv-cinder-799871-29-smb devstack@c-api.service[111063]: DEBUG cinder.api.api_utils [None req-692a24e2-a3c1-4f85-8b8b-caaf10005ec2 tempest-GroupsTest-334370825 tempest-GroupsTest-334370825-project] Removing options '' from query. {{(pid=111063) remove_invalid_filter_options /opt/stack/cinder/cinder/api/api_utils.py:83}}
Jul 13 23:17:14.365799 dv-cinder-799871-29-smb devstack@c-api.service[111062]: [pid: 111062|app: 0|req: 69/140] 10.222.0.61 () {60 vars in 1392 bytes} [Wed Jul 13 23:17:14 2022] DELETE /volume/v3/f4c6c22de5df430f826bcf1c0bb3b0ea/group_snapshots/598ab061-2bce-438e-be32-82d55a6da804 => generated 0 bytes in 307 msecs (HTTP/1.1 202) 6 headers in 234 bytes (1 switches on core 0)
Jul 13 23:17:14.367711 dv-cinder-799871-29-smb devstack@c-api.service[111063]: DEBUG cinder.volume.api [None req-692a24e2-a3c1-4f85-8b8b-caaf10005ec2 tempest-GroupsTest-334370825 tempest-GroupsTest-334370825-project] Searching by: MultiDict([('no_migration_targets', True)]). {{(pid=111063) get_all /opt/stack/cinder/cinder/volume/api.py:664}}
Jul 13 23:17:14.373607 dv-cinder-799871-29-smb devstack@c-api.service[111062]: DEBUG cinder.api.middleware.request_id [req-7704e8d2-91b2-4db1-b95e-42103f443416 req-7ea31477-c90f-46a7-adc6-5459ee5b5394 None None] RequestId filter calling following filter/app {{(pid=111062) _context_setter /opt/stack/cinder/cinder/api/middleware/request_id.py:62}}
Jul 13 23:17:14.400573 dv-cinder-799871-29-smb devstack@c-api.service[111062]: INFO cinder.api.openstack.wsgi [req-7704e8d2-91b2-4db1-b95e-42103f443416 req-7ea31477-c90f-46a7-adc6-5459ee5b5394 tempest-VolumesNegativeTest-1033597338 tempest-VolumesNegativeTest-1033597338-project] DELETE http://10.222.0.61/volume/v3/0b186c218e164ae7aa75134030f8dd13/volumes/03d5b1f7-bd20-44a9-b71b-df364e2a01aa
Jul 13 23:17:14.406698 dv-cinder-799871-29-smb devstack@c-api.service[111062]: DEBUG cinder.api.openstack.wsgi [req-7704e8d2-91b2-4db1-b95e-42103f443416 req-7ea31477-c90f-46a7-adc6-5459ee5b5394 tempest-VolumesNegativeTest-1033597338 tempest-VolumesNegativeTest-1033597338-project] Empty body provided in request {{(pid=111062) get_body /opt/stack/cinder/cinder/api/openstack/wsgi.py:715}}
Jul 13 23:17:14.408278 dv-cinder-799871-29-smb devstack@c-api.service[111062]: DEBUG cinder.api.openstack.wsgi [req-7704e8d2-91b2-4db1-b95e-42103f443416 req-7ea31477-c90f-46a7-adc6-5459ee5b5394 tempest-VolumesNegativeTest-1033597338 tempest-VolumesNegativeTest-1033597338-project] Calling method 'delete' {{(pid=111062) _process_stack /opt/stack/cinder/cinder/api/openstack/wsgi.py:868}}
Jul 13 23:17:14.422351 dv-cinder-799871-29-smb devstack@c-api.service[111062]: INFO cinder.api.v3.volumes [req-7704e8d2-91b2-4db1-b95e-42103f443416 req-7ea31477-c90f-46a7-adc6-5459ee5b5394 tempest-VolumesNegativeTest-1033597338 tempest-VolumesNegativeTest-1033597338-project] Delete volume with id: 03d5b1f7-bd20-44a9-b71b-df364e2a01aa
Jul 13 23:17:14.494131 dv-cinder-799871-29-smb devstack@c-api.service[111062]: INFO cinder.api.openstack.wsgi [req-7704e8d2-91b2-4db1-b95e-42103f443416 req-7ea31477-c90f-46a7-adc6-5459ee5b5394 tempest-VolumesNegativeTest-1033597338 tempest-VolumesNegativeTest-1033597338-project] http://10.222.0.61/volume/v3/0b186c218e164ae7aa75134030f8dd13/volumes/03d5b1f7-bd20-44a9-b71b-df364e2a01aa returned with HTTP 404
Jul 13 23:17:14.496160 dv-cinder-799871-29-smb devstack@c-api.service[111062]: [pid: 111062|app: 0|req: 70/141] 10.222.0.61 () {62 vars in 1600 bytes} [Wed Jul 13 23:17:14 2022] DELETE /volume/v3/0b186c218e164ae7aa75134030f8dd13/volumes/03d5b1f7-bd20-44a9-b71b-df364e2a01aa => generated 109 bytes in 130 msecs (HTTP/1.1 404) 7 headers in 292 bytes (1 switches on core 0)
Jul 13 23:17:14.500100 dv-cinder-799871-29-smb devstack@c-api.service[111062]: DEBUG cinder.api.middleware.request_id [None req-d1711a87-6c9e-4aa4-bcaf-602d25d4dae9 None None] RequestId filter calling following filter/app {{(pid=111062) _context_setter /opt/stack/cinder/cinder/api/middleware/request_id.py:62}}
Jul 13 23:17:14.528108 dv-cinder-799871-29-smb devstack@c-api.service[111063]: INFO cinder.volume.api [None req-692a24e2-a3c1-4f85-8b8b-caaf10005ec2 tempest-GroupsTest-334370825 tempest-GroupsTest-334370825-project] Get all volumes completed successfully.
Jul 13 23:17:14.530045 dv-cinder-799871-29-smb devstack@c-api.service[111062]: INFO cinder.api.openstack.wsgi [None req-d1711a87-6c9e-4aa4-bcaf-602d25d4dae9 tempest-GroupSnapshotsTest-1040163582 tempest-GroupSnapshotsTest-1040163582-project] GET http://10.222.0.61/volume/v3/f4c6c22de5df430f826bcf1c0bb3b0ea/volumes/detail
Jul 13 23:17:14.533501 dv-cinder-799871-29-smb devstack@c-api.service[111062]: DEBUG cinder.api.openstack.wsgi [None req-d1711a87-6c9e-4aa4-bcaf-602d25d4dae9 tempest-GroupSnapshotsTest-1040163582 tempest-GroupSnapshotsTest-1040163582-project] Empty body provided in request {{(pid=111062) get_body /opt/stack/cinder/cinder/api/openstack/wsgi.py:715}}
Jul 13 23:17:14.534524 dv-cinder-799871-29-smb devstack@c-api.service[111062]: DEBUG cinder.api.openstack.wsgi [None req-d1711a87-6c9e-4aa4-bcaf-602d25d4dae9 tempest-GroupSnapshotsTest-1040163582 tempest-GroupSnapshotsTest-1040163582-project] Calling method 'detail' {{(pid=111062) _process_stack /opt/stack/cinder/cinder/api/openstack/wsgi.py:868}}
Jul 13 23:17:14.535938 dv-cinder-799871-29-smb devstack@c-api.service[111062]: DEBUG cinder.api.api_utils [None req-d1711a87-6c9e-4aa4-bcaf-602d25d4dae9 tempest-GroupSnapshotsTest-1040163582 tempest-GroupSnapshotsTest-1040163582-project] Removing options '' from query. {{(pid=111062) remove_invalid_filter_options /opt/stack/cinder/cinder/api/api_utils.py:83}}
Jul 13 23:17:14.537524 dv-cinder-799871-29-smb devstack@c-api.service[111062]: /usr/local/lib/python3.8/dist-packages/oslo_context/context.py:100: DeprecationWarning: Policy enforcement is depending on the value of is_admin. This key is deprecated. Please update your policy file to use the standard policy values.
Jul 13 23:17:14.537524 dv-cinder-799871-29-smb devstack@c-api.service[111062]: warnings.warn('Policy enforcement is depending on the value of '
Jul 13 23:17:14.540742 dv-cinder-799871-29-smb devstack@c-api.service[111062]: DEBUG cinder.volume.api [None req-d1711a87-6c9e-4aa4-bcaf-602d25d4dae9 tempest-GroupSnapshotsTest-1040163582 tempest-GroupSnapshotsTest-1040163582-project] Searching by: MultiDict([('no_migration_targets', True)]). {{(pid=111062) get_all /opt/stack/cinder/cinder/volume/api.py:664}}
Jul 13 23:17:14.568631 dv-cinder-799871-29-smb devstack@c-api.service[111063]: INFO cinder.api.openstack.wsgi [None req-692a24e2-a3c1-4f85-8b8b-caaf10005ec2 tempest-GroupsTest-334370825 tempest-GroupsTest-334370825-project] http://10.222.0.61/volume/v3/19ef06ecea364919a230a3a81ac0bc87/volumes/detail returned with HTTP 200
Jul 13 23:17:14.587147 dv-cinder-799871-29-smb devstack@c-api.service[111063]: [pid: 111063|app: 0|req: 72/142] 10.222.0.61 () {60 vars in 1275 bytes} [Wed Jul 13 23:17:14 2022] GET /volume/v3/19ef06ecea364919a230a3a81ac0bc87/volumes/detail => generated 15 bytes in 240 msecs (HTTP/1.1 200) 7 headers in 285 bytes (1 switches on core 0)
Jul 13 23:17:14.598643 dv-cinder-799871-29-smb devstack@c-api.service[111063]: DEBUG cinder.api.middleware.request_id [None req-834504ec-7285-46bb-9329-19e706b34130 None None] RequestId filter calling following filter/app {{(pid=111063) _context_setter /opt/stack/cinder/cinder/api/middleware/request_id.py:62}}
Jul 13 23:17:14.621610 dv-cinder-799871-29-smb devstack@c-api.service[111063]: INFO cinder.api.openstack.wsgi [None req-834504ec-7285-46bb-9329-19e706b34130 tempest-GroupsTest-334370825 tempest-GroupsTest-334370825-project] POST http://10.222.0.61/volume/v3/19ef06ecea364919a230a3a81ac0bc87/groups/d2278d63-b683-4418-82f3-7c9875242417/action
Jul 13 23:17:14.626451 dv-cinder-799871-29-smb devstack@c-api.service[111063]: DEBUG cinder.api.openstack.wsgi [None req-834504ec-7285-46bb-9329-19e706b34130 tempest-GroupsTest-334370825 tempest-GroupsTest-334370825-project] Action body: b'{"delete": {"delete-volumes": true}}' {{(pid=111063) get_method /opt/stack/cinder/cinder/api/openstack/wsgi.py:983}}
Jul 13 23:17:14.627692 dv-cinder-799871-29-smb devstack@c-api.service[111063]: DEBUG cinder.api.openstack.wsgi [None req-834504ec-7285-46bb-9329-19e706b34130 tempest-GroupsTest-334370825 tempest-GroupsTest-334370825-project] Action: 'action', calling method: delete_group, body: {"delete": {"delete-volumes": true}} {{(pid=111063) _process_stack /opt/stack/cinder/cinder/api/openstack/wsgi.py:866}}
Jul 13 23:17:14.633672 dv-cinder-799871-29-smb devstack@c-api.service[111063]: DEBUG cinder.api.v3.groups [None req-834504ec-7285-46bb-9329-19e706b34130 tempest-GroupsTest-334370825 tempest-GroupsTest-334370825-project] delete called for group d2278d63-b683-4418-82f3-7c9875242417 {{(pid=111063) _delete /opt/stack/cinder/cinder/api/v3/groups.py:117}}
Jul 13 23:17:14.636014 dv-cinder-799871-29-smb devstack@c-api.service[111063]: INFO cinder.api.v3.groups [None req-834504ec-7285-46bb-9329-19e706b34130 tempest-GroupsTest-334370825 tempest-GroupsTest-334370825-project] Delete group with id: d2278d63-b683-4418-82f3-7c9875242417
Jul 13 23:17:14.655698 dv-cinder-799871-29-smb devstack@c-api.service[111062]: DEBUG dbcounter [-] [111062] Writing DB stats cinder:SELECT=93,cinder:UPDATE=7 {{(pid=111062) stat_writer /usr/local/lib/python3.8/dist-packages/dbcounter.py:114}}
Jul 13 23:17:14.661324 dv-cinder-799871-29-smb devstack@c-api.service[111063]: INFO cinder.api.openstack.wsgi [None req-834504ec-7285-46bb-9329-19e706b34130 tempest-GroupsTest-334370825 tempest-GroupsTest-334370825-project] http://10.222.0.61/volume/v3/19ef06ecea364919a230a3a81ac0bc87/groups/d2278d63-b683-4418-82f3-7c9875242417/action returned with HTTP 404
Jul 13 23:17:14.674364 dv-cinder-799871-29-smb devstack@c-api.service[111063]: [pid: 111063|app: 0|req: 73/143] 10.222.0.61 () {62 vars in 1404 bytes} [Wed Jul 13 23:17:14 2022] POST /volume/v3/19ef06ecea364919a230a3a81ac0bc87/groups/d2278d63-b683-4418-82f3-7c9875242417/action => generated 108 bytes in 78 msecs (HTTP/1.1 404) 7 headers in 293 bytes (1 switches on core 0)
Jul 13 23:17:14.677366 dv-cinder-799871-29-smb devstack@c-api.service[111063]: DEBUG cinder.api.middleware.request_id [req-79fa68f0-5a1a-41b8-b84e-83d25dc1f815 req-20cc13f2-e636-406b-987f-4d29416d638d None None] RequestId filter calling following filter/app {{(pid=111063) _context_setter /opt/stack/cinder/cinder/api/middleware/request_id.py:62}}
Jul 13 23:17:14.693578 dv-cinder-799871-29-smb devstack@c-api.service[111063]: INFO cinder.api.openstack.wsgi [req-79fa68f0-5a1a-41b8-b84e-83d25dc1f815 req-20cc13f2-e636-406b-987f-4d29416d638d tempest-VolumesNegativeTest-1033597338 tempest-VolumesNegativeTest-1033597338-project] GET http://10.222.0.61/volume/v3/0b186c218e164ae7aa75134030f8dd13/volumes/9fec81a2-cbea-48a8-8f81-a0487ee48719
Jul 13 23:17:14.698244 dv-cinder-799871-29-smb devstack@c-api.service[111063]: DEBUG cinder.api.openstack.wsgi [req-79fa68f0-5a1a-41b8-b84e-83d25dc1f815 req-20cc13f2-e636-406b-987f-4d29416d638d tempest-VolumesNegativeTest-1033597338 tempest-VolumesNegativeTest-1033597338-project] Empty body provided in request {{(pid=111063) get_body /opt/stack/cinder/cinder/api/openstack/wsgi.py:715}}
Jul 13 23:17:14.702374 dv-cinder-799871-29-smb devstack@c-api.service[111063]: DEBUG cinder.api.openstack.wsgi [req-79fa68f0-5a1a-41b8-b84e-83d25dc1f815 req-20cc13f2-e636-406b-987f-4d29416d638d tempest-VolumesNegativeTest-1033597338 tempest-VolumesNegativeTest-1033597338-project] Calling method 'show' {{(pid=111063) _process_stack /opt/stack/cinder/cinder/api/openstack/wsgi.py:868}}
Jul 13 23:17:14.703997 dv-cinder-799871-29-smb devstack@c-api.service[111062]: INFO cinder.volume.api [None req-d1711a87-6c9e-4aa4-bcaf-602d25d4dae9 tempest-GroupSnapshotsTest-1040163582 tempest-GroupSnapshotsTest-1040163582-project] Get all volumes completed successfully.
Jul 13 23:17:14.707355 dv-cinder-799871-29-smb devstack@c-api.service[111062]: WARNING stevedore.named [None req-d1711a87-6c9e-4aa4-bcaf-602d25d4dae9 tempest-GroupSnapshotsTest-1040163582 tempest-GroupSnapshotsTest-1040163582-project] Could not load cinder.keymgr.conf_key_mgr.ConfKeyManager
Jul 13 23:17:14.708211 dv-cinder-799871-29-smb devstack@c-api.service[111062]: WARNING castellan.key_manager [None req-d1711a87-6c9e-4aa4-bcaf-602d25d4dae9 tempest-GroupSnapshotsTest-1040163582 tempest-GroupSnapshotsTest-1040163582-project] Deprecation Warning : cinder.keymgr.conf_key_mgr.ConfKeyManager is not a stevedore based driver, trying to load it as a class: stevedore.exception.NoMatches: No 'castellan.drivers' driver found, looking for 'cinder.keymgr.conf_key_mgr.ConfKeyManager'
Jul 13 23:17:14.734401 dv-cinder-799871-29-smb devstack@c-api.service[111062]: DEBUG oslo_db.sqlalchemy.engines [None req-d1711a87-6c9e-4aa4-bcaf-602d25d4dae9 tempest-GroupSnapshotsTest-1040163582 tempest-GroupSnapshotsTest-1040163582-project] MySQL server mode set to STRICT_TRANS_TABLES,STRICT_ALL_TABLES,NO_ZERO_IN_DATE,NO_ZERO_DATE,ERROR_FOR_DIVISION_BY_ZERO,TRADITIONAL,NO_ENGINE_SUBSTITUTION {{(pid=111062) _check_effective_sql_mode /usr/local/lib/python3.8/dist-packages/oslo_db/sqlalchemy/engines.py:314}}
Jul 13 23:17:14.742268 dv-cinder-799871-29-smb devstack@c-api.service[111063]: INFO cinder.api.openstack.wsgi [req-79fa68f0-5a1a-41b8-b84e-83d25dc1f815 req-20cc13f2-e636-406b-987f-4d29416d638d tempest-VolumesNegativeTest-1033597338 tempest-VolumesNegativeTest-1033597338-project] http://10.222.0.61/volume/v3/0b186c218e164ae7aa75134030f8dd13/volumes/9fec81a2-cbea-48a8-8f81-a0487ee48719 returned with HTTP 404
Jul 13 23:17:14.765526 dv-cinder-799871-29-smb devstack@c-api.service[111062]: /usr/local/lib/python3.8/dist-packages/oslo_context/context.py:100: DeprecationWarning: Policy enforcement is depending on the value of is_admin. This key is deprecated. Please update your policy file to use the standard policy values.
Jul 13 23:17:14.765526 dv-cinder-799871-29-smb devstack@c-api.service[111062]: warnings.warn('Policy enforcement is depending on the value of '
Jul 13 23:17:14.775430 dv-cinder-799871-29-smb devstack@c-api.service[111063]: [pid: 111063|app: 0|req: 74/144] 10.222.0.61 () {60 vars in 1578 bytes} [Wed Jul 13 23:17:14 2022] GET /volume/v3/0b186c218e164ae7aa75134030f8dd13/volumes/9fec81a2-cbea-48a8-8f81-a0487ee48719 => generated 109 bytes in 98 msecs (HTTP/1.1 404) 7 headers in 292 bytes (1 switches on core 0)
Jul 13 23:17:14.780652 dv-cinder-799871-29-smb devstack@c-api.service[111063]: DEBUG cinder.api.middleware.request_id [None req-b057e179-dabc-461f-a3e1-d56ff98365e3 None None] RequestId filter calling following filter/app {{(pid=111063) _context_setter /opt/stack/cinder/cinder/api/middleware/request_id.py:62}}
Jul 13 23:17:14.818097 dv-cinder-799871-29-smb devstack@c-api.service[111063]: INFO cinder.api.openstack.wsgi [None req-b057e179-dabc-461f-a3e1-d56ff98365e3 tempest-GroupsTest-334370825 tempest-GroupsTest-334370825-project] GET http://10.222.0.61/volume/v3/19ef06ecea364919a230a3a81ac0bc87/volumes/detail
Jul 13 23:17:14.820435 dv-cinder-799871-29-smb devstack@c-api.service[111063]: DEBUG cinder.api.openstack.wsgi [None req-b057e179-dabc-461f-a3e1-d56ff98365e3 tempest-GroupsTest-334370825 tempest-GroupsTest-334370825-project] Empty body provided in request {{(pid=111063) get_body /opt/stack/cinder/cinder/api/openstack/wsgi.py:715}}
Jul 13 23:17:14.830045 dv-cinder-799871-29-smb devstack@c-api.service[111063]: DEBUG cinder.api.openstack.wsgi [None req-b057e179-dabc-461f-a3e1-d56ff98365e3 tempest-GroupsTest-334370825 tempest-GroupsTest-334370825-project] Calling method 'detail' {{(pid=111063) _process_stack /opt/stack/cinder/cinder/api/openstack/wsgi.py:868}}
Jul 13 23:17:14.831704 dv-cinder-799871-29-smb devstack@c-api.service[111062]: INFO cinder.api.openstack.wsgi [None req-d1711a87-6c9e-4aa4-bcaf-602d25d4dae9 tempest-GroupSnapshotsTest-1040163582 tempest-GroupSnapshotsTest-1040163582-project] http://10.222.0.61/volume/v3/f4c6c22de5df430f826bcf1c0bb3b0ea/volumes/detail returned with HTTP 200
Jul 13 23:17:14.834286 dv-cinder-799871-29-smb devstack@c-api.service[111062]: [pid: 111062|app: 0|req: 71/145] 10.222.0.61 () {60 vars in 1275 bytes} [Wed Jul 13 23:17:14 2022] GET /volume/v3/f4c6c22de5df430f826bcf1c0bb3b0ea/volumes/detail => generated 1003 bytes in 338 msecs (HTTP/1.1 200) 7 headers in 287 bytes (1 switches on core 0)
Jul 13 23:17:14.834913 dv-cinder-799871-29-smb devstack@c-api.service[111063]: DEBUG cinder.api.api_utils [None req-b057e179-dabc-461f-a3e1-d56ff98365e3 tempest-GroupsTest-334370825 tempest-GroupsTest-334370825-project] Removing options '' from query. {{(pid=111063) remove_invalid_filter_options /opt/stack/cinder/cinder/api/api_utils.py:83}}
Jul 13 23:17:14.847936 dv-cinder-799871-29-smb devstack@c-api.service[111062]: DEBUG cinder.api.middleware.request_id [None req-a3886c43-1d36-4812-971a-bcda97057c04 None None] RequestId filter calling following filter/app {{(pid=111062) _context_setter /opt/stack/cinder/cinder/api/middleware/request_id.py:62}}
Jul 13 23:17:14.848540 dv-cinder-799871-29-smb devstack@c-api.service[111063]: DEBUG cinder.volume.api [None req-b057e179-dabc-461f-a3e1-d56ff98365e3 tempest-GroupsTest-334370825 tempest-GroupsTest-334370825-project] Searching by: MultiDict([('no_migration_targets', True)]). {{(pid=111063) get_all /opt/stack/cinder/cinder/volume/api.py:664}}
Jul 13 23:17:14.868958 dv-cinder-799871-29-smb devstack@c-api.service[111062]: INFO cinder.api.openstack.wsgi [None req-a3886c43-1d36-4812-971a-bcda97057c04 tempest-GroupSnapshotsTest-1040163582 tempest-GroupSnapshotsTest-1040163582-project] GET http://10.222.0.61/volume/v3/f4c6c22de5df430f826bcf1c0bb3b0ea/snapshots/detail
Jul 13 23:17:14.869715 dv-cinder-799871-29-smb devstack@c-api.service[111062]: DEBUG cinder.api.openstack.wsgi [None req-a3886c43-1d36-4812-971a-bcda97057c04 tempest-GroupSnapshotsTest-1040163582 tempest-GroupSnapshotsTest-1040163582-project] Empty body provided in request {{(pid=111062) get_body /opt/stack/cinder/cinder/api/openstack/wsgi.py:715}}
Jul 13 23:17:14.870546 dv-cinder-799871-29-smb devstack@c-api.service[111062]: DEBUG cinder.api.openstack.wsgi [None req-a3886c43-1d36-4812-971a-bcda97057c04 tempest-GroupSnapshotsTest-1040163582 tempest-GroupSnapshotsTest-1040163582-project] Calling method 'detail' {{(pid=111062) _process_stack /opt/stack/cinder/cinder/api/openstack/wsgi.py:868}}
Jul 13 23:17:14.875686 dv-cinder-799871-29-smb devstack@c-api.service[111062]: DEBUG cinder.api.api_utils [None req-a3886c43-1d36-4812-971a-bcda97057c04 tempest-GroupSnapshotsTest-1040163582 tempest-GroupSnapshotsTest-1040163582-project] Removing options '' from query. {{(pid=111062) remove_invalid_filter_options /opt/stack/cinder/cinder/api/api_utils.py:83}}
Jul 13 23:17:14.882906 dv-cinder-799871-29-smb devstack@c-api.service[111062]: DEBUG cinder.db.sqlalchemy.api [None req-a3886c43-1d36-4812-971a-bcda97057c04 tempest-GroupSnapshotsTest-1040163582 tempest-GroupSnapshotsTest-1040163582-project] Building query based on filter {{(pid=111062) _process_snaps_filters /opt/stack/cinder/cinder/db/sqlalchemy/api.py:3878}}
Jul 13 23:17:14.901218 dv-cinder-799871-29-smb devstack@c-api.service[111062]: INFO cinder.volume.api [None req-a3886c43-1d36-4812-971a-bcda97057c04 tempest-GroupSnapshotsTest-1040163582 tempest-GroupSnapshotsTest-1040163582-project] Get all snapshots completed successfully.
Jul 13 23:17:14.910617 dv-cinder-799871-29-smb devstack@c-api.service[111062]: INFO cinder.api.openstack.wsgi [None req-a3886c43-1d36-4812-971a-bcda97057c04 tempest-GroupSnapshotsTest-1040163582 tempest-GroupSnapshotsTest-1040163582-project] http://10.222.0.61/volume/v3/f4c6c22de5df430f826bcf1c0bb3b0ea/snapshots/detail returned with HTTP 200
Jul 13 23:17:14.914287 dv-cinder-799871-29-smb devstack@c-api.service[111062]: [pid: 111062|app: 0|req: 72/146] 10.222.0.61 () {58 vars in 1240 bytes} [Wed Jul 13 23:17:14 2022] GET /volume/v3/f4c6c22de5df430f826bcf1c0bb3b0ea/snapshots/detail => generated 17 bytes in 68 msecs (HTTP/1.1 200) 7 headers in 284 bytes (1 switches on core 0)
Jul 13 23:17:14.922467 dv-cinder-799871-29-smb devstack@c-api.service[111062]: DEBUG cinder.api.middleware.request_id [None req-fec35754-5409-4bbf-b045-973ca0b411e3 None None] RequestId filter calling following filter/app {{(pid=111062) _context_setter /opt/stack/cinder/cinder/api/middleware/request_id.py:62}}
Jul 13 23:17:14.928181 dv-cinder-799871-29-smb devstack@c-api.service[111062]: INFO cinder.api.openstack.wsgi [None req-fec35754-5409-4bbf-b045-973ca0b411e3 tempest-GroupSnapshotsTest-1040163582 tempest-GroupSnapshotsTest-1040163582-project] GET http://10.222.0.61/volume/v3/f4c6c22de5df430f826bcf1c0bb3b0ea/group_snapshots/598ab061-2bce-438e-be32-82d55a6da804
Jul 13 23:17:14.928696 dv-cinder-799871-29-smb devstack@c-api.service[111062]: DEBUG cinder.api.openstack.wsgi [None req-fec35754-5409-4bbf-b045-973ca0b411e3 tempest-GroupSnapshotsTest-1040163582 tempest-GroupSnapshotsTest-1040163582-project] Empty body provided in request {{(pid=111062) get_body /opt/stack/cinder/cinder/api/openstack/wsgi.py:715}}
