Jul 13 22:13:22.127774 dv-cinder-799871-28-iscsi devstack@c-api.service[111005]: DEBUG cinder.api.v3.group_snapshots [None req-ac57082d-37ad-46f4-ab48-a70a05ab9567 tempest-GroupSnapshotsTest-700494229 tempest-GroupSnapshotsTest-700494229-project] delete called for member 2be77ada-d3bc-4d92-942c-21eecb189ec0 {{(pid=111005) delete /opt/stack/cinder/cinder/api/v3/group_snapshots.py:72}}
Jul 13 22:13:22.128028 dv-cinder-799871-28-iscsi devstack@c-api.service[111005]: INFO cinder.api.v3.group_snapshots [None req-ac57082d-37ad-46f4-ab48-a70a05ab9567 tempest-GroupSnapshotsTest-700494229 tempest-GroupSnapshotsTest-700494229-project] Delete group_snapshot with id: 2be77ada-d3bc-4d92-942c-21eecb189ec0
Jul 13 22:13:22.132791 dv-cinder-799871-28-iscsi devstack@c-api.service[111004]: INFO cinder.volume.api [None req-952656c7-535d-4f02-936a-04e3d318d898 tempest-VolumesTransfersV355Test-777970421 tempest-VolumesTransfersV355Test-777970421-project-admin] Volume info retrieved successfully.
Jul 13 22:13:22.134239 dv-cinder-799871-28-iscsi devstack@c-api.service[111005]: /usr/local/lib/python3.8/dist-packages/oslo_context/context.py:100: DeprecationWarning: Policy enforcement is depending on the value of is_admin. This key is deprecated. Please update your policy file to use the standard policy values.
Jul 13 22:13:22.134239 dv-cinder-799871-28-iscsi devstack@c-api.service[111005]: warnings.warn('Policy enforcement is depending on the value of '
Jul 13 22:13:22.141875 dv-cinder-799871-28-iscsi devstack@c-api.service[111004]: INFO cinder.api.openstack.wsgi [None req-952656c7-535d-4f02-936a-04e3d318d898 tempest-VolumesTransfersV355Test-777970421 tempest-VolumesTransfersV355Test-777970421-project-admin] http://10.222.0.52/volume/v3/3e340dd42cf540d2ad001b379f71250a/volumes/0ac06e01-f212-4580-ad05-fc4465c05e12 returned with HTTP 200
Jul 13 22:13:22.142630 dv-cinder-799871-28-iscsi devstack@c-api.service[111004]: [pid: 111004|app: 0|req: 197/387] 10.222.0.52 () {60 vars in 1365 bytes} [Wed Jul 13 22:13:22 2022] GET /volume/v3/3e340dd42cf540d2ad001b379f71250a/volumes/0ac06e01-f212-4580-ad05-fc4465c05e12 => generated 1210 bytes in 38 msecs (HTTP/1.1 200) 7 headers in 287 bytes (1 switches on core 0)
Jul 13 22:13:22.191424 dv-cinder-799871-28-iscsi devstack@c-api.service[111005]: INFO cinder.api.openstack.wsgi [None req-ac57082d-37ad-46f4-ab48-a70a05ab9567 tempest-GroupSnapshotsTest-700494229 tempest-GroupSnapshotsTest-700494229-project] http://10.222.0.52/volume/v3/ec73f12d9bed4198833dd9a0dad198bb/group_snapshots/2be77ada-d3bc-4d92-942c-21eecb189ec0 returned with HTTP 202
Jul 13 22:13:22.192184 dv-cinder-799871-28-iscsi devstack@c-api.service[111005]: [pid: 111005|app: 0|req: 191/388] 10.222.0.52 () {60 vars in 1392 bytes} [Wed Jul 13 22:13:22 2022] DELETE /volume/v3/ec73f12d9bed4198833dd9a0dad198bb/group_snapshots/2be77ada-d3bc-4d92-942c-21eecb189ec0 => generated 0 bytes in 71 msecs (HTTP/1.1 202) 6 headers in 234 bytes (1 switches on core 0)
Jul 13 22:13:22.196876 dv-cinder-799871-28-iscsi devstack@c-api.service[111004]: DEBUG cinder.api.middleware.request_id [None req-fd9c3aec-b8e4-4043-bd29-ba266530da26 None None] RequestId filter calling following filter/app {{(pid=111004) _context_setter /opt/stack/cinder/cinder/api/middleware/request_id.py:62}}
Jul 13 22:13:22.201111 dv-cinder-799871-28-iscsi devstack@c-api.service[111004]: INFO cinder.api.openstack.wsgi [None req-fd9c3aec-b8e4-4043-bd29-ba266530da26 tempest-GroupSnapshotsTest-700494229 tempest-GroupSnapshotsTest-700494229-project] GET http://10.222.0.52/volume/v3/ec73f12d9bed4198833dd9a0dad198bb/volumes/detail
Jul 13 22:13:22.201595 dv-cinder-799871-28-iscsi devstack@c-api.service[111004]: DEBUG cinder.api.openstack.wsgi [None req-fd9c3aec-b8e4-4043-bd29-ba266530da26 tempest-GroupSnapshotsTest-700494229 tempest-GroupSnapshotsTest-700494229-project] Empty body provided in request {{(pid=111004) get_body /opt/stack/cinder/cinder/api/openstack/wsgi.py:715}}
Jul 13 22:13:22.202042 dv-cinder-799871-28-iscsi devstack@c-api.service[111004]: DEBUG cinder.api.openstack.wsgi [None req-fd9c3aec-b8e4-4043-bd29-ba266530da26 tempest-GroupSnapshotsTest-700494229 tempest-GroupSnapshotsTest-700494229-project] Calling method 'detail' {{(pid=111004) _process_stack /opt/stack/cinder/cinder/api/openstack/wsgi.py:868}}
Jul 13 22:13:22.202652 dv-cinder-799871-28-iscsi devstack@c-api.service[111004]: DEBUG cinder.api.api_utils [None req-fd9c3aec-b8e4-4043-bd29-ba266530da26 tempest-GroupSnapshotsTest-700494229 tempest-GroupSnapshotsTest-700494229-project] Removing options '' from query. {{(pid=111004) remove_invalid_filter_options /opt/stack/cinder/cinder/api/api_utils.py:83}}
Jul 13 22:13:22.204302 dv-cinder-799871-28-iscsi devstack@c-api.service[111004]: DEBUG cinder.volume.api [None req-fd9c3aec-b8e4-4043-bd29-ba266530da26 tempest-GroupSnapshotsTest-700494229 tempest-GroupSnapshotsTest-700494229-project] Searching by: MultiDict([('no_migration_targets', True)]). {{(pid=111004) get_all /opt/stack/cinder/cinder/volume/api.py:664}}
Jul 13 22:13:22.253200 dv-cinder-799871-28-iscsi devstack@c-api.service[111004]: INFO cinder.volume.api [None req-fd9c3aec-b8e4-4043-bd29-ba266530da26 tempest-GroupSnapshotsTest-700494229 tempest-GroupSnapshotsTest-700494229-project] Get all volumes completed successfully.
Jul 13 22:13:22.254647 dv-cinder-799871-28-iscsi devstack@c-api.service[111004]: WARNING stevedore.named [None req-fd9c3aec-b8e4-4043-bd29-ba266530da26 tempest-GroupSnapshotsTest-700494229 tempest-GroupSnapshotsTest-700494229-project] Could not load cinder.keymgr.conf_key_mgr.ConfKeyManager
Jul 13 22:13:22.255027 dv-cinder-799871-28-iscsi devstack@c-api.service[111004]: WARNING castellan.key_manager [None req-fd9c3aec-b8e4-4043-bd29-ba266530da26 tempest-GroupSnapshotsTest-700494229 tempest-GroupSnapshotsTest-700494229-project] Deprecation Warning : cinder.keymgr.conf_key_mgr.ConfKeyManager is not a stevedore based driver, trying to load it as a class: stevedore.exception.NoMatches: No 'castellan.drivers' driver found, looking for 'cinder.keymgr.conf_key_mgr.ConfKeyManager'
Jul 13 22:13:22.263611 dv-cinder-799871-28-iscsi devstack@c-api.service[111004]: DEBUG oslo_db.sqlalchemy.engines [None req-fd9c3aec-b8e4-4043-bd29-ba266530da26 tempest-GroupSnapshotsTest-700494229 tempest-GroupSnapshotsTest-700494229-project] MySQL server mode set to STRICT_TRANS_TABLES,STRICT_ALL_TABLES,NO_ZERO_IN_DATE,NO_ZERO_DATE,ERROR_FOR_DIVISION_BY_ZERO,TRADITIONAL,NO_ENGINE_SUBSTITUTION {{(pid=111004) _check_effective_sql_mode /usr/local/lib/python3.8/dist-packages/oslo_db/sqlalchemy/engines.py:314}}
Jul 13 22:13:22.272825 dv-cinder-799871-28-iscsi devstack@c-api.service[111004]: /usr/local/lib/python3.8/dist-packages/oslo_context/context.py:100: DeprecationWarning: Policy enforcement is depending on the value of is_admin. This key is deprecated. Please update your policy file to use the standard policy values.
Jul 13 22:13:22.272825 dv-cinder-799871-28-iscsi devstack@c-api.service[111004]: warnings.warn('Policy enforcement is depending on the value of '
Jul 13 22:13:22.283921 dv-cinder-799871-28-iscsi devstack@c-api.service[111004]: WARNING stevedore.named [None req-fd9c3aec-b8e4-4043-bd29-ba266530da26 tempest-GroupSnapshotsTest-700494229 tempest-GroupSnapshotsTest-700494229-project] Could not load cinder.keymgr.conf_key_mgr.ConfKeyManager
Jul 13 22:13:22.284422 dv-cinder-799871-28-iscsi devstack@c-api.service[111004]: WARNING castellan.key_manager [None req-fd9c3aec-b8e4-4043-bd29-ba266530da26 tempest-GroupSnapshotsTest-700494229 tempest-GroupSnapshotsTest-700494229-project] Deprecation Warning : cinder.keymgr.conf_key_mgr.ConfKeyManager is not a stevedore based driver, trying to load it as a class: stevedore.exception.NoMatches: No 'castellan.drivers' driver found, looking for 'cinder.keymgr.conf_key_mgr.ConfKeyManager'
Jul 13 22:13:22.293523 dv-cinder-799871-28-iscsi devstack@c-api.service[111004]: DEBUG oslo_db.sqlalchemy.engines [None req-fd9c3aec-b8e4-4043-bd29-ba266530da26 tempest-GroupSnapshotsTest-700494229 tempest-GroupSnapshotsTest-700494229-project] MySQL server mode set to STRICT_TRANS_TABLES,STRICT_ALL_TABLES,NO_ZERO_IN_DATE,NO_ZERO_DATE,ERROR_FOR_DIVISION_BY_ZERO,TRADITIONAL,NO_ENGINE_SUBSTITUTION {{(pid=111004) _check_effective_sql_mode /usr/local/lib/python3.8/dist-packages/oslo_db/sqlalchemy/engines.py:314}}
Jul 13 22:13:22.300032 dv-cinder-799871-28-iscsi devstack@c-api.service[111004]: /usr/local/lib/python3.8/dist-packages/oslo_context/context.py:100: DeprecationWarning: Policy enforcement is depending on the value of is_admin. This key is deprecated. Please update your policy file to use the standard policy values.
Jul 13 22:13:22.300032 dv-cinder-799871-28-iscsi devstack@c-api.service[111004]: warnings.warn('Policy enforcement is depending on the value of '
Jul 13 22:13:22.315092 dv-cinder-799871-28-iscsi devstack@c-api.service[111004]: INFO cinder.api.openstack.wsgi [None req-fd9c3aec-b8e4-4043-bd29-ba266530da26 tempest-GroupSnapshotsTest-700494229 tempest-GroupSnapshotsTest-700494229-project] http://10.222.0.52/volume/v3/ec73f12d9bed4198833dd9a0dad198bb/volumes/detail returned with HTTP 200
Jul 13 22:13:22.315827 dv-cinder-799871-28-iscsi devstack@c-api.service[111004]: [pid: 111004|app: 0|req: 198/389] 10.222.0.52 () {60 vars in 1275 bytes} [Wed Jul 13 22:13:22 2022] GET /volume/v3/ec73f12d9bed4198833dd9a0dad198bb/volumes/detail => generated 1993 bytes in 120 msecs (HTTP/1.1 200) 7 headers in 287 bytes (1 switches on core 0)
Jul 13 22:13:22.329359 dv-cinder-799871-28-iscsi devstack@c-api.service[111005]: DEBUG cinder.api.middleware.request_id [None req-cb59430c-a9cf-4f8c-bdf4-e66c34cc58bb None None] RequestId filter calling following filter/app {{(pid=111005) _context_setter /opt/stack/cinder/cinder/api/middleware/request_id.py:62}}
Jul 13 22:13:22.333749 dv-cinder-799871-28-iscsi devstack@c-api.service[111005]: INFO cinder.api.openstack.wsgi [None req-cb59430c-a9cf-4f8c-bdf4-e66c34cc58bb tempest-GroupSnapshotsTest-700494229 tempest-GroupSnapshotsTest-700494229-project] GET http://10.222.0.52/volume/v3/ec73f12d9bed4198833dd9a0dad198bb/snapshots/detail
Jul 13 22:13:22.334199 dv-cinder-799871-28-iscsi devstack@c-api.service[111005]: DEBUG cinder.api.openstack.wsgi [None req-cb59430c-a9cf-4f8c-bdf4-e66c34cc58bb tempest-GroupSnapshotsTest-700494229 tempest-GroupSnapshotsTest-700494229-project] Empty body provided in request {{(pid=111005) get_body /opt/stack/cinder/cinder/api/openstack/wsgi.py:715}}
Jul 13 22:13:22.334725 dv-cinder-799871-28-iscsi devstack@c-api.service[111005]: DEBUG cinder.api.openstack.wsgi [None req-cb59430c-a9cf-4f8c-bdf4-e66c34cc58bb tempest-GroupSnapshotsTest-700494229 tempest-GroupSnapshotsTest-700494229-project] Calling method 'detail' {{(pid=111005) _process_stack /opt/stack/cinder/cinder/api/openstack/wsgi.py:868}}
Jul 13 22:13:22.335268 dv-cinder-799871-28-iscsi devstack@c-api.service[111005]: DEBUG cinder.api.api_utils [None req-cb59430c-a9cf-4f8c-bdf4-e66c34cc58bb tempest-GroupSnapshotsTest-700494229 tempest-GroupSnapshotsTest-700494229-project] Removing options '' from query. {{(pid=111005) remove_invalid_filter_options /opt/stack/cinder/cinder/api/api_utils.py:83}}
Jul 13 22:13:22.336072 dv-cinder-799871-28-iscsi devstack@c-api.service[111005]: /usr/local/lib/python3.8/dist-packages/oslo_context/context.py:100: DeprecationWarning: Policy enforcement is depending on the value of is_admin. This key is deprecated. Please update your policy file to use the standard policy values.
Jul 13 22:13:22.336072 dv-cinder-799871-28-iscsi devstack@c-api.service[111005]: warnings.warn('Policy enforcement is depending on the value of '
Jul 13 22:13:22.337914 dv-cinder-799871-28-iscsi devstack@c-api.service[111005]: DEBUG cinder.db.sqlalchemy.api [None req-cb59430c-a9cf-4f8c-bdf4-e66c34cc58bb tempest-GroupSnapshotsTest-700494229 tempest-GroupSnapshotsTest-700494229-project] Building query based on filter {{(pid=111005) _process_snaps_filters /opt/stack/cinder/cinder/db/sqlalchemy/api.py:3878}}
Jul 13 22:13:22.344735 dv-cinder-799871-28-iscsi devstack@c-api.service[111004]: DEBUG cinder.api.middleware.request_id [None req-d7fcf125-663e-4e81-a19a-5c53bf9504ec None None] RequestId filter calling following filter/app {{(pid=111004) _context_setter /opt/stack/cinder/cinder/api/middleware/request_id.py:62}}
Jul 13 22:13:22.346386 dv-cinder-799871-28-iscsi devstack@c-api.service[111005]: INFO cinder.volume.api [None req-cb59430c-a9cf-4f8c-bdf4-e66c34cc58bb tempest-GroupSnapshotsTest-700494229 tempest-GroupSnapshotsTest-700494229-project] Get all snapshots completed successfully.
Jul 13 22:13:22.347353 dv-cinder-799871-28-iscsi devstack@c-api.service[111005]: /usr/local/lib/python3.8/dist-packages/oslo_context/context.py:100: DeprecationWarning: Policy enforcement is depending on the value of is_admin. This key is deprecated. Please update your policy file to use the standard policy values.
Jul 13 22:13:22.347353 dv-cinder-799871-28-iscsi devstack@c-api.service[111005]: warnings.warn('Policy enforcement is depending on the value of '
Jul 13 22:13:22.348582 dv-cinder-799871-28-iscsi devstack@c-api.service[111005]: INFO cinder.api.openstack.wsgi [None req-cb59430c-a9cf-4f8c-bdf4-e66c34cc58bb tempest-GroupSnapshotsTest-700494229 tempest-GroupSnapshotsTest-700494229-project] http://10.222.0.52/volume/v3/ec73f12d9bed4198833dd9a0dad198bb/snapshots/detail returned with HTTP 200
Jul 13 22:13:22.349021 dv-cinder-799871-28-iscsi devstack@c-api.service[111004]: INFO cinder.api.openstack.wsgi [None req-d7fcf125-663e-4e81-a19a-5c53bf9504ec tempest-VolumesExtendTest-1254822553 tempest-VolumesExtendTest-1254822553-project] GET http://10.222.0.52/volume/v3/519ca221e7e7421581283c9d55a8c464/volumes/4c984e83-a0d4-41ce-ac5e-bb4af1e3a1d9
Jul 13 22:13:22.349312 dv-cinder-799871-28-iscsi devstack@c-api.service[111005]: [pid: 111005|app: 0|req: 192/390] 10.222.0.52 () {58 vars in 1240 bytes} [Wed Jul 13 22:13:22 2022] GET /volume/v3/ec73f12d9bed4198833dd9a0dad198bb/snapshots/detail => generated 929 bytes in 21 msecs (HTTP/1.1 200) 7 headers in 285 bytes (1 switches on core 0)
Jul 13 22:13:22.349584 dv-cinder-799871-28-iscsi devstack@c-api.service[111004]: DEBUG cinder.api.openstack.wsgi [None req-d7fcf125-663e-4e81-a19a-5c53bf9504ec tempest-VolumesExtendTest-1254822553 tempest-VolumesExtendTest-1254822553-project] Empty body provided in request {{(pid=111004) get_body /opt/stack/cinder/cinder/api/openstack/wsgi.py:715}}
Jul 13 22:13:22.350133 dv-cinder-799871-28-iscsi devstack@c-api.service[111004]: DEBUG cinder.api.openstack.wsgi [None req-d7fcf125-663e-4e81-a19a-5c53bf9504ec tempest-VolumesExtendTest-1254822553 tempest-VolumesExtendTest-1254822553-project] Calling method 'show' {{(pid=111004) _process_stack /opt/stack/cinder/cinder/api/openstack/wsgi.py:868}}
Jul 13 22:13:22.357265 dv-cinder-799871-28-iscsi devstack@c-api.service[111005]: DEBUG cinder.api.middleware.request_id [None req-44779561-a5ab-49d3-b9c3-ba5de2335027 None None] RequestId filter calling following filter/app {{(pid=111005) _context_setter /opt/stack/cinder/cinder/api/middleware/request_id.py:62}}
Jul 13 22:13:22.362010 dv-cinder-799871-28-iscsi devstack@c-api.service[111005]: INFO cinder.api.openstack.wsgi [None req-44779561-a5ab-49d3-b9c3-ba5de2335027 tempest-GroupSnapshotsTest-700494229 tempest-GroupSnapshotsTest-700494229-project] GET http://10.222.0.52/volume/v3/ec73f12d9bed4198833dd9a0dad198bb/snapshots/2f7ac54a-3840-4bb8-b767-40d1bd2bece0
Jul 13 22:13:22.362509 dv-cinder-799871-28-iscsi devstack@c-api.service[111005]: DEBUG cinder.api.openstack.wsgi [None req-44779561-a5ab-49d3-b9c3-ba5de2335027 tempest-GroupSnapshotsTest-700494229 tempest-GroupSnapshotsTest-700494229-project] Empty body provided in request {{(pid=111005) get_body /opt/stack/cinder/cinder/api/openstack/wsgi.py:715}}
Jul 13 22:13:22.363048 dv-cinder-799871-28-iscsi devstack@c-api.service[111005]: DEBUG cinder.api.openstack.wsgi [None req-44779561-a5ab-49d3-b9c3-ba5de2335027 tempest-GroupSnapshotsTest-700494229 tempest-GroupSnapshotsTest-700494229-project] Calling method 'show' {{(pid=111005) _process_stack /opt/stack/cinder/cinder/api/openstack/wsgi.py:868}}
Jul 13 22:13:22.374789 dv-cinder-799871-28-iscsi devstack@c-api.service[111005]: /usr/local/lib/python3.8/dist-packages/oslo_context/context.py:100: DeprecationWarning: Policy enforcement is depending on the value of is_admin. This key is deprecated. Please update your policy file to use the standard policy values.
Jul 13 22:13:22.374789 dv-cinder-799871-28-iscsi devstack@c-api.service[111005]: warnings.warn('Policy enforcement is depending on the value of '
Jul 13 22:13:22.375698 dv-cinder-799871-28-iscsi devstack@c-api.service[111005]: INFO cinder.volume.api [None req-44779561-a5ab-49d3-b9c3-ba5de2335027 tempest-GroupSnapshotsTest-700494229 tempest-GroupSnapshotsTest-700494229-project] Snapshot retrieved successfully.
Jul 13 22:13:22.377724 dv-cinder-799871-28-iscsi devstack@c-api.service[111005]: INFO cinder.api.openstack.wsgi [None req-44779561-a5ab-49d3-b9c3-ba5de2335027 tempest-GroupSnapshotsTest-700494229 tempest-GroupSnapshotsTest-700494229-project] http://10.222.0.52/volume/v3/ec73f12d9bed4198833dd9a0dad198bb/snapshots/2f7ac54a-3840-4bb8-b767-40d1bd2bece0 returned with HTTP 200
Jul 13 22:13:22.378888 dv-cinder-799871-28-iscsi devstack@c-api.service[111005]: [pid: 111005|app: 0|req: 193/391] 10.222.0.52 () {58 vars in 1330 bytes} [Wed Jul 13 22:13:22 2022] GET /volume/v3/ec73f12d9bed4198833dd9a0dad198bb/snapshots/2f7ac54a-3840-4bb8-b767-40d1bd2bece0 => generated 469 bytes in 23 msecs (HTTP/1.1 200) 7 headers in 285 bytes (1 switches on core 0)
Jul 13 22:13:22.499768 dv-cinder-799871-28-iscsi devstack@c-api.service[111004]: /usr/local/lib/python3.8/dist-packages/oslo_context/context.py:100: DeprecationWarning: Policy enforcement is depending on the value of is_admin. This key is deprecated. Please update your policy file to use the standard policy values.
Jul 13 22:13:22.499768 dv-cinder-799871-28-iscsi devstack@c-api.service[111004]: warnings.warn('Policy enforcement is depending on the value of '
Jul 13 22:13:22.514213 dv-cinder-799871-28-iscsi devstack@c-api.service[111004]: INFO cinder.volume.api [None req-d7fcf125-663e-4e81-a19a-5c53bf9504ec tempest-VolumesExtendTest-1254822553 tempest-VolumesExtendTest-1254822553-project] Volume info retrieved successfully.
Jul 13 22:13:22.525660 dv-cinder-799871-28-iscsi devstack@c-api.service[111004]: INFO cinder.api.openstack.wsgi [None req-d7fcf125-663e-4e81-a19a-5c53bf9504ec tempest-VolumesExtendTest-1254822553 tempest-VolumesExtendTest-1254822553-project] http://10.222.0.52/volume/v3/519ca221e7e7421581283c9d55a8c464/volumes/4c984e83-a0d4-41ce-ac5e-bb4af1e3a1d9 returned with HTTP 200
Jul 13 22:13:22.526943 dv-cinder-799871-28-iscsi devstack@c-api.service[111004]: [pid: 111004|app: 0|req: 199/392] 10.222.0.52 () {58 vars in 1324 bytes} [Wed Jul 13 22:13:22 2022] GET /volume/v3/519ca221e7e7421581283c9d55a8c464/volumes/4c984e83-a0d4-41ce-ac5e-bb4af1e3a1d9 => generated 967 bytes in 183 msecs (HTTP/1.1 200) 7 headers in 285 bytes (1 switches on core 0)
Jul 13 22:13:22.765626 dv-cinder-799871-28-iscsi devstack@c-api.service[111005]: DEBUG cinder.api.middleware.request_id [req-8cb80f31-4d18-42db-ab8a-c73f54032989 req-240547a0-833c-4ecd-8236-9a66d77eb854 None None] RequestId filter calling following filter/app {{(pid=111005) _context_setter /opt/stack/cinder/cinder/api/middleware/request_id.py:62}}
Jul 13 22:13:22.769898 dv-cinder-799871-28-iscsi devstack@c-api.service[111005]: INFO cinder.api.openstack.wsgi [req-8cb80f31-4d18-42db-ab8a-c73f54032989 req-240547a0-833c-4ecd-8236-9a66d77eb854 tempest-DeleteServersTestJSON-892295659 tempest-DeleteServersTestJSON-892295659-project] GET http://10.222.0.52/volume/v3/3035484baa324b01b7aa94b3322d9e6e/volumes/2371c766-0bbe-400f-b69b-99484f847fd4
Jul 13 22:13:22.770521 dv-cinder-799871-28-iscsi devstack@c-api.service[111005]: DEBUG cinder.api.openstack.wsgi [req-8cb80f31-4d18-42db-ab8a-c73f54032989 req-240547a0-833c-4ecd-8236-9a66d77eb854 tempest-DeleteServersTestJSON-892295659 tempest-DeleteServersTestJSON-892295659-project] Empty body provided in request {{(pid=111005) get_body /opt/stack/cinder/cinder/api/openstack/wsgi.py:715}}
Jul 13 22:13:22.773591 dv-cinder-799871-28-iscsi devstack@c-api.service[111005]: DEBUG cinder.api.openstack.wsgi [req-8cb80f31-4d18-42db-ab8a-c73f54032989 req-240547a0-833c-4ecd-8236-9a66d77eb854 tempest-DeleteServersTestJSON-892295659 tempest-DeleteServersTestJSON-892295659-project] Calling method 'show' {{(pid=111005) _process_stack /opt/stack/cinder/cinder/api/openstack/wsgi.py:868}}
Jul 13 22:13:22.800889 dv-cinder-799871-28-iscsi devstack@c-api.service[111005]: /usr/local/lib/python3.8/dist-packages/oslo_context/context.py:100: DeprecationWarning: Policy enforcement is depending on the value of is_admin. This key is deprecated. Please update your policy file to use the standard policy values.
Jul 13 22:13:22.800889 dv-cinder-799871-28-iscsi devstack@c-api.service[111005]: warnings.warn('Policy enforcement is depending on the value of '
Jul 13 22:13:22.808926 dv-cinder-799871-28-iscsi devstack@c-api.service[111005]: INFO cinder.volume.api [req-8cb80f31-4d18-42db-ab8a-c73f54032989 req-240547a0-833c-4ecd-8236-9a66d77eb854 tempest-DeleteServersTestJSON-892295659 tempest-DeleteServersTestJSON-892295659-project] Volume info retrieved successfully.
Jul 13 22:13:22.818758 dv-cinder-799871-28-iscsi devstack@c-api.service[111005]: INFO cinder.api.openstack.wsgi [req-8cb80f31-4d18-42db-ab8a-c73f54032989 req-240547a0-833c-4ecd-8236-9a66d77eb854 tempest-DeleteServersTestJSON-892295659 tempest-DeleteServersTestJSON-892295659-project] http://10.222.0.52/volume/v3/3035484baa324b01b7aa94b3322d9e6e/volumes/2371c766-0bbe-400f-b69b-99484f847fd4 returned with HTTP 200
Jul 13 22:13:22.819490 dv-cinder-799871-28-iscsi devstack@c-api.service[111005]: [pid: 111005|app: 0|req: 194/393] 10.222.0.49 () {60 vars in 1412 bytes} [Wed Jul 13 22:13:22 2022] GET /volume/v3/3035484baa324b01b7aa94b3322d9e6e/volumes/2371c766-0bbe-400f-b69b-99484f847fd4 => generated 1010 bytes in 56 msecs (HTTP/1.1 200) 7 headers in 287 bytes (1 switches on core 0)
Jul 13 22:13:22.901648 dv-cinder-799871-28-iscsi devstack@c-api.service[111004]: DEBUG cinder.api.middleware.request_id [None req-1200d7ee-2a44-4a02-8124-d78ffc2a4bf1 None None] RequestId filter calling following filter/app {{(pid=111004) _context_setter /opt/stack/cinder/cinder/api/middleware/request_id.py:62}}
Jul 13 22:13:22.905237 dv-cinder-799871-28-iscsi devstack@c-api.service[111004]: INFO cinder.api.openstack.wsgi [None req-1200d7ee-2a44-4a02-8124-d78ffc2a4bf1 tempest-DeleteServersTestJSON-892295659 tempest-DeleteServersTestJSON-892295659-project] GET http://10.222.0.52/volume/v3/3035484baa324b01b7aa94b3322d9e6e/volumes/2371c766-0bbe-400f-b69b-99484f847fd4
Jul 13 22:13:22.905663 dv-cinder-799871-28-iscsi devstack@c-api.service[111004]: DEBUG cinder.api.openstack.wsgi [None req-1200d7ee-2a44-4a02-8124-d78ffc2a4bf1 tempest-DeleteServersTestJSON-892295659 tempest-DeleteServersTestJSON-892295659-project] Empty body provided in request {{(pid=111004) get_body /opt/stack/cinder/cinder/api/openstack/wsgi.py:715}}
Jul 13 22:13:22.906109 dv-cinder-799871-28-iscsi devstack@c-api.service[111004]: DEBUG cinder.api.openstack.wsgi [None req-1200d7ee-2a44-4a02-8124-d78ffc2a4bf1 tempest-DeleteServersTestJSON-892295659 tempest-DeleteServersTestJSON-892295659-project] Calling method 'show' {{(pid=111004) _process_stack /opt/stack/cinder/cinder/api/openstack/wsgi.py:868}}
Jul 13 22:13:22.926271 dv-cinder-799871-28-iscsi devstack@c-api.service[111004]: /usr/local/lib/python3.8/dist-packages/oslo_context/context.py:100: DeprecationWarning: Policy enforcement is depending on the value of is_admin. This key is deprecated. Please update your policy file to use the standard policy values.
Jul 13 22:13:22.926271 dv-cinder-799871-28-iscsi devstack@c-api.service[111004]: warnings.warn('Policy enforcement is depending on the value of '
Jul 13 22:13:22.933860 dv-cinder-799871-28-iscsi devstack@c-api.service[111004]: INFO cinder.volume.api [None req-1200d7ee-2a44-4a02-8124-d78ffc2a4bf1 tempest-DeleteServersTestJSON-892295659 tempest-DeleteServersTestJSON-892295659-project] Volume info retrieved successfully.
Jul 13 22:13:22.944546 dv-cinder-799871-28-iscsi devstack@c-api.service[111004]: INFO cinder.api.openstack.wsgi [None req-1200d7ee-2a44-4a02-8124-d78ffc2a4bf1 tempest-DeleteServersTestJSON-892295659 tempest-DeleteServersTestJSON-892295659-project] http://10.222.0.52/volume/v3/3035484baa324b01b7aa94b3322d9e6e/volumes/2371c766-0bbe-400f-b69b-99484f847fd4 returned with HTTP 200
Jul 13 22:13:22.955156 dv-cinder-799871-28-iscsi devstack@c-api.service[111004]: [pid: 111004|app: 0|req: 200/394] 10.222.0.52 () {58 vars in 1324 bytes} [Wed Jul 13 22:13:22 2022] GET /volume/v3/3035484baa324b01b7aa94b3322d9e6e/volumes/2371c766-0bbe-400f-b69b-99484f847fd4 => generated 912 bytes in 54 msecs (HTTP/1.1 200) 7 headers in 285 bytes (1 switches on core 0)
Jul 13 22:13:23.155780 dv-cinder-799871-28-iscsi devstack@c-api.service[111005]: DEBUG cinder.api.middleware.request_id [None req-f832bcfb-8689-40c1-85b9-02c827b0b45b None None] RequestId filter calling following filter/app {{(pid=111005) _context_setter /opt/stack/cinder/cinder/api/middleware/request_id.py:62}}
Jul 13 22:13:23.159421 dv-cinder-799871-28-iscsi devstack@c-api.service[111005]: INFO cinder.api.openstack.wsgi [None req-f832bcfb-8689-40c1-85b9-02c827b0b45b tempest-VolumesTransfersV355Test-777970421 tempest-VolumesTransfersV355Test-777970421-project-admin] GET http://10.222.0.52/volume/v3/3e340dd42cf540d2ad001b379f71250a/volumes/0ac06e01-f212-4580-ad05-fc4465c05e12
Jul 13 22:13:23.160062 dv-cinder-799871-28-iscsi devstack@c-api.service[111005]: DEBUG cinder.api.openstack.wsgi [None req-f832bcfb-8689-40c1-85b9-02c827b0b45b tempest-VolumesTransfersV355Test-777970421 tempest-VolumesTransfersV355Test-777970421-project-admin] Empty body provided in request {{(pid=111005) get_body /opt/stack/cinder/cinder/api/openstack/wsgi.py:715}}
Jul 13 22:13:23.160653 dv-cinder-799871-28-iscsi devstack@c-api.service[111005]: DEBUG cinder.api.openstack.wsgi [None req-f832bcfb-8689-40c1-85b9-02c827b0b45b tempest-VolumesTransfersV355Test-777970421 tempest-VolumesTransfersV355Test-777970421-project-admin] Calling method 'show' {{(pid=111005) _process_stack /opt/stack/cinder/cinder/api/openstack/wsgi.py:868}}
Jul 13 22:13:23.173673 dv-cinder-799871-28-iscsi devstack@c-api.service[111005]: INFO cinder.api.openstack.wsgi [None req-f832bcfb-8689-40c1-85b9-02c827b0b45b tempest-VolumesTransfersV355Test-777970421 tempest-VolumesTransfersV355Test-777970421-project-admin] http://10.222.0.52/volume/v3/3e340dd42cf540d2ad001b379f71250a/volumes/0ac06e01-f212-4580-ad05-fc4465c05e12 returned with HTTP 404
Jul 13 22:13:23.174684 dv-cinder-799871-28-iscsi devstack@c-api.service[111005]: [pid: 111005|app: 0|req: 195/395] 10.222.0.52 () {60 vars in 1365 bytes} [Wed Jul 13 22:13:23 2022] GET /volume/v3/3e340dd42cf540d2ad001b379f71250a/volumes/0ac06e01-f212-4580-ad05-fc4465c05e12 => generated 109 bytes in 20 msecs (HTTP/1.1 404) 7 headers in 293 bytes (1 switches on core 0)
Jul 13 22:13:23.181529 dv-cinder-799871-28-iscsi devstack@c-api.service[111004]: DEBUG cinder.api.middleware.request_id [None req-f842af75-1294-4cb3-a332-005792b6cb28 None None] RequestId filter calling following filter/app {{(pid=111004) _context_setter /opt/stack/cinder/cinder/api/middleware/request_id.py:62}}
Jul 13 22:13:23.185303 dv-cinder-799871-28-iscsi devstack@c-api.service[111004]: INFO cinder.api.openstack.wsgi [None req-f842af75-1294-4cb3-a332-005792b6cb28 tempest-VolumesTransfersV355Test-1449916435 tempest-VolumesTransfersV355Test-1449916435-project] POST http://10.222.0.52/volume/v3/ed77704452c046358a5b729098a3e9cc/volumes
Jul 13 22:13:23.186042 dv-cinder-799871-28-iscsi devstack@c-api.service[111004]: DEBUG cinder.api.openstack.wsgi [None req-f842af75-1294-4cb3-a332-005792b6cb28 tempest-VolumesTransfersV355Test-1449916435 tempest-VolumesTransfersV355Test-1449916435-project] Action: 'create', calling method: create, body: {"volume": {"size": 1, "name": "tempest-VolumesTransfersV355Test-Volume-1220223413"}} {{(pid=111004) _process_stack /opt/stack/cinder/cinder/api/openstack/wsgi.py:866}}
Jul 13 22:13:23.187013 dv-cinder-799871-28-iscsi devstack@c-api.service[111004]: DEBUG cinder.api.v3.volumes [None req-f842af75-1294-4cb3-a332-005792b6cb28 tempest-VolumesTransfersV355Test-1449916435 tempest-VolumesTransfersV355Test-1449916435-project] Create volume request body: {'volume': {'size': 1, 'name': 'tempest-VolumesTransfersV355Test-Volume-1220223413'}} {{(pid=111004) create /opt/stack/cinder/cinder/api/v3/volumes.py:298}}
Jul 13 22:13:23.187813 dv-cinder-799871-28-iscsi devstack@c-api.service[111004]: INFO cinder.api.v3.volumes [None req-f842af75-1294-4cb3-a332-005792b6cb28 tempest-VolumesTransfersV355Test-1449916435 tempest-VolumesTransfersV355Test-1449916435-project] Create volume of 1 GB
Jul 13 22:13:23.194775 dv-cinder-799871-28-iscsi devstack@c-api.service[111004]: INFO cinder.volume.api [None req-f842af75-1294-4cb3-a332-005792b6cb28 tempest-VolumesTransfersV355Test-1449916435 tempest-VolumesTransfersV355Test-1449916435-project] Availability Zones retrieved successfully.
Jul 13 22:13:23.210326 dv-cinder-799871-28-iscsi devstack@c-api.service[111004]: DEBUG cinder.volume.api [None req-f842af75-1294-4cb3-a332-005792b6cb28 tempest-VolumesTransfersV355Test-1449916435 tempest-VolumesTransfersV355Test-1449916435-project] Flow 'volume_create_api' (2bf49810-adbe-455b-9de6-c4fe74878b35) transitioned into state 'RUNNING' from state 'PENDING' {{(pid=111004) _flow_receiver /usr/local/lib/python3.8/dist-packages/taskflow/listeners/logging.py:141}}
Jul 13 22:13:23.212787 dv-cinder-799871-28-iscsi devstack@c-api.service[111004]: DEBUG cinder.volume.api [None req-f842af75-1294-4cb3-a332-005792b6cb28 tempest-VolumesTransfersV355Test-1449916435 tempest-VolumesTransfersV355Test-1449916435-project] Task 'cinder.volume.flows.api.create_volume.ExtractVolumeRequestTask;volume:create' (7c9b75b5-5405-4f35-a091-22a77cdc7104) transitioned into state 'RUNNING' from state 'PENDING' {{(pid=111004) _task_receiver /usr/local/lib/python3.8/dist-packages/taskflow/listeners/logging.py:190}}
Jul 13 22:13:23.215156 dv-cinder-799871-28-iscsi devstack@c-api.service[111004]: DEBUG cinder.volume.flows.api.create_volume [None req-f842af75-1294-4cb3-a332-005792b6cb28 tempest-VolumesTransfersV355Test-1449916435 tempest-VolumesTransfersV355Test-1449916435-project] Validating volume size '1' using validate_int {{(pid=111004) _extract_size /opt/stack/cinder/cinder/volume/flows/api/create_volume.py:228}}
Jul 13 22:13:23.251117 dv-cinder-799871-28-iscsi devstack@c-api.service[111004]: DEBUG cinder.volume.api [None req-f842af75-1294-4cb3-a332-005792b6cb28 tempest-VolumesTransfersV355Test-1449916435 tempest-VolumesTransfersV355Test-1449916435-project] Task 'cinder.volume.flows.api.create_volume.ExtractVolumeRequestTask;volume:create' (7c9b75b5-5405-4f35-a091-22a77cdc7104) transitioned into state 'SUCCESS' from state 'RUNNING' with result '{'size': 1, 'snapshot_id': None, 'source_volid': None, 'volume_type': VolumeType(created_at=2022-07-13T22:02:14Z,deleted=False,deleted_at=None,description='Default Volume Type',extra_specs={},id=74f89220-545a-4117-bf3b-38b18b744de7,is_public=True,name='__DEFAULT__',projects=[],qos_specs=,qos_specs_id=None,updated_at=2022-07-13T22:02:14Z), 'volume_type_id': '74f89220-545a-4117-bf3b-38b18b744de7', 'encryption_key_id': None, 'qos_specs': None, 'consistencygroup_id': None, 'cgsnapshot_id': None, 'group_id': None, 'replication_status': 'disabled', 'refresh_az': False, 'backup_id': None, 'multiattach': False, 'availability_zones': ['nova']}' {{(pid=111004) _task_receiver /usr/local/lib/python3.8/dist-packages/taskflow/listeners/logging.py:178}}
Jul 13 22:13:23.253033 dv-cinder-799871-28-iscsi devstack@c-api.service[111004]: DEBUG cinder.volume.api [None req-f842af75-1294-4cb3-a332-005792b6cb28 tempest-VolumesTransfersV355Test-1449916435 tempest-VolumesTransfersV355Test-1449916435-project] Task 'cinder.volume.flows.api.create_volume.QuotaReserveTask;volume:create' (0db475d1-55d7-4254-a51a-816f977e2169) transitioned into state 'RUNNING' from state 'PENDING' {{(pid=111004) _task_receiver /usr/local/lib/python3.8/dist-packages/taskflow/listeners/logging.py:190}}
Jul 13 22:13:23.308270 dv-cinder-799871-28-iscsi devstack@c-api.service[111004]: DEBUG dbcounter [-] [111004] Writing DB stats cinder:SELECT=94,cinder:INSERT=3,cinder:UPDATE=3 {{(pid=111004) stat_writer /usr/local/lib/python3.8/dist-packages/dbcounter.py:114}}
Jul 13 22:13:23.316797 dv-cinder-799871-28-iscsi devstack@c-api.service[111004]: DEBUG cinder.quota [None req-f842af75-1294-4cb3-a332-005792b6cb28 tempest-VolumesTransfersV355Test-1449916435 tempest-VolumesTransfersV355Test-1449916435-project] Created reservations ['2827a29f-422a-46f0-a068-4e6844f1806d', 'e5801c7e-16b0-46ff-9a0e-d52988f8a6ee', 'e461c94b-ebb8-4cfb-a752-c471d78e24fa', '6cc68007-3eec-46de-996d-ba2567329e08'] {{(pid=111004) reserve /opt/stack/cinder/cinder/quota.py:755}}
Jul 13 22:13:23.319178 dv-cinder-799871-28-iscsi devstack@c-api.service[111004]: DEBUG cinder.volume.api [None req-f842af75-1294-4cb3-a332-005792b6cb28 tempest-VolumesTransfersV355Test-1449916435 tempest-VolumesTransfersV355Test-1449916435-project] Task 'cinder.volume.flows.api.create_volume.QuotaReserveTask;volume:create' (0db475d1-55d7-4254-a51a-816f977e2169) transitioned into state 'SUCCESS' from state 'RUNNING' with result '{'reservations': ['2827a29f-422a-46f0-a068-4e6844f1806d', 'e5801c7e-16b0-46ff-9a0e-d52988f8a6ee', 'e461c94b-ebb8-4cfb-a752-c471d78e24fa', '6cc68007-3eec-46de-996d-ba2567329e08']}' {{(pid=111004) _task_receiver /usr/local/lib/python3.8/dist-packages/taskflow/listeners/logging.py:178}}
Jul 13 22:13:23.322031 dv-cinder-799871-28-iscsi devstack@c-api.service[111004]: DEBUG cinder.volume.api [None req-f842af75-1294-4cb3-a332-005792b6cb28 tempest-VolumesTransfersV355Test-1449916435 tempest-VolumesTransfersV355Test-1449916435-project] Task 'cinder.volume.flows.api.create_volume.EntryCreateTask;volume:create' (0863d0cb-0102-466e-92c3-b340cb21c6bd) transitioned into state 'RUNNING' from state 'PENDING' {{(pid=111004) _task_receiver /usr/local/lib/python3.8/dist-packages/taskflow/listeners/logging.py:190}}
Jul 13 22:13:23.349106 dv-cinder-799871-28-iscsi devstack@c-api.service[111004]: DEBUG cinder.volume.api [None req-f842af75-1294-4cb3-a332-005792b6cb28 tempest-VolumesTransfersV355Test-1449916435 tempest-VolumesTransfersV355Test-1449916435-project] Task 'cinder.volume.flows.api.create_volume.EntryCreateTask;volume:create' (0863d0cb-0102-466e-92c3-b340cb21c6bd) transitioned into state 'SUCCESS' from state 'RUNNING' with result '{'volume_id': 'ed6d2c01-6fa3-4fe9-9a51-93893c5d4647', 'volume_properties': VolumeProperties(attach_status='detached',availability_zone='nova',cgsnapshot_id=None,consistencygroup_id=None,display_description=None,display_name='tempest-VolumesTransfersV355Test-Volume-1220223413',encryption_key_id=None,group_id=None,group_type_id=,metadata={},multiattach=False,project_id='ed77704452c046358a5b729098a3e9cc',qos_specs=None,replication_status=,reservations=['2827a29f-422a-46f0-a068-4e6844f1806d','e5801c7e-16b0-46ff-9a0e-d52988f8a6ee','e461c94b-ebb8-4cfb-a752-c471d78e24fa','6cc68007-3eec-46de-996d-ba2567329e08'],size=1,snapshot_id=None,source_replicaid=,source_volid=None,status='creating',user_id='5090733633d04eafaa0349f9f04d6781',volume_type_id=74f89220-545a-4117-bf3b-38b18b744de7), 'volume': Volume(_name_id=None,admin_metadata=,attach_status='detached',availability_zone='nova',bootable=False,cluster=,cluster_name=None,consistencygroup=,consistencygroup_id=None,created_at=2022-07-13T22:13:23Z,deleted=False,deleted_at=None,display_description=None,display_name='tempest-VolumesTransfersV355Test-Volume-1220223413',ec2_id=None,encryption_key_id=None,glance_metadata=,group=,group_id=None,host=None,id=ed6d2c01-6fa3-4fe9-9a51-93893c5d4647,launched_at=None,metadata={},migration_status=None,multiattach=False,previous_status=None,project_id='ed77704452c046358a5b729098a3e9cc',provider_auth=None,provider_geometry=None,provider_id=None,provider_location=None,replication_driver_data=None,replication_extended_status=None,replication_status=None,scheduled_at=None,service_uuid=None,shared_targets=True,size=1,snapshot_id=None,snapshots=,source_volid=None,status='creating',terminated_at=None,updated_at=None,use_quota=True,user_id='5090733633d04eafaa0349f9f04d6781',volume_attachment=VolumeAttachmentList,volume_type=VolumeType(74f89220-545a-4117-bf3b-38b18b744de7),volume_type_id=74f89220-545a-4117-bf3b-38b18b744de7)}' {{(pid=111004) _task_receiver /usr/local/lib/python3.8/dist-packages/taskflow/listeners/logging.py:178}}
Jul 13 22:13:23.351595 dv-cinder-799871-28-iscsi devstack@c-api.service[111004]: DEBUG cinder.volume.api [None req-f842af75-1294-4cb3-a332-005792b6cb28 tempest-VolumesTransfersV355Test-1449916435 tempest-VolumesTransfersV355Test-1449916435-project] Task 'cinder.volume.flows.api.create_volume.QuotaCommitTask;volume:create' (5c989358-2cf7-406c-b8e8-d76c1d405339) transitioned into state 'RUNNING' from state 'PENDING' {{(pid=111004) _task_receiver /usr/local/lib/python3.8/dist-packages/taskflow/listeners/logging.py:190}}
Jul 13 22:13:23.381272 dv-cinder-799871-28-iscsi devstack@c-api.service[111004]: DEBUG cinder.volume.api [None req-f842af75-1294-4cb3-a332-005792b6cb28 tempest-VolumesTransfersV355Test-1449916435 tempest-VolumesTransfersV355Test-1449916435-project] Task 'cinder.volume.flows.api.create_volume.QuotaCommitTask;volume:create' (5c989358-2cf7-406c-b8e8-d76c1d405339) transitioned into state 'SUCCESS' from state 'RUNNING' with result '{'volume_properties': VolumeProperties(attach_status='detached',availability_zone='nova',cgsnapshot_id=None,consistencygroup_id=None,display_description=None,display_name='tempest-VolumesTransfersV355Test-Volume-1220223413',encryption_key_id=None,group_id=None,group_type_id=,metadata={},multiattach=False,project_id='ed77704452c046358a5b729098a3e9cc',qos_specs=None,replication_status=,reservations=['2827a29f-422a-46f0-a068-4e6844f1806d','e5801c7e-16b0-46ff-9a0e-d52988f8a6ee','e461c94b-ebb8-4cfb-a752-c471d78e24fa','6cc68007-3eec-46de-996d-ba2567329e08'],size=1,snapshot_id=None,source_replicaid=,source_volid=None,status='creating',user_id='5090733633d04eafaa0349f9f04d6781',volume_type_id=74f89220-545a-4117-bf3b-38b18b744de7)}' {{(pid=111004) _task_receiver /usr/local/lib/python3.8/dist-packages/taskflow/listeners/logging.py:178}}
Jul 13 22:13:23.383142 dv-cinder-799871-28-iscsi devstack@c-api.service[111004]: DEBUG cinder.volume.api [None req-f842af75-1294-4cb3-a332-005792b6cb28 tempest-VolumesTransfersV355Test-1449916435 tempest-VolumesTransfersV355Test-1449916435-project] Task 'cinder.volume.flows.api.create_volume.VolumeCastTask;volume:create' (2470a557-f091-483f-8b2e-6bb1b8151a2c) transitioned into state 'RUNNING' from state 'PENDING' {{(pid=111004) _task_receiver /usr/local/lib/python3.8/dist-packages/taskflow/listeners/logging.py:190}}
Jul 13 22:13:23.387081 dv-cinder-799871-28-iscsi devstack@c-api.service[111005]: DEBUG cinder.api.middleware.request_id [None req-251ea34c-99c0-49cd-b900-ad9a3e40988e None None] RequestId filter calling following filter/app {{(pid=111005) _context_setter /opt/stack/cinder/cinder/api/middleware/request_id.py:62}}
Jul 13 22:13:23.391400 dv-cinder-799871-28-iscsi devstack@c-api.service[111005]: INFO cinder.api.openstack.wsgi [None req-251ea34c-99c0-49cd-b900-ad9a3e40988e tempest-GroupSnapshotsTest-700494229 tempest-GroupSnapshotsTest-700494229-project] GET http://10.222.0.52/volume/v3/ec73f12d9bed4198833dd9a0dad198bb/snapshots/2f7ac54a-3840-4bb8-b767-40d1bd2bece0
Jul 13 22:13:23.391920 dv-cinder-799871-28-iscsi devstack@c-api.service[111005]: DEBUG cinder.api.openstack.wsgi [None req-251ea34c-99c0-49cd-b900-ad9a3e40988e tempest-GroupSnapshotsTest-700494229 tempest-GroupSnapshotsTest-700494229-project] Empty body provided in request {{(pid=111005) get_body /opt/stack/cinder/cinder/api/openstack/wsgi.py:715}}
Jul 13 22:13:23.392476 dv-cinder-799871-28-iscsi devstack@c-api.service[111005]: DEBUG cinder.api.openstack.wsgi [None req-251ea34c-99c0-49cd-b900-ad9a3e40988e tempest-GroupSnapshotsTest-700494229 tempest-GroupSnapshotsTest-700494229-project] Calling method 'show' {{(pid=111005) _process_stack /opt/stack/cinder/cinder/api/openstack/wsgi.py:868}}
Jul 13 22:13:23.401034 dv-cinder-799871-28-iscsi devstack@c-api.service[111004]: DEBUG cinder.volume.api [None req-f842af75-1294-4cb3-a332-005792b6cb28 tempest-VolumesTransfersV355Test-1449916435 tempest-VolumesTransfersV355Test-1449916435-project] Task 'cinder.volume.flows.api.create_volume.VolumeCastTask;volume:create' (2470a557-f091-483f-8b2e-6bb1b8151a2c) transitioned into state 'SUCCESS' from state 'RUNNING' with result 'None' {{(pid=111004) _task_receiver /usr/local/lib/python3.8/dist-packages/taskflow/listeners/logging.py:178}}
Jul 13 22:13:23.403944 dv-cinder-799871-28-iscsi devstack@c-api.service[111004]: DEBUG cinder.volume.api [None req-f842af75-1294-4cb3-a332-005792b6cb28 tempest-VolumesTransfersV355Test-1449916435 tempest-VolumesTransfersV355Test-1449916435-project] Flow 'volume_create_api' (2bf49810-adbe-455b-9de6-c4fe74878b35) transitioned into state 'SUCCESS' from state 'RUNNING' {{(pid=111004) _flow_receiver /usr/local/lib/python3.8/dist-packages/taskflow/listeners/logging.py:141}}
Jul 13 22:13:23.404705 dv-cinder-799871-28-iscsi devstack@c-api.service[111004]: INFO cinder.volume.api [None req-f842af75-1294-4cb3-a332-005792b6cb28 tempest-VolumesTransfersV355Test-1449916435 tempest-VolumesTransfersV355Test-1449916435-project] Create volume request issued successfully.
Jul 13 22:13:23.405283 dv-cinder-799871-28-iscsi devstack@c-api.service[111005]: /usr/local/lib/python3.8/dist-packages/oslo_context/context.py:100: DeprecationWarning: Policy enforcement is depending on the value of is_admin. This key is deprecated. Please update your policy file to use the standard policy values.
Jul 13 22:13:23.405283 dv-cinder-799871-28-iscsi devstack@c-api.service[111005]: warnings.warn('Policy enforcement is depending on the value of '
Jul 13 22:13:23.406232 dv-cinder-799871-28-iscsi devstack@c-api.service[111004]: INFO cinder.api.openstack.wsgi [None req-f842af75-1294-4cb3-a332-005792b6cb28 tempest-VolumesTransfersV355Test-1449916435 tempest-VolumesTransfersV355Test-1449916435-project] http://10.222.0.52/volume/v3/ed77704452c046358a5b729098a3e9cc/volumes returned with HTTP 202
Jul 13 22:13:23.406594 dv-cinder-799871-28-iscsi devstack@c-api.service[111005]: INFO cinder.volume.api [None req-251ea34c-99c0-49cd-b900-ad9a3e40988e tempest-GroupSnapshotsTest-700494229 tempest-GroupSnapshotsTest-700494229-project] Snapshot retrieved successfully.
Jul 13 22:13:23.416139 dv-cinder-799871-28-iscsi devstack@c-api.service[111004]: [pid: 111004|app: 0|req: 201/396] 10.222.0.52 () {62 vars in 1275 bytes} [Wed Jul 13 22:13:23 2022] POST /volume/v3/ed77704452c046358a5b729098a3e9cc/volumes => generated 888 bytes in 227 msecs (HTTP/1.1 202) 7 headers in 292 bytes (1 switches on core 0)
Jul 13 22:13:23.416293 dv-cinder-799871-28-iscsi devstack@c-api.service[111005]: INFO cinder.api.openstack.wsgi [None req-251ea34c-99c0-49cd-b900-ad9a3e40988e tempest-GroupSnapshotsTest-700494229 tempest-GroupSnapshotsTest-700494229-project] http://10.222.0.52/volume/v3/ec73f12d9bed4198833dd9a0dad198bb/snapshots/2f7ac54a-3840-4bb8-b767-40d1bd2bece0 returned with HTTP 200
Jul 13 22:13:23.416293 dv-cinder-799871-28-iscsi devstack@c-api.service[111005]: [pid: 111005|app: 0|req: 196/397] 10.222.0.52 () {58 vars in 1330 bytes} [Wed Jul 13 22:13:23 2022] GET /volume/v3/ec73f12d9bed4198833dd9a0dad198bb/snapshots/2f7ac54a-3840-4bb8-b767-40d1bd2bece0 => generated 468 bytes in 24 msecs (HTTP/1.1 200) 7 headers in 285 bytes (2 switches on core 0)
Jul 13 22:13:23.418819 dv-cinder-799871-28-iscsi devstack@c-api.service[111004]: DEBUG cinder.api.middleware.request_id [None req-3f0236f1-3ec1-4841-9e84-612015d920ae None None] RequestId filter calling following filter/app {{(pid=111004) _context_setter /opt/stack/cinder/cinder/api/middleware/request_id.py:62}}
Jul 13 22:13:23.422619 dv-cinder-799871-28-iscsi devstack@c-api.service[111004]: INFO cinder.api.openstack.wsgi [None req-3f0236f1-3ec1-4841-9e84-612015d920ae tempest-VolumesTransfersV355Test-1449916435 tempest-VolumesTransfersV355Test-1449916435-project] GET http://10.222.0.52/volume/v3/ed77704452c046358a5b729098a3e9cc/volumes/ed6d2c01-6fa3-4fe9-9a51-93893c5d4647
Jul 13 22:13:23.423107 dv-cinder-799871-28-iscsi devstack@c-api.service[111004]: DEBUG cinder.api.openstack.wsgi [None req-3f0236f1-3ec1-4841-9e84-612015d920ae tempest-VolumesTransfersV355Test-1449916435 tempest-VolumesTransfersV355Test-1449916435-project] Empty body provided in request {{(pid=111004) get_body /opt/stack/cinder/cinder/api/openstack/wsgi.py:715}}
Jul 13 22:13:23.423679 dv-cinder-799871-28-iscsi devstack@c-api.service[111004]: DEBUG cinder.api.openstack.wsgi [None req-3f0236f1-3ec1-4841-9e84-612015d920ae tempest-VolumesTransfersV355Test-1449916435 tempest-VolumesTransfersV355Test-1449916435-project] Calling method 'show' {{(pid=111004) _process_stack /opt/stack/cinder/cinder/api/openstack/wsgi.py:868}}
Jul 13 22:13:23.438353 dv-cinder-799871-28-iscsi devstack@c-api.service[111004]: /usr/local/lib/python3.8/dist-packages/oslo_context/context.py:100: DeprecationWarning: Policy enforcement is depending on the value of is_admin. This key is deprecated. Please update your policy file to use the standard policy values.
Jul 13 22:13:23.438353 dv-cinder-799871-28-iscsi devstack@c-api.service[111004]: warnings.warn('Policy enforcement is depending on the value of '
Jul 13 22:13:23.445099 dv-cinder-799871-28-iscsi devstack@c-api.service[111004]: INFO cinder.volume.api [None req-3f0236f1-3ec1-4841-9e84-612015d920ae tempest-VolumesTransfersV355Test-1449916435 tempest-VolumesTransfersV355Test-1449916435-project] Volume info retrieved successfully.
Jul 13 22:13:23.454969 dv-cinder-799871-28-iscsi devstack@c-api.service[111004]: INFO cinder.api.openstack.wsgi [None req-3f0236f1-3ec1-4841-9e84-612015d920ae tempest-VolumesTransfersV355Test-1449916435 tempest-VolumesTransfersV355Test-1449916435-project] http://10.222.0.52/volume/v3/ed77704452c046358a5b729098a3e9cc/volumes/ed6d2c01-6fa3-4fe9-9a51-93893c5d4647 returned with HTTP 200
Jul 13 22:13:23.464443 dv-cinder-799871-28-iscsi devstack@c-api.service[111004]: [pid: 111004|app: 0|req: 202/398] 10.222.0.52 () {60 vars in 1365 bytes} [Wed Jul 13 22:13:23 2022] GET /volume/v3/ed77704452c046358a5b729098a3e9cc/volumes/ed6d2c01-6fa3-4fe9-9a51-93893c5d4647 => generated 956 bytes in 38 msecs (HTTP/1.1 200) 7 headers in 286 bytes (1 switches on core 0)
Jul 13 22:13:23.539646 dv-cinder-799871-28-iscsi devstack@c-api.service[111005]: DEBUG cinder.api.middleware.request_id [None req-b20d4bc2-5860-45ac-a282-569c7302f029 None None] RequestId filter calling following filter/app {{(pid=111005) _context_setter /opt/stack/cinder/cinder/api/middleware/request_id.py:62}}
Jul 13 22:13:23.543234 dv-cinder-799871-28-iscsi devstack@c-api.service[111005]: INFO cinder.api.openstack.wsgi [None req-b20d4bc2-5860-45ac-a282-569c7302f029 tempest-VolumesExtendTest-1254822553 tempest-VolumesExtendTest-1254822553-project] GET http://10.222.0.52/volume/v3/519ca221e7e7421581283c9d55a8c464/volumes/4c984e83-a0d4-41ce-ac5e-bb4af1e3a1d9
Jul 13 22:13:23.543671 dv-cinder-799871-28-iscsi devstack@c-api.service[111005]: DEBUG cinder.api.openstack.wsgi [None req-b20d4bc2-5860-45ac-a282-569c7302f029 tempest-VolumesExtendTest-1254822553 tempest-VolumesExtendTest-1254822553-project] Empty body provided in request {{(pid=111005) get_body /opt/stack/cinder/cinder/api/openstack/wsgi.py:715}}
Jul 13 22:13:23.544119 dv-cinder-799871-28-iscsi devstack@c-api.service[111005]: DEBUG cinder.api.openstack.wsgi [None req-b20d4bc2-5860-45ac-a282-569c7302f029 tempest-VolumesExtendTest-1254822553 tempest-VolumesExtendTest-1254822553-project] Calling method 'show' {{(pid=111005) _process_stack /opt/stack/cinder/cinder/api/openstack/wsgi.py:868}}
Jul 13 22:13:23.558352 dv-cinder-799871-28-iscsi devstack@c-api.service[111005]: /usr/local/lib/python3.8/dist-packages/oslo_context/context.py:100: DeprecationWarning: Policy enforcement is depending on the value of is_admin. This key is deprecated. Please update your policy file to use the standard policy values.
Jul 13 22:13:23.558352 dv-cinder-799871-28-iscsi devstack@c-api.service[111005]: warnings.warn('Policy enforcement is depending on the value of '
Jul 13 22:13:23.566904 dv-cinder-799871-28-iscsi devstack@c-api.service[111005]: INFO cinder.volume.api [None req-b20d4bc2-5860-45ac-a282-569c7302f029 tempest-VolumesExtendTest-1254822553 tempest-VolumesExtendTest-1254822553-project] Volume info retrieved successfully.
Jul 13 22:13:23.581688 dv-cinder-799871-28-iscsi devstack@c-api.service[111005]: INFO cinder.api.openstack.wsgi [None req-b20d4bc2-5860-45ac-a282-569c7302f029 tempest-VolumesExtendTest-1254822553 tempest-VolumesExtendTest-1254822553-project] http://10.222.0.52/volume/v3/519ca221e7e7421581283c9d55a8c464/volumes/4c984e83-a0d4-41ce-ac5e-bb4af1e3a1d9 returned with HTTP 200
Jul 13 22:13:23.582839 dv-cinder-799871-28-iscsi devstack@c-api.service[111005]: [pid: 111005|app: 0|req: 197/399] 10.222.0.52 () {58 vars in 1324 bytes} [Wed Jul 13 22:13:23 2022] GET /volume/v3/519ca221e7e7421581283c9d55a8c464/volumes/4c984e83-a0d4-41ce-ac5e-bb4af1e3a1d9 => generated 970 bytes in 44 msecs (HTTP/1.1 200) 7 headers in 285 bytes (1 switches on core 0)
