Mar 04 20:38:26.119364 dv-cinder-799871-17-smb devstack@c-api.service[112093]: DEBUG cinder.volume.api [None req-b44ee167-836d-4ab6-ba30-8676448d3a04 tempest-GroupSnapshotsTest-1551943009 tempest-GroupSnapshotsTest-1551943009-project] Task 'cinder.volume.flows.api.create_volume.ExtractVolumeRequestTask;volume:create' (aeed2ceb-36df-4268-bece-5a244a32a2ea) transitioned into state 'RUNNING' from state 'PENDING' {{(pid=112093) _task_receiver /usr/local/lib/python3.8/dist-packages/taskflow/listeners/logging.py:190}}
Mar 04 20:38:26.119364 dv-cinder-799871-17-smb devstack@c-api.service[112093]: /usr/local/lib/python3.8/dist-packages/oslo_context/context.py:100: DeprecationWarning: Policy enforcement is depending on the value of is_admin. This key is deprecated. Please update your policy file to use the standard policy values.
Mar 04 20:38:26.119364 dv-cinder-799871-17-smb devstack@c-api.service[112093]: warnings.warn('Policy enforcement is depending on the value of '
Mar 04 20:38:26.119364 dv-cinder-799871-17-smb devstack@c-api.service[112093]: DEBUG cinder.volume.flows.api.create_volume [None req-b44ee167-836d-4ab6-ba30-8676448d3a04 tempest-GroupSnapshotsTest-1551943009 tempest-GroupSnapshotsTest-1551943009-project] Validating volume size '1' using validate_int {{(pid=112093) _extract_size /opt/stack/cinder/cinder/volume/flows/api/create_volume.py:225}}
Mar 04 20:38:26.157426 dv-cinder-799871-17-smb devstack@c-api.service[112093]: DEBUG cinder.volume.api [None req-b44ee167-836d-4ab6-ba30-8676448d3a04 tempest-GroupSnapshotsTest-1551943009 tempest-GroupSnapshotsTest-1551943009-project] Task 'cinder.volume.flows.api.create_volume.ExtractVolumeRequestTask;volume:create' (aeed2ceb-36df-4268-bece-5a244a32a2ea) transitioned into state 'SUCCESS' from state 'RUNNING' with result '{'size': 1, 'snapshot_id': None, 'source_volid': None, 'volume_type': VolumeType(created_at=2022-03-04T20:38:23Z,deleted=False,deleted_at=None,description=None,extra_specs={},id=7c0b10f9-af98-4a8d-a921-adf36886e5e8,is_public=True,name='tempest-GroupSnapshotsTest-volume-type-1035534071',projects=[],qos_specs=,qos_specs_id=None,updated_at=None), 'volume_type_id': '7c0b10f9-af98-4a8d-a921-adf36886e5e8', 'encryption_key_id': None, 'qos_specs': None, 'consistencygroup_id': None, 'cgsnapshot_id': None, 'group_id': 'b4772b2a-c6b1-4ff1-9cab-5d85daee5018', 'replication_status': 'disabled', 'refresh_az': False, 'backup_id': None, 'multiattach': False, 'availability_zones': ['nova']}' {{(pid=112093) _task_receiver /usr/local/lib/python3.8/dist-packages/taskflow/listeners/logging.py:178}}
Mar 04 20:38:26.161456 dv-cinder-799871-17-smb devstack@c-api.service[112093]: DEBUG cinder.volume.api [None req-b44ee167-836d-4ab6-ba30-8676448d3a04 tempest-GroupSnapshotsTest-1551943009 tempest-GroupSnapshotsTest-1551943009-project] Task 'cinder.volume.flows.api.create_volume.QuotaReserveTask;volume:create' (77ddd072-ae1b-4df1-ad6b-3af3926282b4) transitioned into state 'RUNNING' from state 'PENDING' {{(pid=112093) _task_receiver /usr/local/lib/python3.8/dist-packages/taskflow/listeners/logging.py:190}}
Mar 04 20:38:26.208074 dv-cinder-799871-17-smb devstack@c-api.service[112093]: WARNING cinder.quota [None req-b44ee167-836d-4ab6-ba30-8676448d3a04 tempest-GroupSnapshotsTest-1551943009 tempest-GroupSnapshotsTest-1551943009-project] Deprecated: Default quota for resource: volumes_tempest-GroupSnapshotsTest-volume-type-1035534071 is set by the default quota flag: quota_volumes_tempest-GroupSnapshotsTest-volume-type-1035534071, it is now deprecated. Please use the default quota class for default quota.
Mar 04 20:38:26.208416 dv-cinder-799871-17-smb devstack@c-api.service[112094]: INFO cinder.api.openstack.wsgi [None req-006c1e6e-13a5-4537-a40c-43c386d884b6 tempest-VolumeTypesNegativeTest-1826685499 tempest-VolumeTypesNegativeTest-1826685499-project-admin] POST http://10.222.0.41/volume/v3/47a7e72a6a3f4698bd25393b192b088d/types/107ca22a-766a-4698-8df2-984b554bca95/encryption
Mar 04 20:38:26.209021 dv-cinder-799871-17-smb devstack@c-api.service[112093]: WARNING cinder.quota [None req-b44ee167-836d-4ab6-ba30-8676448d3a04 tempest-GroupSnapshotsTest-1551943009 tempest-GroupSnapshotsTest-1551943009-project] Deprecated: Default quota for resource: gigabytes_tempest-GroupSnapshotsTest-volume-type-1035534071 is set by the default quota flag: quota_gigabytes_tempest-GroupSnapshotsTest-volume-type-1035534071, it is now deprecated. Please use the default quota class for default quota.
Mar 04 20:38:26.209673 dv-cinder-799871-17-smb devstack@c-api.service[112094]: DEBUG cinder.api.openstack.wsgi [None req-006c1e6e-13a5-4537-a40c-43c386d884b6 tempest-VolumeTypesNegativeTest-1826685499 tempest-VolumeTypesNegativeTest-1826685499-project-admin] Action: 'create', calling method: create, body: {"encryption": {"provider": "LuksEncryptor", "key_size": 256, "cipher": "aes-xts-plain64", "control_location": "front-end"}} {{(pid=112094) _process_stack /opt/stack/cinder/cinder/api/openstack/wsgi.py:866}}
Mar 04 20:38:26.211325 dv-cinder-799871-17-smb devstack@c-api.service[112094]: /usr/local/lib/python3.8/dist-packages/oslo_context/context.py:100: DeprecationWarning: Policy enforcement is depending on the value of is_admin. This key is deprecated. Please update your policy file to use the standard policy values.
Mar 04 20:38:26.211325 dv-cinder-799871-17-smb devstack@c-api.service[112094]: warnings.warn('Policy enforcement is depending on the value of '
Mar 04 20:38:26.315927 dv-cinder-799871-17-smb devstack@c-api.service[112094]: INFO cinder.api.openstack.wsgi [None req-006c1e6e-13a5-4537-a40c-43c386d884b6 tempest-VolumeTypesNegativeTest-1826685499 tempest-VolumeTypesNegativeTest-1826685499-project-admin] http://10.222.0.41/volume/v3/47a7e72a6a3f4698bd25393b192b088d/types/107ca22a-766a-4698-8df2-984b554bca95/encryption returned with HTTP 404
Mar 04 20:38:26.318474 dv-cinder-799871-17-smb devstack@c-api.service[112094]: [pid: 112094|app: 0|req: 41/82] 10.222.0.41 () {60 vars in 1373 bytes} [Fri Mar 4 20:38:25 2022] POST /volume/v3/47a7e72a6a3f4698bd25393b192b088d/types/107ca22a-766a-4698-8df2-984b554bca95/encryption => generated 114 bytes in 437 msecs (HTTP/1.1 404) 7 headers in 292 bytes (1 switches on core 0)
Mar 04 20:38:26.328857 dv-cinder-799871-17-smb devstack@c-api.service[112094]: DEBUG cinder.api.middleware.request_id [None req-7bbcfad7-2d03-4b0e-9038-a1283df994f9 None None] RequestId filter calling following filter/app {{(pid=112094) _context_setter /opt/stack/cinder/cinder/api/middleware/request_id.py:62}}
Mar 04 20:38:26.341277 dv-cinder-799871-17-smb devstack@c-api.service[112094]: INFO cinder.api.openstack.wsgi [None req-7bbcfad7-2d03-4b0e-9038-a1283df994f9 tempest-GroupsV314Test-1531085767 tempest-GroupsV314Test-1531085767-project-admin] DELETE http://10.222.0.41/volume/v3/70e62eeef94c48c9a9041de99b3982d6/types/bea9b0f4-0ade-4adf-ae8e-20c1144db4ca
Mar 04 20:38:26.341787 dv-cinder-799871-17-smb devstack@c-api.service[112094]: DEBUG cinder.api.openstack.wsgi [None req-7bbcfad7-2d03-4b0e-9038-a1283df994f9 tempest-GroupsV314Test-1531085767 tempest-GroupsV314Test-1531085767-project-admin] Empty body provided in request {{(pid=112094) get_body /opt/stack/cinder/cinder/api/openstack/wsgi.py:715}}
Mar 04 20:38:26.342276 dv-cinder-799871-17-smb devstack@c-api.service[112094]: DEBUG cinder.api.openstack.wsgi [None req-7bbcfad7-2d03-4b0e-9038-a1283df994f9 tempest-GroupsV314Test-1531085767 tempest-GroupsV314Test-1531085767-project-admin] Calling method '_delete' {{(pid=112094) _process_stack /opt/stack/cinder/cinder/api/openstack/wsgi.py:868}}
Mar 04 20:38:26.580730 dv-cinder-799871-17-smb devstack@c-api.service[112094]: INFO cinder.api.openstack.wsgi [None req-7bbcfad7-2d03-4b0e-9038-a1283df994f9 tempest-GroupsV314Test-1531085767 tempest-GroupsV314Test-1531085767-project-admin] http://10.222.0.41/volume/v3/70e62eeef94c48c9a9041de99b3982d6/types/bea9b0f4-0ade-4adf-ae8e-20c1144db4ca returned with HTTP 202
Mar 04 20:38:26.581620 dv-cinder-799871-17-smb devstack@c-api.service[112094]: [pid: 112094|app: 0|req: 42/83] 10.222.0.41 () {58 vars in 1321 bytes} [Fri Mar 4 20:38:26 2022] DELETE /volume/v3/70e62eeef94c48c9a9041de99b3982d6/types/bea9b0f4-0ade-4adf-ae8e-20c1144db4ca => generated 0 bytes in 258 msecs (HTTP/1.1 202) 6 headers in 233 bytes (1 switches on core 0)
Mar 04 20:38:26.582637 dv-cinder-799871-17-smb devstack@c-api.service[112093]: DEBUG cinder.quota [None req-b44ee167-836d-4ab6-ba30-8676448d3a04 tempest-GroupSnapshotsTest-1551943009 tempest-GroupSnapshotsTest-1551943009-project] Created reservations ['c51e53b7-1ae9-4fc5-a716-9c152026358d', 'd81ed78d-b78f-46e2-9c0b-2a679a93509b', 'd233ad96-0472-49cd-baca-5482e6854546', '7698991d-49b3-455f-a2d6-215a8de0ed44'] {{(pid=112093) reserve /opt/stack/cinder/cinder/quota.py:755}}
Mar 04 20:38:26.586244 dv-cinder-799871-17-smb devstack@c-api.service[112094]: DEBUG cinder.api.middleware.request_id [None req-14c4ed9c-00d4-4685-9c22-ec8d9fcf606b None None] RequestId filter calling following filter/app {{(pid=112094) _context_setter /opt/stack/cinder/cinder/api/middleware/request_id.py:62}}
Mar 04 20:38:26.588748 dv-cinder-799871-17-smb devstack@c-api.service[112093]: DEBUG cinder.volume.api [None req-b44ee167-836d-4ab6-ba30-8676448d3a04 tempest-GroupSnapshotsTest-1551943009 tempest-GroupSnapshotsTest-1551943009-project] Task 'cinder.volume.flows.api.create_volume.QuotaReserveTask;volume:create' (77ddd072-ae1b-4df1-ad6b-3af3926282b4) transitioned into state 'SUCCESS' from state 'RUNNING' with result '{'reservations': ['c51e53b7-1ae9-4fc5-a716-9c152026358d', 'd81ed78d-b78f-46e2-9c0b-2a679a93509b', 'd233ad96-0472-49cd-baca-5482e6854546', '7698991d-49b3-455f-a2d6-215a8de0ed44']}' {{(pid=112093) _task_receiver /usr/local/lib/python3.8/dist-packages/taskflow/listeners/logging.py:178}}
Mar 04 20:38:26.593770 dv-cinder-799871-17-smb devstack@c-api.service[112093]: DEBUG cinder.volume.api [None req-b44ee167-836d-4ab6-ba30-8676448d3a04 tempest-GroupSnapshotsTest-1551943009 tempest-GroupSnapshotsTest-1551943009-project] Task 'cinder.volume.flows.api.create_volume.EntryCreateTask;volume:create' (c7e909dd-fccd-4bca-9bbf-a770050ba6da) transitioned into state 'RUNNING' from state 'PENDING' {{(pid=112093) _task_receiver /usr/local/lib/python3.8/dist-packages/taskflow/listeners/logging.py:190}}
Mar 04 20:38:26.599021 dv-cinder-799871-17-smb devstack@c-api.service[112094]: INFO cinder.api.openstack.wsgi [None req-14c4ed9c-00d4-4685-9c22-ec8d9fcf606b tempest-VolumesTestJSON-1640939683 tempest-VolumesTestJSON-1640939683-project] GET http://10.222.0.41/volume/v3/edf968a39d9d410fa9f90e9c938db114/volumes/b4848754-0b16-4372-840a-7783651c1e27
Mar 04 20:38:26.619012 dv-cinder-799871-17-smb devstack@c-api.service[112094]: DEBUG cinder.api.openstack.wsgi [None req-14c4ed9c-00d4-4685-9c22-ec8d9fcf606b tempest-VolumesTestJSON-1640939683 tempest-VolumesTestJSON-1640939683-project] Empty body provided in request {{(pid=112094) get_body /opt/stack/cinder/cinder/api/openstack/wsgi.py:715}}
Mar 04 20:38:26.639429 dv-cinder-799871-17-smb devstack@c-api.service[112094]: DEBUG cinder.api.openstack.wsgi [None req-14c4ed9c-00d4-4685-9c22-ec8d9fcf606b tempest-VolumesTestJSON-1640939683 tempest-VolumesTestJSON-1640939683-project] Calling method 'show' {{(pid=112094) _process_stack /opt/stack/cinder/cinder/api/openstack/wsgi.py:868}}
Mar 04 20:38:26.727352 dv-cinder-799871-17-smb devstack@c-api.service[112093]: DEBUG cinder.volume.api [None req-b44ee167-836d-4ab6-ba30-8676448d3a04 tempest-GroupSnapshotsTest-1551943009 tempest-GroupSnapshotsTest-1551943009-project] Task 'cinder.volume.flows.api.create_volume.EntryCreateTask;volume:create' (c7e909dd-fccd-4bca-9bbf-a770050ba6da) transitioned into state 'SUCCESS' from state 'RUNNING' with result '{'volume_id': '6764390e-174d-47d4-a13b-d6e1ec44d14c', 'volume_properties': VolumeProperties(attach_status='detached',availability_zone='nova',cgsnapshot_id=None,consistencygroup_id=None,display_description=None,display_name='tempest-GroupSnapshotsTest-Volume-1654072157',encryption_key_id=None,group_id=b4772b2a-c6b1-4ff1-9cab-5d85daee5018,group_type_id=,metadata={},multiattach=False,project_id='c0e59845bbda4960b9796074dd8ab224',qos_specs=None,replication_status=,reservations=['c51e53b7-1ae9-4fc5-a716-9c152026358d','d81ed78d-b78f-46e2-9c0b-2a679a93509b','d233ad96-0472-49cd-baca-5482e6854546','7698991d-49b3-455f-a2d6-215a8de0ed44'],size=1,snapshot_id=None,source_replicaid=,source_volid=None,status='creating',user_id='9efe2feea9e549d6b2fc2b0618106022',volume_type_id=7c0b10f9-af98-4a8d-a921-adf36886e5e8), 'volume': Volume(_name_id=None,admin_metadata=,attach_status='detached',availability_zone='nova',bootable=False,cluster=,cluster_name=None,consistencygroup=,consistencygroup_id=None,created_at=2022-03-04T20:38:26Z,deleted=False,deleted_at=None,display_description=None,display_name='tempest-GroupSnapshotsTest-Volume-1654072157',ec2_id=None,encryption_key_id=None,glance_metadata=,group=,group_id=b4772b2a-c6b1-4ff1-9cab-5d85daee5018,host=None,id=6764390e-174d-47d4-a13b-d6e1ec44d14c,launched_at=None,metadata={},migration_status=None,multiattach=False,previous_status=None,project_id='c0e59845bbda4960b9796074dd8ab224',provider_auth=None,provider_geometry=None,provider_id=None,provider_location=None,replication_driver_data=None,replication_extended_status=None,replication_status=None,scheduled_at=None,service_uuid=None,shared_targets=True,size=1,snapshot_id=None,snapshots=,source_volid=None,status='creating',terminated_at=None,updated_at=None,use_quota=True,user_id='9efe2feea9e549d6b2fc2b0618106022',volume_attachment=VolumeAttachmentList,volume_type=VolumeType(7c0b10f9-af98-4a8d-a921-adf36886e5e8),volume_type_id=7c0b10f9-af98-4a8d-a921-adf36886e5e8)}' {{(pid=112093) _task_receiver /usr/local/lib/python3.8/dist-packages/taskflow/listeners/logging.py:178}}
Mar 04 20:38:26.732713 dv-cinder-799871-17-smb devstack@c-api.service[112093]: DEBUG cinder.volume.api [None req-b44ee167-836d-4ab6-ba30-8676448d3a04 tempest-GroupSnapshotsTest-1551943009 tempest-GroupSnapshotsTest-1551943009-project] Task 'cinder.volume.flows.api.create_volume.QuotaCommitTask;volume:create' (618447d7-0619-49fc-81ac-09819244b814) transitioned into state 'RUNNING' from state 'PENDING' {{(pid=112093) _task_receiver /usr/local/lib/python3.8/dist-packages/taskflow/listeners/logging.py:190}}
Mar 04 20:38:26.756316 dv-cinder-799871-17-smb devstack@c-api.service[112094]: INFO cinder.api.openstack.wsgi [None req-14c4ed9c-00d4-4685-9c22-ec8d9fcf606b tempest-VolumesTestJSON-1640939683 tempest-VolumesTestJSON-1640939683-project] http://10.222.0.41/volume/v3/edf968a39d9d410fa9f90e9c938db114/volumes/b4848754-0b16-4372-840a-7783651c1e27 returned with HTTP 404
Mar 04 20:38:26.770455 dv-cinder-799871-17-smb devstack@c-api.service[112094]: [pid: 112094|app: 0|req: 43/84] 10.222.0.41 () {58 vars in 1324 bytes} [Fri Mar 4 20:38:26 2022] GET /volume/v3/edf968a39d9d410fa9f90e9c938db114/volumes/b4848754-0b16-4372-840a-7783651c1e27 => generated 109 bytes in 188 msecs (HTTP/1.1 404) 7 headers in 292 bytes (1 switches on core 0)
Mar 04 20:38:26.774548 dv-cinder-799871-17-smb devstack@c-api.service[112094]: DEBUG cinder.api.middleware.request_id [None req-48df17cd-7219-4794-b2f6-a23f8be2a550 None None] RequestId filter calling following filter/app {{(pid=112094) _context_setter /opt/stack/cinder/cinder/api/middleware/request_id.py:62}}
Mar 04 20:38:26.789159 dv-cinder-799871-17-smb devstack@c-api.service[112094]: INFO cinder.api.openstack.wsgi [None req-48df17cd-7219-4794-b2f6-a23f8be2a550 tempest-VolumeTypesNegativeTest-1826685499 tempest-VolumeTypesNegativeTest-1826685499-project-admin] POST http://10.222.0.41/volume/v3/47a7e72a6a3f4698bd25393b192b088d/types
Mar 04 20:38:26.797083 dv-cinder-799871-17-smb devstack@c-api.service[112094]: DEBUG cinder.api.openstack.wsgi [None req-48df17cd-7219-4794-b2f6-a23f8be2a550 tempest-VolumeTypesNegativeTest-1826685499 tempest-VolumeTypesNegativeTest-1826685499-project-admin] Action: 'create', calling method: _create, body: {"volume_type": {"name": "tempest-VolumeTypesNegativeTest-volume-type-1088985399", "os-volume-type-access:is_public": false}} {{(pid=112094) _process_stack /opt/stack/cinder/cinder/api/openstack/wsgi.py:866}}
Mar 04 20:38:26.821982 dv-cinder-799871-17-smb devstack@c-api.service[112093]: DEBUG cinder.volume.api [None req-b44ee167-836d-4ab6-ba30-8676448d3a04 tempest-GroupSnapshotsTest-1551943009 tempest-GroupSnapshotsTest-1551943009-project] Task 'cinder.volume.flows.api.create_volume.QuotaCommitTask;volume:create' (618447d7-0619-49fc-81ac-09819244b814) transitioned into state 'SUCCESS' from state 'RUNNING' with result '{'volume_properties': VolumeProperties(attach_status='detached',availability_zone='nova',cgsnapshot_id=None,consistencygroup_id=None,display_description=None,display_name='tempest-GroupSnapshotsTest-Volume-1654072157',encryption_key_id=None,group_id=b4772b2a-c6b1-4ff1-9cab-5d85daee5018,group_type_id=,metadata={},multiattach=False,project_id='c0e59845bbda4960b9796074dd8ab224',qos_specs=None,replication_status=,reservations=['c51e53b7-1ae9-4fc5-a716-9c152026358d','d81ed78d-b78f-46e2-9c0b-2a679a93509b','d233ad96-0472-49cd-baca-5482e6854546','7698991d-49b3-455f-a2d6-215a8de0ed44'],size=1,snapshot_id=None,source_replicaid=,source_volid=None,status='creating',user_id='9efe2feea9e549d6b2fc2b0618106022',volume_type_id=7c0b10f9-af98-4a8d-a921-adf36886e5e8)}' {{(pid=112093) _task_receiver /usr/local/lib/python3.8/dist-packages/taskflow/listeners/logging.py:178}}
Mar 04 20:38:26.824975 dv-cinder-799871-17-smb devstack@c-api.service[112093]: DEBUG cinder.volume.api [None req-b44ee167-836d-4ab6-ba30-8676448d3a04 tempest-GroupSnapshotsTest-1551943009 tempest-GroupSnapshotsTest-1551943009-project] Task 'cinder.volume.flows.api.create_volume.VolumeCastTask;volume:create' (3db97a3b-7c73-4455-82f9-52d5db077a48) transitioned into state 'RUNNING' from state 'PENDING' {{(pid=112093) _task_receiver /usr/local/lib/python3.8/dist-packages/taskflow/listeners/logging.py:190}}
Mar 04 20:38:26.944081 dv-cinder-799871-17-smb devstack@c-api.service[112094]: INFO cinder.api.openstack.wsgi [None req-48df17cd-7219-4794-b2f6-a23f8be2a550 tempest-VolumeTypesNegativeTest-1826685499 tempest-VolumeTypesNegativeTest-1826685499-project-admin] http://10.222.0.41/volume/v3/47a7e72a6a3f4698bd25393b192b088d/types returned with HTTP 200
Mar 04 20:38:26.945268 dv-cinder-799871-17-smb devstack@c-api.service[112094]: [pid: 112094|app: 0|req: 44/85] 10.222.0.41 () {60 vars in 1229 bytes} [Fri Mar 4 20:38:26 2022] POST /volume/v3/47a7e72a6a3f4698bd25393b192b088d/types => generated 231 bytes in 174 msecs (HTTP/1.1 200) 7 headers in 285 bytes (1 switches on core 0)
Mar 04 20:38:26.947273 dv-cinder-799871-17-smb devstack@c-api.service[112094]: DEBUG cinder.api.middleware.request_id [None req-6a32bab5-a3d2-4eaf-8a15-2bf2c94e186a None None] RequestId filter calling following filter/app {{(pid=112094) _context_setter /opt/stack/cinder/cinder/api/middleware/request_id.py:62}}
Mar 04 20:38:26.975725 dv-cinder-799871-17-smb devstack@c-api.service[112094]: INFO cinder.api.openstack.wsgi [None req-6a32bab5-a3d2-4eaf-8a15-2bf2c94e186a tempest-GroupsV314Test-1531085767 tempest-GroupsV314Test-1531085767-project-admin] GET http://10.222.0.41/volume/v3/70e62eeef94c48c9a9041de99b3982d6/types/bea9b0f4-0ade-4adf-ae8e-20c1144db4ca
Mar 04 20:38:26.982293 dv-cinder-799871-17-smb devstack@c-api.service[112094]: DEBUG cinder.api.openstack.wsgi [None req-6a32bab5-a3d2-4eaf-8a15-2bf2c94e186a tempest-GroupsV314Test-1531085767 tempest-GroupsV314Test-1531085767-project-admin] Empty body provided in request {{(pid=112094) get_body /opt/stack/cinder/cinder/api/openstack/wsgi.py:715}}
Mar 04 20:38:26.986123 dv-cinder-799871-17-smb devstack@c-api.service[112094]: DEBUG cinder.api.openstack.wsgi [None req-6a32bab5-a3d2-4eaf-8a15-2bf2c94e186a tempest-GroupsV314Test-1531085767 tempest-GroupsV314Test-1531085767-project-admin] Calling method 'show' {{(pid=112094) _process_stack /opt/stack/cinder/cinder/api/openstack/wsgi.py:868}}
Mar 04 20:38:26.987484 dv-cinder-799871-17-smb devstack@c-api.service[112093]: DEBUG cinder.volume.api [None req-b44ee167-836d-4ab6-ba30-8676448d3a04 tempest-GroupSnapshotsTest-1551943009 tempest-GroupSnapshotsTest-1551943009-project] Task 'cinder.volume.flows.api.create_volume.VolumeCastTask;volume:create' (3db97a3b-7c73-4455-82f9-52d5db077a48) transitioned into state 'SUCCESS' from state 'RUNNING' with result 'None' {{(pid=112093) _task_receiver /usr/local/lib/python3.8/dist-packages/taskflow/listeners/logging.py:178}}
Mar 04 20:38:27.022066 dv-cinder-799871-17-smb devstack@c-api.service[112093]: DEBUG cinder.volume.api [None req-b44ee167-836d-4ab6-ba30-8676448d3a04 tempest-GroupSnapshotsTest-1551943009 tempest-GroupSnapshotsTest-1551943009-project] Flow 'volume_create_api' (8e2399c9-c015-4109-a176-d640ac52ee4f) transitioned into state 'SUCCESS' from state 'RUNNING' {{(pid=112093) _flow_receiver /usr/local/lib/python3.8/dist-packages/taskflow/listeners/logging.py:141}}
Mar 04 20:38:27.038045 dv-cinder-799871-17-smb devstack@c-api.service[112093]: INFO cinder.volume.api [None req-b44ee167-836d-4ab6-ba30-8676448d3a04 tempest-GroupSnapshotsTest-1551943009 tempest-GroupSnapshotsTest-1551943009-project] Create volume request issued successfully.
Mar 04 20:38:27.039478 dv-cinder-799871-17-smb devstack@c-api.service[112093]: WARNING stevedore.named [None req-b44ee167-836d-4ab6-ba30-8676448d3a04 tempest-GroupSnapshotsTest-1551943009 tempest-GroupSnapshotsTest-1551943009-project] Could not load cinder.keymgr.conf_key_mgr.ConfKeyManager
Mar 04 20:38:27.040039 dv-cinder-799871-17-smb devstack@c-api.service[112093]: WARNING castellan.key_manager [None req-b44ee167-836d-4ab6-ba30-8676448d3a04 tempest-GroupSnapshotsTest-1551943009 tempest-GroupSnapshotsTest-1551943009-project] Deprecation Warning : cinder.keymgr.conf_key_mgr.ConfKeyManager is not a stevedore based driver, trying to load it as a class: stevedore.exception.NoMatches: No 'castellan.drivers' driver found, looking for 'cinder.keymgr.conf_key_mgr.ConfKeyManager'
Mar 04 20:38:27.045031 dv-cinder-799871-17-smb devstack@c-api.service[112094]: INFO cinder.api.openstack.wsgi [None req-6a32bab5-a3d2-4eaf-8a15-2bf2c94e186a tempest-GroupsV314Test-1531085767 tempest-GroupsV314Test-1531085767-project-admin] http://10.222.0.41/volume/v3/70e62eeef94c48c9a9041de99b3982d6/types/bea9b0f4-0ade-4adf-ae8e-20c1144db4ca returned with HTTP 404
Mar 04 20:38:27.063255 dv-cinder-799871-17-smb devstack@c-api.service[112094]: [pid: 112094|app: 0|req: 45/86] 10.222.0.41 () {58 vars in 1318 bytes} [Fri Mar 4 20:38:26 2022] GET /volume/v3/70e62eeef94c48c9a9041de99b3982d6/types/bea9b0f4-0ade-4adf-ae8e-20c1144db4ca => generated 114 bytes in 117 msecs (HTTP/1.1 404) 7 headers in 292 bytes (1 switches on core 0)
Mar 04 20:38:27.068960 dv-cinder-799871-17-smb devstack@c-api.service[112094]: DEBUG cinder.api.middleware.request_id [None req-63638940-e73f-4168-8922-e2890af65c6f None None] RequestId filter calling following filter/app {{(pid=112094) _context_setter /opt/stack/cinder/cinder/api/middleware/request_id.py:62}}
Mar 04 20:38:27.085720 dv-cinder-799871-17-smb devstack@c-api.service[112093]: DEBUG oslo_db.sqlalchemy.engines [None req-b44ee167-836d-4ab6-ba30-8676448d3a04 tempest-GroupSnapshotsTest-1551943009 tempest-GroupSnapshotsTest-1551943009-project] MySQL server mode set to STRICT_TRANS_TABLES,STRICT_ALL_TABLES,NO_ZERO_IN_DATE,NO_ZERO_DATE,ERROR_FOR_DIVISION_BY_ZERO,TRADITIONAL,NO_ENGINE_SUBSTITUTION {{(pid=112093) _check_effective_sql_mode /usr/local/lib/python3.8/dist-packages/oslo_db/sqlalchemy/engines.py:314}}
Mar 04 20:38:27.138422 dv-cinder-799871-17-smb devstack@c-api.service[112093]: /usr/local/lib/python3.8/dist-packages/oslo_context/context.py:100: DeprecationWarning: Policy enforcement is depending on the value of is_admin. This key is deprecated. Please update your policy file to use the standard policy values.
Mar 04 20:38:27.138422 dv-cinder-799871-17-smb devstack@c-api.service[112093]: warnings.warn('Policy enforcement is depending on the value of '
Mar 04 20:38:27.204285 dv-cinder-799871-17-smb devstack@c-api.service[112093]: INFO cinder.api.openstack.wsgi [None req-b44ee167-836d-4ab6-ba30-8676448d3a04 tempest-GroupSnapshotsTest-1551943009 tempest-GroupSnapshotsTest-1551943009-project] http://10.222.0.41/volume/v3/c0e59845bbda4960b9796074dd8ab224/volumes returned with HTTP 202
Mar 04 20:38:27.212250 dv-cinder-799871-17-smb devstack@c-api.service[112093]: [pid: 112093|app: 0|req: 42/87] 10.222.0.41 () {62 vars in 1276 bytes} [Fri Mar 4 20:38:26 2022] POST /volume/v3/c0e59845bbda4960b9796074dd8ab224/volumes => generated 908 bytes in 1199 msecs (HTTP/1.1 202) 7 headers in 292 bytes (1 switches on core 0)
Mar 04 20:38:27.223726 dv-cinder-799871-17-smb devstack@c-api.service[112093]: DEBUG cinder.api.middleware.request_id [None req-b9bdc968-3ba0-438b-b0d1-efdd638b8fff None None] RequestId filter calling following filter/app {{(pid=112093) _context_setter /opt/stack/cinder/cinder/api/middleware/request_id.py:62}}
Mar 04 20:38:27.229340 dv-cinder-799871-17-smb devstack@c-api.service[112093]: INFO cinder.api.openstack.wsgi [None req-b9bdc968-3ba0-438b-b0d1-efdd638b8fff tempest-GroupSnapshotsTest-1551943009 tempest-GroupSnapshotsTest-1551943009-project] GET http://10.222.0.41/volume/v3/c0e59845bbda4960b9796074dd8ab224/volumes/6764390e-174d-47d4-a13b-d6e1ec44d14c
Mar 04 20:38:27.234035 dv-cinder-799871-17-smb devstack@c-api.service[112093]: DEBUG cinder.api.openstack.wsgi [None req-b9bdc968-3ba0-438b-b0d1-efdd638b8fff tempest-GroupSnapshotsTest-1551943009 tempest-GroupSnapshotsTest-1551943009-project] Empty body provided in request {{(pid=112093) get_body /opt/stack/cinder/cinder/api/openstack/wsgi.py:715}}
Mar 04 20:38:27.241218 dv-cinder-799871-17-smb devstack@c-api.service[112093]: DEBUG cinder.api.openstack.wsgi [None req-b9bdc968-3ba0-438b-b0d1-efdd638b8fff tempest-GroupSnapshotsTest-1551943009 tempest-GroupSnapshotsTest-1551943009-project] Calling method 'show' {{(pid=112093) _process_stack /opt/stack/cinder/cinder/api/openstack/wsgi.py:868}}
Mar 04 20:38:27.291165 dv-cinder-799871-17-smb devstack@c-api.service[112093]: /usr/local/lib/python3.8/dist-packages/oslo_context/context.py:100: DeprecationWarning: Policy enforcement is depending on the value of is_admin. This key is deprecated. Please update your policy file to use the standard policy values.
Mar 04 20:38:27.291165 dv-cinder-799871-17-smb devstack@c-api.service[112093]: warnings.warn('Policy enforcement is depending on the value of '
Mar 04 20:38:27.330316 dv-cinder-799871-17-smb devstack@c-api.service[112093]: INFO cinder.volume.api [None req-b9bdc968-3ba0-438b-b0d1-efdd638b8fff tempest-GroupSnapshotsTest-1551943009 tempest-GroupSnapshotsTest-1551943009-project] Volume info retrieved successfully.
Mar 04 20:38:27.332044 dv-cinder-799871-17-smb devstack@c-api.service[112093]: WARNING stevedore.named [None req-b9bdc968-3ba0-438b-b0d1-efdd638b8fff tempest-GroupSnapshotsTest-1551943009 tempest-GroupSnapshotsTest-1551943009-project] Could not load cinder.keymgr.conf_key_mgr.ConfKeyManager
Mar 04 20:38:27.336453 dv-cinder-799871-17-smb devstack@c-api.service[112093]: WARNING castellan.key_manager [None req-b9bdc968-3ba0-438b-b0d1-efdd638b8fff tempest-GroupSnapshotsTest-1551943009 tempest-GroupSnapshotsTest-1551943009-project] Deprecation Warning : cinder.keymgr.conf_key_mgr.ConfKeyManager is not a stevedore based driver, trying to load it as a class: stevedore.exception.NoMatches: No 'castellan.drivers' driver found, looking for 'cinder.keymgr.conf_key_mgr.ConfKeyManager'
Mar 04 20:38:27.353864 dv-cinder-799871-17-smb devstack@c-api.service[112093]: DEBUG oslo_db.sqlalchemy.engines [None req-b9bdc968-3ba0-438b-b0d1-efdd638b8fff tempest-GroupSnapshotsTest-1551943009 tempest-GroupSnapshotsTest-1551943009-project] MySQL server mode set to STRICT_TRANS_TABLES,STRICT_ALL_TABLES,NO_ZERO_IN_DATE,NO_ZERO_DATE,ERROR_FOR_DIVISION_BY_ZERO,TRADITIONAL,NO_ENGINE_SUBSTITUTION {{(pid=112093) _check_effective_sql_mode /usr/local/lib/python3.8/dist-packages/oslo_db/sqlalchemy/engines.py:314}}
Mar 04 20:38:27.374145 dv-cinder-799871-17-smb devstack@c-api.service[112093]: /usr/local/lib/python3.8/dist-packages/oslo_context/context.py:100: DeprecationWarning: Policy enforcement is depending on the value of is_admin. This key is deprecated. Please update your policy file to use the standard policy values.
Mar 04 20:38:27.374145 dv-cinder-799871-17-smb devstack@c-api.service[112093]: warnings.warn('Policy enforcement is depending on the value of '
Mar 04 20:38:27.475122 dv-cinder-799871-17-smb devstack@c-api.service[112093]: INFO cinder.api.openstack.wsgi [None req-b9bdc968-3ba0-438b-b0d1-efdd638b8fff tempest-GroupSnapshotsTest-1551943009 tempest-GroupSnapshotsTest-1551943009-project] http://10.222.0.41/volume/v3/c0e59845bbda4960b9796074dd8ab224/volumes/6764390e-174d-47d4-a13b-d6e1ec44d14c returned with HTTP 200
Mar 04 20:38:27.490733 dv-cinder-799871-17-smb devstack@c-api.service[112093]: [pid: 112093|app: 0|req: 43/88] 10.222.0.41 () {60 vars in 1365 bytes} [Fri Mar 4 20:38:27 2022] GET /volume/v3/c0e59845bbda4960b9796074dd8ab224/volumes/6764390e-174d-47d4-a13b-d6e1ec44d14c => generated 976 bytes in 268 msecs (HTTP/1.1 200) 7 headers in 286 bytes (2 switches on core 0)
Mar 04 20:38:28.093638 dv-cinder-799871-17-smb devstack@c-api.service[112094]: INFO cinder.api.openstack.wsgi [None req-63638940-e73f-4168-8922-e2890af65c6f tempest-VolumeTypesNegativeTest-77085264 tempest-VolumeTypesNegativeTest-77085264-project] POST http://10.222.0.41/volume/v3/82e2896219cf496c9b0d54dc64da676b/volumes
Mar 04 20:38:28.093638 dv-cinder-799871-17-smb devstack@c-api.service[112094]: DEBUG cinder.api.openstack.wsgi [None req-63638940-e73f-4168-8922-e2890af65c6f tempest-VolumeTypesNegativeTest-77085264 tempest-VolumeTypesNegativeTest-77085264-project] Action: 'create', calling method: create, body: {"volume": {"volume_type": "6a89c56e-e6ad-4d9c-a55a-41730334f42d", "size": 1, "name": "tempest-VolumeTypesNegativeTest-Volume-1551114220"}} {{(pid=112094) _process_stack /opt/stack/cinder/cinder/api/openstack/wsgi.py:866}}
Mar 04 20:38:28.094901 dv-cinder-799871-17-smb devstack@c-api.service[112094]: DEBUG cinder.api.v3.volumes [None req-63638940-e73f-4168-8922-e2890af65c6f tempest-VolumeTypesNegativeTest-77085264 tempest-VolumeTypesNegativeTest-77085264-project] Create volume request body: {'volume': {'volume_type': '6a89c56e-e6ad-4d9c-a55a-41730334f42d', 'size': 1, 'name': 'tempest-VolumeTypesNegativeTest-Volume-1551114220'}} {{(pid=112094) create /opt/stack/cinder/cinder/api/v3/volumes.py:298}}
Mar 04 20:38:28.123307 dv-cinder-799871-17-smb devstack@c-api.service[112094]: INFO cinder.api.openstack.wsgi [None req-63638940-e73f-4168-8922-e2890af65c6f tempest-VolumeTypesNegativeTest-77085264 tempest-VolumeTypesNegativeTest-77085264-project] http://10.222.0.41/volume/v3/82e2896219cf496c9b0d54dc64da676b/volumes returned with HTTP 404
Mar 04 20:38:28.126101 dv-cinder-799871-17-smb devstack@c-api.service[112094]: [pid: 112094|app: 0|req: 46/89] 10.222.0.41 () {60 vars in 1235 bytes} [Fri Mar 4 20:38:27 2022] POST /volume/v3/82e2896219cf496c9b0d54dc64da676b/volumes => generated 114 bytes in 1061 msecs (HTTP/1.1 404) 7 headers in 292 bytes (1 switches on core 0)
Mar 04 20:38:28.131614 dv-cinder-799871-17-smb devstack@c-api.service[112093]: DEBUG cinder.api.middleware.request_id [None req-fe3ef65e-6552-487f-8f1d-dd99dec8e8c2 None None] RequestId filter calling following filter/app {{(pid=112093) _context_setter /opt/stack/cinder/cinder/api/middleware/request_id.py:62}}
Mar 04 20:38:28.138628 dv-cinder-799871-17-smb devstack@c-api.service[112093]: INFO cinder.api.openstack.wsgi [None req-fe3ef65e-6552-487f-8f1d-dd99dec8e8c2 tempest-VolumeTypesNegativeTest-1826685499 tempest-VolumeTypesNegativeTest-1826685499-project-admin] POST http://10.222.0.41/volume/v3/47a7e72a6a3f4698bd25393b192b088d/types
Mar 04 20:38:28.139554 dv-cinder-799871-17-smb devstack@c-api.service[112093]: DEBUG cinder.api.openstack.wsgi [None req-fe3ef65e-6552-487f-8f1d-dd99dec8e8c2 tempest-VolumeTypesNegativeTest-1826685499 tempest-VolumeTypesNegativeTest-1826685499-project-admin] Action: 'create', calling method: _create, body: {"volume_type": {"name": ""}} {{(pid=112093) _process_stack /opt/stack/cinder/cinder/api/openstack/wsgi.py:866}}
Mar 04 20:38:28.140782 dv-cinder-799871-17-smb devstack@c-api.service[112093]: INFO cinder.api.openstack.wsgi [None req-fe3ef65e-6552-487f-8f1d-dd99dec8e8c2 tempest-VolumeTypesNegativeTest-1826685499 tempest-VolumeTypesNegativeTest-1826685499-project-admin] http://10.222.0.41/volume/v3/47a7e72a6a3f4698bd25393b192b088d/types returned with HTTP 400
Mar 04 20:38:28.146540 dv-cinder-799871-17-smb devstack@c-api.service[112093]: [pid: 112093|app: 0|req: 44/90] 10.222.0.41 () {60 vars in 1228 bytes} [Fri Mar 4 20:38:28 2022] POST /volume/v3/47a7e72a6a3f4698bd25393b192b088d/types => generated 108 bytes in 16 msecs (HTTP/1.1 400) 7 headers in 294 bytes (1 switches on core 0)
Mar 04 20:38:28.156099 dv-cinder-799871-17-smb devstack@c-api.service[112094]: DEBUG cinder.api.middleware.request_id [None req-24f78abc-1a97-495d-88d9-007a85546685 None None] RequestId filter calling following filter/app {{(pid=112094) _context_setter /opt/stack/cinder/cinder/api/middleware/request_id.py:62}}
Mar 04 20:38:28.180302 dv-cinder-799871-17-smb devstack@c-api.service[112094]: INFO cinder.api.openstack.wsgi [None req-24f78abc-1a97-495d-88d9-007a85546685 tempest-VolumeTypesNegativeTest-1826685499 tempest-VolumeTypesNegativeTest-1826685499-project-admin] POST http://10.222.0.41/volume/v3/47a7e72a6a3f4698bd25393b192b088d/types
Mar 04 20:38:28.180302 dv-cinder-799871-17-smb devstack@c-api.service[112094]: DEBUG cinder.api.openstack.wsgi [None req-24f78abc-1a97-495d-88d9-007a85546685 tempest-VolumeTypesNegativeTest-1826685499 tempest-VolumeTypesNegativeTest-1826685499-project-admin] Action: 'create', calling method: _create, body: {"volume_type": {"name": "tempest-VolumeTypesNegativeTest-volume-type-1220310961"}} {{(pid=112094) _process_stack /opt/stack/cinder/cinder/api/openstack/wsgi.py:866}}
Mar 04 20:38:28.341489 dv-cinder-799871-17-smb devstack@c-api.service[112094]: INFO cinder.api.openstack.wsgi [None req-24f78abc-1a97-495d-88d9-007a85546685 tempest-VolumeTypesNegativeTest-1826685499 tempest-VolumeTypesNegativeTest-1826685499-project-admin] http://10.222.0.41/volume/v3/47a7e72a6a3f4698bd25393b192b088d/types returned with HTTP 200
Mar 04 20:38:28.342240 dv-cinder-799871-17-smb devstack@c-api.service[112094]: [pid: 112094|app: 0|req: 47/91] 10.222.0.41 () {60 vars in 1228 bytes} [Fri Mar 4 20:38:28 2022] POST /volume/v3/47a7e72a6a3f4698bd25393b192b088d/types => generated 229 bytes in 188 msecs (HTTP/1.1 200) 7 headers in 285 bytes (1 switches on core 0)
Mar 04 20:38:28.359594 dv-cinder-799871-17-smb devstack@c-api.service[112093]: DEBUG cinder.api.middleware.request_id [None req-15a8a0e6-6b51-48a7-9b6f-3cbc26c881e1 None None] RequestId filter calling following filter/app {{(pid=112093) _context_setter /opt/stack/cinder/cinder/api/middleware/request_id.py:62}}
Mar 04 20:38:28.364576 dv-cinder-799871-17-smb devstack@c-api.service[112093]: INFO cinder.api.openstack.wsgi [None req-15a8a0e6-6b51-48a7-9b6f-3cbc26c881e1 tempest-VolumeTypesNegativeTest-1826685499 tempest-VolumeTypesNegativeTest-1826685499-project-admin] POST http://10.222.0.41/volume/v3/47a7e72a6a3f4698bd25393b192b088d/types
Mar 04 20:38:28.365295 dv-cinder-799871-17-smb devstack@c-api.service[112093]: DEBUG cinder.api.openstack.wsgi [None req-15a8a0e6-6b51-48a7-9b6f-3cbc26c881e1 tempest-VolumeTypesNegativeTest-1826685499 tempest-VolumeTypesNegativeTest-1826685499-project-admin] Action: 'create', calling method: _create, body: {"volume_type": {"name": "tempest-VolumeTypesNegativeTest-volume-type-1220310961"}} {{(pid=112093) _process_stack /opt/stack/cinder/cinder/api/openstack/wsgi.py:866}}
Mar 04 20:38:28.383281 dv-cinder-799871-17-smb devstack@c-api.service[112093]: INFO cinder.api.openstack.wsgi [None req-15a8a0e6-6b51-48a7-9b6f-3cbc26c881e1 tempest-VolumeTypesNegativeTest-1826685499 tempest-VolumeTypesNegativeTest-1826685499-project-admin] HTTP exception thrown: Volume Type tempest-VolumeTypesNegativeTest-volume-type-1220310961 already exists.
Mar 04 20:38:28.383709 dv-cinder-799871-17-smb devstack@c-api.service[112093]: INFO cinder.api.openstack.wsgi [None req-15a8a0e6-6b51-48a7-9b6f-3cbc26c881e1 tempest-VolumeTypesNegativeTest-1826685499 tempest-VolumeTypesNegativeTest-1826685499-project-admin] http://10.222.0.41/volume/v3/47a7e72a6a3f4698bd25393b192b088d/types returned with HTTP 409
Mar 04 20:38:28.392378 dv-cinder-799871-17-smb devstack@c-api.service[112094]: DEBUG cinder.api.middleware.request_id [None req-54edb362-22dc-4119-9dcb-699f72634c40 None None] RequestId filter calling following filter/app {{(pid=112094) _context_setter /opt/stack/cinder/cinder/api/middleware/request_id.py:62}}
Mar 04 20:38:28.402021 dv-cinder-799871-17-smb devstack@c-api.service[112094]: INFO cinder.api.openstack.wsgi [None req-54edb362-22dc-4119-9dcb-699f72634c40 tempest-VolumeTypesNegativeTest-1826685499 tempest-VolumeTypesNegativeTest-1826685499-project-admin] DELETE http://10.222.0.41/volume/v3/47a7e72a6a3f4698bd25393b192b088d/types/fbc5970e-9692-4431-be2a-892a9e417b0f
Mar 04 20:38:28.406576 dv-cinder-799871-17-smb devstack@c-api.service[112094]: DEBUG cinder.api.openstack.wsgi [None req-54edb362-22dc-4119-9dcb-699f72634c40 tempest-VolumeTypesNegativeTest-1826685499 tempest-VolumeTypesNegativeTest-1826685499-project-admin] Empty body provided in request {{(pid=112094) get_body /opt/stack/cinder/cinder/api/openstack/wsgi.py:715}}
Mar 04 20:38:28.406576 dv-cinder-799871-17-smb devstack@c-api.service[112094]: DEBUG cinder.api.openstack.wsgi [None req-54edb362-22dc-4119-9dcb-699f72634c40 tempest-VolumeTypesNegativeTest-1826685499 tempest-VolumeTypesNegativeTest-1826685499-project-admin] Calling method '_delete' {{(pid=112094) _process_stack /opt/stack/cinder/cinder/api/openstack/wsgi.py:868}}
Mar 04 20:38:28.407009 dv-cinder-799871-17-smb devstack@c-api.service[112093]: [pid: 112093|app: 0|req: 45/92] 10.222.0.41 () {60 vars in 1228 bytes} [Fri Mar 4 20:38:28 2022] POST /volume/v3/47a7e72a6a3f4698bd25393b192b088d/types => generated 134 bytes in 56 msecs (HTTP/1.1 409) 7 headers in 291 bytes (1 switches on core 0)
Mar 04 20:38:28.412158 dv-cinder-799871-17-smb devstack@c-api.service[112094]: INFO cinder.api.openstack.wsgi [None req-54edb362-22dc-4119-9dcb-699f72634c40 tempest-VolumeTypesNegativeTest-1826685499 tempest-VolumeTypesNegativeTest-1826685499-project-admin] http://10.222.0.41/volume/v3/47a7e72a6a3f4698bd25393b192b088d/types/fbc5970e-9692-4431-be2a-892a9e417b0f returned with HTTP 404
Mar 04 20:38:28.420490 dv-cinder-799871-17-smb devstack@c-api.service[112093]: DEBUG cinder.api.middleware.request_id [None req-5352c1f8-6c88-4194-9f2c-0051fee47c23 None None] RequestId filter calling following filter/app {{(pid=112093) _context_setter /opt/stack/cinder/cinder/api/middleware/request_id.py:62}}
Mar 04 20:38:28.426476 dv-cinder-799871-17-smb devstack@c-api.service[112094]: [pid: 112094|app: 0|req: 48/93] 10.222.0.41 () {58 vars in 1321 bytes} [Fri Mar 4 20:38:28 2022] DELETE /volume/v3/47a7e72a6a3f4698bd25393b192b088d/types/fbc5970e-9692-4431-be2a-892a9e417b0f => generated 114 bytes in 30 msecs (HTTP/1.1 404) 7 headers in 292 bytes (1 switches on core 0)
Mar 04 20:38:28.427996 dv-cinder-799871-17-smb devstack@c-api.service[112093]: INFO cinder.api.openstack.wsgi [None req-5352c1f8-6c88-4194-9f2c-0051fee47c23 tempest-VolumeTypesNegativeTest-1826685499 tempest-VolumeTypesNegativeTest-1826685499-project-admin] GET http://10.222.0.41/volume/v3/47a7e72a6a3f4698bd25393b192b088d/types/90308231-e8a5-4a6f-a481-7a6c8e7edd25
Mar 04 20:38:28.429237 dv-cinder-799871-17-smb devstack@c-api.service[112093]: DEBUG cinder.api.openstack.wsgi [None req-5352c1f8-6c88-4194-9f2c-0051fee47c23 tempest-VolumeTypesNegativeTest-1826685499 tempest-VolumeTypesNegativeTest-1826685499-project-admin] Empty body provided in request {{(pid=112093) get_body /opt/stack/cinder/cinder/api/openstack/wsgi.py:715}}
Mar 04 20:38:28.430440 dv-cinder-799871-17-smb devstack@c-api.service[112093]: DEBUG cinder.api.openstack.wsgi [None req-5352c1f8-6c88-4194-9f2c-0051fee47c23 tempest-VolumeTypesNegativeTest-1826685499 tempest-VolumeTypesNegativeTest-1826685499-project-admin] Calling method 'show' {{(pid=112093) _process_stack /opt/stack/cinder/cinder/api/openstack/wsgi.py:868}}
Mar 04 20:38:28.438856 dv-cinder-799871-17-smb devstack@c-api.service[112093]: INFO cinder.api.openstack.wsgi [None req-5352c1f8-6c88-4194-9f2c-0051fee47c23 tempest-VolumeTypesNegativeTest-1826685499 tempest-VolumeTypesNegativeTest-1826685499-project-admin] http://10.222.0.41/volume/v3/47a7e72a6a3f4698bd25393b192b088d/types/90308231-e8a5-4a6f-a481-7a6c8e7edd25 returned with HTTP 404
Mar 04 20:38:28.446091 dv-cinder-799871-17-smb devstack@c-api.service[112094]: DEBUG cinder.api.middleware.request_id [None req-37b1de6a-0d4f-432d-a97b-292e66f83be4 None None] RequestId filter calling following filter/app {{(pid=112094) _context_setter /opt/stack/cinder/cinder/api/middleware/request_id.py:62}}
Mar 04 20:38:28.450438 dv-cinder-799871-17-smb devstack@c-api.service[112094]: INFO cinder.api.openstack.wsgi [None req-37b1de6a-0d4f-432d-a97b-292e66f83be4 tempest-VolumeTypesNegativeTest-1826685499 tempest-VolumeTypesNegativeTest-1826685499-project-admin] DELETE http://10.222.0.41/volume/v3/47a7e72a6a3f4698bd25393b192b088d/types/903e28d4-21d4-453b-a2b8-95bf5e728b7d
Mar 04 20:38:28.451150 dv-cinder-799871-17-smb devstack@c-api.service[112094]: DEBUG cinder.api.openstack.wsgi [None req-37b1de6a-0d4f-432d-a97b-292e66f83be4 tempest-VolumeTypesNegativeTest-1826685499 tempest-VolumeTypesNegativeTest-1826685499-project-admin] Empty body provided in request {{(pid=112094) get_body /opt/stack/cinder/cinder/api/openstack/wsgi.py:715}}
Mar 04 20:38:28.451811 dv-cinder-799871-17-smb devstack@c-api.service[112094]: DEBUG cinder.api.openstack.wsgi [None req-37b1de6a-0d4f-432d-a97b-292e66f83be4 tempest-VolumeTypesNegativeTest-1826685499 tempest-VolumeTypesNegativeTest-1826685499-project-admin] Calling method '_delete' {{(pid=112094) _process_stack /opt/stack/cinder/cinder/api/openstack/wsgi.py:868}}
Mar 04 20:38:28.454821 dv-cinder-799871-17-smb devstack@c-api.service[112093]: [pid: 112093|app: 0|req: 46/94] 10.222.0.41 () {58 vars in 1318 bytes} [Fri Mar 4 20:38:28 2022] GET /volume/v3/47a7e72a6a3f4698bd25393b192b088d/types/90308231-e8a5-4a6f-a481-7a6c8e7edd25 => generated 114 bytes in 36 msecs (HTTP/1.1 404) 7 headers in 292 bytes (2 switches on core 0)
Mar 04 20:38:28.489909 dv-cinder-799871-17-smb devstack@c-api.service[112093]: DEBUG cinder.api.middleware.request_id [None req-43dc4fa3-8711-48e0-b4dc-b74de4247f44 None None] RequestId filter calling following filter/app {{(pid=112093) _context_setter /opt/stack/cinder/cinder/api/middleware/request_id.py:62}}
Mar 04 20:38:28.495144 dv-cinder-799871-17-smb devstack@c-api.service[112093]: INFO cinder.api.openstack.wsgi [None req-43dc4fa3-8711-48e0-b4dc-b74de4247f44 tempest-GroupSnapshotsTest-1551943009 tempest-GroupSnapshotsTest-1551943009-project] GET http://10.222.0.41/volume/v3/c0e59845bbda4960b9796074dd8ab224/volumes/6764390e-174d-47d4-a13b-d6e1ec44d14c
Mar 04 20:38:28.495940 dv-cinder-799871-17-smb devstack@c-api.service[112093]: DEBUG cinder.api.openstack.wsgi [None req-43dc4fa3-8711-48e0-b4dc-b74de4247f44 tempest-GroupSnapshotsTest-1551943009 tempest-GroupSnapshotsTest-1551943009-project] Empty body provided in request {{(pid=112093) get_body /opt/stack/cinder/cinder/api/openstack/wsgi.py:715}}
Mar 04 20:38:28.498882 dv-cinder-799871-17-smb devstack@c-api.service[112093]: DEBUG cinder.api.openstack.wsgi [None req-43dc4fa3-8711-48e0-b4dc-b74de4247f44 tempest-GroupSnapshotsTest-1551943009 tempest-GroupSnapshotsTest-1551943009-project] Calling method 'show' {{(pid=112093) _process_stack /opt/stack/cinder/cinder/api/openstack/wsgi.py:868}}
Mar 04 20:38:28.542638 dv-cinder-799871-17-smb devstack@c-api.service[112093]: /usr/local/lib/python3.8/dist-packages/oslo_context/context.py:100: DeprecationWarning: Policy enforcement is depending on the value of is_admin. This key is deprecated. Please update your policy file to use the standard policy values.
Mar 04 20:38:28.542638 dv-cinder-799871-17-smb devstack@c-api.service[112093]: warnings.warn('Policy enforcement is depending on the value of '
Mar 04 20:38:28.569694 dv-cinder-799871-17-smb devstack@c-api.service[112093]: INFO cinder.volume.api [None req-43dc4fa3-8711-48e0-b4dc-b74de4247f44 tempest-GroupSnapshotsTest-1551943009 tempest-GroupSnapshotsTest-1551943009-project] Volume info retrieved successfully.
Mar 04 20:38:28.571188 dv-cinder-799871-17-smb devstack@c-api.service[112093]: WARNING stevedore.named [None req-43dc4fa3-8711-48e0-b4dc-b74de4247f44 tempest-GroupSnapshotsTest-1551943009 tempest-GroupSnapshotsTest-1551943009-project] Could not load cinder.keymgr.conf_key_mgr.ConfKeyManager
Mar 04 20:38:28.571579 dv-cinder-799871-17-smb devstack@c-api.service[112093]: WARNING castellan.key_manager [None req-43dc4fa3-8711-48e0-b4dc-b74de4247f44 tempest-GroupSnapshotsTest-1551943009 tempest-GroupSnapshotsTest-1551943009-project] Deprecation Warning : cinder.keymgr.conf_key_mgr.ConfKeyManager is not a stevedore based driver, trying to load it as a class: stevedore.exception.NoMatches: No 'castellan.drivers' driver found, looking for 'cinder.keymgr.conf_key_mgr.ConfKeyManager'
Mar 04 20:38:28.589458 dv-cinder-799871-17-smb devstack@c-api.service[112093]: DEBUG oslo_db.sqlalchemy.engines [None req-43dc4fa3-8711-48e0-b4dc-b74de4247f44 tempest-GroupSnapshotsTest-1551943009 tempest-GroupSnapshotsTest-1551943009-project] MySQL server mode set to STRICT_TRANS_TABLES,STRICT_ALL_TABLES,NO_ZERO_IN_DATE,NO_ZERO_DATE,ERROR_FOR_DIVISION_BY_ZERO,TRADITIONAL,NO_ENGINE_SUBSTITUTION {{(pid=112093) _check_effective_sql_mode /usr/local/lib/python3.8/dist-packages/oslo_db/sqlalchemy/engines.py:314}}
Mar 04 20:38:28.598570 dv-cinder-799871-17-smb devstack@c-api.service[112093]: /usr/local/lib/python3.8/dist-packages/oslo_context/context.py:100: DeprecationWarning: Policy enforcement is depending on the value of is_admin. This key is deprecated. Please update your policy file to use the standard policy values.
Mar 04 20:38:28.598570 dv-cinder-799871-17-smb devstack@c-api.service[112093]: warnings.warn('Policy enforcement is depending on the value of '
Mar 04 20:38:28.604152 dv-cinder-799871-17-smb devstack@c-api.service[112094]: INFO cinder.api.openstack.wsgi [None req-37b1de6a-0d4f-432d-a97b-292e66f83be4 tempest-VolumeTypesNegativeTest-1826685499 tempest-VolumeTypesNegativeTest-1826685499-project-admin] http://10.222.0.41/volume/v3/47a7e72a6a3f4698bd25393b192b088d/types/903e28d4-21d4-453b-a2b8-95bf5e728b7d returned with HTTP 202
Mar 04 20:38:28.605597 dv-cinder-799871-17-smb devstack@c-api.service[112094]: [pid: 112094|app: 0|req: 49/95] 10.222.0.41 () {58 vars in 1321 bytes} [Fri Mar 4 20:38:28 2022] DELETE /volume/v3/47a7e72a6a3f4698bd25393b192b088d/types/903e28d4-21d4-453b-a2b8-95bf5e728b7d => generated 0 bytes in 161 msecs (HTTP/1.1 202) 6 headers in 233 bytes (1 switches on core 0)
Mar 04 20:38:28.609930 dv-cinder-799871-17-smb devstack@c-api.service[112094]: DEBUG cinder.api.middleware.request_id [None req-6a3511f3-af99-4df0-82f5-032833368e27 None None] RequestId filter calling following filter/app {{(pid=112094) _context_setter /opt/stack/cinder/cinder/api/middleware/request_id.py:62}}
Mar 04 20:38:28.616286 dv-cinder-799871-17-smb devstack@c-api.service[112094]: INFO cinder.api.openstack.wsgi [None req-6a3511f3-af99-4df0-82f5-032833368e27 tempest-VolumeTypesNegativeTest-1826685499 tempest-VolumeTypesNegativeTest-1826685499-project-admin] GET http://10.222.0.41/volume/v3/47a7e72a6a3f4698bd25393b192b088d/types/903e28d4-21d4-453b-a2b8-95bf5e728b7d
Mar 04 20:38:28.617310 dv-cinder-799871-17-smb devstack@c-api.service[112094]: DEBUG cinder.api.openstack.wsgi [None req-6a3511f3-af99-4df0-82f5-032833368e27 tempest-VolumeTypesNegativeTest-1826685499 tempest-VolumeTypesNegativeTest-1826685499-project-admin] Empty body provided in request {{(pid=112094) get_body /opt/stack/cinder/cinder/api/openstack/wsgi.py:715}}
Mar 04 20:38:28.618284 dv-cinder-799871-17-smb devstack@c-api.service[112094]: DEBUG cinder.api.openstack.wsgi [None req-6a3511f3-af99-4df0-82f5-032833368e27 tempest-VolumeTypesNegativeTest-1826685499 tempest-VolumeTypesNegativeTest-1826685499-project-admin] Calling method 'show' {{(pid=112094) _process_stack /opt/stack/cinder/cinder/api/openstack/wsgi.py:868}}
Mar 04 20:38:28.625734 dv-cinder-799871-17-smb devstack@c-api.service[112094]: INFO cinder.api.openstack.wsgi [None req-6a3511f3-af99-4df0-82f5-032833368e27 tempest-VolumeTypesNegativeTest-1826685499 tempest-VolumeTypesNegativeTest-1826685499-project-admin] http://10.222.0.41/volume/v3/47a7e72a6a3f4698bd25393b192b088d/types/903e28d4-21d4-453b-a2b8-95bf5e728b7d returned with HTTP 404
Mar 04 20:38:28.629078 dv-cinder-799871-17-smb devstack@c-api.service[112094]: [pid: 112094|app: 0|req: 50/96] 10.222.0.41 () {58 vars in 1318 bytes} [Fri Mar 4 20:38:28 2022] GET /volume/v3/47a7e72a6a3f4698bd25393b192b088d/types/903e28d4-21d4-453b-a2b8-95bf5e728b7d => generated 114 bytes in 20 msecs (HTTP/1.1 404) 7 headers in 292 bytes (2 switches on core 0)
Mar 04 20:38:28.633728 dv-cinder-799871-17-smb devstack@c-api.service[112094]: DEBUG cinder.api.middleware.request_id [None req-054535ef-71e3-46f3-9327-b048ee05a0f8 None None] RequestId filter calling following filter/app {{(pid=112094) _context_setter /opt/stack/cinder/cinder/api/middleware/request_id.py:62}}
