Mar 04 20:39:12.709303 dv-cinder-799871-17-smb devstack@c-api.service[112094]: INFO cinder.volume.api [None req-6f771e3e-261e-4644-9a92-c7c377a9733c tempest-DeleteServersTestJSON-21471802 tempest-DeleteServersTestJSON-21471802-project] Volume info retrieved successfully.
Mar 04 20:39:12.891159 dv-cinder-799871-17-smb devstack@c-api.service[112094]: INFO cinder.volume.api [None req-6f771e3e-261e-4644-9a92-c7c377a9733c tempest-DeleteServersTestJSON-21471802 tempest-DeleteServersTestJSON-21471802-project] Delete volume request issued successfully.
Mar 04 20:39:12.891692 dv-cinder-799871-17-smb devstack@c-api.service[112094]: INFO cinder.api.openstack.wsgi [None req-6f771e3e-261e-4644-9a92-c7c377a9733c tempest-DeleteServersTestJSON-21471802 tempest-DeleteServersTestJSON-21471802-project] http://10.222.0.41/volume/v3/a67ab4185d334595aee902670eae1187/volumes/3083d583-fd97-49a9-a9f2-f39b7c0196d3 returned with HTTP 202
Mar 04 20:39:12.895471 dv-cinder-799871-17-smb devstack@c-api.service[112094]: [pid: 112094|app: 0|req: 212/428] 10.222.0.41 () {58 vars in 1327 bytes} [Fri Mar 4 20:39:12 2022] DELETE /volume/v3/a67ab4185d334595aee902670eae1187/volumes/3083d583-fd97-49a9-a9f2-f39b7c0196d3 => generated 0 bytes in 205 msecs (HTTP/1.1 202) 6 headers in 233 bytes (1 switches on core 0)
Mar 04 20:39:12.897177 dv-cinder-799871-17-smb devstack@c-api.service[112093]: DEBUG cinder.api.middleware.request_id [None req-ea8d9cd3-58d5-4169-be03-79de77b8f36a None None] RequestId filter calling following filter/app {{(pid=112093) _context_setter /opt/stack/cinder/cinder/api/middleware/request_id.py:62}}
Mar 04 20:39:12.900882 dv-cinder-799871-17-smb devstack@c-api.service[112093]: INFO cinder.api.openstack.wsgi [None req-ea8d9cd3-58d5-4169-be03-79de77b8f36a tempest-DeleteServersTestJSON-21471802 tempest-DeleteServersTestJSON-21471802-project] GET http://10.222.0.41/volume/v3/a67ab4185d334595aee902670eae1187/volumes/3083d583-fd97-49a9-a9f2-f39b7c0196d3
Mar 04 20:39:12.901325 dv-cinder-799871-17-smb devstack@c-api.service[112093]: DEBUG cinder.api.openstack.wsgi [None req-ea8d9cd3-58d5-4169-be03-79de77b8f36a tempest-DeleteServersTestJSON-21471802 tempest-DeleteServersTestJSON-21471802-project] Empty body provided in request {{(pid=112093) get_body /opt/stack/cinder/cinder/api/openstack/wsgi.py:715}}
Mar 04 20:39:12.901794 dv-cinder-799871-17-smb devstack@c-api.service[112093]: DEBUG cinder.api.openstack.wsgi [None req-ea8d9cd3-58d5-4169-be03-79de77b8f36a tempest-DeleteServersTestJSON-21471802 tempest-DeleteServersTestJSON-21471802-project] Calling method 'show' {{(pid=112093) _process_stack /opt/stack/cinder/cinder/api/openstack/wsgi.py:868}}
Mar 04 20:39:12.910245 dv-cinder-799871-17-smb devstack@c-api.service[112094]: DEBUG cinder.api.middleware.request_id [None req-fd735f63-5866-4f26-80e0-f2f49b21bb24 None None] RequestId filter calling following filter/app {{(pid=112094) _context_setter /opt/stack/cinder/cinder/api/middleware/request_id.py:62}}
Mar 04 20:39:12.915079 dv-cinder-799871-17-smb devstack@c-api.service[112094]: INFO cinder.api.openstack.wsgi [None req-fd735f63-5866-4f26-80e0-f2f49b21bb24 tempest-VolumesGetTest-1721574415 tempest-VolumesGetTest-1721574415-project] GET http://10.222.0.41/volume/v3/eab27d51ee104b08a0e60a5d9290ba0c/volumes/b33826ac-3a95-47c8-a837-cd15664ca597
Mar 04 20:39:12.917309 dv-cinder-799871-17-smb devstack@c-api.service[112093]: /usr/local/lib/python3.8/dist-packages/oslo_context/context.py:100: DeprecationWarning: Policy enforcement is depending on the value of is_admin. This key is deprecated. Please update your policy file to use the standard policy values.
Mar 04 20:39:12.917309 dv-cinder-799871-17-smb devstack@c-api.service[112093]: warnings.warn('Policy enforcement is depending on the value of '
Mar 04 20:39:12.920460 dv-cinder-799871-17-smb devstack@c-api.service[112094]: DEBUG cinder.api.openstack.wsgi [None req-fd735f63-5866-4f26-80e0-f2f49b21bb24 tempest-VolumesGetTest-1721574415 tempest-VolumesGetTest-1721574415-project] Empty body provided in request {{(pid=112094) get_body /opt/stack/cinder/cinder/api/openstack/wsgi.py:715}}
Mar 04 20:39:12.921594 dv-cinder-799871-17-smb devstack@c-api.service[112094]: DEBUG cinder.api.openstack.wsgi [None req-fd735f63-5866-4f26-80e0-f2f49b21bb24 tempest-VolumesGetTest-1721574415 tempest-VolumesGetTest-1721574415-project] Calling method 'show' {{(pid=112094) _process_stack /opt/stack/cinder/cinder/api/openstack/wsgi.py:868}}
Mar 04 20:39:12.938670 dv-cinder-799871-17-smb devstack@c-api.service[112093]: INFO cinder.volume.api [None req-ea8d9cd3-58d5-4169-be03-79de77b8f36a tempest-DeleteServersTestJSON-21471802 tempest-DeleteServersTestJSON-21471802-project] Volume info retrieved successfully.
Mar 04 20:39:12.939569 dv-cinder-799871-17-smb devstack@c-api.service[112094]: /usr/local/lib/python3.8/dist-packages/oslo_context/context.py:100: DeprecationWarning: Policy enforcement is depending on the value of is_admin. This key is deprecated. Please update your policy file to use the standard policy values.
Mar 04 20:39:12.939569 dv-cinder-799871-17-smb devstack@c-api.service[112094]: warnings.warn('Policy enforcement is depending on the value of '
Mar 04 20:39:12.947272 dv-cinder-799871-17-smb devstack@c-api.service[112094]: INFO cinder.volume.api [None req-fd735f63-5866-4f26-80e0-f2f49b21bb24 tempest-VolumesGetTest-1721574415 tempest-VolumesGetTest-1721574415-project] Volume info retrieved successfully.
Mar 04 20:39:12.958558 dv-cinder-799871-17-smb devstack@c-api.service[112094]: INFO cinder.api.openstack.wsgi [None req-fd735f63-5866-4f26-80e0-f2f49b21bb24 tempest-VolumesGetTest-1721574415 tempest-VolumesGetTest-1721574415-project] http://10.222.0.41/volume/v3/eab27d51ee104b08a0e60a5d9290ba0c/volumes/b33826ac-3a95-47c8-a837-cd15664ca597 returned with HTTP 200
Mar 04 20:39:12.969305 dv-cinder-799871-17-smb devstack@c-api.service[112093]: INFO cinder.api.openstack.wsgi [None req-ea8d9cd3-58d5-4169-be03-79de77b8f36a tempest-DeleteServersTestJSON-21471802 tempest-DeleteServersTestJSON-21471802-project] http://10.222.0.41/volume/v3/a67ab4185d334595aee902670eae1187/volumes/3083d583-fd97-49a9-a9f2-f39b7c0196d3 returned with HTTP 200
Mar 04 20:39:12.978255 dv-cinder-799871-17-smb devstack@c-api.service[112093]: [pid: 112093|app: 0|req: 217/430] 10.222.0.41 () {58 vars in 1324 bytes} [Fri Mar 4 20:39:12 2022] GET /volume/v3/a67ab4185d334595aee902670eae1187/volumes/3083d583-fd97-49a9-a9f2-f39b7c0196d3 => generated 913 bytes in 74 msecs (HTTP/1.1 200) 7 headers in 285 bytes (1 switches on core 0)
Mar 04 20:39:12.978426 dv-cinder-799871-17-smb devstack@c-api.service[112094]: [pid: 112094|app: 0|req: 213/430] 10.222.0.41 () {58 vars in 1324 bytes} [Fri Mar 4 20:39:12 2022] GET /volume/v3/eab27d51ee104b08a0e60a5d9290ba0c/volumes/b33826ac-3a95-47c8-a837-cd15664ca597 => generated 904 bytes in 61 msecs (HTTP/1.1 200) 7 headers in 285 bytes (1 switches on core 0)
Mar 04 20:39:12.978544 dv-cinder-799871-17-smb devstack@c-api.service[112093]: DEBUG cinder.api.middleware.request_id [None req-ae0b8e02-8b90-4f35-93eb-a695e1ac0ca0 None None] RequestId filter calling following filter/app {{(pid=112093) _context_setter /opt/stack/cinder/cinder/api/middleware/request_id.py:62}}
Mar 04 20:39:12.978544 dv-cinder-799871-17-smb devstack@c-api.service[112093]: INFO cinder.api.openstack.wsgi [None req-ae0b8e02-8b90-4f35-93eb-a695e1ac0ca0 tempest-VolumesGetTest-1721574415 tempest-VolumesGetTest-1721574415-project] PUT http://10.222.0.41/volume/v3/eab27d51ee104b08a0e60a5d9290ba0c/volumes/b33826ac-3a95-47c8-a837-cd15664ca597
Mar 04 20:39:12.978544 dv-cinder-799871-17-smb devstack@c-api.service[112093]: DEBUG cinder.api.openstack.wsgi [None req-ae0b8e02-8b90-4f35-93eb-a695e1ac0ca0 tempest-VolumesGetTest-1721574415 tempest-VolumesGetTest-1721574415-project] Action: 'update', calling method: update, body: {"volume": {"name": "tempest-VolumesGetTest-Volume-513928395", "description": null}} {{(pid=112093) _process_stack /opt/stack/cinder/cinder/api/openstack/wsgi.py:866}}
Mar 04 20:39:12.992520 dv-cinder-799871-17-smb devstack@c-api.service[112093]: /usr/local/lib/python3.8/dist-packages/oslo_context/context.py:100: DeprecationWarning: Policy enforcement is depending on the value of is_admin. This key is deprecated. Please update your policy file to use the standard policy values.
Mar 04 20:39:12.992520 dv-cinder-799871-17-smb devstack@c-api.service[112093]: warnings.warn('Policy enforcement is depending on the value of '
Mar 04 20:39:13.001875 dv-cinder-799871-17-smb devstack@c-api.service[112093]: INFO cinder.volume.api [None req-ae0b8e02-8b90-4f35-93eb-a695e1ac0ca0 tempest-VolumesGetTest-1721574415 tempest-VolumesGetTest-1721574415-project] Volume info retrieved successfully.
Mar 04 20:39:13.087610 dv-cinder-799871-17-smb devstack@c-api.service[112093]: INFO cinder.volume.api [None req-ae0b8e02-8b90-4f35-93eb-a695e1ac0ca0 tempest-VolumesGetTest-1721574415 tempest-VolumesGetTest-1721574415-project] Volume updated successfully.
Mar 04 20:39:13.089061 dv-cinder-799871-17-smb devstack@c-api.service[112093]: INFO cinder.api.openstack.wsgi [None req-ae0b8e02-8b90-4f35-93eb-a695e1ac0ca0 tempest-VolumesGetTest-1721574415 tempest-VolumesGetTest-1721574415-project] http://10.222.0.41/volume/v3/eab27d51ee104b08a0e60a5d9290ba0c/volumes/b33826ac-3a95-47c8-a837-cd15664ca597 returned with HTTP 200
Mar 04 20:39:13.090556 dv-cinder-799871-17-smb devstack@c-api.service[112093]: [pid: 112093|app: 0|req: 218/431] 10.222.0.41 () {60 vars in 1344 bytes} [Fri Mar 4 20:39:12 2022] PUT /volume/v3/eab27d51ee104b08a0e60a5d9290ba0c/volumes/b33826ac-3a95-47c8-a837-cd15664ca597 => generated 838 bytes in 119 msecs (HTTP/1.1 200) 7 headers in 285 bytes (2 switches on core 0)
Mar 04 20:39:13.101930 dv-cinder-799871-17-smb devstack@c-api.service[112094]: DEBUG cinder.api.middleware.request_id [None req-08c4bda9-a121-497a-a82d-4085c7d399c0 None None] RequestId filter calling following filter/app {{(pid=112094) _context_setter /opt/stack/cinder/cinder/api/middleware/request_id.py:62}}
Mar 04 20:39:13.105573 dv-cinder-799871-17-smb devstack@c-api.service[112094]: INFO cinder.api.openstack.wsgi [None req-08c4bda9-a121-497a-a82d-4085c7d399c0 tempest-VolumesGetTest-1721574415 tempest-VolumesGetTest-1721574415-project] DELETE http://10.222.0.41/volume/v3/eab27d51ee104b08a0e60a5d9290ba0c/volumes/b33826ac-3a95-47c8-a837-cd15664ca597
Mar 04 20:39:13.110588 dv-cinder-799871-17-smb devstack@c-api.service[112094]: DEBUG cinder.api.openstack.wsgi [None req-08c4bda9-a121-497a-a82d-4085c7d399c0 tempest-VolumesGetTest-1721574415 tempest-VolumesGetTest-1721574415-project] Empty body provided in request {{(pid=112094) get_body /opt/stack/cinder/cinder/api/openstack/wsgi.py:715}}
Mar 04 20:39:13.110588 dv-cinder-799871-17-smb devstack@c-api.service[112094]: DEBUG cinder.api.openstack.wsgi [None req-08c4bda9-a121-497a-a82d-4085c7d399c0 tempest-VolumesGetTest-1721574415 tempest-VolumesGetTest-1721574415-project] Calling method 'delete' {{(pid=112094) _process_stack /opt/stack/cinder/cinder/api/openstack/wsgi.py:868}}
Mar 04 20:39:13.110588 dv-cinder-799871-17-smb devstack@c-api.service[112094]: INFO cinder.api.v3.volumes [None req-08c4bda9-a121-497a-a82d-4085c7d399c0 tempest-VolumesGetTest-1721574415 tempest-VolumesGetTest-1721574415-project] Delete volume with id: b33826ac-3a95-47c8-a837-cd15664ca597
Mar 04 20:39:13.120611 dv-cinder-799871-17-smb devstack@c-api.service[112094]: /usr/local/lib/python3.8/dist-packages/oslo_context/context.py:100: DeprecationWarning: Policy enforcement is depending on the value of is_admin. This key is deprecated. Please update your policy file to use the standard policy values.
Mar 04 20:39:13.120611 dv-cinder-799871-17-smb devstack@c-api.service[112094]: warnings.warn('Policy enforcement is depending on the value of '
Mar 04 20:39:13.121906 dv-cinder-799871-17-smb devstack@c-api.service[112094]: INFO cinder.volume.api [None req-08c4bda9-a121-497a-a82d-4085c7d399c0 tempest-VolumesGetTest-1721574415 tempest-VolumesGetTest-1721574415-project] Volume info retrieved successfully.
Mar 04 20:39:13.212174 dv-cinder-799871-17-smb devstack@c-api.service[112093]: DEBUG cinder.api.middleware.request_id [None req-ad8d9ee2-badd-4d87-b6f2-97f99d2e005f None None] RequestId filter calling following filter/app {{(pid=112093) _context_setter /opt/stack/cinder/cinder/api/middleware/request_id.py:62}}
Mar 04 20:39:13.216229 dv-cinder-799871-17-smb devstack@c-api.service[112093]: INFO cinder.api.openstack.wsgi [None req-ad8d9ee2-badd-4d87-b6f2-97f99d2e005f tempest-SnapshotsActionsTest-1872156150 tempest-SnapshotsActionsTest-1872156150-project] GET http://10.222.0.41/volume/v3/596acdc1ca5e40e89b926b9006d18bff/volumes/f9451a22-4a39-4cd5-9466-f7cef2ecfb0b
Mar 04 20:39:13.216841 dv-cinder-799871-17-smb devstack@c-api.service[112093]: DEBUG cinder.api.openstack.wsgi [None req-ad8d9ee2-badd-4d87-b6f2-97f99d2e005f tempest-SnapshotsActionsTest-1872156150 tempest-SnapshotsActionsTest-1872156150-project] Empty body provided in request {{(pid=112093) get_body /opt/stack/cinder/cinder/api/openstack/wsgi.py:715}}
Mar 04 20:39:13.217105 dv-cinder-799871-17-smb devstack@c-api.service[112093]: DEBUG cinder.api.openstack.wsgi [None req-ad8d9ee2-badd-4d87-b6f2-97f99d2e005f tempest-SnapshotsActionsTest-1872156150 tempest-SnapshotsActionsTest-1872156150-project] Calling method 'show' {{(pid=112093) _process_stack /opt/stack/cinder/cinder/api/openstack/wsgi.py:868}}
Mar 04 20:39:13.234895 dv-cinder-799871-17-smb devstack@c-api.service[112093]: INFO cinder.api.openstack.wsgi [None req-ad8d9ee2-badd-4d87-b6f2-97f99d2e005f tempest-SnapshotsActionsTest-1872156150 tempest-SnapshotsActionsTest-1872156150-project] http://10.222.0.41/volume/v3/596acdc1ca5e40e89b926b9006d18bff/volumes/f9451a22-4a39-4cd5-9466-f7cef2ecfb0b returned with HTTP 404
Mar 04 20:39:13.236028 dv-cinder-799871-17-smb devstack@c-api.service[112093]: [pid: 112093|app: 0|req: 219/432] 10.222.0.41 () {58 vars in 1324 bytes} [Fri Mar 4 20:39:13 2022] GET /volume/v3/596acdc1ca5e40e89b926b9006d18bff/volumes/f9451a22-4a39-4cd5-9466-f7cef2ecfb0b => generated 109 bytes in 25 msecs (HTTP/1.1 404) 7 headers in 292 bytes (2 switches on core 0)
Mar 04 20:39:13.245888 dv-cinder-799871-17-smb devstack@c-api.service[112093]: DEBUG cinder.api.middleware.request_id [None req-4e9c02d7-20c3-431e-913e-1d60a8595446 None None] RequestId filter calling following filter/app {{(pid=112093) _context_setter /opt/stack/cinder/cinder/api/middleware/request_id.py:62}}
Mar 04 20:39:13.249936 dv-cinder-799871-17-smb devstack@c-api.service[112093]: INFO cinder.api.openstack.wsgi [None req-4e9c02d7-20c3-431e-913e-1d60a8595446 tempest-VolumeManageAdminTest-917369554 tempest-VolumeManageAdminTest-917369554-project] GET http://10.222.0.41/volume/v3/d0ae17d4653b4bc0b38cb274d4686f32/volumes/4542c459-39ed-4ef4-ab4d-9fb4049aa5b7
Mar 04 20:39:13.250763 dv-cinder-799871-17-smb devstack@c-api.service[112093]: DEBUG cinder.api.openstack.wsgi [None req-4e9c02d7-20c3-431e-913e-1d60a8595446 tempest-VolumeManageAdminTest-917369554 tempest-VolumeManageAdminTest-917369554-project] Empty body provided in request {{(pid=112093) get_body /opt/stack/cinder/cinder/api/openstack/wsgi.py:715}}
Mar 04 20:39:13.251628 dv-cinder-799871-17-smb devstack@c-api.service[112093]: DEBUG cinder.api.openstack.wsgi [None req-4e9c02d7-20c3-431e-913e-1d60a8595446 tempest-VolumeManageAdminTest-917369554 tempest-VolumeManageAdminTest-917369554-project] Calling method 'show' {{(pid=112093) _process_stack /opt/stack/cinder/cinder/api/openstack/wsgi.py:868}}
Mar 04 20:39:13.268146 dv-cinder-799871-17-smb devstack@c-api.service[112093]: /usr/local/lib/python3.8/dist-packages/oslo_context/context.py:100: DeprecationWarning: Policy enforcement is depending on the value of is_admin. This key is deprecated. Please update your policy file to use the standard policy values.
Mar 04 20:39:13.268146 dv-cinder-799871-17-smb devstack@c-api.service[112093]: warnings.warn('Policy enforcement is depending on the value of '
Mar 04 20:39:13.280399 dv-cinder-799871-17-smb devstack@c-api.service[112093]: INFO cinder.volume.api [None req-4e9c02d7-20c3-431e-913e-1d60a8595446 tempest-VolumeManageAdminTest-917369554 tempest-VolumeManageAdminTest-917369554-project] Volume info retrieved successfully.
Mar 04 20:39:13.289159 dv-cinder-799871-17-smb devstack@c-api.service[112093]: INFO cinder.api.openstack.wsgi [None req-4e9c02d7-20c3-431e-913e-1d60a8595446 tempest-VolumeManageAdminTest-917369554 tempest-VolumeManageAdminTest-917369554-project] http://10.222.0.41/volume/v3/d0ae17d4653b4bc0b38cb274d4686f32/volumes/4542c459-39ed-4ef4-ab4d-9fb4049aa5b7 returned with HTTP 200
Mar 04 20:39:13.290193 dv-cinder-799871-17-smb devstack@c-api.service[112093]: [pid: 112093|app: 0|req: 220/433] 10.222.0.41 () {58 vars in 1324 bytes} [Fri Mar 4 20:39:13 2022] GET /volume/v3/d0ae17d4653b4bc0b38cb274d4686f32/volumes/4542c459-39ed-4ef4-ab4d-9fb4049aa5b7 => generated 914 bytes in 46 msecs (HTTP/1.1 200) 7 headers in 285 bytes (1 switches on core 0)
Mar 04 20:39:13.302752 dv-cinder-799871-17-smb devstack@c-api.service[112094]: INFO cinder.volume.api [None req-08c4bda9-a121-497a-a82d-4085c7d399c0 tempest-VolumesGetTest-1721574415 tempest-VolumesGetTest-1721574415-project] Delete volume request issued successfully.
Mar 04 20:39:13.303511 dv-cinder-799871-17-smb devstack@c-api.service[112094]: INFO cinder.api.openstack.wsgi [None req-08c4bda9-a121-497a-a82d-4085c7d399c0 tempest-VolumesGetTest-1721574415 tempest-VolumesGetTest-1721574415-project] http://10.222.0.41/volume/v3/eab27d51ee104b08a0e60a5d9290ba0c/volumes/b33826ac-3a95-47c8-a837-cd15664ca597 returned with HTTP 202
Mar 04 20:39:13.304586 dv-cinder-799871-17-smb devstack@c-api.service[112094]: [pid: 112094|app: 0|req: 214/434] 10.222.0.41 () {58 vars in 1327 bytes} [Fri Mar 4 20:39:13 2022] DELETE /volume/v3/eab27d51ee104b08a0e60a5d9290ba0c/volumes/b33826ac-3a95-47c8-a837-cd15664ca597 => generated 0 bytes in 204 msecs (HTTP/1.1 202) 6 headers in 233 bytes (1 switches on core 0)
Mar 04 20:39:13.306950 dv-cinder-799871-17-smb devstack@c-api.service[112093]: DEBUG cinder.api.middleware.request_id [None req-1b7ebc64-014f-4f9c-8a94-df5c6bff4036 None None] RequestId filter calling following filter/app {{(pid=112093) _context_setter /opt/stack/cinder/cinder/api/middleware/request_id.py:62}}
Mar 04 20:39:13.314175 dv-cinder-799871-17-smb devstack@c-api.service[112094]: DEBUG cinder.api.middleware.request_id [None req-caef7e35-467b-462b-a629-42da05b68862 None None] RequestId filter calling following filter/app {{(pid=112094) _context_setter /opt/stack/cinder/cinder/api/middleware/request_id.py:62}}
Mar 04 20:39:13.317786 dv-cinder-799871-17-smb devstack@c-api.service[112094]: INFO cinder.api.openstack.wsgi [None req-caef7e35-467b-462b-a629-42da05b68862 tempest-VolumesGetTest-1721574415 tempest-VolumesGetTest-1721574415-project] GET http://10.222.0.41/volume/v3/eab27d51ee104b08a0e60a5d9290ba0c/volumes/b33826ac-3a95-47c8-a837-cd15664ca597
Mar 04 20:39:13.318459 dv-cinder-799871-17-smb devstack@c-api.service[112094]: DEBUG cinder.api.openstack.wsgi [None req-caef7e35-467b-462b-a629-42da05b68862 tempest-VolumesGetTest-1721574415 tempest-VolumesGetTest-1721574415-project] Empty body provided in request {{(pid=112094) get_body /opt/stack/cinder/cinder/api/openstack/wsgi.py:715}}
Mar 04 20:39:13.318959 dv-cinder-799871-17-smb devstack@c-api.service[112094]: DEBUG cinder.api.openstack.wsgi [None req-caef7e35-467b-462b-a629-42da05b68862 tempest-VolumesGetTest-1721574415 tempest-VolumesGetTest-1721574415-project] Calling method 'show' {{(pid=112094) _process_stack /opt/stack/cinder/cinder/api/openstack/wsgi.py:868}}
Mar 04 20:39:13.334355 dv-cinder-799871-17-smb devstack@c-api.service[112094]: /usr/local/lib/python3.8/dist-packages/oslo_context/context.py:100: DeprecationWarning: Policy enforcement is depending on the value of is_admin. This key is deprecated. Please update your policy file to use the standard policy values.
Mar 04 20:39:13.334355 dv-cinder-799871-17-smb devstack@c-api.service[112094]: warnings.warn('Policy enforcement is depending on the value of '
Mar 04 20:39:13.341120 dv-cinder-799871-17-smb devstack@c-api.service[112094]: INFO cinder.volume.api [None req-caef7e35-467b-462b-a629-42da05b68862 tempest-VolumesGetTest-1721574415 tempest-VolumesGetTest-1721574415-project] Volume info retrieved successfully.
Mar 04 20:39:13.350816 dv-cinder-799871-17-smb devstack@c-api.service[112094]: INFO cinder.api.openstack.wsgi [None req-caef7e35-467b-462b-a629-42da05b68862 tempest-VolumesGetTest-1721574415 tempest-VolumesGetTest-1721574415-project] http://10.222.0.41/volume/v3/eab27d51ee104b08a0e60a5d9290ba0c/volumes/b33826ac-3a95-47c8-a837-cd15664ca597 returned with HTTP 200
Mar 04 20:39:13.351554 dv-cinder-799871-17-smb devstack@c-api.service[112094]: [pid: 112094|app: 0|req: 215/435] 10.222.0.41 () {58 vars in 1324 bytes} [Fri Mar 4 20:39:13 2022] GET /volume/v3/eab27d51ee104b08a0e60a5d9290ba0c/volumes/b33826ac-3a95-47c8-a837-cd15664ca597 => generated 905 bytes in 38 msecs (HTTP/1.1 200) 7 headers in 285 bytes (2 switches on core 0)
Mar 04 20:39:13.388850 dv-cinder-799871-17-smb devstack@c-api.service[112094]: DEBUG cinder.api.middleware.request_id [None req-901203c9-4279-42e1-9053-3edfb48f5580 None None] RequestId filter calling following filter/app {{(pid=112094) _context_setter /opt/stack/cinder/cinder/api/middleware/request_id.py:62}}
Mar 04 20:39:13.528337 dv-cinder-799871-17-smb devstack@c-api.service[112093]: INFO cinder.api.openstack.wsgi [None req-1b7ebc64-014f-4f9c-8a94-df5c6bff4036 tempest-VolumeManageAdminTest-1618843850 tempest-VolumeManageAdminTest-1618843850-project-admin] GET http://10.222.0.41/volume/v3/6bdebff928bc438ab003580e092bda34/volumes/4542c459-39ed-4ef4-ab4d-9fb4049aa5b7
Mar 04 20:39:13.529544 dv-cinder-799871-17-smb devstack@c-api.service[112093]: DEBUG cinder.api.openstack.wsgi [None req-1b7ebc64-014f-4f9c-8a94-df5c6bff4036 tempest-VolumeManageAdminTest-1618843850 tempest-VolumeManageAdminTest-1618843850-project-admin] Empty body provided in request {{(pid=112093) get_body /opt/stack/cinder/cinder/api/openstack/wsgi.py:715}}
Mar 04 20:39:13.529544 dv-cinder-799871-17-smb devstack@c-api.service[112093]: DEBUG cinder.api.openstack.wsgi [None req-1b7ebc64-014f-4f9c-8a94-df5c6bff4036 tempest-VolumeManageAdminTest-1618843850 tempest-VolumeManageAdminTest-1618843850-project-admin] Calling method 'show' {{(pid=112093) _process_stack /opt/stack/cinder/cinder/api/openstack/wsgi.py:868}}
Mar 04 20:39:13.544504 dv-cinder-799871-17-smb devstack@c-api.service[112093]: /usr/local/lib/python3.8/dist-packages/oslo_context/context.py:100: DeprecationWarning: Policy enforcement is depending on the value of is_admin. This key is deprecated. Please update your policy file to use the standard policy values.
Mar 04 20:39:13.544504 dv-cinder-799871-17-smb devstack@c-api.service[112093]: warnings.warn('Policy enforcement is depending on the value of '
Mar 04 20:39:13.559881 dv-cinder-799871-17-smb devstack@c-api.service[112093]: INFO cinder.volume.api [None req-1b7ebc64-014f-4f9c-8a94-df5c6bff4036 tempest-VolumeManageAdminTest-1618843850 tempest-VolumeManageAdminTest-1618843850-project-admin] Volume info retrieved successfully.
Mar 04 20:39:13.568731 dv-cinder-799871-17-smb devstack@c-api.service[112093]: INFO cinder.api.openstack.wsgi [None req-1b7ebc64-014f-4f9c-8a94-df5c6bff4036 tempest-VolumeManageAdminTest-1618843850 tempest-VolumeManageAdminTest-1618843850-project-admin] http://10.222.0.41/volume/v3/6bdebff928bc438ab003580e092bda34/volumes/4542c459-39ed-4ef4-ab4d-9fb4049aa5b7 returned with HTTP 200
Mar 04 20:39:13.569682 dv-cinder-799871-17-smb devstack@c-api.service[112093]: [pid: 112093|app: 0|req: 221/436] 10.222.0.41 () {58 vars in 1324 bytes} [Fri Mar 4 20:39:13 2022] GET /volume/v3/6bdebff928bc438ab003580e092bda34/volumes/4542c459-39ed-4ef4-ab4d-9fb4049aa5b7 => generated 1080 bytes in 268 msecs (HTTP/1.1 200) 7 headers in 286 bytes (1 switches on core 0)
Mar 04 20:39:13.587571 dv-cinder-799871-17-smb devstack@c-api.service[112093]: DEBUG cinder.api.middleware.request_id [None req-c796f590-9db3-439c-9870-27a51fe71d5b None None] RequestId filter calling following filter/app {{(pid=112093) _context_setter /opt/stack/cinder/cinder/api/middleware/request_id.py:62}}
Mar 04 20:39:13.591889 dv-cinder-799871-17-smb devstack@c-api.service[112093]: INFO cinder.api.openstack.wsgi [None req-c796f590-9db3-439c-9870-27a51fe71d5b tempest-VolumeManageAdminTest-1618843850 tempest-VolumeManageAdminTest-1618843850-project-admin] POST http://10.222.0.41/volume/v3/6bdebff928bc438ab003580e092bda34/volumes/4542c459-39ed-4ef4-ab4d-9fb4049aa5b7/action
Mar 04 20:39:13.592659 dv-cinder-799871-17-smb devstack@c-api.service[112093]: DEBUG cinder.api.openstack.wsgi [None req-c796f590-9db3-439c-9870-27a51fe71d5b tempest-VolumeManageAdminTest-1618843850 tempest-VolumeManageAdminTest-1618843850-project-admin] Action body: b'{"os-unmanage": {}}' {{(pid=112093) get_method /opt/stack/cinder/cinder/api/openstack/wsgi.py:983}}
Mar 04 20:39:13.592993 dv-cinder-799871-17-smb devstack@c-api.service[112093]: DEBUG cinder.api.openstack.wsgi [None req-c796f590-9db3-439c-9870-27a51fe71d5b tempest-VolumeManageAdminTest-1618843850 tempest-VolumeManageAdminTest-1618843850-project-admin] Action: 'action', calling method: unmanage, body: {"os-unmanage": {}} {{(pid=112093) _process_stack /opt/stack/cinder/cinder/api/openstack/wsgi.py:866}}
Mar 04 20:39:13.593350 dv-cinder-799871-17-smb devstack@c-api.service[112093]: INFO cinder.api.contrib.volume_unmanage [None req-c796f590-9db3-439c-9870-27a51fe71d5b tempest-VolumeManageAdminTest-1618843850 tempest-VolumeManageAdminTest-1618843850-project-admin] Unmanage volume with id: 4542c459-39ed-4ef4-ab4d-9fb4049aa5b7
Mar 04 20:39:13.594858 dv-cinder-799871-17-smb devstack@c-api.service[112094]: INFO cinder.api.openstack.wsgi [None req-901203c9-4279-42e1-9053-3edfb48f5580 tempest-GroupTypeSpecsTest-1985770780 tempest-GroupTypeSpecsTest-1985770780-project-admin] POST http://10.222.0.41/volume/v3/a46b9d74990e42669a49702a0fb69402/group_types
Mar 04 20:39:13.595820 dv-cinder-799871-17-smb devstack@c-api.service[112094]: DEBUG cinder.api.openstack.wsgi [None req-901203c9-4279-42e1-9053-3edfb48f5580 tempest-GroupTypeSpecsTest-1985770780 tempest-GroupTypeSpecsTest-1985770780-project-admin] Action: 'create', calling method: version_select, body: {"group_type": {"name": "tempest-GroupTypeSpecsTest-group-type-115830203"}} {{(pid=112094) _process_stack /opt/stack/cinder/cinder/api/openstack/wsgi.py:866}}
Mar 04 20:39:13.609374 dv-cinder-799871-17-smb devstack@c-api.service[112093]: /usr/local/lib/python3.8/dist-packages/oslo_context/context.py:100: DeprecationWarning: Policy enforcement is depending on the value of is_admin. This key is deprecated. Please update your policy file to use the standard policy values.
Mar 04 20:39:13.609374 dv-cinder-799871-17-smb devstack@c-api.service[112093]: warnings.warn('Policy enforcement is depending on the value of '
Mar 04 20:39:13.610129 dv-cinder-799871-17-smb devstack@c-api.service[112093]: INFO cinder.volume.api [None req-c796f590-9db3-439c-9870-27a51fe71d5b tempest-VolumeManageAdminTest-1618843850 tempest-VolumeManageAdminTest-1618843850-project-admin] Volume info retrieved successfully.
Mar 04 20:39:13.704677 dv-cinder-799871-17-smb devstack@c-api.service[112094]: INFO cinder.api.openstack.wsgi [None req-901203c9-4279-42e1-9053-3edfb48f5580 tempest-GroupTypeSpecsTest-1985770780 tempest-GroupTypeSpecsTest-1985770780-project-admin] http://10.222.0.41/volume/v3/a46b9d74990e42669a49702a0fb69402/group_types returned with HTTP 202
Mar 04 20:39:13.705396 dv-cinder-799871-17-smb devstack@c-api.service[112094]: [pid: 112094|app: 0|req: 216/437] 10.222.0.41 () {62 vars in 1287 bytes} [Fri Mar 4 20:39:13 2022] POST /volume/v3/a46b9d74990e42669a49702a0fb69402/group_types => generated 180 bytes in 318 msecs (HTTP/1.1 202) 7 headers in 292 bytes (2 switches on core 0)
Mar 04 20:39:13.711683 dv-cinder-799871-17-smb devstack@c-api.service[112094]: DEBUG cinder.api.middleware.request_id [None req-cf672a93-5e4c-4e8e-8061-e5330a78135a None None] RequestId filter calling following filter/app {{(pid=112094) _context_setter /opt/stack/cinder/cinder/api/middleware/request_id.py:62}}
Mar 04 20:39:13.716241 dv-cinder-799871-17-smb devstack@c-api.service[112094]: INFO cinder.api.openstack.wsgi [None req-cf672a93-5e4c-4e8e-8061-e5330a78135a tempest-GroupTypeSpecsTest-1985770780 tempest-GroupTypeSpecsTest-1985770780-project-admin] POST http://10.222.0.41/volume/v3/a46b9d74990e42669a49702a0fb69402/group_types/8dfbe8cf-b2f6-4428-a4ca-1306aa07fef1/group_specs
Mar 04 20:39:13.717015 dv-cinder-799871-17-smb devstack@c-api.service[112094]: DEBUG cinder.api.openstack.wsgi [None req-cf672a93-5e4c-4e8e-8061-e5330a78135a tempest-GroupTypeSpecsTest-1985770780 tempest-GroupTypeSpecsTest-1985770780-project-admin] Action: 'create', calling method: version_select, body: {"group_specs": {"key1": "value1", "key2": "value2"}} {{(pid=112094) _process_stack /opt/stack/cinder/cinder/api/openstack/wsgi.py:866}}
Mar 04 20:39:13.736552 dv-cinder-799871-17-smb devstack@c-api.service[112093]: INFO cinder.volume.api [None req-c796f590-9db3-439c-9870-27a51fe71d5b tempest-VolumeManageAdminTest-1618843850 tempest-VolumeManageAdminTest-1618843850-project-admin] Delete volume request issued successfully.
Mar 04 20:39:13.737080 dv-cinder-799871-17-smb devstack@c-api.service[112093]: INFO cinder.api.openstack.wsgi [None req-c796f590-9db3-439c-9870-27a51fe71d5b tempest-VolumeManageAdminTest-1618843850 tempest-VolumeManageAdminTest-1618843850-project-admin] http://10.222.0.41/volume/v3/6bdebff928bc438ab003580e092bda34/volumes/4542c459-39ed-4ef4-ab4d-9fb4049aa5b7/action returned with HTTP 202
Mar 04 20:39:13.741116 dv-cinder-799871-17-smb devstack@c-api.service[112093]: [pid: 112093|app: 0|req: 222/438] 10.222.0.41 () {60 vars in 1366 bytes} [Fri Mar 4 20:39:13 2022] POST /volume/v3/6bdebff928bc438ab003580e092bda34/volumes/4542c459-39ed-4ef4-ab4d-9fb4049aa5b7/action => generated 0 bytes in 152 msecs (HTTP/1.1 202) 6 headers in 233 bytes (1 switches on core 0)
Mar 04 20:39:13.742648 dv-cinder-799871-17-smb devstack@c-api.service[112093]: DEBUG cinder.api.middleware.request_id [None req-c435f5bd-afc1-4d55-9c10-d2368fdd6bca None None] RequestId filter calling following filter/app {{(pid=112093) _context_setter /opt/stack/cinder/cinder/api/middleware/request_id.py:62}}
Mar 04 20:39:13.746428 dv-cinder-799871-17-smb devstack@c-api.service[112093]: INFO cinder.api.openstack.wsgi [None req-c435f5bd-afc1-4d55-9c10-d2368fdd6bca tempest-VolumeManageAdminTest-1618843850 tempest-VolumeManageAdminTest-1618843850-project-admin] GET http://10.222.0.41/volume/v3/6bdebff928bc438ab003580e092bda34/volumes/4542c459-39ed-4ef4-ab4d-9fb4049aa5b7
Mar 04 20:39:13.746857 dv-cinder-799871-17-smb devstack@c-api.service[112093]: DEBUG cinder.api.openstack.wsgi [None req-c435f5bd-afc1-4d55-9c10-d2368fdd6bca tempest-VolumeManageAdminTest-1618843850 tempest-VolumeManageAdminTest-1618843850-project-admin] Empty body provided in request {{(pid=112093) get_body /opt/stack/cinder/cinder/api/openstack/wsgi.py:715}}
Mar 04 20:39:13.747399 dv-cinder-799871-17-smb devstack@c-api.service[112093]: DEBUG cinder.api.openstack.wsgi [None req-c435f5bd-afc1-4d55-9c10-d2368fdd6bca tempest-VolumeManageAdminTest-1618843850 tempest-VolumeManageAdminTest-1618843850-project-admin] Calling method 'show' {{(pid=112093) _process_stack /opt/stack/cinder/cinder/api/openstack/wsgi.py:868}}
Mar 04 20:39:13.762995 dv-cinder-799871-17-smb devstack@c-api.service[112093]: /usr/local/lib/python3.8/dist-packages/oslo_context/context.py:100: DeprecationWarning: Policy enforcement is depending on the value of is_admin. This key is deprecated. Please update your policy file to use the standard policy values.
Mar 04 20:39:13.762995 dv-cinder-799871-17-smb devstack@c-api.service[112093]: warnings.warn('Policy enforcement is depending on the value of '
Mar 04 20:39:13.770189 dv-cinder-799871-17-smb devstack@c-api.service[112093]: INFO cinder.volume.api [None req-c435f5bd-afc1-4d55-9c10-d2368fdd6bca tempest-VolumeManageAdminTest-1618843850 tempest-VolumeManageAdminTest-1618843850-project-admin] Volume info retrieved successfully.
Mar 04 20:39:13.779075 dv-cinder-799871-17-smb devstack@c-api.service[112093]: INFO cinder.api.openstack.wsgi [None req-c435f5bd-afc1-4d55-9c10-d2368fdd6bca tempest-VolumeManageAdminTest-1618843850 tempest-VolumeManageAdminTest-1618843850-project-admin] http://10.222.0.41/volume/v3/6bdebff928bc438ab003580e092bda34/volumes/4542c459-39ed-4ef4-ab4d-9fb4049aa5b7 returned with HTTP 200
Mar 04 20:39:13.779708 dv-cinder-799871-17-smb devstack@c-api.service[112093]: [pid: 112093|app: 0|req: 223/439] 10.222.0.41 () {58 vars in 1324 bytes} [Fri Mar 4 20:39:13 2022] GET /volume/v3/6bdebff928bc438ab003580e092bda34/volumes/4542c459-39ed-4ef4-ab4d-9fb4049aa5b7 => generated 1081 bytes in 38 msecs (HTTP/1.1 200) 7 headers in 286 bytes (1 switches on core 0)
Mar 04 20:39:13.813275 dv-cinder-799871-17-smb devstack@c-api.service[112094]: INFO cinder.api.openstack.wsgi [None req-cf672a93-5e4c-4e8e-8061-e5330a78135a tempest-GroupTypeSpecsTest-1985770780 tempest-GroupTypeSpecsTest-1985770780-project-admin] http://10.222.0.41/volume/v3/a46b9d74990e42669a49702a0fb69402/group_types/8dfbe8cf-b2f6-4428-a4ca-1306aa07fef1/group_specs returned with HTTP 202
Mar 04 20:39:13.814105 dv-cinder-799871-17-smb devstack@c-api.service[112094]: [pid: 112094|app: 0|req: 217/440] 10.222.0.41 () {62 vars in 1434 bytes} [Fri Mar 4 20:39:13 2022] POST /volume/v3/a46b9d74990e42669a49702a0fb69402/group_types/8dfbe8cf-b2f6-4428-a4ca-1306aa07fef1/group_specs => generated 53 bytes in 103 msecs (HTTP/1.1 202) 7 headers in 291 bytes (2 switches on core 0)
Mar 04 20:39:13.822654 dv-cinder-799871-17-smb devstack@c-api.service[112093]: DEBUG cinder.api.middleware.request_id [None req-795868ee-5b57-4aed-9e9e-194a9e657486 None None] RequestId filter calling following filter/app {{(pid=112093) _context_setter /opt/stack/cinder/cinder/api/middleware/request_id.py:62}}
Mar 04 20:39:13.823403 dv-cinder-799871-17-smb devstack@c-api.service[112093]: INFO cinder.api.openstack.wsgi [None req-795868ee-5b57-4aed-9e9e-194a9e657486 tempest-GroupTypeSpecsTest-1985770780 tempest-GroupTypeSpecsTest-1985770780-project-admin] POST http://10.222.0.41/volume/v3/a46b9d74990e42669a49702a0fb69402/group_types/8dfbe8cf-b2f6-4428-a4ca-1306aa07fef1/group_specs
Mar 04 20:39:13.824862 dv-cinder-799871-17-smb devstack@c-api.service[112093]: DEBUG cinder.api.openstack.wsgi [None req-795868ee-5b57-4aed-9e9e-194a9e657486 tempest-GroupTypeSpecsTest-1985770780 tempest-GroupTypeSpecsTest-1985770780-project-admin] Action: 'create', calling method: version_select, body: {"group_specs": {"key2": "value2-updated", "key3": "value3"}} {{(pid=112093) _process_stack /opt/stack/cinder/cinder/api/openstack/wsgi.py:866}}
Mar 04 20:39:13.933192 dv-cinder-799871-17-smb devstack@c-api.service[112093]: INFO cinder.api.openstack.wsgi [None req-795868ee-5b57-4aed-9e9e-194a9e657486 tempest-GroupTypeSpecsTest-1985770780 tempest-GroupTypeSpecsTest-1985770780-project-admin] http://10.222.0.41/volume/v3/a46b9d74990e42669a49702a0fb69402/group_types/8dfbe8cf-b2f6-4428-a4ca-1306aa07fef1/group_specs returned with HTTP 202
Mar 04 20:39:13.934734 dv-cinder-799871-17-smb devstack@c-api.service[112093]: [pid: 112093|app: 0|req: 224/441] 10.222.0.41 () {62 vars in 1434 bytes} [Fri Mar 4 20:39:13 2022] POST /volume/v3/a46b9d74990e42669a49702a0fb69402/group_types/8dfbe8cf-b2f6-4428-a4ca-1306aa07fef1/group_specs => generated 61 bytes in 116 msecs (HTTP/1.1 202) 7 headers in 291 bytes (1 switches on core 0)
Mar 04 20:39:13.940051 dv-cinder-799871-17-smb devstack@c-api.service[112094]: DEBUG cinder.api.middleware.request_id [None req-5f9cd026-f58a-4616-873b-dacf578d5848 None None] RequestId filter calling following filter/app {{(pid=112094) _context_setter /opt/stack/cinder/cinder/api/middleware/request_id.py:62}}
Mar 04 20:39:13.946612 dv-cinder-799871-17-smb devstack@c-api.service[112094]: INFO cinder.api.openstack.wsgi [None req-5f9cd026-f58a-4616-873b-dacf578d5848 tempest-GroupTypeSpecsTest-1985770780 tempest-GroupTypeSpecsTest-1985770780-project-admin] GET http://10.222.0.41/volume/v3/a46b9d74990e42669a49702a0fb69402/group_types/8dfbe8cf-b2f6-4428-a4ca-1306aa07fef1/group_specs/key2
Mar 04 20:39:13.946612 dv-cinder-799871-17-smb devstack@c-api.service[112094]: DEBUG cinder.api.openstack.wsgi [None req-5f9cd026-f58a-4616-873b-dacf578d5848 tempest-GroupTypeSpecsTest-1985770780 tempest-GroupTypeSpecsTest-1985770780-project-admin] Empty body provided in request {{(pid=112094) get_body /opt/stack/cinder/cinder/api/openstack/wsgi.py:715}}
Mar 04 20:39:13.946612 dv-cinder-799871-17-smb devstack@c-api.service[112094]: DEBUG cinder.api.openstack.wsgi [None req-5f9cd026-f58a-4616-873b-dacf578d5848 tempest-GroupTypeSpecsTest-1985770780 tempest-GroupTypeSpecsTest-1985770780-project-admin] Calling method 'version_select' {{(pid=112094) _process_stack /opt/stack/cinder/cinder/api/openstack/wsgi.py:868}}
Mar 04 20:39:13.956053 dv-cinder-799871-17-smb devstack@c-api.service[112094]: INFO cinder.api.openstack.wsgi [None req-5f9cd026-f58a-4616-873b-dacf578d5848 tempest-GroupTypeSpecsTest-1985770780 tempest-GroupTypeSpecsTest-1985770780-project-admin] http://10.222.0.41/volume/v3/a46b9d74990e42669a49702a0fb69402/group_types/8dfbe8cf-b2f6-4428-a4ca-1306aa07fef1/group_specs/key2 returned with HTTP 200
Mar 04 20:39:13.956678 dv-cinder-799871-17-smb devstack@c-api.service[112094]: [pid: 112094|app: 0|req: 218/442] 10.222.0.41 () {60 vars in 1428 bytes} [Fri Mar 4 20:39:13 2022] GET /volume/v3/a46b9d74990e42669a49702a0fb69402/group_types/8dfbe8cf-b2f6-4428-a4ca-1306aa07fef1/group_specs/key2 => generated 26 bytes in 18 msecs (HTTP/1.1 200) 7 headers in 285 bytes (2 switches on core 0)
Mar 04 20:39:13.961581 dv-cinder-799871-17-smb devstack@c-api.service[112093]: DEBUG cinder.api.middleware.request_id [None req-b516088a-8f1c-4142-8120-3abee67b01e6 None None] RequestId filter calling following filter/app {{(pid=112093) _context_setter /opt/stack/cinder/cinder/api/middleware/request_id.py:62}}
Mar 04 20:39:13.966073 dv-cinder-799871-17-smb devstack@c-api.service[112093]: INFO cinder.api.openstack.wsgi [None req-b516088a-8f1c-4142-8120-3abee67b01e6 tempest-GroupTypeSpecsTest-1985770780 tempest-GroupTypeSpecsTest-1985770780-project-admin] GET http://10.222.0.41/volume/v3/a46b9d74990e42669a49702a0fb69402/group_types/8dfbe8cf-b2f6-4428-a4ca-1306aa07fef1/group_specs/key3
Mar 04 20:39:13.966679 dv-cinder-799871-17-smb devstack@c-api.service[112093]: DEBUG cinder.api.openstack.wsgi [None req-b516088a-8f1c-4142-8120-3abee67b01e6 tempest-GroupTypeSpecsTest-1985770780 tempest-GroupTypeSpecsTest-1985770780-project-admin] Empty body provided in request {{(pid=112093) get_body /opt/stack/cinder/cinder/api/openstack/wsgi.py:715}}
Mar 04 20:39:13.967031 dv-cinder-799871-17-smb devstack@c-api.service[112093]: DEBUG cinder.api.openstack.wsgi [None req-b516088a-8f1c-4142-8120-3abee67b01e6 tempest-GroupTypeSpecsTest-1985770780 tempest-GroupTypeSpecsTest-1985770780-project-admin] Calling method 'version_select' {{(pid=112093) _process_stack /opt/stack/cinder/cinder/api/openstack/wsgi.py:868}}
Mar 04 20:39:13.978084 dv-cinder-799871-17-smb devstack@c-api.service[112093]: INFO cinder.api.openstack.wsgi [None req-b516088a-8f1c-4142-8120-3abee67b01e6 tempest-GroupTypeSpecsTest-1985770780 tempest-GroupTypeSpecsTest-1985770780-project-admin] http://10.222.0.41/volume/v3/a46b9d74990e42669a49702a0fb69402/group_types/8dfbe8cf-b2f6-4428-a4ca-1306aa07fef1/group_specs/key3 returned with HTTP 200
Mar 04 20:39:13.978958 dv-cinder-799871-17-smb devstack@c-api.service[112093]: [pid: 112093|app: 0|req: 225/443] 10.222.0.41 () {60 vars in 1428 bytes} [Fri Mar 4 20:39:13 2022] GET /volume/v3/a46b9d74990e42669a49702a0fb69402/group_types/8dfbe8cf-b2f6-4428-a4ca-1306aa07fef1/group_specs/key3 => generated 18 bytes in 18 msecs (HTTP/1.1 200) 7 headers in 285 bytes (2 switches on core 0)
Mar 04 20:39:13.981815 dv-cinder-799871-17-smb devstack@c-api.service[112094]: DEBUG cinder.api.middleware.request_id [None req-32090f5a-e110-40b6-b34b-4431b32f82e1 None None] RequestId filter calling following filter/app {{(pid=112094) _context_setter /opt/stack/cinder/cinder/api/middleware/request_id.py:62}}
Mar 04 20:39:13.983999 dv-cinder-799871-17-smb devstack@c-api.service[112093]: DEBUG cinder.api.middleware.request_id [None req-5ae34583-f9ae-44c0-8475-2f065551c427 None None] RequestId filter calling following filter/app {{(pid=112093) _context_setter /opt/stack/cinder/cinder/api/middleware/request_id.py:62}}
Mar 04 20:39:13.985420 dv-cinder-799871-17-smb devstack@c-api.service[112094]: INFO cinder.api.openstack.wsgi [None req-32090f5a-e110-40b6-b34b-4431b32f82e1 tempest-DeleteServersTestJSON-21471802 tempest-DeleteServersTestJSON-21471802-project] GET http://10.222.0.41/volume/v3/a67ab4185d334595aee902670eae1187/volumes/3083d583-fd97-49a9-a9f2-f39b7c0196d3
Mar 04 20:39:13.986806 dv-cinder-799871-17-smb devstack@c-api.service[112094]: DEBUG cinder.api.openstack.wsgi [None req-32090f5a-e110-40b6-b34b-4431b32f82e1 tempest-DeleteServersTestJSON-21471802 tempest-DeleteServersTestJSON-21471802-project] Empty body provided in request {{(pid=112094) get_body /opt/stack/cinder/cinder/api/openstack/wsgi.py:715}}
Mar 04 20:39:13.986806 dv-cinder-799871-17-smb devstack@c-api.service[112094]: DEBUG cinder.api.openstack.wsgi [None req-32090f5a-e110-40b6-b34b-4431b32f82e1 tempest-DeleteServersTestJSON-21471802 tempest-DeleteServersTestJSON-21471802-project] Calling method 'show' {{(pid=112094) _process_stack /opt/stack/cinder/cinder/api/openstack/wsgi.py:868}}
Mar 04 20:39:13.997542 dv-cinder-799871-17-smb devstack@c-api.service[112094]: INFO cinder.api.openstack.wsgi [None req-32090f5a-e110-40b6-b34b-4431b32f82e1 tempest-DeleteServersTestJSON-21471802 tempest-DeleteServersTestJSON-21471802-project] http://10.222.0.41/volume/v3/a67ab4185d334595aee902670eae1187/volumes/3083d583-fd97-49a9-a9f2-f39b7c0196d3 returned with HTTP 404
Mar 04 20:39:13.998689 dv-cinder-799871-17-smb devstack@c-api.service[112094]: [pid: 112094|app: 0|req: 219/444] 10.222.0.41 () {58 vars in 1324 bytes} [Fri Mar 4 20:39:13 2022] GET /volume/v3/a67ab4185d334595aee902670eae1187/volumes/3083d583-fd97-49a9-a9f2-f39b7c0196d3 => generated 109 bytes in 18 msecs (HTTP/1.1 404) 7 headers in 292 bytes (1 switches on core 0)
Mar 04 20:39:14.013396 dv-cinder-799871-17-smb devstack@c-api.service[112093]: INFO cinder.api.openstack.wsgi [None req-5ae34583-f9ae-44c0-8475-2f065551c427 tempest-GroupTypeSpecsTest-1985770780 tempest-GroupTypeSpecsTest-1985770780-project-admin] PUT http://10.222.0.41/volume/v3/a46b9d74990e42669a49702a0fb69402/group_types/8dfbe8cf-b2f6-4428-a4ca-1306aa07fef1/group_specs/key3
Mar 04 20:39:14.014157 dv-cinder-799871-17-smb devstack@c-api.service[112093]: DEBUG cinder.api.openstack.wsgi [None req-5ae34583-f9ae-44c0-8475-2f065551c427 tempest-GroupTypeSpecsTest-1985770780 tempest-GroupTypeSpecsTest-1985770780-project-admin] Action: 'update', calling method: version_select, body: {"key3": "value3-updated"} {{(pid=112093) _process_stack /opt/stack/cinder/cinder/api/openstack/wsgi.py:866}}
Mar 04 20:39:14.111639 dv-cinder-799871-17-smb devstack@c-api.service[112093]: INFO cinder.api.openstack.wsgi [None req-5ae34583-f9ae-44c0-8475-2f065551c427 tempest-GroupTypeSpecsTest-1985770780 tempest-GroupTypeSpecsTest-1985770780-project-admin] http://10.222.0.41/volume/v3/a46b9d74990e42669a49702a0fb69402/group_types/8dfbe8cf-b2f6-4428-a4ca-1306aa07fef1/group_specs/key3 returned with HTTP 200
Mar 04 20:39:14.112431 dv-cinder-799871-17-smb devstack@c-api.service[112093]: [pid: 112093|app: 0|req: 226/445] 10.222.0.41 () {62 vars in 1448 bytes} [Fri Mar 4 20:39:13 2022] PUT /volume/v3/a46b9d74990e42669a49702a0fb69402/group_types/8dfbe8cf-b2f6-4428-a4ca-1306aa07fef1/group_specs/key3 => generated 26 bytes in 129 msecs (HTTP/1.1 200) 7 headers in 285 bytes (1 switches on core 0)
Mar 04 20:39:14.117999 dv-cinder-799871-17-smb devstack@c-api.service[112094]: DEBUG cinder.api.middleware.request_id [None req-409ac32a-42bb-4863-ac75-e998b8d4a883 None None] RequestId filter calling following filter/app {{(pid=112094) _context_setter /opt/stack/cinder/cinder/api/middleware/request_id.py:62}}
Mar 04 20:39:14.122917 dv-cinder-799871-17-smb devstack@c-api.service[112094]: INFO cinder.api.openstack.wsgi [None req-409ac32a-42bb-4863-ac75-e998b8d4a883 tempest-GroupTypeSpecsTest-1985770780 tempest-GroupTypeSpecsTest-1985770780-project-admin] GET http://10.222.0.41/volume/v3/a46b9d74990e42669a49702a0fb69402/group_types/8dfbe8cf-b2f6-4428-a4ca-1306aa07fef1/group_specs
Mar 04 20:39:14.123411 dv-cinder-799871-17-smb devstack@c-api.service[112094]: DEBUG cinder.api.openstack.wsgi [None req-409ac32a-42bb-4863-ac75-e998b8d4a883 tempest-GroupTypeSpecsTest-1985770780 tempest-GroupTypeSpecsTest-1985770780-project-admin] Empty body provided in request {{(pid=112094) get_body /opt/stack/cinder/cinder/api/openstack/wsgi.py:715}}
Mar 04 20:39:14.123862 dv-cinder-799871-17-smb devstack@c-api.service[112094]: DEBUG cinder.api.openstack.wsgi [None req-409ac32a-42bb-4863-ac75-e998b8d4a883 tempest-GroupTypeSpecsTest-1985770780 tempest-GroupTypeSpecsTest-1985770780-project-admin] Calling method 'version_select' {{(pid=112094) _process_stack /opt/stack/cinder/cinder/api/openstack/wsgi.py:868}}
Mar 04 20:39:14.134825 dv-cinder-799871-17-smb devstack@c-api.service[112094]: INFO cinder.api.openstack.wsgi [None req-409ac32a-42bb-4863-ac75-e998b8d4a883 tempest-GroupTypeSpecsTest-1985770780 tempest-GroupTypeSpecsTest-1985770780-project-admin] http://10.222.0.41/volume/v3/a46b9d74990e42669a49702a0fb69402/group_types/8dfbe8cf-b2f6-4428-a4ca-1306aa07fef1/group_specs returned with HTTP 200
Mar 04 20:39:14.135875 dv-cinder-799871-17-smb devstack@c-api.service[112094]: [pid: 112094|app: 0|req: 220/446] 10.222.0.41 () {60 vars in 1413 bytes} [Fri Mar 4 20:39:14 2022] GET /volume/v3/a46b9d74990e42669a49702a0fb69402/group_types/8dfbe8cf-b2f6-4428-a4ca-1306aa07fef1/group_specs => generated 87 bytes in 19 msecs (HTTP/1.1 200) 7 headers in 285 bytes (1 switches on core 0)
Mar 04 20:39:14.141801 dv-cinder-799871-17-smb devstack@c-api.service[112093]: DEBUG cinder.api.middleware.request_id [None req-87c9541b-8e91-4204-8eb4-563fc2d1aa03 None None] RequestId filter calling following filter/app {{(pid=112093) _context_setter /opt/stack/cinder/cinder/api/middleware/request_id.py:62}}
Mar 04 20:39:14.153443 dv-cinder-799871-17-smb devstack@c-api.service[112093]: INFO cinder.api.openstack.wsgi [None req-87c9541b-8e91-4204-8eb4-563fc2d1aa03 tempest-GroupTypeSpecsTest-1985770780 tempest-GroupTypeSpecsTest-1985770780-project-admin] DELETE http://10.222.0.41/volume/v3/a46b9d74990e42669a49702a0fb69402/group_types/8dfbe8cf-b2f6-4428-a4ca-1306aa07fef1/group_specs/key1
Mar 04 20:39:14.153443 dv-cinder-799871-17-smb devstack@c-api.service[112093]: DEBUG cinder.api.openstack.wsgi [None req-87c9541b-8e91-4204-8eb4-563fc2d1aa03 tempest-GroupTypeSpecsTest-1985770780 tempest-GroupTypeSpecsTest-1985770780-project-admin] Empty body provided in request {{(pid=112093) get_body /opt/stack/cinder/cinder/api/openstack/wsgi.py:715}}
Mar 04 20:39:14.153443 dv-cinder-799871-17-smb devstack@c-api.service[112093]: DEBUG cinder.api.openstack.wsgi [None req-87c9541b-8e91-4204-8eb4-563fc2d1aa03 tempest-GroupTypeSpecsTest-1985770780 tempest-GroupTypeSpecsTest-1985770780-project-admin] Calling method 'version_select' {{(pid=112093) _process_stack /opt/stack/cinder/cinder/api/openstack/wsgi.py:868}}
Mar 04 20:39:14.231748 dv-cinder-799871-17-smb devstack@c-api.service[112093]: INFO cinder.api.openstack.wsgi [None req-87c9541b-8e91-4204-8eb4-563fc2d1aa03 tempest-GroupTypeSpecsTest-1985770780 tempest-GroupTypeSpecsTest-1985770780-project-admin] http://10.222.0.41/volume/v3/a46b9d74990e42669a49702a0fb69402/group_types/8dfbe8cf-b2f6-4428-a4ca-1306aa07fef1/group_specs/key1 returned with HTTP 202
Mar 04 20:39:14.232937 dv-cinder-799871-17-smb devstack@c-api.service[112093]: [pid: 112093|app: 0|req: 227/447] 10.222.0.41 () {60 vars in 1431 bytes} [Fri Mar 4 20:39:14 2022] DELETE /volume/v3/a46b9d74990e42669a49702a0fb69402/group_types/8dfbe8cf-b2f6-4428-a4ca-1306aa07fef1/group_specs/key1 => generated 0 bytes in 92 msecs (HTTP/1.1 202) 6 headers in 234 bytes (1 switches on core 0)
Mar 04 20:39:14.239119 dv-cinder-799871-17-smb devstack@c-api.service[112094]: DEBUG cinder.api.middleware.request_id [None req-1c1214a8-082f-4c51-91fc-e381576549da None None] RequestId filter calling following filter/app {{(pid=112094) _context_setter /opt/stack/cinder/cinder/api/middleware/request_id.py:62}}
Mar 04 20:39:14.244478 dv-cinder-799871-17-smb devstack@c-api.service[112094]: INFO cinder.api.openstack.wsgi [None req-1c1214a8-082f-4c51-91fc-e381576549da tempest-GroupTypeSpecsTest-1985770780 tempest-GroupTypeSpecsTest-1985770780-project-admin] GET http://10.222.0.41/volume/v3/a46b9d74990e42669a49702a0fb69402/group_types/8dfbe8cf-b2f6-4428-a4ca-1306aa07fef1/group_specs/key1
Mar 04 20:39:14.244997 dv-cinder-799871-17-smb devstack@c-api.service[112094]: DEBUG cinder.api.openstack.wsgi [None req-1c1214a8-082f-4c51-91fc-e381576549da tempest-GroupTypeSpecsTest-1985770780 tempest-GroupTypeSpecsTest-1985770780-project-admin] Empty body provided in request {{(pid=112094) get_body /opt/stack/cinder/cinder/api/openstack/wsgi.py:715}}
