Jan 17 14:58:16.643349 dv-cinder-799871-12-iscsi devstack@n-api.service[101885]: DEBUG oslo_concurrency.lockutils [None req-de4efb51-9f68-4d4d-9572-a130a1b7db84 None None] Lock "b785b401-437b-4c73-84f3-d39ea2a3e95b" acquired by "nova.context.set_target_cell..get_or_set_cached_cell_and_set_connections" :: waited 0.000s {{(pid=101885) inner /usr/local/lib/python3.8/dist-packages/oslo_concurrency/lockutils.py:386}}
Jan 17 14:58:16.643745 dv-cinder-799871-12-iscsi devstack@n-api.service[101884]: DEBUG oslo_concurrency.lockutils [None req-69d511c7-6160-4ace-bab0-5567548e0aa9 None None] Lock "00000000-0000-0000-0000-000000000000" acquired by "nova.context.set_target_cell..get_or_set_cached_cell_and_set_connections" :: waited 0.000s {{(pid=101884) inner /usr/local/lib/python3.8/dist-packages/oslo_concurrency/lockutils.py:386}}
Jan 17 14:58:16.645292 dv-cinder-799871-12-iscsi devstack@n-api.service[101885]: DEBUG oslo_concurrency.lockutils [None req-de4efb51-9f68-4d4d-9572-a130a1b7db84 None None] Lock "b785b401-437b-4c73-84f3-d39ea2a3e95b" "released" by "nova.context.set_target_cell..get_or_set_cached_cell_and_set_connections" :: held 0.002s {{(pid=101885) inner /usr/local/lib/python3.8/dist-packages/oslo_concurrency/lockutils.py:400}}
Jan 17 14:58:16.645500 dv-cinder-799871-12-iscsi devstack@n-api.service[101884]: DEBUG oslo_concurrency.lockutils [None req-69d511c7-6160-4ace-bab0-5567548e0aa9 None None] Lock "00000000-0000-0000-0000-000000000000" "released" by "nova.context.set_target_cell..get_or_set_cached_cell_and_set_connections" :: held 0.002s {{(pid=101884) inner /usr/local/lib/python3.8/dist-packages/oslo_concurrency/lockutils.py:400}}
Jan 17 14:58:16.646331 dv-cinder-799871-12-iscsi devstack@n-api.service[101884]: DEBUG oslo_concurrency.lockutils [None req-69d511c7-6160-4ace-bab0-5567548e0aa9 None None] Lock "b785b401-437b-4c73-84f3-d39ea2a3e95b" acquired by "nova.context.set_target_cell..get_or_set_cached_cell_and_set_connections" :: waited 0.000s {{(pid=101884) inner /usr/local/lib/python3.8/dist-packages/oslo_concurrency/lockutils.py:386}}
Jan 17 14:58:16.648310 dv-cinder-799871-12-iscsi devstack@n-api.service[101884]: DEBUG oslo_concurrency.lockutils [None req-69d511c7-6160-4ace-bab0-5567548e0aa9 None None] Lock "b785b401-437b-4c73-84f3-d39ea2a3e95b" "released" by "nova.context.set_target_cell..get_or_set_cached_cell_and_set_connections" :: held 0.002s {{(pid=101884) inner /usr/local/lib/python3.8/dist-packages/oslo_concurrency/lockutils.py:400}}
Jan 17 14:58:16.655946 dv-cinder-799871-12-iscsi devstack@n-api.service[101885]: DEBUG oslo_db.sqlalchemy.engines [None req-de4efb51-9f68-4d4d-9572-a130a1b7db84 None None] MySQL server mode set to STRICT_TRANS_TABLES,STRICT_ALL_TABLES,NO_ZERO_IN_DATE,NO_ZERO_DATE,ERROR_FOR_DIVISION_BY_ZERO,TRADITIONAL,NO_ENGINE_SUBSTITUTION {{(pid=101885) _check_effective_sql_mode /usr/local/lib/python3.8/dist-packages/oslo_db/sqlalchemy/engines.py:314}}
Jan 17 14:58:16.658319 dv-cinder-799871-12-iscsi devstack@n-api.service[101885]: DEBUG oslo_db.sqlalchemy.engines [None req-de4efb51-9f68-4d4d-9572-a130a1b7db84 None None] MySQL server mode set to STRICT_TRANS_TABLES,STRICT_ALL_TABLES,NO_ZERO_IN_DATE,NO_ZERO_DATE,ERROR_FOR_DIVISION_BY_ZERO,TRADITIONAL,NO_ENGINE_SUBSTITUTION {{(pid=101885) _check_effective_sql_mode /usr/local/lib/python3.8/dist-packages/oslo_db/sqlalchemy/engines.py:314}}
Jan 17 14:58:16.662525 dv-cinder-799871-12-iscsi devstack@n-api.service[101884]: DEBUG oslo_db.sqlalchemy.engines [None req-69d511c7-6160-4ace-bab0-5567548e0aa9 None None] MySQL server mode set to STRICT_TRANS_TABLES,STRICT_ALL_TABLES,NO_ZERO_IN_DATE,NO_ZERO_DATE,ERROR_FOR_DIVISION_BY_ZERO,TRADITIONAL,NO_ENGINE_SUBSTITUTION {{(pid=101884) _check_effective_sql_mode /usr/local/lib/python3.8/dist-packages/oslo_db/sqlalchemy/engines.py:314}}
Jan 17 14:58:16.666927 dv-cinder-799871-12-iscsi devstack@n-api.service[101884]: DEBUG oslo_db.sqlalchemy.engines [None req-69d511c7-6160-4ace-bab0-5567548e0aa9 None None] MySQL server mode set to STRICT_TRANS_TABLES,STRICT_ALL_TABLES,NO_ZERO_IN_DATE,NO_ZERO_DATE,ERROR_FOR_DIVISION_BY_ZERO,TRADITIONAL,NO_ENGINE_SUBSTITUTION {{(pid=101884) _check_effective_sql_mode /usr/local/lib/python3.8/dist-packages/oslo_db/sqlalchemy/engines.py:314}}
Jan 17 14:58:16.826663 dv-cinder-799871-12-iscsi devstack@n-api.service[101885]: DEBUG oslo_db.sqlalchemy.engines [None req-de4efb51-9f68-4d4d-9572-a130a1b7db84 None None] MySQL server mode set to STRICT_TRANS_TABLES,STRICT_ALL_TABLES,NO_ZERO_IN_DATE,NO_ZERO_DATE,ERROR_FOR_DIVISION_BY_ZERO,TRADITIONAL,NO_ENGINE_SUBSTITUTION {{(pid=101885) _check_effective_sql_mode /usr/local/lib/python3.8/dist-packages/oslo_db/sqlalchemy/engines.py:314}}
Jan 17 14:58:16.836063 dv-cinder-799871-12-iscsi devstack@n-api.service[101884]: DEBUG oslo_db.sqlalchemy.engines [None req-69d511c7-6160-4ace-bab0-5567548e0aa9 None None] MySQL server mode set to STRICT_TRANS_TABLES,STRICT_ALL_TABLES,NO_ZERO_IN_DATE,NO_ZERO_DATE,ERROR_FOR_DIVISION_BY_ZERO,TRADITIONAL,NO_ENGINE_SUBSTITUTION {{(pid=101884) _check_effective_sql_mode /usr/local/lib/python3.8/dist-packages/oslo_db/sqlalchemy/engines.py:314}}
Jan 17 14:58:17.172631 dv-cinder-799871-12-iscsi devstack@n-api.service[101884]: WARNING keystonemiddleware.auth_token [None req-69d511c7-6160-4ace-bab0-5567548e0aa9 None None] AuthToken middleware is set with keystone_authtoken.service_token_roles_required set to False. This is backwards compatible but deprecated behaviour. Please set this to True.
Jan 17 14:58:17.174619 dv-cinder-799871-12-iscsi devstack@n-api.service[101885]: WARNING keystonemiddleware.auth_token [None req-de4efb51-9f68-4d4d-9572-a130a1b7db84 None None] AuthToken middleware is set with keystone_authtoken.service_token_roles_required set to False. This is backwards compatible but deprecated behaviour. Please set this to True.
Jan 17 14:58:17.179216 dv-cinder-799871-12-iscsi devstack@n-api.service[101884]: WARNING keystonemiddleware.auth_token [None req-69d511c7-6160-4ace-bab0-5567548e0aa9 None None] Configuring www_authenticate_uri to point to the public identity endpoint is required; clients may not be able to authenticate against an admin endpoint
Jan 17 14:58:17.181366 dv-cinder-799871-12-iscsi devstack@n-api.service[101885]: WARNING keystonemiddleware.auth_token [None req-de4efb51-9f68-4d4d-9572-a130a1b7db84 None None] Configuring www_authenticate_uri to point to the public identity endpoint is required; clients may not be able to authenticate against an admin endpoint
Jan 17 14:58:17.524069 dv-cinder-799871-12-iscsi devstack@n-api.service[101884]: WARNING keystonemiddleware.auth_token [None req-69d511c7-6160-4ace-bab0-5567548e0aa9 None None] AuthToken middleware is set with keystone_authtoken.service_token_roles_required set to False. This is backwards compatible but deprecated behaviour. Please set this to True.
Jan 17 14:58:17.525350 dv-cinder-799871-12-iscsi devstack@n-api.service[101885]: WARNING keystonemiddleware.auth_token [None req-de4efb51-9f68-4d4d-9572-a130a1b7db84 None None] AuthToken middleware is set with keystone_authtoken.service_token_roles_required set to False. This is backwards compatible but deprecated behaviour. Please set this to True.
Jan 17 14:58:17.529746 dv-cinder-799871-12-iscsi devstack@n-api.service[101884]: WARNING keystonemiddleware.auth_token [None req-69d511c7-6160-4ace-bab0-5567548e0aa9 None None] Configuring www_authenticate_uri to point to the public identity endpoint is required; clients may not be able to authenticate against an admin endpoint
Jan 17 14:58:17.531437 dv-cinder-799871-12-iscsi devstack@n-api.service[101885]: WARNING keystonemiddleware.auth_token [None req-de4efb51-9f68-4d4d-9572-a130a1b7db84 None None] Configuring www_authenticate_uri to point to the public identity endpoint is required; clients may not be able to authenticate against an admin endpoint
Jan 17 14:58:17.535018 dv-cinder-799871-12-iscsi devstack@n-api.service[101884]: WSGI app 0 (mountpoint='') ready in 6 seconds on interpreter 0x5649c89779c0 pid: 101884 (default app)
Jan 17 14:58:17.536535 dv-cinder-799871-12-iscsi devstack@n-api.service[101885]: WSGI app 0 (mountpoint='') ready in 6 seconds on interpreter 0x5649c89779c0 pid: 101885 (default app)
Jan 17 14:58:17.537080 dv-cinder-799871-12-iscsi devstack@n-api.service[101884]: DEBUG nova.api.openstack.wsgi [None req-69d511c7-6160-4ace-bab0-5567548e0aa9 None None] Calling method '>' {{(pid=101884) _process_stack /opt/stack/nova/nova/api/openstack/wsgi.py:513}}
Jan 17 14:58:17.538236 dv-cinder-799871-12-iscsi devstack@n-api.service[101884]: INFO nova.api.openstack.requestlog [None req-69d511c7-6160-4ace-bab0-5567548e0aa9 None None] 10.222.0.84 "GET /compute/v2.1/" status: 200 len: 388 microversion: 2.1 time: 0.001696
Jan 17 14:58:17.538654 dv-cinder-799871-12-iscsi devstack@n-api.service[101884]: [pid: 101884|app: 0|req: 1/1] 10.222.0.84 () {50 vars in 788 bytes} [Mon Jan 17 14:58:17 2022] GET /compute/v2.1/ => generated 388 bytes in 3 msecs (HTTP/1.1 200) 9 headers in 357 bytes (1 switches on core 0)
Jan 17 14:59:43.445127 dv-cinder-799871-12-iscsi devstack@n-api.service[101885]: DEBUG nova.api.openstack.wsgi [None req-de4efb51-9f68-4d4d-9572-a130a1b7db84 None None] Calling method '>' {{(pid=101885) _process_stack /opt/stack/nova/nova/api/openstack/wsgi.py:513}}
Jan 17 14:59:43.446330 dv-cinder-799871-12-iscsi devstack@n-api.service[101885]: INFO nova.api.openstack.requestlog [None req-de4efb51-9f68-4d4d-9572-a130a1b7db84 None None] 10.222.0.84 "GET /compute/v2.1" status: 200 len: 388 microversion: 2.1 time: 0.001952
Jan 17 14:59:43.446749 dv-cinder-799871-12-iscsi devstack@n-api.service[101885]: [pid: 101885|app: 0|req: 1/2] 10.222.0.84 () {54 vars in 930 bytes} [Mon Jan 17 14:59:43 2022] GET /compute/v2.1 => generated 388 bytes in 3 msecs (HTTP/1.1 200) 9 headers in 357 bytes (1 switches on core 0)
Jan 17 14:59:43.879629 dv-cinder-799871-12-iscsi devstack@n-api.service[101884]: DEBUG nova.api.openstack.wsgi [None req-31973a0f-9e92-49e4-9380-33451d4dac98 admin admin] Calling method '>' {{(pid=101884) _process_stack /opt/stack/nova/nova/api/openstack/wsgi.py:513}}
Jan 17 14:59:43.910039 dv-cinder-799871-12-iscsi devstack@n-api.service[101884]: INFO nova.api.openstack.requestlog [None req-31973a0f-9e92-49e4-9380-33451d4dac98 admin admin] 10.222.0.84 "GET /compute/v2.1/flavors/detail?is_public=True" status: 200 len: 15 microversion: 2.61 time: 0.456507
Jan 17 14:59:43.917047 dv-cinder-799871-12-iscsi devstack@n-api.service[101884]: [pid: 101884|app: 0|req: 2/3] 10.222.0.84 () {60 vars in 1291 bytes} [Mon Jan 17 14:59:43 2022] GET /compute/v2.1/flavors/detail?is_public=True => generated 15 bytes in 458 msecs (HTTP/1.1 200) 9 headers in 358 bytes (1 switches on core 0)
Jan 17 14:59:46.225881 dv-cinder-799871-12-iscsi devstack@n-api.service[101885]: DEBUG nova.api.openstack.wsgi [None req-de4efb51-9f68-4d4d-9572-a130a1b7db84 None None] Calling method '>' {{(pid=101885) _process_stack /opt/stack/nova/nova/api/openstack/wsgi.py:513}}
Jan 17 14:59:46.226927 dv-cinder-799871-12-iscsi devstack@n-api.service[101885]: INFO nova.api.openstack.requestlog [None req-de4efb51-9f68-4d4d-9572-a130a1b7db84 None None] 10.222.0.84 "GET /compute/v2.1" status: 200 len: 388 microversion: 2.1 time: 0.001857
Jan 17 14:59:46.228178 dv-cinder-799871-12-iscsi devstack@n-api.service[101885]: [pid: 101885|app: 0|req: 2/4] 10.222.0.84 () {54 vars in 930 bytes} [Mon Jan 17 14:59:46 2022] GET /compute/v2.1 => generated 388 bytes in 3 msecs (HTTP/1.1 200) 9 headers in 357 bytes (1 switches on core 0)
Jan 17 14:59:46.289545 dv-cinder-799871-12-iscsi devstack@n-api.service[101884]: DEBUG nova.api.openstack.wsgi [None req-413b05b0-230f-4bf4-949c-82cf8d12fd6f admin admin] Action: 'create', calling method: >, body: {"flavor": {"name": "cirros256", "OS-FLV-EXT-DATA:ephemeral": 0, "disk": 1, "vcpus": 1, "os-flavor-access:is_public": true, "ram": 256, "swap": 0, "rxtx_factor": 1.0, "id": "c1"}} {{(pid=101884) _process_stack /opt/stack/nova/nova/api/openstack/wsgi.py:511}}
Jan 17 14:59:46.307974 dv-cinder-799871-12-iscsi devstack@n-api.service[101884]: /usr/local/lib/python3.8/dist-packages/oslo_policy/policy.py:1119: UserWarning: Policy "os_compute_api:os-flavor-manage:create": "rule:system_admin_api" failed scope check. The token used to make the request was project scoped but the policy requires ['system'] scope. This behavior may change in the future where using the intended scope is required
Jan 17 14:59:46.307974 dv-cinder-799871-12-iscsi devstack@n-api.service[101884]: warnings.warn(msg)
Jan 17 14:59:46.338076 dv-cinder-799871-12-iscsi devstack@n-api.service[101884]: INFO nova.api.openstack.requestlog [None req-413b05b0-230f-4bf4-949c-82cf8d12fd6f admin admin] 10.222.0.84 "POST /compute/v2.1/flavors" status: 200 len: 407 microversion: 2.61 time: 0.103673
Jan 17 14:59:46.339098 dv-cinder-799871-12-iscsi devstack@n-api.service[101884]: [pid: 101884|app: 0|req: 3/5] 10.222.0.84 () {64 vars in 1282 bytes} [Mon Jan 17 14:59:46 2022] POST /compute/v2.1/flavors => generated 407 bytes in 106 msecs (HTTP/1.1 200) 9 headers in 359 bytes (1 switches on core 0)
Jan 17 14:59:46.561180 dv-cinder-799871-12-iscsi devstack@n-api.service[101885]: DEBUG nova.api.openstack.wsgi [None req-bda83d8a-ec02-4344-b5e0-ebecdb43c1d0 admin admin] Action: 'create', calling method: >, body: {"extra_specs": {"hw_rng:allowed": "True"}} {{(pid=101885) _process_stack /opt/stack/nova/nova/api/openstack/wsgi.py:511}}
Jan 17 14:59:46.563674 dv-cinder-799871-12-iscsi devstack@n-api.service[101885]: /usr/local/lib/python3.8/dist-packages/oslo_policy/policy.py:1119: UserWarning: Policy "os_compute_api:os-flavor-extra-specs:create": "rule:system_admin_api" failed scope check. The token used to make the request was project scoped but the policy requires ['system'] scope. This behavior may change in the future where using the intended scope is required
Jan 17 14:59:46.563674 dv-cinder-799871-12-iscsi devstack@n-api.service[101885]: warnings.warn(msg)
Jan 17 14:59:46.612702 dv-cinder-799871-12-iscsi devstack@n-api.service[101885]: INFO nova.api.openstack.requestlog [None req-bda83d8a-ec02-4344-b5e0-ebecdb43c1d0 admin admin] 10.222.0.84 "POST /compute/v2.1/flavors/c1/os-extra_specs" status: 200 len: 43 microversion: 2.61 time: 0.265181
Jan 17 14:59:46.622997 dv-cinder-799871-12-iscsi devstack@n-api.service[101885]: [pid: 101885|app: 0|req: 3/6] 10.222.0.84 () {64 vars in 1335 bytes} [Mon Jan 17 14:59:46 2022] POST /compute/v2.1/flavors/c1/os-extra_specs => generated 43 bytes in 267 msecs (HTTP/1.1 200) 9 headers in 358 bytes (1 switches on core 0)
Jan 17 14:59:48.894436 dv-cinder-799871-12-iscsi devstack@n-api.service[101884]: DEBUG nova.api.openstack.wsgi [None req-413b05b0-230f-4bf4-949c-82cf8d12fd6f admin admin] Calling method '>' {{(pid=101884) _process_stack /opt/stack/nova/nova/api/openstack/wsgi.py:513}}
Jan 17 14:59:48.895492 dv-cinder-799871-12-iscsi devstack@n-api.service[101884]: INFO nova.api.openstack.requestlog [None req-413b05b0-230f-4bf4-949c-82cf8d12fd6f admin admin] 10.222.0.84 "GET /compute/v2.1" status: 200 len: 388 microversion: 2.1 time: 0.001466
Jan 17 14:59:48.895911 dv-cinder-799871-12-iscsi devstack@n-api.service[101884]: [pid: 101884|app: 0|req: 4/7] 10.222.0.84 () {54 vars in 930 bytes} [Mon Jan 17 14:59:48 2022] GET /compute/v2.1 => generated 388 bytes in 2 msecs (HTTP/1.1 200) 9 headers in 357 bytes (1 switches on core 0)
Jan 17 14:59:48.999699 dv-cinder-799871-12-iscsi devstack@n-api.service[101885]: DEBUG nova.api.openstack.wsgi [None req-95596c28-a257-4216-be60-e99759322d83 admin admin] Action: 'create', calling method: >, body: {"flavor": {"rxtx_factor": 1.0, "id": "d1", "vcpus": 1, "swap": 0, "disk": 5, "ram": 512, "name": "ds512M", "os-flavor-access:is_public": true, "OS-FLV-EXT-DATA:ephemeral": 0}} {{(pid=101885) _process_stack /opt/stack/nova/nova/api/openstack/wsgi.py:511}}
Jan 17 14:59:49.017520 dv-cinder-799871-12-iscsi devstack@n-api.service[101885]: /usr/local/lib/python3.8/dist-packages/oslo_policy/policy.py:1119: UserWarning: Policy "os_compute_api:os-flavor-manage:create": "rule:system_admin_api" failed scope check. The token used to make the request was project scoped but the policy requires ['system'] scope. This behavior may change in the future where using the intended scope is required
Jan 17 14:59:49.017520 dv-cinder-799871-12-iscsi devstack@n-api.service[101885]: warnings.warn(msg)
Jan 17 14:59:49.037085 dv-cinder-799871-12-iscsi devstack@n-api.service[101885]: INFO nova.api.openstack.requestlog [None req-95596c28-a257-4216-be60-e99759322d83 admin admin] 10.222.0.84 "POST /compute/v2.1/flavors" status: 200 len: 404 microversion: 2.61 time: 0.134232
Jan 17 14:59:49.037639 dv-cinder-799871-12-iscsi devstack@n-api.service[101885]: [pid: 101885|app: 0|req: 4/8] 10.222.0.84 () {64 vars in 1282 bytes} [Mon Jan 17 14:59:48 2022] POST /compute/v2.1/flavors => generated 404 bytes in 136 msecs (HTTP/1.1 200) 9 headers in 359 bytes (1 switches on core 0)
Jan 17 14:59:49.049824 dv-cinder-799871-12-iscsi devstack@n-api.service[101884]: DEBUG nova.api.openstack.wsgi [None req-5e9d51cd-58d5-485e-8b85-b07ac5ab7f53 admin admin] Action: 'create', calling method: >, body: {"extra_specs": {"hw_rng:allowed": "True"}} {{(pid=101884) _process_stack /opt/stack/nova/nova/api/openstack/wsgi.py:511}}
Jan 17 14:59:49.051294 dv-cinder-799871-12-iscsi devstack@n-api.service[101884]: /usr/local/lib/python3.8/dist-packages/oslo_policy/policy.py:1119: UserWarning: Policy "os_compute_api:os-flavor-extra-specs:create": "rule:system_admin_api" failed scope check. The token used to make the request was project scoped but the policy requires ['system'] scope. This behavior may change in the future where using the intended scope is required
Jan 17 14:59:49.051294 dv-cinder-799871-12-iscsi devstack@n-api.service[101884]: warnings.warn(msg)
Jan 17 14:59:49.086388 dv-cinder-799871-12-iscsi devstack@n-api.service[101884]: INFO nova.api.openstack.requestlog [None req-5e9d51cd-58d5-485e-8b85-b07ac5ab7f53 admin admin] 10.222.0.84 "POST /compute/v2.1/flavors/d1/os-extra_specs" status: 200 len: 43 microversion: 2.61 time: 0.040058
Jan 17 14:59:49.086901 dv-cinder-799871-12-iscsi devstack@n-api.service[101884]: [pid: 101884|app: 0|req: 5/9] 10.222.0.84 () {64 vars in 1335 bytes} [Mon Jan 17 14:59:49 2022] POST /compute/v2.1/flavors/d1/os-extra_specs => generated 43 bytes in 41 msecs (HTTP/1.1 200) 9 headers in 358 bytes (2 switches on core 0)
Jan 17 14:59:51.346330 dv-cinder-799871-12-iscsi devstack@n-api.service[101885]: DEBUG nova.api.openstack.wsgi [None req-95596c28-a257-4216-be60-e99759322d83 admin admin] Calling method '>' {{(pid=101885) _process_stack /opt/stack/nova/nova/api/openstack/wsgi.py:513}}
Jan 17 14:59:51.347660 dv-cinder-799871-12-iscsi devstack@n-api.service[101885]: INFO nova.api.openstack.requestlog [None req-95596c28-a257-4216-be60-e99759322d83 admin admin] 10.222.0.84 "GET /compute/v2.1" status: 200 len: 388 microversion: 2.1 time: 0.001715
Jan 17 14:59:51.348086 dv-cinder-799871-12-iscsi devstack@n-api.service[101885]: [pid: 101885|app: 0|req: 5/10] 10.222.0.84 () {54 vars in 930 bytes} [Mon Jan 17 14:59:51 2022] GET /compute/v2.1 => generated 388 bytes in 3 msecs (HTTP/1.1 200) 9 headers in 357 bytes (1 switches on core 0)
Jan 17 14:59:51.414875 dv-cinder-799871-12-iscsi devstack@n-api.service[101884]: DEBUG nova.api.openstack.wsgi [None req-97ec6e7d-4bd9-4feb-8b09-a72d45fac4e7 admin admin] Action: 'create', calling method: >, body: {"flavor": {"id": "d2", "os-flavor-access:is_public": true, "swap": 0, "vcpus": 1, "ram": 1024, "disk": 10, "OS-FLV-EXT-DATA:ephemeral": 0, "name": "ds1G", "rxtx_factor": 1.0}} {{(pid=101884) _process_stack /opt/stack/nova/nova/api/openstack/wsgi.py:511}}
Jan 17 14:59:51.436280 dv-cinder-799871-12-iscsi devstack@n-api.service[101884]: INFO nova.api.openstack.requestlog [None req-97ec6e7d-4bd9-4feb-8b09-a72d45fac4e7 admin admin] 10.222.0.84 "POST /compute/v2.1/flavors" status: 200 len: 404 microversion: 2.61 time: 0.081036
Jan 17 14:59:51.439470 dv-cinder-799871-12-iscsi devstack@n-api.service[101884]: [pid: 101884|app: 0|req: 6/11] 10.222.0.84 () {64 vars in 1282 bytes} [Mon Jan 17 14:59:51 2022] POST /compute/v2.1/flavors => generated 404 bytes in 85 msecs (HTTP/1.1 200) 9 headers in 359 bytes (1 switches on core 0)
Jan 17 14:59:51.449804 dv-cinder-799871-12-iscsi devstack@n-api.service[101885]: DEBUG nova.api.openstack.wsgi [None req-518ef291-1b03-4e5b-a1a5-2edc86ea67f7 admin admin] Action: 'create', calling method: >, body: {"extra_specs": {"hw_rng:allowed": "True"}} {{(pid=101885) _process_stack /opt/stack/nova/nova/api/openstack/wsgi.py:511}}
Jan 17 14:59:51.476414 dv-cinder-799871-12-iscsi devstack@n-api.service[101885]: INFO nova.api.openstack.requestlog [None req-518ef291-1b03-4e5b-a1a5-2edc86ea67f7 admin admin] 10.222.0.84 "POST /compute/v2.1/flavors/d2/os-extra_specs" status: 200 len: 43 microversion: 2.61 time: 0.031279
Jan 17 14:59:51.477190 dv-cinder-799871-12-iscsi devstack@n-api.service[101885]: [pid: 101885|app: 0|req: 6/12] 10.222.0.84 () {64 vars in 1335 bytes} [Mon Jan 17 14:59:51 2022] POST /compute/v2.1/flavors/d2/os-extra_specs => generated 43 bytes in 32 msecs (HTTP/1.1 200) 9 headers in 358 bytes (1 switches on core 0)
Jan 17 14:59:53.809485 dv-cinder-799871-12-iscsi devstack@n-api.service[101884]: DEBUG nova.api.openstack.wsgi [None req-97ec6e7d-4bd9-4feb-8b09-a72d45fac4e7 admin admin] Calling method '>' {{(pid=101884) _process_stack /opt/stack/nova/nova/api/openstack/wsgi.py:513}}
Jan 17 14:59:53.810496 dv-cinder-799871-12-iscsi devstack@n-api.service[101884]: INFO nova.api.openstack.requestlog [None req-97ec6e7d-4bd9-4feb-8b09-a72d45fac4e7 admin admin] 10.222.0.84 "GET /compute/v2.1" status: 200 len: 388 microversion: 2.1 time: 0.001471
Jan 17 14:59:53.810920 dv-cinder-799871-12-iscsi devstack@n-api.service[101884]: [pid: 101884|app: 0|req: 7/13] 10.222.0.84 () {54 vars in 930 bytes} [Mon Jan 17 14:59:53 2022] GET /compute/v2.1 => generated 388 bytes in 2 msecs (HTTP/1.1 200) 9 headers in 357 bytes (1 switches on core 0)
Jan 17 14:59:53.871922 dv-cinder-799871-12-iscsi devstack@n-api.service[101885]: DEBUG nova.api.openstack.wsgi [None req-8860341e-898e-444e-8821-96b3a28c2cbc admin admin] Action: 'create', calling method: >, body: {"flavor": {"disk": 10, "ram": 2048, "id": "d3", "OS-FLV-EXT-DATA:ephemeral": 0, "swap": 0, "vcpus": 2, "os-flavor-access:is_public": true, "rxtx_factor": 1.0, "name": "ds2G"}} {{(pid=101885) _process_stack /opt/stack/nova/nova/api/openstack/wsgi.py:511}}
Jan 17 14:59:53.892461 dv-cinder-799871-12-iscsi devstack@n-api.service[101885]: INFO nova.api.openstack.requestlog [None req-8860341e-898e-444e-8821-96b3a28c2cbc admin admin] 10.222.0.84 "POST /compute/v2.1/flavors" status: 200 len: 404 microversion: 2.61 time: 0.075304
Jan 17 14:59:53.893373 dv-cinder-799871-12-iscsi devstack@n-api.service[101885]: [pid: 101885|app: 0|req: 7/14] 10.222.0.84 () {64 vars in 1282 bytes} [Mon Jan 17 14:59:53 2022] POST /compute/v2.1/flavors => generated 404 bytes in 77 msecs (HTTP/1.1 200) 9 headers in 359 bytes (2 switches on core 0)
Jan 17 14:59:53.905090 dv-cinder-799871-12-iscsi devstack@n-api.service[101884]: DEBUG nova.api.openstack.wsgi [None req-282c0b74-432b-493a-8ce7-118d9acbd8f8 admin admin] Action: 'create', calling method: >, body: {"extra_specs": {"hw_rng:allowed": "True"}} {{(pid=101884) _process_stack /opt/stack/nova/nova/api/openstack/wsgi.py:511}}
Jan 17 14:59:53.931258 dv-cinder-799871-12-iscsi devstack@n-api.service[101884]: INFO nova.api.openstack.requestlog [None req-282c0b74-432b-493a-8ce7-118d9acbd8f8 admin admin] 10.222.0.84 "POST /compute/v2.1/flavors/d3/os-extra_specs" status: 200 len: 43 microversion: 2.61 time: 0.029587
Jan 17 14:59:53.932787 dv-cinder-799871-12-iscsi devstack@n-api.service[101884]: [pid: 101884|app: 0|req: 8/15] 10.222.0.84 () {64 vars in 1335 bytes} [Mon Jan 17 14:59:53 2022] POST /compute/v2.1/flavors/d3/os-extra_specs => generated 43 bytes in 32 msecs (HTTP/1.1 200) 9 headers in 358 bytes (1 switches on core 0)
Jan 17 14:59:56.207906 dv-cinder-799871-12-iscsi devstack@n-api.service[101885]: DEBUG nova.api.openstack.wsgi [None req-8860341e-898e-444e-8821-96b3a28c2cbc admin admin] Calling method '>' {{(pid=101885) _process_stack /opt/stack/nova/nova/api/openstack/wsgi.py:513}}
Jan 17 14:59:56.208918 dv-cinder-799871-12-iscsi devstack@n-api.service[101885]: INFO nova.api.openstack.requestlog [None req-8860341e-898e-444e-8821-96b3a28c2cbc admin admin] 10.222.0.84 "GET /compute/v2.1" status: 200 len: 388 microversion: 2.1 time: 0.001547
Jan 17 14:59:56.209493 dv-cinder-799871-12-iscsi devstack@n-api.service[101885]: [pid: 101885|app: 0|req: 8/16] 10.222.0.84 () {54 vars in 930 bytes} [Mon Jan 17 14:59:56 2022] GET /compute/v2.1 => generated 388 bytes in 3 msecs (HTTP/1.1 200) 9 headers in 357 bytes (1 switches on core 0)
Jan 17 14:59:56.269535 dv-cinder-799871-12-iscsi devstack@n-api.service[101884]: DEBUG nova.api.openstack.wsgi [None req-828eaed1-7b1a-40c8-b321-6c555e8b39a4 admin admin] Action: 'create', calling method: >, body: {"flavor": {"name": "ds4G", "OS-FLV-EXT-DATA:ephemeral": 0, "os-flavor-access:is_public": true, "id": "d4", "disk": 20, "ram": 4096, "vcpus": 4, "rxtx_factor": 1.0, "swap": 0}} {{(pid=101884) _process_stack /opt/stack/nova/nova/api/openstack/wsgi.py:511}}
Jan 17 14:59:56.288974 dv-cinder-799871-12-iscsi devstack@n-api.service[101884]: INFO nova.api.openstack.requestlog [None req-828eaed1-7b1a-40c8-b321-6c555e8b39a4 admin admin] 10.222.0.84 "POST /compute/v2.1/flavors" status: 200 len: 404 microversion: 2.61 time: 0.073328
Jan 17 14:59:56.289859 dv-cinder-799871-12-iscsi devstack@n-api.service[101884]: [pid: 101884|app: 0|req: 9/17] 10.222.0.84 () {64 vars in 1282 bytes} [Mon Jan 17 14:59:56 2022] POST /compute/v2.1/flavors => generated 404 bytes in 75 msecs (HTTP/1.1 200) 9 headers in 359 bytes (2 switches on core 0)
Jan 17 14:59:56.302155 dv-cinder-799871-12-iscsi devstack@n-api.service[101885]: DEBUG nova.api.openstack.wsgi [None req-a92a7b73-cb44-49f6-95bc-5acf4d61edb6 admin admin] Action: 'create', calling method: >, body: {"extra_specs": {"hw_rng:allowed": "True"}} {{(pid=101885) _process_stack /opt/stack/nova/nova/api/openstack/wsgi.py:511}}
Jan 17 14:59:56.326932 dv-cinder-799871-12-iscsi devstack@n-api.service[101885]: INFO nova.api.openstack.requestlog [None req-a92a7b73-cb44-49f6-95bc-5acf4d61edb6 admin admin] 10.222.0.84 "POST /compute/v2.1/flavors/d4/os-extra_specs" status: 200 len: 43 microversion: 2.61 time: 0.028378
Jan 17 14:59:56.327625 dv-cinder-799871-12-iscsi devstack@n-api.service[101885]: [pid: 101885|app: 0|req: 9/18] 10.222.0.84 () {64 vars in 1335 bytes} [Mon Jan 17 14:59:56 2022] POST /compute/v2.1/flavors/d4/os-extra_specs => generated 43 bytes in 30 msecs (HTTP/1.1 200) 9 headers in 358 bytes (1 switches on core 0)
Jan 17 14:59:58.591602 dv-cinder-799871-12-iscsi devstack@n-api.service[101884]: DEBUG nova.api.openstack.wsgi [None req-828eaed1-7b1a-40c8-b321-6c555e8b39a4 admin admin] Calling method '>' {{(pid=101884) _process_stack /opt/stack/nova/nova/api/openstack/wsgi.py:513}}
Jan 17 14:59:58.592880 dv-cinder-799871-12-iscsi devstack@n-api.service[101884]: INFO nova.api.openstack.requestlog [None req-828eaed1-7b1a-40c8-b321-6c555e8b39a4 admin admin] 10.222.0.84 "GET /compute/v2.1" status: 200 len: 388 microversion: 2.1 time: 0.001807
Jan 17 14:59:58.593536 dv-cinder-799871-12-iscsi devstack@n-api.service[101884]: [pid: 101884|app: 0|req: 10/19] 10.222.0.84 () {54 vars in 930 bytes} [Mon Jan 17 14:59:58 2022] GET /compute/v2.1 => generated 388 bytes in 3 msecs (HTTP/1.1 200) 9 headers in 357 bytes (1 switches on core 0)
Jan 17 14:59:58.654272 dv-cinder-799871-12-iscsi devstack@n-api.service[101885]: DEBUG nova.api.openstack.wsgi [None req-561c6e69-d275-477c-bb4b-248178343021 admin admin] Calling method '>' {{(pid=101885) _process_stack /opt/stack/nova/nova/api/openstack/wsgi.py:513}}
Jan 17 14:59:58.678486 dv-cinder-799871-12-iscsi devstack@n-api.service[101885]: INFO nova.api.openstack.requestlog [None req-561c6e69-d275-477c-bb4b-248178343021 admin admin] 10.222.0.84 "GET /compute/v2.1/flavors/detail?is_public=True" status: 200 len: 2106 microversion: 2.61 time: 0.078718
Jan 17 14:59:58.679339 dv-cinder-799871-12-iscsi devstack@n-api.service[101885]: [pid: 101885|app: 0|req: 10/20] 10.222.0.84 () {60 vars in 1291 bytes} [Mon Jan 17 14:59:58 2022] GET /compute/v2.1/flavors/detail?is_public=True => generated 2106 bytes in 80 msecs (HTTP/1.1 200) 9 headers in 360 bytes (1 switches on core 0)
Jan 17 15:00:00.971276 dv-cinder-799871-12-iscsi devstack@n-api.service[101884]: DEBUG nova.api.openstack.wsgi [None req-828eaed1-7b1a-40c8-b321-6c555e8b39a4 admin admin] Calling method '>' {{(pid=101884) _process_stack /opt/stack/nova/nova/api/openstack/wsgi.py:513}}
Jan 17 15:00:00.972406 dv-cinder-799871-12-iscsi devstack@n-api.service[101884]: INFO nova.api.openstack.requestlog [None req-828eaed1-7b1a-40c8-b321-6c555e8b39a4 admin admin] 10.222.0.84 "GET /compute/v2.1" status: 200 len: 388 microversion: 2.1 time: 0.001604
Jan 17 15:00:00.972858 dv-cinder-799871-12-iscsi devstack@n-api.service[101884]: [pid: 101884|app: 0|req: 11/21] 10.222.0.84 () {54 vars in 930 bytes} [Mon Jan 17 15:00:00 2022] GET /compute/v2.1 => generated 388 bytes in 3 msecs (HTTP/1.1 200) 9 headers in 357 bytes (2 switches on core 0)
Jan 17 15:00:01.036120 dv-cinder-799871-12-iscsi devstack@n-api.service[101885]: DEBUG nova.api.openstack.wsgi [None req-b6203425-4b23-4ce3-a737-50189e769c9e admin admin] Action: 'create', calling method: >, body: {"flavor": {"os-flavor-access:is_public": true, "OS-FLV-EXT-DATA:ephemeral": 0, "rxtx_factor": 1.0, "disk": 1, "vcpus": 1, "name": "m1.tiny", "ram": 512, "swap": 0, "id": "1"}} {{(pid=101885) _process_stack /opt/stack/nova/nova/api/openstack/wsgi.py:511}}
Jan 17 15:00:01.055788 dv-cinder-799871-12-iscsi devstack@n-api.service[101885]: INFO nova.api.openstack.requestlog [None req-b6203425-4b23-4ce3-a737-50189e769c9e admin admin] 10.222.0.84 "POST /compute/v2.1/flavors" status: 200 len: 402 microversion: 2.61 time: 0.077070
Jan 17 15:00:01.056462 dv-cinder-799871-12-iscsi devstack@n-api.service[101885]: [pid: 101885|app: 0|req: 11/22] 10.222.0.84 () {64 vars in 1282 bytes} [Mon Jan 17 15:00:00 2022] POST /compute/v2.1/flavors => generated 402 bytes in 78 msecs (HTTP/1.1 200) 9 headers in 359 bytes (1 switches on core 0)
Jan 17 15:00:01.072307 dv-cinder-799871-12-iscsi devstack@n-api.service[101884]: DEBUG nova.api.openstack.wsgi [None req-6db9b7da-94a1-46ec-8f27-41f93f4ebc61 admin admin] Action: 'create', calling method: >, body: {"extra_specs": {"hw_rng:allowed": "True"}} {{(pid=101884) _process_stack /opt/stack/nova/nova/api/openstack/wsgi.py:511}}
Jan 17 15:00:01.096343 dv-cinder-799871-12-iscsi devstack@n-api.service[101884]: INFO nova.api.openstack.requestlog [None req-6db9b7da-94a1-46ec-8f27-41f93f4ebc61 admin admin] 10.222.0.84 "POST /compute/v2.1/flavors/1/os-extra_specs" status: 200 len: 43 microversion: 2.61 time: 0.027813
Jan 17 15:00:01.096967 dv-cinder-799871-12-iscsi devstack@n-api.service[101884]: [pid: 101884|app: 0|req: 12/23] 10.222.0.84 () {64 vars in 1332 bytes} [Mon Jan 17 15:00:01 2022] POST /compute/v2.1/flavors/1/os-extra_specs => generated 43 bytes in 29 msecs (HTTP/1.1 200) 9 headers in 358 bytes (1 switches on core 0)
Jan 17 15:00:03.379977 dv-cinder-799871-12-iscsi devstack@n-api.service[101885]: DEBUG nova.api.openstack.wsgi [None req-b6203425-4b23-4ce3-a737-50189e769c9e admin admin] Calling method '>' {{(pid=101885) _process_stack /opt/stack/nova/nova/api/openstack/wsgi.py:513}}
Jan 17 15:00:03.381031 dv-cinder-799871-12-iscsi devstack@n-api.service[101885]: INFO nova.api.openstack.requestlog [None req-b6203425-4b23-4ce3-a737-50189e769c9e admin admin] 10.222.0.84 "GET /compute/v2.1" status: 200 len: 388 microversion: 2.1 time: 0.001502
Jan 17 15:00:03.381390 dv-cinder-799871-12-iscsi devstack@n-api.service[101885]: [pid: 101885|app: 0|req: 12/24] 10.222.0.84 () {54 vars in 930 bytes} [Mon Jan 17 15:00:03 2022] GET /compute/v2.1 => generated 388 bytes in 2 msecs (HTTP/1.1 200) 9 headers in 357 bytes (1 switches on core 0)
Jan 17 15:00:03.442547 dv-cinder-799871-12-iscsi devstack@n-api.service[101884]: DEBUG nova.api.openstack.wsgi [None req-0c381336-a28d-40c4-89c3-1c6fbd5fab97 admin admin] Action: 'create', calling method: >, body: {"flavor": {"id": "2", "swap": 0, "vcpus": 1, "disk": 20, "os-flavor-access:is_public": true, "name": "m1.small", "ram": 2048, "rxtx_factor": 1.0, "OS-FLV-EXT-DATA:ephemeral": 0}} {{(pid=101884) _process_stack /opt/stack/nova/nova/api/openstack/wsgi.py:511}}
Jan 17 15:00:03.460909 dv-cinder-799871-12-iscsi devstack@n-api.service[101884]: INFO nova.api.openstack.requestlog [None req-0c381336-a28d-40c4-89c3-1c6fbd5fab97 admin admin] 10.222.0.84 "POST /compute/v2.1/flavors" status: 200 len: 405 microversion: 2.61 time: 0.073335
Jan 17 15:00:03.461470 dv-cinder-799871-12-iscsi devstack@n-api.service[101884]: [pid: 101884|app: 0|req: 13/25] 10.222.0.84 () {64 vars in 1282 bytes} [Mon Jan 17 15:00:03 2022] POST /compute/v2.1/flavors => generated 405 bytes in 75 msecs (HTTP/1.1 200) 9 headers in 359 bytes (1 switches on core 0)
Jan 17 15:00:03.474147 dv-cinder-799871-12-iscsi devstack@n-api.service[101885]: DEBUG nova.api.openstack.wsgi [None req-77419532-f9c3-40e9-96a3-a214d351c2ff admin admin] Action: 'create', calling method: >, body: {"extra_specs": {"hw_rng:allowed": "True"}} {{(pid=101885) _process_stack /opt/stack/nova/nova/api/openstack/wsgi.py:511}}
Jan 17 15:00:03.499152 dv-cinder-799871-12-iscsi devstack@n-api.service[101885]: INFO nova.api.openstack.requestlog [None req-77419532-f9c3-40e9-96a3-a214d351c2ff admin admin] 10.222.0.84 "POST /compute/v2.1/flavors/2/os-extra_specs" status: 200 len: 43 microversion: 2.61 time: 0.028815
Jan 17 15:00:03.499992 dv-cinder-799871-12-iscsi devstack@n-api.service[101885]: [pid: 101885|app: 0|req: 13/26] 10.222.0.84 () {64 vars in 1332 bytes} [Mon Jan 17 15:00:03 2022] POST /compute/v2.1/flavors/2/os-extra_specs => generated 43 bytes in 30 msecs (HTTP/1.1 200) 9 headers in 358 bytes (1 switches on core 0)
Jan 17 15:00:06.080059 dv-cinder-799871-12-iscsi devstack@n-api.service[101884]: DEBUG nova.api.openstack.wsgi [None req-0c381336-a28d-40c4-89c3-1c6fbd5fab97 admin admin] Calling method '>' {{(pid=101884) _process_stack /opt/stack/nova/nova/api/openstack/wsgi.py:513}}
Jan 17 15:00:06.081072 dv-cinder-799871-12-iscsi devstack@n-api.service[101884]: INFO nova.api.openstack.requestlog [None req-0c381336-a28d-40c4-89c3-1c6fbd5fab97 admin admin] 10.222.0.84 "GET /compute/v2.1" status: 200 len: 388 microversion: 2.1 time: 0.001504
Jan 17 15:00:06.081479 dv-cinder-799871-12-iscsi devstack@n-api.service[101884]: [pid: 101884|app: 0|req: 14/27] 10.222.0.84 () {54 vars in 930 bytes} [Mon Jan 17 15:00:06 2022] GET /compute/v2.1 => generated 388 bytes in 2 msecs (HTTP/1.1 200) 9 headers in 357 bytes (1 switches on core 0)
Jan 17 15:00:06.140585 dv-cinder-799871-12-iscsi devstack@n-api.service[101885]: DEBUG nova.api.openstack.wsgi [None req-7b8dafe7-7b44-4890-9eec-7e76844b2b37 admin admin] Action: 'create', calling method: >, body: {"flavor": {"disk": 40, "ram": 4096, "rxtx_factor": 1.0, "name": "m1.medium", "swap": 0, "os-flavor-access:is_public": true, "id": "3", "vcpus": 2, "OS-FLV-EXT-DATA:ephemeral": 0}} {{(pid=101885) _process_stack /opt/stack/nova/nova/api/openstack/wsgi.py:511}}
Jan 17 15:00:06.157941 dv-cinder-799871-12-iscsi devstack@n-api.service[101885]: INFO nova.api.openstack.requestlog [None req-7b8dafe7-7b44-4890-9eec-7e76844b2b37 admin admin] 10.222.0.84 "POST /compute/v2.1/flavors" status: 200 len: 406 microversion: 2.61 time: 0.070580
Jan 17 15:00:06.158485 dv-cinder-799871-12-iscsi devstack@n-api.service[101885]: [pid: 101885|app: 0|req: 14/28] 10.222.0.84 () {64 vars in 1282 bytes} [Mon Jan 17 15:00:06 2022] POST /compute/v2.1/flavors => generated 406 bytes in 72 msecs (HTTP/1.1 200) 9 headers in 359 bytes (1 switches on core 0)
Jan 17 15:00:06.170508 dv-cinder-799871-12-iscsi devstack@n-api.service[101884]: DEBUG nova.api.openstack.wsgi [None req-d84764e2-8002-4f05-994f-882c66a6ea79 admin admin] Action: 'create', calling method: >, body: {"extra_specs": {"hw_rng:allowed": "True"}} {{(pid=101884) _process_stack /opt/stack/nova/nova/api/openstack/wsgi.py:511}}
Jan 17 15:00:06.193264 dv-cinder-799871-12-iscsi devstack@n-api.service[101884]: INFO nova.api.openstack.requestlog [None req-d84764e2-8002-4f05-994f-882c66a6ea79 admin admin] 10.222.0.84 "POST /compute/v2.1/flavors/3/os-extra_specs" status: 200 len: 43 microversion: 2.61 time: 0.026440
Jan 17 15:00:06.193943 dv-cinder-799871-12-iscsi devstack@n-api.service[101884]: [pid: 101884|app: 0|req: 15/29] 10.222.0.84 () {64 vars in 1332 bytes} [Mon Jan 17 15:00:06 2022] POST /compute/v2.1/flavors/3/os-extra_specs => generated 43 bytes in 28 msecs (HTTP/1.1 200) 9 headers in 358 bytes (1 switches on core 0)
Jan 17 15:00:08.469317 dv-cinder-799871-12-iscsi devstack@n-api.service[101885]: DEBUG nova.api.openstack.wsgi [None req-7b8dafe7-7b44-4890-9eec-7e76844b2b37 admin admin] Calling method '>' {{(pid=101885) _process_stack /opt/stack/nova/nova/api/openstack/wsgi.py:513}}
Jan 17 15:00:08.470323 dv-cinder-799871-12-iscsi devstack@n-api.service[101885]: INFO nova.api.openstack.requestlog [None req-7b8dafe7-7b44-4890-9eec-7e76844b2b37 admin admin] 10.222.0.84 "GET /compute/v2.1" status: 200 len: 388 microversion: 2.1 time: 0.001473
Jan 17 15:00:08.470799 dv-cinder-799871-12-iscsi devstack@n-api.service[101885]: [pid: 101885|app: 0|req: 15/30] 10.222.0.84 () {54 vars in 930 bytes} [Mon Jan 17 15:00:08 2022] GET /compute/v2.1 => generated 388 bytes in 2 msecs (HTTP/1.1 200) 9 headers in 357 bytes (1 switches on core 0)
Jan 17 15:00:08.535228 dv-cinder-799871-12-iscsi devstack@n-api.service[101884]: DEBUG nova.api.openstack.wsgi [None req-c2ed9b17-a46f-4295-b3c7-00b94a5aead3 admin admin] Action: 'create', calling method: >, body: {"flavor": {"OS-FLV-EXT-DATA:ephemeral": 0, "id": "4", "vcpus": 4, "rxtx_factor": 1.0, "os-flavor-access:is_public": true, "ram": 8192, "swap": 0, "disk": 80, "name": "m1.large"}} {{(pid=101884) _process_stack /opt/stack/nova/nova/api/openstack/wsgi.py:511}}
Jan 17 15:00:08.552946 dv-cinder-799871-12-iscsi devstack@n-api.service[101884]: INFO nova.api.openstack.requestlog [None req-c2ed9b17-a46f-4295-b3c7-00b94a5aead3 admin admin] 10.222.0.84 "POST /compute/v2.1/flavors" status: 200 len: 405 microversion: 2.61 time: 0.076200
Jan 17 15:00:08.553722 dv-cinder-799871-12-iscsi devstack@n-api.service[101884]: [pid: 101884|app: 0|req: 16/31] 10.222.0.84 () {64 vars in 1282 bytes} [Mon Jan 17 15:00:08 2022] POST /compute/v2.1/flavors => generated 405 bytes in 78 msecs (HTTP/1.1 200) 9 headers in 359 bytes (1 switches on core 0)
Jan 17 15:00:08.565556 dv-cinder-799871-12-iscsi devstack@n-api.service[101885]: DEBUG nova.api.openstack.wsgi [None req-07196f60-80ee-4c8a-9146-7ec1110eb861 admin admin] Action: 'create', calling method: >, body: {"extra_specs": {"hw_rng:allowed": "True"}} {{(pid=101885) _process_stack /opt/stack/nova/nova/api/openstack/wsgi.py:511}}
Jan 17 15:00:08.590548 dv-cinder-799871-12-iscsi devstack@n-api.service[101885]: INFO nova.api.openstack.requestlog [None req-07196f60-80ee-4c8a-9146-7ec1110eb861 admin admin] 10.222.0.84 "POST /compute/v2.1/flavors/4/os-extra_specs" status: 200 len: 43 microversion: 2.61 time: 0.028507
Jan 17 15:00:08.595350 dv-cinder-799871-12-iscsi devstack@n-api.service[101885]: [pid: 101885|app: 0|req: 16/32] 10.222.0.84 () {64 vars in 1332 bytes} [Mon Jan 17 15:00:08 2022] POST /compute/v2.1/flavors/4/os-extra_specs => generated 43 bytes in 30 msecs (HTTP/1.1 200) 9 headers in 358 bytes (1 switches on core 0)
Jan 17 15:00:10.906600 dv-cinder-799871-12-iscsi devstack@n-api.service[101884]: DEBUG nova.api.openstack.wsgi [None req-c2ed9b17-a46f-4295-b3c7-00b94a5aead3 admin admin] Calling method '>' {{(pid=101884) _process_stack /opt/stack/nova/nova/api/openstack/wsgi.py:513}}
Jan 17 15:00:10.907721 dv-cinder-799871-12-iscsi devstack@n-api.service[101884]: INFO nova.api.openstack.requestlog [None req-c2ed9b17-a46f-4295-b3c7-00b94a5aead3 admin admin] 10.222.0.84 "GET /compute/v2.1" status: 200 len: 388 microversion: 2.1 time: 0.001467
Jan 17 15:00:10.908385 dv-cinder-799871-12-iscsi devstack@n-api.service[101884]: [pid: 101884|app: 0|req: 17/33] 10.222.0.84 () {54 vars in 930 bytes} [Mon Jan 17 15:00:10 2022] GET /compute/v2.1 => generated 388 bytes in 3 msecs (HTTP/1.1 200) 9 headers in 357 bytes (1 switches on core 0)
Jan 17 15:00:10.971762 dv-cinder-799871-12-iscsi devstack@n-api.service[101885]: DEBUG nova.api.openstack.wsgi [None req-57edcfe3-f00c-4cc9-b678-dd673e3f4ed4 admin admin] Action: 'create', calling method: >, body: {"flavor": {"ram": 16384, "swap": 0, "OS-FLV-EXT-DATA:ephemeral": 0, "disk": 160, "vcpus": 8, "id": "5", "rxtx_factor": 1.0, "name": "m1.xlarge", "os-flavor-access:is_public": true}} {{(pid=101885) _process_stack /opt/stack/nova/nova/api/openstack/wsgi.py:511}}
Jan 17 15:00:10.991464 dv-cinder-799871-12-iscsi devstack@n-api.service[101885]: INFO nova.api.openstack.requestlog [None req-57edcfe3-f00c-4cc9-b678-dd673e3f4ed4 admin admin] 10.222.0.84 "POST /compute/v2.1/flavors" status: 200 len: 408 microversion: 2.61 time: 0.077247
Jan 17 15:00:10.992170 dv-cinder-799871-12-iscsi devstack@n-api.service[101885]: [pid: 101885|app: 0|req: 17/34] 10.222.0.84 () {64 vars in 1282 bytes} [Mon Jan 17 15:00:10 2022] POST /compute/v2.1/flavors => generated 408 bytes in 79 msecs (HTTP/1.1 200) 9 headers in 359 bytes (1 switches on core 0)
Jan 17 15:00:11.004099 dv-cinder-799871-12-iscsi devstack@n-api.service[101884]: DEBUG nova.api.openstack.wsgi [None req-78e2f254-87a4-47c7-863c-6d32871710db admin admin] Action: 'create', calling method: >, body: {"extra_specs": {"hw_rng:allowed": "True"}} {{(pid=101884) _process_stack /opt/stack/nova/nova/api/openstack/wsgi.py:511}}
Jan 17 15:00:11.028372 dv-cinder-799871-12-iscsi devstack@n-api.service[101884]: INFO nova.api.openstack.requestlog [None req-78e2f254-87a4-47c7-863c-6d32871710db admin admin] 10.222.0.84 "POST /compute/v2.1/flavors/5/os-extra_specs" status: 200 len: 43 microversion: 2.61 time: 0.027956
Jan 17 15:00:11.029042 dv-cinder-799871-12-iscsi devstack@n-api.service[101884]: [pid: 101884|app: 0|req: 18/35] 10.222.0.84 () {64 vars in 1332 bytes} [Mon Jan 17 15:00:10 2022] POST /compute/v2.1/flavors/5/os-extra_specs => generated 43 bytes in 29 msecs (HTTP/1.1 200) 9 headers in 358 bytes (1 switches on core 0)
Jan 17 15:00:34.936227 dv-cinder-799871-12-iscsi devstack@n-api.service[101885]: DEBUG nova.api.openstack.wsgi [None req-57edcfe3-f00c-4cc9-b678-dd673e3f4ed4 admin admin] Calling method '>' {{(pid=101885) _process_stack /opt/stack/nova/nova/api/openstack/wsgi.py:513}}
Jan 17 15:00:34.937215 dv-cinder-799871-12-iscsi devstack@n-api.service[101885]: INFO nova.api.openstack.requestlog [None req-57edcfe3-f00c-4cc9-b678-dd673e3f4ed4 admin admin] 10.222.0.84 "GET /compute/v2.1" status: 200 len: 388 microversion: 2.1 time: 0.001416
Jan 17 15:00:34.937609 dv-cinder-799871-12-iscsi devstack@n-api.service[101885]: [pid: 101885|app: 0|req: 18/36] 10.222.0.84 () {54 vars in 930 bytes} [Mon Jan 17 15:00:34 2022] GET /compute/v2.1 => generated 388 bytes in 2 msecs (HTTP/1.1 200) 9 headers in 357 bytes (1 switches on core 0)
Jan 17 15:00:35.000944 dv-cinder-799871-12-iscsi devstack@n-api.service[101884]: DEBUG nova.api.openstack.wsgi [None req-0fb47706-4f3a-40dd-aebe-e548597bbe1d admin admin] Calling method '>' {{(pid=101884) _process_stack /opt/stack/nova/nova/api/openstack/wsgi.py:513}}
Jan 17 15:00:35.018324 dv-cinder-799871-12-iscsi devstack@n-api.service[101884]: INFO nova.api.openstack.requestlog [None req-0fb47706-4f3a-40dd-aebe-e548597bbe1d admin admin] 10.222.0.84 "GET /compute/v2.1/flavors/detail?is_public=True" status: 200 len: 4202 microversion: 2.61 time: 0.074629
Jan 17 15:00:35.018938 dv-cinder-799871-12-iscsi devstack@n-api.service[101884]: [pid: 101884|app: 0|req: 19/37] 10.222.0.84 () {60 vars in 1291 bytes} [Mon Jan 17 15:00:34 2022] GET /compute/v2.1/flavors/detail?is_public=True => generated 4202 bytes in 76 msecs (HTTP/1.1 200) 9 headers in 360 bytes (1 switches on core 0)
Jan 17 15:00:36.379740 dv-cinder-799871-12-iscsi devstack@n-api.service[101885]: DEBUG nova.api.openstack.wsgi [None req-57edcfe3-f00c-4cc9-b678-dd673e3f4ed4 admin admin] Calling method '>' {{(pid=101885) _process_stack /opt/stack/nova/nova/api/openstack/wsgi.py:513}}
Jan 17 15:00:36.380756 dv-cinder-799871-12-iscsi devstack@n-api.service[101885]: INFO nova.api.openstack.requestlog [None req-57edcfe3-f00c-4cc9-b678-dd673e3f4ed4 admin admin] 10.222.0.84 "GET /compute/v2.1" status: 200 len: 388 microversion: 2.1 time: 0.001513
Jan 17 15:00:36.381196 dv-cinder-799871-12-iscsi devstack@n-api.service[101885]: [pid: 101885|app: 0|req: 19/38] 10.222.0.84 () {56 vars in 1074 bytes} [Mon Jan 17 15:00:36 2022] GET /compute/v2.1 => generated 388 bytes in 2 msecs (HTTP/1.1 200) 9 headers in 357 bytes (1 switches on core 0)
Jan 17 15:00:36.584495 dv-cinder-799871-12-iscsi devstack@n-api.service[101884]: DEBUG nova.api.openstack.wsgi [None req-d6256a41-5625-4eeb-afc0-fa7917570b44 admin admin] Calling method '>' {{(pid=101884) _process_stack /opt/stack/nova/nova/api/openstack/wsgi.py:513}}
Jan 17 15:00:36.590828 dv-cinder-799871-12-iscsi devstack@n-api.service[101884]: INFO nova.api.openstack.wsgi [None req-d6256a41-5625-4eeb-afc0-fa7917570b44 admin admin] HTTP exception thrown: Flavor 42 could not be found.
Jan 17 15:00:36.591440 dv-cinder-799871-12-iscsi devstack@n-api.service[101884]: DEBUG nova.api.openstack.wsgi [None req-d6256a41-5625-4eeb-afc0-fa7917570b44 admin admin] Returning 404 to user: Flavor 42 could not be found. {{(pid=101884) __call__ /opt/stack/nova/nova/api/openstack/wsgi.py:936}}
Jan 17 15:00:36.592498 dv-cinder-799871-12-iscsi devstack@n-api.service[101884]: INFO nova.api.openstack.requestlog [None req-d6256a41-5625-4eeb-afc0-fa7917570b44 admin admin] 10.222.0.84 "GET /compute/v2.1/flavors/42" status: 404 len: 75 microversion: 2.90 time: 0.059929
Jan 17 15:00:36.593016 dv-cinder-799871-12-iscsi devstack@n-api.service[101884]: [pid: 101884|app: 0|req: 20/39] 10.222.0.84 () {60 vars in 1190 bytes} [Mon Jan 17 15:00:36 2022] GET /compute/v2.1/flavors/42 => generated 75 bytes in 61 msecs (HTTP/1.1 404) 9 headers in 380 bytes (1 switches on core 0)
Jan 17 15:00:36.602294 dv-cinder-799871-12-iscsi devstack@n-api.service[101885]: DEBUG nova.api.openstack.wsgi [None req-461eaf4d-dcac-4e66-90ea-c902aa84b872 admin admin] Calling method '>' {{(pid=101885) _process_stack /opt/stack/nova/nova/api/openstack/wsgi.py:513}}
Jan 17 15:00:36.623167 dv-cinder-799871-12-iscsi devstack@n-api.service[101885]: INFO nova.api.openstack.requestlog [None req-461eaf4d-dcac-4e66-90ea-c902aa84b872 admin admin] 10.222.0.84 "GET /compute/v2.1/flavors?is_public=None" status: 200 len: 2056 microversion: 2.90 time: 0.024333
Jan 17 15:00:36.623828 dv-cinder-799871-12-iscsi devstack@n-api.service[101885]: [pid: 101885|app: 0|req: 20/40] 10.222.0.84 () {60 vars in 1210 bytes} [Mon Jan 17 15:00:36 2022] GET /compute/v2.1/flavors?is_public=None => generated 2056 bytes in 26 msecs (HTTP/1.1 200) 9 headers in 360 bytes (1 switches on core 0)
Jan 17 15:00:36.633613 dv-cinder-799871-12-iscsi devstack@n-api.service[101884]: DEBUG nova.api.openstack.wsgi [None req-c8687f6d-04ac-4a25-9dfa-2ab2266dff49 admin admin] Calling method '>' {{(pid=101884) _process_stack /opt/stack/nova/nova/api/openstack/wsgi.py:513}}
Jan 17 15:00:36.654459 dv-cinder-799871-12-iscsi devstack@n-api.service[101884]: INFO nova.api.openstack.requestlog [None req-c8687f6d-04ac-4a25-9dfa-2ab2266dff49 admin admin] 10.222.0.84 "GET /compute/v2.1/flavors?is_public=None" status: 200 len: 2056 microversion: 2.90 time: 0.024403
Jan 17 15:00:36.655021 dv-cinder-799871-12-iscsi devstack@n-api.service[101884]: [pid: 101884|app: 0|req: 21/41] 10.222.0.84 () {60 vars in 1210 bytes} [Mon Jan 17 15:00:36 2022] GET /compute/v2.1/flavors?is_public=None => generated 2056 bytes in 25 msecs (HTTP/1.1 200) 9 headers in 360 bytes (1 switches on core 0)
Jan 17 15:00:36.664205 dv-cinder-799871-12-iscsi devstack@n-api.service[101885]: DEBUG nova.api.openstack.wsgi [None req-02054a99-af85-49b2-99d5-1feab42a491a admin admin] Calling method '>' {{(pid=101885) _process_stack /opt/stack/nova/nova/api/openstack/wsgi.py:513}}
Jan 17 15:00:36.670335 dv-cinder-799871-12-iscsi devstack@n-api.service[101885]: INFO nova.api.openstack.wsgi [None req-02054a99-af85-49b2-99d5-1feab42a491a admin admin] HTTP exception thrown: Flavor 42 could not be found.
Jan 17 15:00:36.670903 dv-cinder-799871-12-iscsi devstack@n-api.service[101885]: DEBUG nova.api.openstack.wsgi [None req-02054a99-af85-49b2-99d5-1feab42a491a admin admin] Returning 404 to user: Flavor 42 could not be found. {{(pid=101885) __call__ /opt/stack/nova/nova/api/openstack/wsgi.py:936}}
Jan 17 15:00:36.671720 dv-cinder-799871-12-iscsi devstack@n-api.service[101885]: INFO nova.api.openstack.requestlog [None req-02054a99-af85-49b2-99d5-1feab42a491a admin admin] 10.222.0.84 "GET /compute/v2.1/flavors/42" status: 404 len: 75 microversion: 2.90 time: 0.010992
Jan 17 15:00:36.672217 dv-cinder-799871-12-iscsi devstack@n-api.service[101885]: [pid: 101885|app: 0|req: 21/42] 10.222.0.84 () {60 vars in 1190 bytes} [Mon Jan 17 15:00:36 2022] GET /compute/v2.1/flavors/42 => generated 75 bytes in 12 msecs (HTTP/1.1 404) 9 headers in 380 bytes (1 switches on core 0)
Jan 17 15:00:37.932381 dv-cinder-799871-12-iscsi devstack@n-api.service[101884]: DEBUG nova.api.openstack.wsgi [None req-c8687f6d-04ac-4a25-9dfa-2ab2266dff49 admin admin] Calling method '>' {{(pid=101884) _process_stack /opt/stack/nova/nova/api/openstack/wsgi.py:513}}
