Jan 17 15:07:12.968758 dv-cinder-799871-12-iscsi devstack@c-api.service[109609]: [pid: 109609|app: 0|req: 153/318] 10.222.0.84 () {60 vars in 1389 bytes} [Mon Jan 17 15:07:12 2022] GET /volume/v3/f093a292dc0d4e6aa54955a56f9a63a1/group_snapshots/afa04c6d-15b0-4251-b4fb-09eae1c09588 => generated 116 bytes in 14 msecs (HTTP/1.1 404) 7 headers in 293 bytes (1 switches on core 0)
Jan 17 15:07:12.974987 dv-cinder-799871-12-iscsi devstack@c-api.service[109608]: INFO cinder.api.openstack.wsgi [None req-2638c1f7-e797-4319-821f-e3aac8412b31 tempest-VolumeQuotasAdminTestJSON-1883952911 tempest-VolumeQuotasAdminTestJSON-1883952911-project] http://10.222.0.84/volume/v3/ae51c076599f4e468fd2022a0d08551e/volumes/5588a1c3-3440-4f46-b27f-4489c9393a19 returned with HTTP 200
Jan 17 15:07:12.984207 dv-cinder-799871-12-iscsi devstack@c-api.service[109608]: [pid: 109608|app: 0|req: 166/319] 10.222.0.84 () {58 vars in 1324 bytes} [Mon Jan 17 15:07:12 2022] GET /volume/v3/ae51c076599f4e468fd2022a0d08551e/volumes/5588a1c3-3440-4f46-b27f-4489c9393a19 => generated 891 bytes in 47 msecs (HTTP/1.1 200) 7 headers in 285 bytes (1 switches on core 0)
Jan 17 15:07:12.988720 dv-cinder-799871-12-iscsi devstack@c-api.service[109609]: INFO cinder.api.openstack.wsgi [None req-61d58cc2-e965-4e31-9da2-7ce82f459c9c tempest-GroupSnapshotsTest-2000997030 tempest-GroupSnapshotsTest-2000997030-project] GET http://10.222.0.84/volume/v3/f093a292dc0d4e6aa54955a56f9a63a1/volumes/detail
Jan 17 15:07:12.989217 dv-cinder-799871-12-iscsi devstack@c-api.service[109609]: DEBUG cinder.api.openstack.wsgi [None req-61d58cc2-e965-4e31-9da2-7ce82f459c9c tempest-GroupSnapshotsTest-2000997030 tempest-GroupSnapshotsTest-2000997030-project] Empty body provided in request {{(pid=109609) get_body /opt/stack/cinder/cinder/api/openstack/wsgi.py:715}}
Jan 17 15:07:12.989773 dv-cinder-799871-12-iscsi devstack@c-api.service[109609]: DEBUG cinder.api.openstack.wsgi [None req-61d58cc2-e965-4e31-9da2-7ce82f459c9c tempest-GroupSnapshotsTest-2000997030 tempest-GroupSnapshotsTest-2000997030-project] Calling method 'detail' {{(pid=109609) _process_stack /opt/stack/cinder/cinder/api/openstack/wsgi.py:868}}
Jan 17 15:07:12.990536 dv-cinder-799871-12-iscsi devstack@c-api.service[109609]: DEBUG cinder.api.api_utils [None req-61d58cc2-e965-4e31-9da2-7ce82f459c9c tempest-GroupSnapshotsTest-2000997030 tempest-GroupSnapshotsTest-2000997030-project] Removing options '' from query. {{(pid=109609) remove_invalid_filter_options /opt/stack/cinder/cinder/api/api_utils.py:73}}
Jan 17 15:07:12.991465 dv-cinder-799871-12-iscsi devstack@c-api.service[109609]: /usr/local/lib/python3.8/dist-packages/oslo_context/context.py:105: DeprecationWarning: Policy enforcement is depending on the value of is_admin. This key is deprecated. Please update your policy file to use the standard policy values.
Jan 17 15:07:12.991465 dv-cinder-799871-12-iscsi devstack@c-api.service[109609]: warnings.warn('Policy enforcement is depending on the value of '
Jan 17 15:07:12.992592 dv-cinder-799871-12-iscsi devstack@c-api.service[109609]: DEBUG cinder.volume.api [None req-61d58cc2-e965-4e31-9da2-7ce82f459c9c tempest-GroupSnapshotsTest-2000997030 tempest-GroupSnapshotsTest-2000997030-project] Searching by: MultiDict([('no_migration_targets', True)]). {{(pid=109609) get_all /opt/stack/cinder/cinder/volume/api.py:661}}
Jan 17 15:07:13.047641 dv-cinder-799871-12-iscsi devstack@c-api.service[109609]: INFO cinder.volume.api [None req-61d58cc2-e965-4e31-9da2-7ce82f459c9c tempest-GroupSnapshotsTest-2000997030 tempest-GroupSnapshotsTest-2000997030-project] Get all volumes completed successfully.
Jan 17 15:07:13.049215 dv-cinder-799871-12-iscsi devstack@c-api.service[109609]: WARNING stevedore.named [None req-61d58cc2-e965-4e31-9da2-7ce82f459c9c tempest-GroupSnapshotsTest-2000997030 tempest-GroupSnapshotsTest-2000997030-project] Could not load cinder.keymgr.conf_key_mgr.ConfKeyManager
Jan 17 15:07:13.049647 dv-cinder-799871-12-iscsi devstack@c-api.service[109609]: WARNING castellan.key_manager [None req-61d58cc2-e965-4e31-9da2-7ce82f459c9c tempest-GroupSnapshotsTest-2000997030 tempest-GroupSnapshotsTest-2000997030-project] Deprecation Warning : cinder.keymgr.conf_key_mgr.ConfKeyManager is not a stevedore based driver, trying to load it as a class: stevedore.exception.NoMatches: No 'castellan.drivers' driver found, looking for 'cinder.keymgr.conf_key_mgr.ConfKeyManager'
Jan 17 15:07:13.056509 dv-cinder-799871-12-iscsi devstack@c-api.service[109609]: DEBUG oslo_db.sqlalchemy.engines [None req-61d58cc2-e965-4e31-9da2-7ce82f459c9c tempest-GroupSnapshotsTest-2000997030 tempest-GroupSnapshotsTest-2000997030-project] MySQL server mode set to STRICT_TRANS_TABLES,STRICT_ALL_TABLES,NO_ZERO_IN_DATE,NO_ZERO_DATE,ERROR_FOR_DIVISION_BY_ZERO,TRADITIONAL,NO_ENGINE_SUBSTITUTION {{(pid=109609) _check_effective_sql_mode /usr/local/lib/python3.8/dist-packages/oslo_db/sqlalchemy/engines.py:314}}
Jan 17 15:07:13.063728 dv-cinder-799871-12-iscsi devstack@c-api.service[109609]: /usr/local/lib/python3.8/dist-packages/oslo_context/context.py:105: DeprecationWarning: Policy enforcement is depending on the value of is_admin. This key is deprecated. Please update your policy file to use the standard policy values.
Jan 17 15:07:13.063728 dv-cinder-799871-12-iscsi devstack@c-api.service[109609]: warnings.warn('Policy enforcement is depending on the value of '
Jan 17 15:07:13.078584 dv-cinder-799871-12-iscsi devstack@c-api.service[109609]: INFO cinder.api.openstack.wsgi [None req-61d58cc2-e965-4e31-9da2-7ce82f459c9c tempest-GroupSnapshotsTest-2000997030 tempest-GroupSnapshotsTest-2000997030-project] http://10.222.0.84/volume/v3/f093a292dc0d4e6aa54955a56f9a63a1/volumes/detail returned with HTTP 200
Jan 17 15:07:13.090028 dv-cinder-799871-12-iscsi devstack@c-api.service[109609]: [pid: 109609|app: 0|req: 154/320] 10.222.0.84 () {60 vars in 1275 bytes} [Mon Jan 17 15:07:12 2022] GET /volume/v3/f093a292dc0d4e6aa54955a56f9a63a1/volumes/detail => generated 1004 bytes in 104 msecs (HTTP/1.1 200) 7 headers in 287 bytes (1 switches on core 0)
Jan 17 15:07:13.095189 dv-cinder-799871-12-iscsi devstack@c-api.service[109608]: INFO cinder.api.openstack.wsgi [None req-ab59e2ca-a65a-4919-a382-e0271ff9cfd0 tempest-GroupSnapshotsTest-2000997030 tempest-GroupSnapshotsTest-2000997030-project] POST http://10.222.0.84/volume/v3/f093a292dc0d4e6aa54955a56f9a63a1/groups/31a2069e-39f4-42f8-a444-50da0908533d/action
Jan 17 15:07:13.095971 dv-cinder-799871-12-iscsi devstack@c-api.service[109608]: DEBUG cinder.api.openstack.wsgi [None req-ab59e2ca-a65a-4919-a382-e0271ff9cfd0 tempest-GroupSnapshotsTest-2000997030 tempest-GroupSnapshotsTest-2000997030-project] Action body: b'{"delete": {"delete-volumes": true}}' {{(pid=109608) get_method /opt/stack/cinder/cinder/api/openstack/wsgi.py:983}}
Jan 17 15:07:13.096677 dv-cinder-799871-12-iscsi devstack@c-api.service[109608]: DEBUG cinder.api.openstack.wsgi [None req-ab59e2ca-a65a-4919-a382-e0271ff9cfd0 tempest-GroupSnapshotsTest-2000997030 tempest-GroupSnapshotsTest-2000997030-project] Action: 'action', calling method: delete_group, body: {"delete": {"delete-volumes": true}} {{(pid=109608) _process_stack /opt/stack/cinder/cinder/api/openstack/wsgi.py:866}}
Jan 17 15:07:13.097751 dv-cinder-799871-12-iscsi devstack@c-api.service[109608]: DEBUG cinder.api.v3.groups [None req-ab59e2ca-a65a-4919-a382-e0271ff9cfd0 tempest-GroupSnapshotsTest-2000997030 tempest-GroupSnapshotsTest-2000997030-project] delete called for group 31a2069e-39f4-42f8-a444-50da0908533d {{(pid=109608) _delete /opt/stack/cinder/cinder/api/v3/groups.py:117}}
Jan 17 15:07:13.098035 dv-cinder-799871-12-iscsi devstack@c-api.service[109608]: INFO cinder.api.v3.groups [None req-ab59e2ca-a65a-4919-a382-e0271ff9cfd0 tempest-GroupSnapshotsTest-2000997030 tempest-GroupSnapshotsTest-2000997030-project] Delete group with id: 31a2069e-39f4-42f8-a444-50da0908533d
Jan 17 15:07:13.103799 dv-cinder-799871-12-iscsi devstack@c-api.service[109608]: /usr/local/lib/python3.8/dist-packages/oslo_context/context.py:105: DeprecationWarning: Policy enforcement is depending on the value of is_admin. This key is deprecated. Please update your policy file to use the standard policy values.
Jan 17 15:07:13.103799 dv-cinder-799871-12-iscsi devstack@c-api.service[109608]: warnings.warn('Policy enforcement is depending on the value of '
Jan 17 15:07:13.165886 dv-cinder-799871-12-iscsi devstack@c-api.service[109608]: INFO cinder.api.openstack.wsgi [None req-ab59e2ca-a65a-4919-a382-e0271ff9cfd0 tempest-GroupSnapshotsTest-2000997030 tempest-GroupSnapshotsTest-2000997030-project] http://10.222.0.84/volume/v3/f093a292dc0d4e6aa54955a56f9a63a1/groups/31a2069e-39f4-42f8-a444-50da0908533d/action returned with HTTP 202
Jan 17 15:07:13.167470 dv-cinder-799871-12-iscsi devstack@c-api.service[109608]: [pid: 109608|app: 0|req: 167/321] 10.222.0.84 () {62 vars in 1404 bytes} [Mon Jan 17 15:07:13 2022] POST /volume/v3/f093a292dc0d4e6aa54955a56f9a63a1/groups/31a2069e-39f4-42f8-a444-50da0908533d/action => generated 0 bytes in 76 msecs (HTTP/1.1 202) 6 headers in 234 bytes (1 switches on core 0)
Jan 17 15:07:13.174839 dv-cinder-799871-12-iscsi devstack@c-api.service[109609]: INFO cinder.api.openstack.wsgi [None req-dd487545-a6a4-48f9-8cd6-294dcd8b410c tempest-GroupSnapshotsTest-2000997030 tempest-GroupSnapshotsTest-2000997030-project] GET http://10.222.0.84/volume/v3/f093a292dc0d4e6aa54955a56f9a63a1/volumes/4d23ad50-96de-4f75-aee3-21cdd6d71123
Jan 17 15:07:13.175626 dv-cinder-799871-12-iscsi devstack@c-api.service[109609]: DEBUG cinder.api.openstack.wsgi [None req-dd487545-a6a4-48f9-8cd6-294dcd8b410c tempest-GroupSnapshotsTest-2000997030 tempest-GroupSnapshotsTest-2000997030-project] Empty body provided in request {{(pid=109609) get_body /opt/stack/cinder/cinder/api/openstack/wsgi.py:715}}
Jan 17 15:07:13.176174 dv-cinder-799871-12-iscsi devstack@c-api.service[109609]: DEBUG cinder.api.openstack.wsgi [None req-dd487545-a6a4-48f9-8cd6-294dcd8b410c tempest-GroupSnapshotsTest-2000997030 tempest-GroupSnapshotsTest-2000997030-project] Calling method 'show' {{(pid=109609) _process_stack /opt/stack/cinder/cinder/api/openstack/wsgi.py:868}}
Jan 17 15:07:13.194949 dv-cinder-799871-12-iscsi devstack@c-api.service[109609]: /usr/local/lib/python3.8/dist-packages/oslo_context/context.py:105: DeprecationWarning: Policy enforcement is depending on the value of is_admin. This key is deprecated. Please update your policy file to use the standard policy values.
Jan 17 15:07:13.194949 dv-cinder-799871-12-iscsi devstack@c-api.service[109609]: warnings.warn('Policy enforcement is depending on the value of '
Jan 17 15:07:13.203367 dv-cinder-799871-12-iscsi devstack@c-api.service[109609]: INFO cinder.volume.api [None req-dd487545-a6a4-48f9-8cd6-294dcd8b410c tempest-GroupSnapshotsTest-2000997030 tempest-GroupSnapshotsTest-2000997030-project] Volume info retrieved successfully.
Jan 17 15:07:13.204940 dv-cinder-799871-12-iscsi devstack@c-api.service[109609]: WARNING stevedore.named [None req-dd487545-a6a4-48f9-8cd6-294dcd8b410c tempest-GroupSnapshotsTest-2000997030 tempest-GroupSnapshotsTest-2000997030-project] Could not load cinder.keymgr.conf_key_mgr.ConfKeyManager
Jan 17 15:07:13.205181 dv-cinder-799871-12-iscsi devstack@c-api.service[109609]: WARNING castellan.key_manager [None req-dd487545-a6a4-48f9-8cd6-294dcd8b410c tempest-GroupSnapshotsTest-2000997030 tempest-GroupSnapshotsTest-2000997030-project] Deprecation Warning : cinder.keymgr.conf_key_mgr.ConfKeyManager is not a stevedore based driver, trying to load it as a class: stevedore.exception.NoMatches: No 'castellan.drivers' driver found, looking for 'cinder.keymgr.conf_key_mgr.ConfKeyManager'
Jan 17 15:07:13.209137 dv-cinder-799871-12-iscsi devstack@c-api.service[109608]: INFO cinder.api.openstack.wsgi [None req-8fa44bfc-3706-40fd-841f-1fde4eceb91e tempest-VolumeTypesTest-545210872 tempest-VolumeTypesTest-545210872-project] GET http://10.222.0.84/volume/v3/46693fd549d44d879392dd359d5d3ce8/volumes/ef4b4a89-b4c3-44a1-8ecb-1d44c2fa8765
Jan 17 15:07:13.209587 dv-cinder-799871-12-iscsi devstack@c-api.service[109608]: DEBUG cinder.api.openstack.wsgi [None req-8fa44bfc-3706-40fd-841f-1fde4eceb91e tempest-VolumeTypesTest-545210872 tempest-VolumeTypesTest-545210872-project] Empty body provided in request {{(pid=109608) get_body /opt/stack/cinder/cinder/api/openstack/wsgi.py:715}}
Jan 17 15:07:13.210065 dv-cinder-799871-12-iscsi devstack@c-api.service[109608]: DEBUG cinder.api.openstack.wsgi [None req-8fa44bfc-3706-40fd-841f-1fde4eceb91e tempest-VolumeTypesTest-545210872 tempest-VolumeTypesTest-545210872-project] Calling method 'show' {{(pid=109608) _process_stack /opt/stack/cinder/cinder/api/openstack/wsgi.py:868}}
Jan 17 15:07:13.213023 dv-cinder-799871-12-iscsi devstack@c-api.service[109609]: DEBUG oslo_db.sqlalchemy.engines [None req-dd487545-a6a4-48f9-8cd6-294dcd8b410c tempest-GroupSnapshotsTest-2000997030 tempest-GroupSnapshotsTest-2000997030-project] MySQL server mode set to STRICT_TRANS_TABLES,STRICT_ALL_TABLES,NO_ZERO_IN_DATE,NO_ZERO_DATE,ERROR_FOR_DIVISION_BY_ZERO,TRADITIONAL,NO_ENGINE_SUBSTITUTION {{(pid=109609) _check_effective_sql_mode /usr/local/lib/python3.8/dist-packages/oslo_db/sqlalchemy/engines.py:314}}
Jan 17 15:07:13.221548 dv-cinder-799871-12-iscsi devstack@c-api.service[109609]: /usr/local/lib/python3.8/dist-packages/oslo_context/context.py:105: DeprecationWarning: Policy enforcement is depending on the value of is_admin. This key is deprecated. Please update your policy file to use the standard policy values.
Jan 17 15:07:13.221548 dv-cinder-799871-12-iscsi devstack@c-api.service[109609]: warnings.warn('Policy enforcement is depending on the value of '
Jan 17 15:07:13.225769 dv-cinder-799871-12-iscsi devstack@c-api.service[109608]: /usr/local/lib/python3.8/dist-packages/oslo_context/context.py:105: DeprecationWarning: Policy enforcement is depending on the value of is_admin. This key is deprecated. Please update your policy file to use the standard policy values.
Jan 17 15:07:13.225769 dv-cinder-799871-12-iscsi devstack@c-api.service[109608]: warnings.warn('Policy enforcement is depending on the value of '
Jan 17 15:07:13.233704 dv-cinder-799871-12-iscsi devstack@c-api.service[109608]: INFO cinder.volume.api [None req-8fa44bfc-3706-40fd-841f-1fde4eceb91e tempest-VolumeTypesTest-545210872 tempest-VolumeTypesTest-545210872-project] Volume info retrieved successfully.
Jan 17 15:07:13.235602 dv-cinder-799871-12-iscsi devstack@c-api.service[109609]: INFO cinder.api.openstack.wsgi [None req-dd487545-a6a4-48f9-8cd6-294dcd8b410c tempest-GroupSnapshotsTest-2000997030 tempest-GroupSnapshotsTest-2000997030-project] http://10.222.0.84/volume/v3/f093a292dc0d4e6aa54955a56f9a63a1/volumes/4d23ad50-96de-4f75-aee3-21cdd6d71123 returned with HTTP 200
Jan 17 15:07:13.236598 dv-cinder-799871-12-iscsi devstack@c-api.service[109609]: [pid: 109609|app: 0|req: 155/322] 10.222.0.84 () {60 vars in 1365 bytes} [Mon Jan 17 15:07:13 2022] GET /volume/v3/f093a292dc0d4e6aa54955a56f9a63a1/volumes/4d23ad50-96de-4f75-aee3-21cdd6d71123 => generated 1000 bytes in 66 msecs (HTTP/1.1 200) 7 headers in 287 bytes (1 switches on core 0)
Jan 17 15:07:13.247470 dv-cinder-799871-12-iscsi devstack@c-api.service[109608]: INFO cinder.api.openstack.wsgi [None req-8fa44bfc-3706-40fd-841f-1fde4eceb91e tempest-VolumeTypesTest-545210872 tempest-VolumeTypesTest-545210872-project] http://10.222.0.84/volume/v3/46693fd549d44d879392dd359d5d3ce8/volumes/ef4b4a89-b4c3-44a1-8ecb-1d44c2fa8765 returned with HTTP 200
Jan 17 15:07:13.248196 dv-cinder-799871-12-iscsi devstack@c-api.service[109608]: [pid: 109608|app: 0|req: 168/323] 10.222.0.84 () {58 vars in 1324 bytes} [Mon Jan 17 15:07:13 2022] GET /volume/v3/46693fd549d44d879392dd359d5d3ce8/volumes/ef4b4a89-b4c3-44a1-8ecb-1d44c2fa8765 => generated 942 bytes in 43 msecs (HTTP/1.1 200) 7 headers in 285 bytes (2 switches on core 0)
Jan 17 15:07:13.262175 dv-cinder-799871-12-iscsi devstack@c-api.service[109609]: INFO cinder.api.openstack.wsgi [None req-ad356318-d94c-413a-800b-eaed0e984264 tempest-VolumeTypesTest-545210872 tempest-VolumeTypesTest-545210872-project] POST http://10.222.0.84/volume/v3/46693fd549d44d879392dd359d5d3ce8/volumes/ef4b4a89-b4c3-44a1-8ecb-1d44c2fa8765/action
Jan 17 15:07:13.263074 dv-cinder-799871-12-iscsi devstack@c-api.service[109609]: DEBUG cinder.api.openstack.wsgi [None req-ad356318-d94c-413a-800b-eaed0e984264 tempest-VolumeTypesTest-545210872 tempest-VolumeTypesTest-545210872-project] Action body: b'{"os-retype": {"new_type": "c07d13cf-ba04-4026-9f81-c8ef2ae7601e"}}' {{(pid=109609) get_method /opt/stack/cinder/cinder/api/openstack/wsgi.py:983}}
Jan 17 15:07:13.263436 dv-cinder-799871-12-iscsi devstack@c-api.service[109609]: DEBUG cinder.api.openstack.wsgi [None req-ad356318-d94c-413a-800b-eaed0e984264 tempest-VolumeTypesTest-545210872 tempest-VolumeTypesTest-545210872-project] Action: 'action', calling method: _retype, body: {"os-retype": {"new_type": "c07d13cf-ba04-4026-9f81-c8ef2ae7601e"}} {{(pid=109609) _process_stack /opt/stack/cinder/cinder/api/openstack/wsgi.py:866}}
Jan 17 15:07:13.279821 dv-cinder-799871-12-iscsi devstack@c-api.service[109609]: /usr/local/lib/python3.8/dist-packages/oslo_context/context.py:105: DeprecationWarning: Policy enforcement is depending on the value of is_admin. This key is deprecated. Please update your policy file to use the standard policy values.
Jan 17 15:07:13.279821 dv-cinder-799871-12-iscsi devstack@c-api.service[109609]: warnings.warn('Policy enforcement is depending on the value of '
Jan 17 15:07:13.282049 dv-cinder-799871-12-iscsi devstack@c-api.service[109609]: INFO cinder.volume.api [None req-ad356318-d94c-413a-800b-eaed0e984264 tempest-VolumeTypesTest-545210872 tempest-VolumeTypesTest-545210872-project] Volume info retrieved successfully.
Jan 17 15:07:13.314814 dv-cinder-799871-12-iscsi devstack@c-api.service[109609]: WARNING cinder.quota [None req-ad356318-d94c-413a-800b-eaed0e984264 tempest-VolumeTypesTest-545210872 tempest-VolumeTypesTest-545210872-project] Deprecated: Default quota for resource: volumes_tempest-VolumeTypesTest-volume-type-1321468829 is set by the default quota flag: quota_volumes_tempest-VolumeTypesTest-volume-type-1321468829, it is now deprecated. Please use the default quota class for default quota.
Jan 17 15:07:13.315802 dv-cinder-799871-12-iscsi devstack@c-api.service[109609]: WARNING cinder.quota [None req-ad356318-d94c-413a-800b-eaed0e984264 tempest-VolumeTypesTest-545210872 tempest-VolumeTypesTest-545210872-project] Deprecated: Default quota for resource: gigabytes_tempest-VolumeTypesTest-volume-type-1321468829 is set by the default quota flag: quota_gigabytes_tempest-VolumeTypesTest-volume-type-1321468829, it is now deprecated. Please use the default quota class for default quota.
Jan 17 15:07:13.347388 dv-cinder-799871-12-iscsi devstack@c-api.service[109609]: DEBUG cinder.quota [None req-ad356318-d94c-413a-800b-eaed0e984264 tempest-VolumeTypesTest-545210872 tempest-VolumeTypesTest-545210872-project] Created reservations ['e40f3186-5eef-4714-a7ac-9b7796339d5c', '59c36580-2f4a-47c2-9a07-897dab332773'] {{(pid=109609) reserve /opt/stack/cinder/cinder/quota.py:755}}
Jan 17 15:07:13.366437 dv-cinder-799871-12-iscsi devstack@c-api.service[109609]: WARNING cinder.quota [None req-ad356318-d94c-413a-800b-eaed0e984264 tempest-VolumeTypesTest-545210872 tempest-VolumeTypesTest-545210872-project] Deprecated: Default quota for resource: volumes_tempest-VolumeTypesTest-volume-type-999069133 is set by the default quota flag: quota_volumes_tempest-VolumeTypesTest-volume-type-999069133, it is now deprecated. Please use the default quota class for default quota.
Jan 17 15:07:13.367187 dv-cinder-799871-12-iscsi devstack@c-api.service[109609]: WARNING cinder.quota [None req-ad356318-d94c-413a-800b-eaed0e984264 tempest-VolumeTypesTest-545210872 tempest-VolumeTypesTest-545210872-project] Deprecated: Default quota for resource: gigabytes_tempest-VolumeTypesTest-volume-type-999069133 is set by the default quota flag: quota_gigabytes_tempest-VolumeTypesTest-volume-type-999069133, it is now deprecated. Please use the default quota class for default quota.
Jan 17 15:07:13.381886 dv-cinder-799871-12-iscsi devstack@c-api.service[109609]: DEBUG cinder.quota [None req-ad356318-d94c-413a-800b-eaed0e984264 tempest-VolumeTypesTest-545210872 tempest-VolumeTypesTest-545210872-project] Created reservations ['c7de9e4d-a1c8-4e28-98b8-843d964f8f14', 'ae2ddbe0-339a-4452-a2f7-717fa1222dc2'] {{(pid=109609) reserve /opt/stack/cinder/cinder/quota.py:755}}
Jan 17 15:07:13.389288 dv-cinder-799871-12-iscsi devstack@c-api.service[109609]: /opt/stack/cinder/cinder/db/sqlalchemy/api.py:2733: SADeprecationWarning: The SelectBase.as_scalar() method is deprecated and will be removed in a future release. Please refer to SelectBase.scalar_subquery(). (deprecated since: 1.4)
Jan 17 15:07:13.389288 dv-cinder-799871-12-iscsi devstack@c-api.service[109609]: models.VolumeType.qos_specs_id == q.as_scalar())),
Jan 17 15:07:13.415244 dv-cinder-799871-12-iscsi devstack@c-api.service[109608]: INFO cinder.api.openstack.wsgi [None req-0f1c91ff-ec7e-4035-b2d3-ffa4c7c27d1b tempest-SnapshotsActionsTest-1064008318 tempest-SnapshotsActionsTest-1064008318-project] GET http://10.222.0.84/volume/v3/f320059870ec4c7f90d72b7b69fb9e46/snapshots/6f4baed4-adb2-4c17-8a3c-b2362b68556e
Jan 17 15:07:13.415712 dv-cinder-799871-12-iscsi devstack@c-api.service[109608]: DEBUG cinder.api.openstack.wsgi [None req-0f1c91ff-ec7e-4035-b2d3-ffa4c7c27d1b tempest-SnapshotsActionsTest-1064008318 tempest-SnapshotsActionsTest-1064008318-project] Empty body provided in request {{(pid=109608) get_body /opt/stack/cinder/cinder/api/openstack/wsgi.py:715}}
Jan 17 15:07:13.416228 dv-cinder-799871-12-iscsi devstack@c-api.service[109608]: DEBUG cinder.api.openstack.wsgi [None req-0f1c91ff-ec7e-4035-b2d3-ffa4c7c27d1b tempest-SnapshotsActionsTest-1064008318 tempest-SnapshotsActionsTest-1064008318-project] Calling method 'show' {{(pid=109608) _process_stack /opt/stack/cinder/cinder/api/openstack/wsgi.py:868}}
Jan 17 15:07:13.424381 dv-cinder-799871-12-iscsi devstack@c-api.service[109608]: INFO cinder.api.openstack.wsgi [None req-0f1c91ff-ec7e-4035-b2d3-ffa4c7c27d1b tempest-SnapshotsActionsTest-1064008318 tempest-SnapshotsActionsTest-1064008318-project] http://10.222.0.84/volume/v3/f320059870ec4c7f90d72b7b69fb9e46/snapshots/6f4baed4-adb2-4c17-8a3c-b2362b68556e returned with HTTP 404
Jan 17 15:07:13.425255 dv-cinder-799871-12-iscsi devstack@c-api.service[109608]: [pid: 109608|app: 0|req: 169/324] 10.222.0.84 () {58 vars in 1330 bytes} [Mon Jan 17 15:07:13 2022] GET /volume/v3/f320059870ec4c7f90d72b7b69fb9e46/snapshots/6f4baed4-adb2-4c17-8a3c-b2362b68556e => generated 111 bytes in 14 msecs (HTTP/1.1 404) 7 headers in 292 bytes (1 switches on core 0)
Jan 17 15:07:13.433190 dv-cinder-799871-12-iscsi devstack@c-api.service[109608]: INFO cinder.api.openstack.wsgi [None req-5b93d82a-d134-486b-bb1c-e8f360e6ae3f tempest-SnapshotsActionsTest-1559789859 tempest-SnapshotsActionsTest-1559789859-project-admin] POST http://10.222.0.84/volume/v3/cf41745d87744a2aa32439e26f32b40d/snapshots/8eef04e5-c3cd-486b-aad9-77a3ac5a7aaf/action
Jan 17 15:07:13.433966 dv-cinder-799871-12-iscsi devstack@c-api.service[109608]: DEBUG cinder.api.openstack.wsgi [None req-5b93d82a-d134-486b-bb1c-e8f360e6ae3f tempest-SnapshotsActionsTest-1559789859 tempest-SnapshotsActionsTest-1559789859-project-admin] Action body: b'{"os-reset_status": {"status": "available"}}' {{(pid=109608) get_method /opt/stack/cinder/cinder/api/openstack/wsgi.py:983}}
Jan 17 15:07:13.434392 dv-cinder-799871-12-iscsi devstack@c-api.service[109608]: DEBUG cinder.api.openstack.wsgi [None req-5b93d82a-d134-486b-bb1c-e8f360e6ae3f tempest-SnapshotsActionsTest-1559789859 tempest-SnapshotsActionsTest-1559789859-project-admin] Action: 'action', calling method: _reset_status, body: {"os-reset_status": {"status": "available"}} {{(pid=109608) _process_stack /opt/stack/cinder/cinder/api/openstack/wsgi.py:866}}
Jan 17 15:07:13.435975 dv-cinder-799871-12-iscsi devstack@c-api.service[109608]: DEBUG cinder.api.contrib.admin_actions [None req-5b93d82a-d134-486b-bb1c-e8f360e6ae3f tempest-SnapshotsActionsTest-1559789859 tempest-SnapshotsActionsTest-1559789859-project-admin] Updating snapshot '8eef04e5-c3cd-486b-aad9-77a3ac5a7aaf' with '{'status': 'available'}' {{(pid=109608) _reset_status /opt/stack/cinder/cinder/api/contrib/admin_actions.py:100}}
Jan 17 15:07:13.442469 dv-cinder-799871-12-iscsi devstack@c-api.service[109609]: INFO cinder.volume.api [None req-ad356318-d94c-413a-800b-eaed0e984264 tempest-VolumeTypesTest-545210872 tempest-VolumeTypesTest-545210872-project] Retype volume request issued successfully.
Jan 17 15:07:13.443229 dv-cinder-799871-12-iscsi devstack@c-api.service[109609]: INFO cinder.api.openstack.wsgi [None req-ad356318-d94c-413a-800b-eaed0e984264 tempest-VolumeTypesTest-545210872 tempest-VolumeTypesTest-545210872-project] http://10.222.0.84/volume/v3/46693fd549d44d879392dd359d5d3ce8/volumes/ef4b4a89-b4c3-44a1-8ecb-1d44c2fa8765/action returned with HTTP 202
Jan 17 15:07:13.444234 dv-cinder-799871-12-iscsi devstack@c-api.service[109609]: [pid: 109609|app: 0|req: 156/325] 10.222.0.84 () {60 vars in 1366 bytes} [Mon Jan 17 15:07:13 2022] POST /volume/v3/46693fd549d44d879392dd359d5d3ce8/volumes/ef4b4a89-b4c3-44a1-8ecb-1d44c2fa8765/action => generated 0 bytes in 186 msecs (HTTP/1.1 202) 7 headers in 289 bytes (1 switches on core 0)
Jan 17 15:07:13.452901 dv-cinder-799871-12-iscsi devstack@c-api.service[109609]: INFO cinder.api.openstack.wsgi [None req-e0155756-b6c0-4b5f-8c1d-dff18fb39df0 tempest-VolumeTypesTest-545210872 tempest-VolumeTypesTest-545210872-project] GET http://10.222.0.84/volume/v3/46693fd549d44d879392dd359d5d3ce8/volumes/ef4b4a89-b4c3-44a1-8ecb-1d44c2fa8765
Jan 17 15:07:13.453685 dv-cinder-799871-12-iscsi devstack@c-api.service[109609]: DEBUG cinder.api.openstack.wsgi [None req-e0155756-b6c0-4b5f-8c1d-dff18fb39df0 tempest-VolumeTypesTest-545210872 tempest-VolumeTypesTest-545210872-project] Empty body provided in request {{(pid=109609) get_body /opt/stack/cinder/cinder/api/openstack/wsgi.py:715}}
Jan 17 15:07:13.454390 dv-cinder-799871-12-iscsi devstack@c-api.service[109609]: DEBUG cinder.api.openstack.wsgi [None req-e0155756-b6c0-4b5f-8c1d-dff18fb39df0 tempest-VolumeTypesTest-545210872 tempest-VolumeTypesTest-545210872-project] Calling method 'show' {{(pid=109609) _process_stack /opt/stack/cinder/cinder/api/openstack/wsgi.py:868}}
Jan 17 15:07:13.458009 dv-cinder-799871-12-iscsi devstack@c-api.service[109608]: /usr/local/lib/python3.8/dist-packages/oslo_context/context.py:105: DeprecationWarning: Policy enforcement is depending on the value of is_admin. This key is deprecated. Please update your policy file to use the standard policy values.
Jan 17 15:07:13.458009 dv-cinder-799871-12-iscsi devstack@c-api.service[109608]: warnings.warn('Policy enforcement is depending on the value of '
Jan 17 15:07:13.472023 dv-cinder-799871-12-iscsi devstack@c-api.service[109609]: /usr/local/lib/python3.8/dist-packages/oslo_context/context.py:105: DeprecationWarning: Policy enforcement is depending on the value of is_admin. This key is deprecated. Please update your policy file to use the standard policy values.
Jan 17 15:07:13.472023 dv-cinder-799871-12-iscsi devstack@c-api.service[109609]: warnings.warn('Policy enforcement is depending on the value of '
Jan 17 15:07:13.477514 dv-cinder-799871-12-iscsi devstack@c-api.service[109608]: INFO cinder.api.openstack.wsgi [None req-5b93d82a-d134-486b-bb1c-e8f360e6ae3f tempest-SnapshotsActionsTest-1559789859 tempest-SnapshotsActionsTest-1559789859-project-admin] http://10.222.0.84/volume/v3/cf41745d87744a2aa32439e26f32b40d/snapshots/8eef04e5-c3cd-486b-aad9-77a3ac5a7aaf/action returned with HTTP 202
Jan 17 15:07:13.478272 dv-cinder-799871-12-iscsi devstack@c-api.service[109608]: [pid: 109608|app: 0|req: 170/326] 10.222.0.84 () {60 vars in 1372 bytes} [Mon Jan 17 15:07:13 2022] POST /volume/v3/cf41745d87744a2aa32439e26f32b40d/snapshots/8eef04e5-c3cd-486b-aad9-77a3ac5a7aaf/action => generated 0 bytes in 49 msecs (HTTP/1.1 202) 7 headers in 289 bytes (2 switches on core 0)
Jan 17 15:07:13.481587 dv-cinder-799871-12-iscsi devstack@c-api.service[109609]: INFO cinder.volume.api [None req-e0155756-b6c0-4b5f-8c1d-dff18fb39df0 tempest-VolumeTypesTest-545210872 tempest-VolumeTypesTest-545210872-project] Volume info retrieved successfully.
Jan 17 15:07:13.486289 dv-cinder-799871-12-iscsi devstack@c-api.service[109608]: INFO cinder.api.openstack.wsgi [None req-ab7f6dec-814c-4af6-87ee-6429d922fb3b tempest-SnapshotsActionsTest-1064008318 tempest-SnapshotsActionsTest-1064008318-project] GET http://10.222.0.84/volume/v3/f320059870ec4c7f90d72b7b69fb9e46/snapshots/8eef04e5-c3cd-486b-aad9-77a3ac5a7aaf
Jan 17 15:07:13.486897 dv-cinder-799871-12-iscsi devstack@c-api.service[109608]: DEBUG cinder.api.openstack.wsgi [None req-ab7f6dec-814c-4af6-87ee-6429d922fb3b tempest-SnapshotsActionsTest-1064008318 tempest-SnapshotsActionsTest-1064008318-project] Empty body provided in request {{(pid=109608) get_body /opt/stack/cinder/cinder/api/openstack/wsgi.py:715}}
Jan 17 15:07:13.487567 dv-cinder-799871-12-iscsi devstack@c-api.service[109608]: DEBUG cinder.api.openstack.wsgi [None req-ab7f6dec-814c-4af6-87ee-6429d922fb3b tempest-SnapshotsActionsTest-1064008318 tempest-SnapshotsActionsTest-1064008318-project] Calling method 'show' {{(pid=109608) _process_stack /opt/stack/cinder/cinder/api/openstack/wsgi.py:868}}
Jan 17 15:07:13.488944 dv-cinder-799871-12-iscsi devstack@c-api.service[109609]: INFO cinder.api.openstack.wsgi [None req-e0155756-b6c0-4b5f-8c1d-dff18fb39df0 tempest-VolumeTypesTest-545210872 tempest-VolumeTypesTest-545210872-project] http://10.222.0.84/volume/v3/46693fd549d44d879392dd359d5d3ce8/volumes/ef4b4a89-b4c3-44a1-8ecb-1d44c2fa8765 returned with HTTP 200
Jan 17 15:07:13.489656 dv-cinder-799871-12-iscsi devstack@c-api.service[109609]: [pid: 109609|app: 0|req: 157/327] 10.222.0.84 () {58 vars in 1324 bytes} [Mon Jan 17 15:07:13 2022] GET /volume/v3/46693fd549d44d879392dd359d5d3ce8/volumes/ef4b4a89-b4c3-44a1-8ecb-1d44c2fa8765 => generated 941 bytes in 42 msecs (HTTP/1.1 200) 7 headers in 285 bytes (2 switches on core 0)
Jan 17 15:07:13.503632 dv-cinder-799871-12-iscsi devstack@c-api.service[109608]: /usr/local/lib/python3.8/dist-packages/oslo_context/context.py:105: DeprecationWarning: Policy enforcement is depending on the value of is_admin. This key is deprecated. Please update your policy file to use the standard policy values.
Jan 17 15:07:13.503632 dv-cinder-799871-12-iscsi devstack@c-api.service[109608]: warnings.warn('Policy enforcement is depending on the value of '
Jan 17 15:07:13.504682 dv-cinder-799871-12-iscsi devstack@c-api.service[109608]: INFO cinder.volume.api [None req-ab7f6dec-814c-4af6-87ee-6429d922fb3b tempest-SnapshotsActionsTest-1064008318 tempest-SnapshotsActionsTest-1064008318-project] Snapshot retrieved successfully.
Jan 17 15:07:13.506599 dv-cinder-799871-12-iscsi devstack@c-api.service[109608]: INFO cinder.api.openstack.wsgi [None req-ab7f6dec-814c-4af6-87ee-6429d922fb3b tempest-SnapshotsActionsTest-1064008318 tempest-SnapshotsActionsTest-1064008318-project] http://10.222.0.84/volume/v3/f320059870ec4c7f90d72b7b69fb9e46/snapshots/8eef04e5-c3cd-486b-aad9-77a3ac5a7aaf returned with HTTP 200
Jan 17 15:07:13.507388 dv-cinder-799871-12-iscsi devstack@c-api.service[109608]: [pid: 109608|app: 0|req: 171/328] 10.222.0.84 () {58 vars in 1330 bytes} [Mon Jan 17 15:07:13 2022] GET /volume/v3/f320059870ec4c7f90d72b7b69fb9e46/snapshots/8eef04e5-c3cd-486b-aad9-77a3ac5a7aaf => generated 466 bytes in 25 msecs (HTTP/1.1 200) 7 headers in 285 bytes (1 switches on core 0)
Jan 17 15:07:13.520264 dv-cinder-799871-12-iscsi devstack@c-api.service[109609]: INFO cinder.api.openstack.wsgi [None req-712f767e-2be9-4100-90af-fbdf860c9675 tempest-SnapshotsActionsTest-1064008318 tempest-SnapshotsActionsTest-1064008318-project] POST http://10.222.0.84/volume/v3/f320059870ec4c7f90d72b7b69fb9e46/snapshots
Jan 17 15:07:13.521016 dv-cinder-799871-12-iscsi devstack@c-api.service[109609]: DEBUG cinder.api.openstack.wsgi [None req-712f767e-2be9-4100-90af-fbdf860c9675 tempest-SnapshotsActionsTest-1064008318 tempest-SnapshotsActionsTest-1064008318-project] Action: 'create', calling method: create, body: {"snapshot": {"volume_id": "c58ee95a-0e4c-4d86-bbbd-1e1f6a549b42", "name": "tempest-SnapshotsActionsTest-Snapshot-1604847027"}} {{(pid=109609) _process_stack /opt/stack/cinder/cinder/api/openstack/wsgi.py:866}}
Jan 17 15:07:13.535889 dv-cinder-799871-12-iscsi devstack@c-api.service[109609]: /usr/local/lib/python3.8/dist-packages/oslo_context/context.py:105: DeprecationWarning: Policy enforcement is depending on the value of is_admin. This key is deprecated. Please update your policy file to use the standard policy values.
Jan 17 15:07:13.535889 dv-cinder-799871-12-iscsi devstack@c-api.service[109609]: warnings.warn('Policy enforcement is depending on the value of '
Jan 17 15:07:13.536996 dv-cinder-799871-12-iscsi devstack@c-api.service[109609]: INFO cinder.volume.api [None req-712f767e-2be9-4100-90af-fbdf860c9675 tempest-SnapshotsActionsTest-1064008318 tempest-SnapshotsActionsTest-1064008318-project] Volume info retrieved successfully.
Jan 17 15:07:13.537296 dv-cinder-799871-12-iscsi devstack@c-api.service[109609]: INFO cinder.api.v3.snapshots [None req-712f767e-2be9-4100-90af-fbdf860c9675 tempest-SnapshotsActionsTest-1064008318 tempest-SnapshotsActionsTest-1064008318-project] Create snapshot from volume c58ee95a-0e4c-4d86-bbbd-1e1f6a549b42
Jan 17 15:07:13.598308 dv-cinder-799871-12-iscsi devstack@c-api.service[109609]: DEBUG cinder.quota [None req-712f767e-2be9-4100-90af-fbdf860c9675 tempest-SnapshotsActionsTest-1064008318 tempest-SnapshotsActionsTest-1064008318-project] Created reservations ['0f189b0d-368e-49be-a1e0-a164a5a10c02', '55a5f3f7-a956-4f53-9d16-847537e9a045', '1161bf43-3e0e-443a-8604-9d760ca32104', '316275c8-8f65-42fd-acdc-7816c1ad8203'] {{(pid=109609) reserve /opt/stack/cinder/cinder/quota.py:755}}
Jan 17 15:07:13.629755 dv-cinder-799871-12-iscsi devstack@c-api.service[109608]: INFO cinder.api.openstack.wsgi [None req-9a09458b-ffd2-45e8-9281-eda6b658843f tempest-VolumesListAdminTestJSON-2099399258 tempest-VolumesListAdminTestJSON-2099399258-project] GET http://10.222.0.84/volume/v3/3fb2d93fa8b64c0697c82d66b6ce42f2/volumes/8c920219-ff83-481d-8caa-ecc8b749aa8c
Jan 17 15:07:13.630406 dv-cinder-799871-12-iscsi devstack@c-api.service[109608]: DEBUG cinder.api.openstack.wsgi [None req-9a09458b-ffd2-45e8-9281-eda6b658843f tempest-VolumesListAdminTestJSON-2099399258 tempest-VolumesListAdminTestJSON-2099399258-project] Empty body provided in request {{(pid=109608) get_body /opt/stack/cinder/cinder/api/openstack/wsgi.py:715}}
Jan 17 15:07:13.630858 dv-cinder-799871-12-iscsi devstack@c-api.service[109608]: DEBUG cinder.api.openstack.wsgi [None req-9a09458b-ffd2-45e8-9281-eda6b658843f tempest-VolumesListAdminTestJSON-2099399258 tempest-VolumesListAdminTestJSON-2099399258-project] Calling method 'show' {{(pid=109608) _process_stack /opt/stack/cinder/cinder/api/openstack/wsgi.py:868}}
Jan 17 15:07:13.647006 dv-cinder-799871-12-iscsi devstack@c-api.service[109608]: /usr/local/lib/python3.8/dist-packages/oslo_context/context.py:105: DeprecationWarning: Policy enforcement is depending on the value of is_admin. This key is deprecated. Please update your policy file to use the standard policy values.
Jan 17 15:07:13.647006 dv-cinder-799871-12-iscsi devstack@c-api.service[109608]: warnings.warn('Policy enforcement is depending on the value of '
Jan 17 15:07:13.654589 dv-cinder-799871-12-iscsi devstack@c-api.service[109609]: INFO cinder.volume.api [None req-712f767e-2be9-4100-90af-fbdf860c9675 tempest-SnapshotsActionsTest-1064008318 tempest-SnapshotsActionsTest-1064008318-project] Snapshot create request issued successfully.
Jan 17 15:07:13.656146 dv-cinder-799871-12-iscsi devstack@c-api.service[109609]: INFO cinder.api.openstack.wsgi [None req-712f767e-2be9-4100-90af-fbdf860c9675 tempest-SnapshotsActionsTest-1064008318 tempest-SnapshotsActionsTest-1064008318-project] http://10.222.0.84/volume/v3/f320059870ec4c7f90d72b7b69fb9e46/snapshots returned with HTTP 202
Jan 17 15:07:13.657154 dv-cinder-799871-12-iscsi devstack@c-api.service[109609]: [pid: 109609|app: 0|req: 158/329] 10.222.0.84 () {60 vars in 1241 bytes} [Mon Jan 17 15:07:13 2022] POST /volume/v3/f320059870ec4c7f90d72b7b69fb9e46/snapshots => generated 307 bytes in 141 msecs (HTTP/1.1 202) 7 headers in 291 bytes (1 switches on core 0)
Jan 17 15:07:13.657766 dv-cinder-799871-12-iscsi devstack@c-api.service[109608]: INFO cinder.volume.api [None req-9a09458b-ffd2-45e8-9281-eda6b658843f tempest-VolumesListAdminTestJSON-2099399258 tempest-VolumesListAdminTestJSON-2099399258-project] Volume info retrieved successfully.
Jan 17 15:07:13.668299 dv-cinder-799871-12-iscsi devstack@c-api.service[109609]: INFO cinder.api.openstack.wsgi [None req-a5082b9b-bba3-4939-ab91-3fe4564211d9 tempest-SnapshotsActionsTest-1064008318 tempest-SnapshotsActionsTest-1064008318-project] GET http://10.222.0.84/volume/v3/f320059870ec4c7f90d72b7b69fb9e46/snapshots/164c44c4-5c05-48f2-b298-5cd7bb0e841a
Jan 17 15:07:13.668895 dv-cinder-799871-12-iscsi devstack@c-api.service[109609]: DEBUG cinder.api.openstack.wsgi [None req-a5082b9b-bba3-4939-ab91-3fe4564211d9 tempest-SnapshotsActionsTest-1064008318 tempest-SnapshotsActionsTest-1064008318-project] Empty body provided in request {{(pid=109609) get_body /opt/stack/cinder/cinder/api/openstack/wsgi.py:715}}
Jan 17 15:07:13.669341 dv-cinder-799871-12-iscsi devstack@c-api.service[109608]: INFO cinder.api.openstack.wsgi [None req-9a09458b-ffd2-45e8-9281-eda6b658843f tempest-VolumesListAdminTestJSON-2099399258 tempest-VolumesListAdminTestJSON-2099399258-project] http://10.222.0.84/volume/v3/3fb2d93fa8b64c0697c82d66b6ce42f2/volumes/8c920219-ff83-481d-8caa-ecc8b749aa8c returned with HTTP 200
Jan 17 15:07:13.669689 dv-cinder-799871-12-iscsi devstack@c-api.service[109609]: DEBUG cinder.api.openstack.wsgi [None req-a5082b9b-bba3-4939-ab91-3fe4564211d9 tempest-SnapshotsActionsTest-1064008318 tempest-SnapshotsActionsTest-1064008318-project] Calling method 'show' {{(pid=109609) _process_stack /opt/stack/cinder/cinder/api/openstack/wsgi.py:868}}
Jan 17 15:07:13.681732 dv-cinder-799871-12-iscsi devstack@c-api.service[109609]: /usr/local/lib/python3.8/dist-packages/oslo_context/context.py:105: DeprecationWarning: Policy enforcement is depending on the value of is_admin. This key is deprecated. Please update your policy file to use the standard policy values.
Jan 17 15:07:13.681732 dv-cinder-799871-12-iscsi devstack@c-api.service[109609]: warnings.warn('Policy enforcement is depending on the value of '
Jan 17 15:07:13.682718 dv-cinder-799871-12-iscsi devstack@c-api.service[109608]: [pid: 109608|app: 0|req: 172/330] 10.222.0.84 () {58 vars in 1324 bytes} [Mon Jan 17 15:07:13 2022] GET /volume/v3/3fb2d93fa8b64c0697c82d66b6ce42f2/volumes/8c920219-ff83-481d-8caa-ecc8b749aa8c => generated 916 bytes in 57 msecs (HTTP/1.1 200) 7 headers in 285 bytes (2 switches on core 0)
Jan 17 15:07:13.682852 dv-cinder-799871-12-iscsi devstack@c-api.service[109609]: INFO cinder.volume.api [None req-a5082b9b-bba3-4939-ab91-3fe4564211d9 tempest-SnapshotsActionsTest-1064008318 tempest-SnapshotsActionsTest-1064008318-project] Snapshot retrieved successfully.
Jan 17 15:07:13.685003 dv-cinder-799871-12-iscsi devstack@c-api.service[109609]: INFO cinder.api.openstack.wsgi [None req-a5082b9b-bba3-4939-ab91-3fe4564211d9 tempest-SnapshotsActionsTest-1064008318 tempest-SnapshotsActionsTest-1064008318-project] http://10.222.0.84/volume/v3/f320059870ec4c7f90d72b7b69fb9e46/snapshots/164c44c4-5c05-48f2-b298-5cd7bb0e841a returned with HTTP 200
Jan 17 15:07:13.687225 dv-cinder-799871-12-iscsi devstack@c-api.service[109608]: INFO cinder.api.openstack.wsgi [None req-36307afb-d8e1-474a-b3ae-1fb7bafda28c tempest-VolumesListAdminTestJSON-2099399258 tempest-VolumesListAdminTestJSON-2099399258-project] GET http://10.222.0.84/volume/v3/3fb2d93fa8b64c0697c82d66b6ce42f2/volumes/8c920219-ff83-481d-8caa-ecc8b749aa8c
Jan 17 15:07:13.687961 dv-cinder-799871-12-iscsi devstack@c-api.service[109608]: DEBUG cinder.api.openstack.wsgi [None req-36307afb-d8e1-474a-b3ae-1fb7bafda28c tempest-VolumesListAdminTestJSON-2099399258 tempest-VolumesListAdminTestJSON-2099399258-project] Empty body provided in request {{(pid=109608) get_body /opt/stack/cinder/cinder/api/openstack/wsgi.py:715}}
Jan 17 15:07:13.688549 dv-cinder-799871-12-iscsi devstack@c-api.service[109608]: DEBUG cinder.api.openstack.wsgi [None req-36307afb-d8e1-474a-b3ae-1fb7bafda28c tempest-VolumesListAdminTestJSON-2099399258 tempest-VolumesListAdminTestJSON-2099399258-project] Calling method 'show' {{(pid=109608) _process_stack /opt/stack/cinder/cinder/api/openstack/wsgi.py:868}}
Jan 17 15:07:13.689804 dv-cinder-799871-12-iscsi devstack@c-api.service[109609]: [pid: 109609|app: 0|req: 159/331] 10.222.0.84 () {58 vars in 1330 bytes} [Mon Jan 17 15:07:13 2022] GET /volume/v3/f320059870ec4c7f90d72b7b69fb9e46/snapshots/164c44c4-5c05-48f2-b298-5cd7bb0e841a => generated 439 bytes in 27 msecs (HTTP/1.1 200) 7 headers in 285 bytes (1 switches on core 0)
Jan 17 15:07:13.703036 dv-cinder-799871-12-iscsi devstack@c-api.service[109608]: /usr/local/lib/python3.8/dist-packages/oslo_context/context.py:105: DeprecationWarning: Policy enforcement is depending on the value of is_admin. This key is deprecated. Please update your policy file to use the standard policy values.
Jan 17 15:07:13.703036 dv-cinder-799871-12-iscsi devstack@c-api.service[109608]: warnings.warn('Policy enforcement is depending on the value of '
Jan 17 15:07:13.711398 dv-cinder-799871-12-iscsi devstack@c-api.service[109608]: INFO cinder.volume.api [None req-36307afb-d8e1-474a-b3ae-1fb7bafda28c tempest-VolumesListAdminTestJSON-2099399258 tempest-VolumesListAdminTestJSON-2099399258-project] Volume info retrieved successfully.
Jan 17 15:07:13.720197 dv-cinder-799871-12-iscsi devstack@c-api.service[109608]: INFO cinder.api.openstack.wsgi [None req-36307afb-d8e1-474a-b3ae-1fb7bafda28c tempest-VolumesListAdminTestJSON-2099399258 tempest-VolumesListAdminTestJSON-2099399258-project] http://10.222.0.84/volume/v3/3fb2d93fa8b64c0697c82d66b6ce42f2/volumes/8c920219-ff83-481d-8caa-ecc8b749aa8c returned with HTTP 200
Jan 17 15:07:13.721020 dv-cinder-799871-12-iscsi devstack@c-api.service[109608]: [pid: 109608|app: 0|req: 173/332] 10.222.0.84 () {58 vars in 1324 bytes} [Mon Jan 17 15:07:13 2022] GET /volume/v3/3fb2d93fa8b64c0697c82d66b6ce42f2/volumes/8c920219-ff83-481d-8caa-ecc8b749aa8c => generated 916 bytes in 38 msecs (HTTP/1.1 200) 7 headers in 285 bytes (1 switches on core 0)
Jan 17 15:07:13.837127 dv-cinder-799871-12-iscsi devstack@c-api.service[109609]: INFO cinder.api.openstack.wsgi [None req-726c422c-afab-4205-9c73-904cfbe02075 tempest-VolumesListAdminTestJSON-1323747334 tempest-VolumesListAdminTestJSON-1323747334-project-admin] POST http://10.222.0.84/volume/v3/37b6a80817454869b099963c8c9eb5f4/volumes
Jan 17 15:07:13.837815 dv-cinder-799871-12-iscsi devstack@c-api.service[109609]: DEBUG cinder.api.openstack.wsgi [None req-726c422c-afab-4205-9c73-904cfbe02075 tempest-VolumesListAdminTestJSON-1323747334 tempest-VolumesListAdminTestJSON-1323747334-project-admin] Action: 'create', calling method: create, body: {"volume": {"size": 1}} {{(pid=109609) _process_stack /opt/stack/cinder/cinder/api/openstack/wsgi.py:866}}
Jan 17 15:07:13.838740 dv-cinder-799871-12-iscsi devstack@c-api.service[109609]: DEBUG cinder.api.v3.volumes [None req-726c422c-afab-4205-9c73-904cfbe02075 tempest-VolumesListAdminTestJSON-1323747334 tempest-VolumesListAdminTestJSON-1323747334-project-admin] Create volume request body: {'volume': {'size': 1}} {{(pid=109609) create /opt/stack/cinder/cinder/api/v3/volumes.py:298}}
Jan 17 15:07:13.839036 dv-cinder-799871-12-iscsi devstack@c-api.service[109609]: INFO cinder.api.v3.volumes [None req-726c422c-afab-4205-9c73-904cfbe02075 tempest-VolumesListAdminTestJSON-1323747334 tempest-VolumesListAdminTestJSON-1323747334-project-admin] Create volume of 1 GB
Jan 17 15:07:13.845242 dv-cinder-799871-12-iscsi devstack@c-api.service[109609]: INFO cinder.volume.api [None req-726c422c-afab-4205-9c73-904cfbe02075 tempest-VolumesListAdminTestJSON-1323747334 tempest-VolumesListAdminTestJSON-1323747334-project-admin] Availability Zones retrieved successfully.
Jan 17 15:07:13.860792 dv-cinder-799871-12-iscsi devstack@c-api.service[109609]: DEBUG cinder.volume.api [None req-726c422c-afab-4205-9c73-904cfbe02075 tempest-VolumesListAdminTestJSON-1323747334 tempest-VolumesListAdminTestJSON-1323747334-project-admin] Flow 'volume_create_api' (10e09157-d959-40ce-8cc1-29ada1f52669) transitioned into state 'RUNNING' from state 'PENDING' {{(pid=109609) _flow_receiver /usr/local/lib/python3.8/dist-packages/taskflow/listeners/logging.py:141}}
Jan 17 15:07:13.863257 dv-cinder-799871-12-iscsi devstack@c-api.service[109609]: DEBUG cinder.volume.api [None req-726c422c-afab-4205-9c73-904cfbe02075 tempest-VolumesListAdminTestJSON-1323747334 tempest-VolumesListAdminTestJSON-1323747334-project-admin] Task 'cinder.volume.flows.api.create_volume.ExtractVolumeRequestTask;volume:create' (3f6b3b1a-ef07-4c4d-b6cd-8e699ce6b2f4) transitioned into state 'RUNNING' from state 'PENDING' {{(pid=109609) _task_receiver /usr/local/lib/python3.8/dist-packages/taskflow/listeners/logging.py:190}}
Jan 17 15:07:13.865354 dv-cinder-799871-12-iscsi devstack@c-api.service[109609]: DEBUG cinder.volume.flows.api.create_volume [None req-726c422c-afab-4205-9c73-904cfbe02075 tempest-VolumesListAdminTestJSON-1323747334 tempest-VolumesListAdminTestJSON-1323747334-project-admin] Validating volume size '1' using validate_int {{(pid=109609) _extract_size /opt/stack/cinder/cinder/volume/flows/api/create_volume.py:225}}
Jan 17 15:07:13.893449 dv-cinder-799871-12-iscsi devstack@c-api.service[109609]: DEBUG cinder.volume.api [None req-726c422c-afab-4205-9c73-904cfbe02075 tempest-VolumesListAdminTestJSON-1323747334 tempest-VolumesListAdminTestJSON-1323747334-project-admin] Task 'cinder.volume.flows.api.create_volume.ExtractVolumeRequestTask;volume:create' (3f6b3b1a-ef07-4c4d-b6cd-8e699ce6b2f4) transitioned into state 'SUCCESS' from state 'RUNNING' with result '{'size': 1, 'snapshot_id': None, 'source_volid': None, 'volume_type': VolumeType(created_at=2022-01-17T14:57:08Z,deleted=False,deleted_at=None,description='Default Volume Type',extra_specs={},id=0f37d7a1-e846-4ff6-938c-16882ae3fbc3,is_public=True,name='__DEFAULT__',projects=[],qos_specs=,qos_specs_id=None,updated_at=2022-01-17T14:57:08Z), 'volume_type_id': '0f37d7a1-e846-4ff6-938c-16882ae3fbc3', 'encryption_key_id': None, 'qos_specs': None, 'consistencygroup_id': None, 'cgsnapshot_id': None, 'group_id': None, 'replication_status': 'disabled', 'refresh_az': False, 'backup_id': None, 'multiattach': False, 'availability_zones': ['nova']}' {{(pid=109609) _task_receiver /usr/local/lib/python3.8/dist-packages/taskflow/listeners/logging.py:178}}
Jan 17 15:07:13.895456 dv-cinder-799871-12-iscsi devstack@c-api.service[109609]: DEBUG cinder.volume.api [None req-726c422c-afab-4205-9c73-904cfbe02075 tempest-VolumesListAdminTestJSON-1323747334 tempest-VolumesListAdminTestJSON-1323747334-project-admin] Task 'cinder.volume.flows.api.create_volume.QuotaReserveTask;volume:create' (909b1fa5-681d-464d-b1ce-cfb989acc70d) transitioned into state 'RUNNING' from state 'PENDING' {{(pid=109609) _task_receiver /usr/local/lib/python3.8/dist-packages/taskflow/listeners/logging.py:190}}
Jan 17 15:07:13.981928 dv-cinder-799871-12-iscsi devstack@c-api.service[109609]: DEBUG cinder.quota [None req-726c422c-afab-4205-9c73-904cfbe02075 tempest-VolumesListAdminTestJSON-1323747334 tempest-VolumesListAdminTestJSON-1323747334-project-admin] Created reservations ['d17732f0-bf66-416e-bc89-74c12423d5bc', 'ecc3de1f-5e42-4341-b335-10be3cbdaf67', 'b2d29f00-8bde-47d7-bdf9-4587460df85a', '4165f6a0-ece1-4bf6-83fc-23eab033350a'] {{(pid=109609) reserve /opt/stack/cinder/cinder/quota.py:755}}
Jan 17 15:07:13.984223 dv-cinder-799871-12-iscsi devstack@c-api.service[109609]: DEBUG cinder.volume.api [None req-726c422c-afab-4205-9c73-904cfbe02075 tempest-VolumesListAdminTestJSON-1323747334 tempest-VolumesListAdminTestJSON-1323747334-project-admin] Task 'cinder.volume.flows.api.create_volume.QuotaReserveTask;volume:create' (909b1fa5-681d-464d-b1ce-cfb989acc70d) transitioned into state 'SUCCESS' from state 'RUNNING' with result '{'reservations': ['d17732f0-bf66-416e-bc89-74c12423d5bc', 'ecc3de1f-5e42-4341-b335-10be3cbdaf67', 'b2d29f00-8bde-47d7-bdf9-4587460df85a', '4165f6a0-ece1-4bf6-83fc-23eab033350a']}' {{(pid=109609) _task_receiver /usr/local/lib/python3.8/dist-packages/taskflow/listeners/logging.py:178}}
Jan 17 15:07:13.986436 dv-cinder-799871-12-iscsi devstack@c-api.service[109609]: DEBUG cinder.volume.api [None req-726c422c-afab-4205-9c73-904cfbe02075 tempest-VolumesListAdminTestJSON-1323747334 tempest-VolumesListAdminTestJSON-1323747334-project-admin] Task 'cinder.volume.flows.api.create_volume.EntryCreateTask;volume:create' (0bacb8b6-d4ca-4e10-94e4-6d4ef970bdc0) transitioned into state 'RUNNING' from state 'PENDING' {{(pid=109609) _task_receiver /usr/local/lib/python3.8/dist-packages/taskflow/listeners/logging.py:190}}
Jan 17 15:07:13.990890 dv-cinder-799871-12-iscsi devstack@c-api.service[109608]: INFO cinder.api.openstack.wsgi [None req-b10eb020-4eaf-422e-90d3-2e6c696fbf22 tempest-VolumeQuotasAdminTestJSON-1883952911 tempest-VolumeQuotasAdminTestJSON-1883952911-project] GET http://10.222.0.84/volume/v3/ae51c076599f4e468fd2022a0d08551e/volumes/5588a1c3-3440-4f46-b27f-4489c9393a19
