Aug 20 07:16:56.713414 dv-cinder-799668-8-smb devstack@n-api.service[108302]: INFO nova.api.openstack.requestlog [None req-733e0cd6-89f0-4469-ad34-a5e72bcd1d15 tempest-DeleteServersTestJSON-783516737 tempest-DeleteServersTestJSON-783516737-project] 10.222.0.54 "POST /compute/v2.1/servers/ade87c48-f8af-48dc-829e-7e7724f7ff21/os-volume_attachments" status: 200 len: 194 microversion: 2.1 time: 0.464996
Aug 20 07:16:56.714320 dv-cinder-799668-8-smb devstack@n-api.service[108302]: [pid: 108302|app: 0|req: 65/111] 10.222.0.54 () {60 vars in 1323 bytes} [Fri Aug 20 07:16:56 2021] POST /compute/v2.1/servers/ade87c48-f8af-48dc-829e-7e7724f7ff21/os-volume_attachments => generated 194 bytes in 467 msecs (HTTP/1.1 200) 9 headers in 357 bytes (2 switches on core 0)
Aug 20 07:16:56.787853 dv-cinder-799668-8-smb devstack@n-api.service[108301]: INFO nova.api.openstack.requestlog [None req-9a7d1fbf-f6f7-411d-86bd-829de4b17d06 tempest-AttachVolumeNegativeTest-1421957875 tempest-AttachVolumeNegativeTest-1421957875-project] 10.222.0.54 "POST /compute/v2.1/servers/2910486c-2f0d-426c-8ddd-bc1a6cff52f4/os-volume_attachments" status: 200 len: 194 microversion: 2.1 time: 0.465988
Aug 20 07:16:56.788929 dv-cinder-799668-8-smb devstack@n-api.service[108301]: [pid: 108301|app: 0|req: 47/112] 10.222.0.54 () {60 vars in 1323 bytes} [Fri Aug 20 07:16:56 2021] POST /compute/v2.1/servers/2910486c-2f0d-426c-8ddd-bc1a6cff52f4/os-volume_attachments => generated 194 bytes in 469 msecs (HTTP/1.1 200) 9 headers in 357 bytes (1 switches on core 0)
Aug 20 07:16:57.135798 dv-cinder-799668-8-smb devstack@n-api.service[108302]: DEBUG nova.api.openstack.wsgi [req-8b238ca4-a9c4-4968-ac71-5cf01485d100 req-df7594ae-1739-4459-a962-129255a98b6b service nova] Action: 'create', calling method: >, body: {"events": [{"server_uuid": "20aa25fb-dd7a-4998-91c7-a24f11b03a8c", "name": "network-vif-plugged", "status": "completed", "tag": "fdb40c25-6781-4903-9b5b-4d53adc1103c"}]} {{(pid=108302) _process_stack /opt/stack/nova/nova/api/openstack/wsgi.py:511}}
Aug 20 07:16:57.137557 dv-cinder-799668-8-smb devstack@n-api.service[108302]: /usr/local/lib/python3.8/dist-packages/oslo_policy/policy.py:1064: UserWarning: Policy os_compute_api:os-server-external-events:create failed scope check. The token used to make the request was project scoped but the policy requires ['system'] scope. This behavior may change in the future where using the intended scope is required
Aug 20 07:16:57.137557 dv-cinder-799668-8-smb devstack@n-api.service[108302]: warnings.warn(msg)
Aug 20 07:16:57.165793 dv-cinder-799668-8-smb devstack@n-api.service[108301]: DEBUG nova.api.openstack.wsgi [None req-e7b5daae-cba6-46f2-8d42-9e84ce22176e tempest-ServerRescueNegativeTestJSON-1467219749 tempest-ServerRescueNegativeTestJSON-1467219749-project] Calling method '>' {{(pid=108301) _process_stack /opt/stack/nova/nova/api/openstack/wsgi.py:513}}
Aug 20 07:16:57.166569 dv-cinder-799668-8-smb devstack@n-api.service[108301]: DEBUG nova.compute.api [None req-e7b5daae-cba6-46f2-8d42-9e84ce22176e tempest-ServerRescueNegativeTestJSON-1467219749 tempest-ServerRescueNegativeTestJSON-1467219749-project] [instance: 20aa25fb-dd7a-4998-91c7-a24f11b03a8c] Fetching instance by UUID {{(pid=108301) get /opt/stack/nova/nova/compute/api.py:2825}}
Aug 20 07:16:57.184588 dv-cinder-799668-8-smb devstack@n-api.service[108302]: DEBUG oslo_concurrency.lockutils [req-8b238ca4-a9c4-4968-ac71-5cf01485d100 req-df7594ae-1739-4459-a962-129255a98b6b service nova] Lock "c1830b7b-bb97-4859-a047-f3ecbe1efb99" acquired by "nova.context.set_target_cell..get_or_set_cached_cell_and_set_connections" :: waited 0.000s {{(pid=108302) inner /usr/local/lib/python3.8/dist-packages/oslo_concurrency/lockutils.py:355}}
Aug 20 07:16:57.189106 dv-cinder-799668-8-smb devstack@n-api.service[108302]: DEBUG oslo_concurrency.lockutils [req-8b238ca4-a9c4-4968-ac71-5cf01485d100 req-df7594ae-1739-4459-a962-129255a98b6b service nova] Lock "c1830b7b-bb97-4859-a047-f3ecbe1efb99" released by "nova.context.set_target_cell..get_or_set_cached_cell_and_set_connections" :: held 0.005s {{(pid=108302) inner /usr/local/lib/python3.8/dist-packages/oslo_concurrency/lockutils.py:367}}
Aug 20 07:16:57.196522 dv-cinder-799668-8-smb devstack@n-api.service[108301]: DEBUG oslo_concurrency.lockutils [None req-e7b5daae-cba6-46f2-8d42-9e84ce22176e tempest-ServerRescueNegativeTestJSON-1467219749 tempest-ServerRescueNegativeTestJSON-1467219749-project] Lock "c1830b7b-bb97-4859-a047-f3ecbe1efb99" acquired by "nova.context.set_target_cell..get_or_set_cached_cell_and_set_connections" :: waited 0.000s {{(pid=108301) inner /usr/local/lib/python3.8/dist-packages/oslo_concurrency/lockutils.py:355}}
Aug 20 07:16:57.196982 dv-cinder-799668-8-smb devstack@n-api.service[108301]: DEBUG oslo_concurrency.lockutils [None req-e7b5daae-cba6-46f2-8d42-9e84ce22176e tempest-ServerRescueNegativeTestJSON-1467219749 tempest-ServerRescueNegativeTestJSON-1467219749-project] Lock "c1830b7b-bb97-4859-a047-f3ecbe1efb99" released by "nova.context.set_target_cell..get_or_set_cached_cell_and_set_connections" :: held 0.001s {{(pid=108301) inner /usr/local/lib/python3.8/dist-packages/oslo_concurrency/lockutils.py:367}}
Aug 20 07:16:57.197786 dv-cinder-799668-8-smb devstack@n-api.service[108301]: DEBUG oslo_concurrency.lockutils [None req-e7b5daae-cba6-46f2-8d42-9e84ce22176e tempest-ServerRescueNegativeTestJSON-1467219749 tempest-ServerRescueNegativeTestJSON-1467219749-project] Lock "c1830b7b-bb97-4859-a047-f3ecbe1efb99" acquired by "nova.context.set_target_cell..get_or_set_cached_cell_and_set_connections" :: waited 0.000s {{(pid=108301) inner /usr/local/lib/python3.8/dist-packages/oslo_concurrency/lockutils.py:355}}
Aug 20 07:16:57.207590 dv-cinder-799668-8-smb devstack@n-api.service[108302]: INFO nova.api.openstack.compute.server_external_events [req-8b238ca4-a9c4-4968-ac71-5cf01485d100 req-df7594ae-1739-4459-a962-129255a98b6b service nova] Creating event network-vif-plugged:fdb40c25-6781-4903-9b5b-4d53adc1103c for instance 20aa25fb-dd7a-4998-91c7-a24f11b03a8c on hv-cinder-79966
Aug 20 07:16:57.218720 dv-cinder-799668-8-smb devstack@n-api.service[108302]: INFO nova.api.openstack.requestlog [req-8b238ca4-a9c4-4968-ac71-5cf01485d100 req-df7594ae-1739-4459-a962-129255a98b6b service nova] 10.222.0.54 "POST /compute/v2.1/os-server-external-events" status: 200 len: 183 microversion: 2.1 time: 0.086645
Aug 20 07:16:57.219711 dv-cinder-799668-8-smb devstack@n-api.service[108302]: [pid: 108302|app: 0|req: 66/113] 10.222.0.54 () {64 vars in 1318 bytes} [Fri Aug 20 07:16:57 2021] POST /compute/v2.1/os-server-external-events => generated 183 bytes in 89 msecs (HTTP/1.1 200) 9 headers in 357 bytes (1 switches on core 0)
Aug 20 07:16:57.219970 dv-cinder-799668-8-smb devstack@n-api.service[108301]: DEBUG oslo_concurrency.lockutils [None req-e7b5daae-cba6-46f2-8d42-9e84ce22176e tempest-ServerRescueNegativeTestJSON-1467219749 tempest-ServerRescueNegativeTestJSON-1467219749-project] Lock "c1830b7b-bb97-4859-a047-f3ecbe1efb99" released by "nova.context.set_target_cell..get_or_set_cached_cell_and_set_connections" :: held 0.000s {{(pid=108301) inner /usr/local/lib/python3.8/dist-packages/oslo_concurrency/lockutils.py:367}}
Aug 20 07:16:57.330469 dv-cinder-799668-8-smb devstack@n-api.service[108302]: DEBUG nova.api.openstack.wsgi [None req-d2a8c706-bb93-4770-b66f-f2fb3e767322 tempest-AttachVolumeShelveTestJSON-174872377 tempest-AttachVolumeShelveTestJSON-174872377-project] Calling method '>' {{(pid=108302) _process_stack /opt/stack/nova/nova/api/openstack/wsgi.py:513}}
Aug 20 07:16:57.331179 dv-cinder-799668-8-smb devstack@n-api.service[108302]: DEBUG nova.compute.api [None req-d2a8c706-bb93-4770-b66f-f2fb3e767322 tempest-AttachVolumeShelveTestJSON-174872377 tempest-AttachVolumeShelveTestJSON-174872377-project] [instance: 8edffe58-b98f-48b0-89e8-093436323713] Fetching instance by UUID {{(pid=108302) get /opt/stack/nova/nova/compute/api.py:2825}}
Aug 20 07:16:57.340321 dv-cinder-799668-8-smb devstack@n-api.service[108302]: DEBUG oslo_concurrency.lockutils [None req-d2a8c706-bb93-4770-b66f-f2fb3e767322 tempest-AttachVolumeShelveTestJSON-174872377 tempest-AttachVolumeShelveTestJSON-174872377-project] Lock "c1830b7b-bb97-4859-a047-f3ecbe1efb99" acquired by "nova.context.set_target_cell..get_or_set_cached_cell_and_set_connections" :: waited 0.000s {{(pid=108302) inner /usr/local/lib/python3.8/dist-packages/oslo_concurrency/lockutils.py:355}}
Aug 20 07:16:57.341031 dv-cinder-799668-8-smb devstack@n-api.service[108302]: DEBUG oslo_concurrency.lockutils [None req-d2a8c706-bb93-4770-b66f-f2fb3e767322 tempest-AttachVolumeShelveTestJSON-174872377 tempest-AttachVolumeShelveTestJSON-174872377-project] Lock "c1830b7b-bb97-4859-a047-f3ecbe1efb99" released by "nova.context.set_target_cell..get_or_set_cached_cell_and_set_connections" :: held 0.001s {{(pid=108302) inner /usr/local/lib/python3.8/dist-packages/oslo_concurrency/lockutils.py:367}}
Aug 20 07:16:57.342184 dv-cinder-799668-8-smb devstack@n-api.service[108302]: DEBUG oslo_concurrency.lockutils [None req-d2a8c706-bb93-4770-b66f-f2fb3e767322 tempest-AttachVolumeShelveTestJSON-174872377 tempest-AttachVolumeShelveTestJSON-174872377-project] Lock "c1830b7b-bb97-4859-a047-f3ecbe1efb99" acquired by "nova.context.set_target_cell..get_or_set_cached_cell_and_set_connections" :: waited 0.000s {{(pid=108302) inner /usr/local/lib/python3.8/dist-packages/oslo_concurrency/lockutils.py:355}}
Aug 20 07:16:57.342859 dv-cinder-799668-8-smb devstack@n-api.service[108302]: DEBUG oslo_concurrency.lockutils [None req-d2a8c706-bb93-4770-b66f-f2fb3e767322 tempest-AttachVolumeShelveTestJSON-174872377 tempest-AttachVolumeShelveTestJSON-174872377-project] Lock "c1830b7b-bb97-4859-a047-f3ecbe1efb99" released by "nova.context.set_target_cell..get_or_set_cached_cell_and_set_connections" :: held 0.001s {{(pid=108302) inner /usr/local/lib/python3.8/dist-packages/oslo_concurrency/lockutils.py:367}}
Aug 20 07:16:57.394950 dv-cinder-799668-8-smb devstack@n-api.service[108301]: DEBUG nova.policy [None req-e7b5daae-cba6-46f2-8d42-9e84ce22176e tempest-ServerRescueNegativeTestJSON-1467219749 tempest-ServerRescueNegativeTestJSON-1467219749-project] Policy check for os_compute_api:os-extended-server-attributes failed with credentials {'is_admin': False, 'user_id': 'ce6ad51349034c7497f37154881efddc', 'user_domain_id': 'default', 'system_scope': None, 'domain_id': None, 'project_id': '1a24b60a234444348409d71f0c8cc121', 'project_domain_id': 'default', 'roles': ['member', 'reader'], 'is_admin_project': True, 'service_user_id': None, 'service_user_domain_id': None, 'service_project_id': None, 'service_project_domain_id': None, 'service_roles': []} {{(pid=108301) authorize /opt/stack/nova/nova/policy.py:199}}
Aug 20 07:16:57.402561 dv-cinder-799668-8-smb devstack@n-api.service[108301]: INFO nova.api.openstack.requestlog [None req-e7b5daae-cba6-46f2-8d42-9e84ce22176e tempest-ServerRescueNegativeTestJSON-1467219749 tempest-ServerRescueNegativeTestJSON-1467219749-project] 10.222.0.54 "GET /compute/v2.1/servers/20aa25fb-dd7a-4998-91c7-a24f11b03a8c" status: 200 len: 1322 microversion: 2.1 time: 0.249654
Aug 20 07:16:57.403399 dv-cinder-799668-8-smb devstack@n-api.service[108301]: [pid: 108301|app: 0|req: 48/114] 10.222.0.54 () {58 vars in 1236 bytes} [Fri Aug 20 07:16:57 2021] GET /compute/v2.1/servers/20aa25fb-dd7a-4998-91c7-a24f11b03a8c => generated 1322 bytes in 251 msecs (HTTP/1.1 200) 9 headers in 358 bytes (1 switches on core 0)
Aug 20 07:16:57.498454 dv-cinder-799668-8-smb devstack@n-api.service[108302]: DEBUG nova.policy [None req-d2a8c706-bb93-4770-b66f-f2fb3e767322 tempest-AttachVolumeShelveTestJSON-174872377 tempest-AttachVolumeShelveTestJSON-174872377-project] Policy check for os_compute_api:os-extended-server-attributes failed with credentials {'is_admin': False, 'user_id': 'e4056adfdd6e41e594282f54d038975e', 'user_domain_id': 'default', 'system_scope': None, 'domain_id': None, 'project_id': 'b3848d4ccd9f40548a171c8ec8c76823', 'project_domain_id': 'default', 'roles': ['member', 'reader'], 'is_admin_project': True, 'service_user_id': None, 'service_user_domain_id': None, 'service_project_id': None, 'service_project_domain_id': None, 'service_roles': []} {{(pid=108302) authorize /opt/stack/nova/nova/policy.py:199}}
Aug 20 07:16:57.507911 dv-cinder-799668-8-smb devstack@n-api.service[108302]: DEBUG nova.policy [None req-d2a8c706-bb93-4770-b66f-f2fb3e767322 tempest-AttachVolumeShelveTestJSON-174872377 tempest-AttachVolumeShelveTestJSON-174872377-project] Policy check for os_compute_api:servers:show:host_status failed with credentials {'is_admin': False, 'user_id': 'e4056adfdd6e41e594282f54d038975e', 'user_domain_id': 'default', 'system_scope': None, 'domain_id': None, 'project_id': 'b3848d4ccd9f40548a171c8ec8c76823', 'project_domain_id': 'default', 'roles': ['member', 'reader'], 'is_admin_project': True, 'service_user_id': None, 'service_user_domain_id': None, 'service_project_id': None, 'service_project_domain_id': None, 'service_roles': []} {{(pid=108302) authorize /opt/stack/nova/nova/policy.py:199}}
Aug 20 07:16:57.509778 dv-cinder-799668-8-smb devstack@n-api.service[108302]: DEBUG nova.policy [None req-d2a8c706-bb93-4770-b66f-f2fb3e767322 tempest-AttachVolumeShelveTestJSON-174872377 tempest-AttachVolumeShelveTestJSON-174872377-project] Policy check for os_compute_api:servers:show:host_status:unknown-only failed with credentials {'is_admin': False, 'user_id': 'e4056adfdd6e41e594282f54d038975e', 'user_domain_id': 'default', 'system_scope': None, 'domain_id': None, 'project_id': 'b3848d4ccd9f40548a171c8ec8c76823', 'project_domain_id': 'default', 'roles': ['member', 'reader'], 'is_admin_project': True, 'service_user_id': None, 'service_user_domain_id': None, 'service_project_id': None, 'service_project_domain_id': None, 'service_roles': []} {{(pid=108302) authorize /opt/stack/nova/nova/policy.py:199}}
Aug 20 07:16:57.510918 dv-cinder-799668-8-smb devstack@n-api.service[108302]: INFO nova.api.openstack.requestlog [None req-d2a8c706-bb93-4770-b66f-f2fb3e767322 tempest-AttachVolumeShelveTestJSON-174872377 tempest-AttachVolumeShelveTestJSON-174872377-project] 10.222.0.54 "GET /compute/v2.1/servers/8edffe58-b98f-48b0-89e8-093436323713" status: 200 len: 1600 microversion: 2.20 time: 0.187777
Aug 20 07:16:57.511769 dv-cinder-799668-8-smb devstack@n-api.service[108302]: [pid: 108302|app: 0|req: 67/115] 10.222.0.54 () {60 vars in 1277 bytes} [Fri Aug 20 07:16:57 2021] GET /compute/v2.1/servers/8edffe58-b98f-48b0-89e8-093436323713 => generated 1600 bytes in 189 msecs (HTTP/1.1 200) 9 headers in 360 bytes (1 switches on core 0)
Aug 20 07:16:57.532239 dv-cinder-799668-8-smb devstack@n-api.service[108301]: DEBUG nova.api.openstack.wsgi [None req-6901cc87-5804-4e43-a9c7-f22ca4c4eabc tempest-AttachVolumeShelveTestJSON-174872377 tempest-AttachVolumeShelveTestJSON-174872377-project] Calling method '>' {{(pid=108301) _process_stack /opt/stack/nova/nova/api/openstack/wsgi.py:513}}
Aug 20 07:16:57.532691 dv-cinder-799668-8-smb devstack@n-api.service[108301]: DEBUG nova.compute.api [None req-6901cc87-5804-4e43-a9c7-f22ca4c4eabc tempest-AttachVolumeShelveTestJSON-174872377 tempest-AttachVolumeShelveTestJSON-174872377-project] [instance: 8edffe58-b98f-48b0-89e8-093436323713] Fetching instance by UUID {{(pid=108301) get /opt/stack/nova/nova/compute/api.py:2825}}
Aug 20 07:16:57.538838 dv-cinder-799668-8-smb devstack@n-api.service[108301]: DEBUG oslo_concurrency.lockutils [None req-6901cc87-5804-4e43-a9c7-f22ca4c4eabc tempest-AttachVolumeShelveTestJSON-174872377 tempest-AttachVolumeShelveTestJSON-174872377-project] Lock "c1830b7b-bb97-4859-a047-f3ecbe1efb99" acquired by "nova.context.set_target_cell..get_or_set_cached_cell_and_set_connections" :: waited 0.000s {{(pid=108301) inner /usr/local/lib/python3.8/dist-packages/oslo_concurrency/lockutils.py:355}}
Aug 20 07:16:57.539314 dv-cinder-799668-8-smb devstack@n-api.service[108301]: DEBUG oslo_concurrency.lockutils [None req-6901cc87-5804-4e43-a9c7-f22ca4c4eabc tempest-AttachVolumeShelveTestJSON-174872377 tempest-AttachVolumeShelveTestJSON-174872377-project] Lock "c1830b7b-bb97-4859-a047-f3ecbe1efb99" released by "nova.context.set_target_cell..get_or_set_cached_cell_and_set_connections" :: held 0.001s {{(pid=108301) inner /usr/local/lib/python3.8/dist-packages/oslo_concurrency/lockutils.py:367}}
Aug 20 07:16:57.540127 dv-cinder-799668-8-smb devstack@n-api.service[108301]: DEBUG oslo_concurrency.lockutils [None req-6901cc87-5804-4e43-a9c7-f22ca4c4eabc tempest-AttachVolumeShelveTestJSON-174872377 tempest-AttachVolumeShelveTestJSON-174872377-project] Lock "c1830b7b-bb97-4859-a047-f3ecbe1efb99" acquired by "nova.context.set_target_cell..get_or_set_cached_cell_and_set_connections" :: waited 0.000s {{(pid=108301) inner /usr/local/lib/python3.8/dist-packages/oslo_concurrency/lockutils.py:355}}
Aug 20 07:16:57.540859 dv-cinder-799668-8-smb devstack@n-api.service[108301]: DEBUG oslo_concurrency.lockutils [None req-6901cc87-5804-4e43-a9c7-f22ca4c4eabc tempest-AttachVolumeShelveTestJSON-174872377 tempest-AttachVolumeShelveTestJSON-174872377-project] Lock "c1830b7b-bb97-4859-a047-f3ecbe1efb99" released by "nova.context.set_target_cell..get_or_set_cached_cell_and_set_connections" :: held 0.001s {{(pid=108301) inner /usr/local/lib/python3.8/dist-packages/oslo_concurrency/lockutils.py:367}}
Aug 20 07:16:57.631682 dv-cinder-799668-8-smb devstack@n-api.service[108301]: INFO nova.api.openstack.requestlog [None req-6901cc87-5804-4e43-a9c7-f22ca4c4eabc tempest-AttachVolumeShelveTestJSON-174872377 tempest-AttachVolumeShelveTestJSON-174872377-project] 10.222.0.54 "GET /compute/v2.1/servers/8edffe58-b98f-48b0-89e8-093436323713/os-interface" status: 200 len: 285 microversion: 2.20 time: 0.103309
Aug 20 07:16:57.632256 dv-cinder-799668-8-smb devstack@n-api.service[108301]: [pid: 108301|app: 0|req: 49/116] 10.222.0.54 () {60 vars in 1316 bytes} [Fri Aug 20 07:16:57 2021] GET /compute/v2.1/servers/8edffe58-b98f-48b0-89e8-093436323713/os-interface => generated 285 bytes in 106 msecs (HTTP/1.1 200) 9 headers in 359 bytes (2 switches on core 0)
Aug 20 07:16:58.422236 dv-cinder-799668-8-smb devstack@n-api.service[108302]: DEBUG nova.api.openstack.wsgi [None req-65920278-7108-432b-ac2f-b7128a398431 tempest-ServerRescueNegativeTestJSON-1467219749 tempest-ServerRescueNegativeTestJSON-1467219749-project] Calling method '>' {{(pid=108302) _process_stack /opt/stack/nova/nova/api/openstack/wsgi.py:513}}
Aug 20 07:16:58.424037 dv-cinder-799668-8-smb devstack@n-api.service[108302]: DEBUG nova.compute.api [None req-65920278-7108-432b-ac2f-b7128a398431 tempest-ServerRescueNegativeTestJSON-1467219749 tempest-ServerRescueNegativeTestJSON-1467219749-project] [instance: 20aa25fb-dd7a-4998-91c7-a24f11b03a8c] Fetching instance by UUID {{(pid=108302) get /opt/stack/nova/nova/compute/api.py:2825}}
Aug 20 07:16:58.432472 dv-cinder-799668-8-smb devstack@n-api.service[108302]: DEBUG oslo_concurrency.lockutils [None req-65920278-7108-432b-ac2f-b7128a398431 tempest-ServerRescueNegativeTestJSON-1467219749 tempest-ServerRescueNegativeTestJSON-1467219749-project] Lock "c1830b7b-bb97-4859-a047-f3ecbe1efb99" acquired by "nova.context.set_target_cell..get_or_set_cached_cell_and_set_connections" :: waited 0.000s {{(pid=108302) inner /usr/local/lib/python3.8/dist-packages/oslo_concurrency/lockutils.py:355}}
Aug 20 07:16:58.433082 dv-cinder-799668-8-smb devstack@n-api.service[108302]: DEBUG oslo_concurrency.lockutils [None req-65920278-7108-432b-ac2f-b7128a398431 tempest-ServerRescueNegativeTestJSON-1467219749 tempest-ServerRescueNegativeTestJSON-1467219749-project] Lock "c1830b7b-bb97-4859-a047-f3ecbe1efb99" released by "nova.context.set_target_cell..get_or_set_cached_cell_and_set_connections" :: held 0.001s {{(pid=108302) inner /usr/local/lib/python3.8/dist-packages/oslo_concurrency/lockutils.py:367}}
Aug 20 07:16:58.434419 dv-cinder-799668-8-smb devstack@n-api.service[108302]: DEBUG oslo_concurrency.lockutils [None req-65920278-7108-432b-ac2f-b7128a398431 tempest-ServerRescueNegativeTestJSON-1467219749 tempest-ServerRescueNegativeTestJSON-1467219749-project] Lock "c1830b7b-bb97-4859-a047-f3ecbe1efb99" acquired by "nova.context.set_target_cell..get_or_set_cached_cell_and_set_connections" :: waited 0.000s {{(pid=108302) inner /usr/local/lib/python3.8/dist-packages/oslo_concurrency/lockutils.py:355}}
Aug 20 07:16:58.435066 dv-cinder-799668-8-smb devstack@n-api.service[108302]: DEBUG oslo_concurrency.lockutils [None req-65920278-7108-432b-ac2f-b7128a398431 tempest-ServerRescueNegativeTestJSON-1467219749 tempest-ServerRescueNegativeTestJSON-1467219749-project] Lock "c1830b7b-bb97-4859-a047-f3ecbe1efb99" released by "nova.context.set_target_cell..get_or_set_cached_cell_and_set_connections" :: held 0.001s {{(pid=108302) inner /usr/local/lib/python3.8/dist-packages/oslo_concurrency/lockutils.py:367}}
Aug 20 07:16:58.627124 dv-cinder-799668-8-smb devstack@n-api.service[108302]: DEBUG nova.policy [None req-65920278-7108-432b-ac2f-b7128a398431 tempest-ServerRescueNegativeTestJSON-1467219749 tempest-ServerRescueNegativeTestJSON-1467219749-project] Policy check for os_compute_api:os-extended-server-attributes failed with credentials {'is_admin': False, 'user_id': 'ce6ad51349034c7497f37154881efddc', 'user_domain_id': 'default', 'system_scope': None, 'domain_id': None, 'project_id': '1a24b60a234444348409d71f0c8cc121', 'project_domain_id': 'default', 'roles': ['member', 'reader'], 'is_admin_project': True, 'service_user_id': None, 'service_user_domain_id': None, 'service_project_id': None, 'service_project_domain_id': None, 'service_roles': []} {{(pid=108302) authorize /opt/stack/nova/nova/policy.py:199}}
Aug 20 07:16:58.634746 dv-cinder-799668-8-smb devstack@n-api.service[108302]: INFO nova.api.openstack.requestlog [None req-65920278-7108-432b-ac2f-b7128a398431 tempest-ServerRescueNegativeTestJSON-1467219749 tempest-ServerRescueNegativeTestJSON-1467219749-project] 10.222.0.54 "GET /compute/v2.1/servers/20aa25fb-dd7a-4998-91c7-a24f11b03a8c" status: 200 len: 1322 microversion: 2.1 time: 0.219184
Aug 20 07:16:58.635592 dv-cinder-799668-8-smb devstack@n-api.service[108302]: [pid: 108302|app: 0|req: 68/117] 10.222.0.54 () {58 vars in 1236 bytes} [Fri Aug 20 07:16:58 2021] GET /compute/v2.1/servers/20aa25fb-dd7a-4998-91c7-a24f11b03a8c => generated 1322 bytes in 221 msecs (HTTP/1.1 200) 9 headers in 358 bytes (1 switches on core 0)
Aug 20 07:16:59.429794 dv-cinder-799668-8-smb devstack@n-api.service[108301]: DEBUG nova.api.openstack.wsgi [None req-4dc1686c-f68d-4b8c-99fa-41d5b3153619 tempest-AttachVolumeShelveTestJSON-174872377 tempest-AttachVolumeShelveTestJSON-174872377-project] Action: 'action', calling method: >, body: {"os-getConsoleOutput": {}} {{(pid=108301) _process_stack /opt/stack/nova/nova/api/openstack/wsgi.py:511}}
Aug 20 07:16:59.430938 dv-cinder-799668-8-smb devstack@n-api.service[108301]: DEBUG nova.compute.api [None req-4dc1686c-f68d-4b8c-99fa-41d5b3153619 tempest-AttachVolumeShelveTestJSON-174872377 tempest-AttachVolumeShelveTestJSON-174872377-project] [instance: 8edffe58-b98f-48b0-89e8-093436323713] Fetching instance by UUID {{(pid=108301) get /opt/stack/nova/nova/compute/api.py:2825}}
Aug 20 07:16:59.434017 dv-cinder-799668-8-smb devstack@n-api.service[108302]: DEBUG nova.api.openstack.wsgi [req-d76c0bd3-7fcf-40a0-8b41-5cb1b6433a9c req-ff55205a-4a89-4f2c-bcd0-e39cd62e1def service nova] Action: 'create', calling method: >, body: {"events": [{"name": "network-changed", "server_uuid": "8edffe58-b98f-48b0-89e8-093436323713", "tag": "ca077a0d-9ba5-4d77-9bcb-962332a32ab1"}]} {{(pid=108302) _process_stack /opt/stack/nova/nova/api/openstack/wsgi.py:511}}
Aug 20 07:16:59.436707 dv-cinder-799668-8-smb devstack@n-api.service[108302]: /usr/local/lib/python3.8/dist-packages/oslo_policy/policy.py:1064: UserWarning: Policy os_compute_api:os-server-external-events:create failed scope check. The token used to make the request was project scoped but the policy requires ['system'] scope. This behavior may change in the future where using the intended scope is required
Aug 20 07:16:59.436707 dv-cinder-799668-8-smb devstack@n-api.service[108302]: warnings.warn(msg)
Aug 20 07:16:59.442671 dv-cinder-799668-8-smb devstack@n-api.service[108301]: DEBUG oslo_concurrency.lockutils [None req-4dc1686c-f68d-4b8c-99fa-41d5b3153619 tempest-AttachVolumeShelveTestJSON-174872377 tempest-AttachVolumeShelveTestJSON-174872377-project] Lock "c1830b7b-bb97-4859-a047-f3ecbe1efb99" acquired by "nova.context.set_target_cell..get_or_set_cached_cell_and_set_connections" :: waited 0.000s {{(pid=108301) inner /usr/local/lib/python3.8/dist-packages/oslo_concurrency/lockutils.py:355}}
Aug 20 07:16:59.443882 dv-cinder-799668-8-smb devstack@n-api.service[108302]: DEBUG oslo_concurrency.lockutils [req-d76c0bd3-7fcf-40a0-8b41-5cb1b6433a9c req-ff55205a-4a89-4f2c-bcd0-e39cd62e1def service nova] Lock "c1830b7b-bb97-4859-a047-f3ecbe1efb99" acquired by "nova.context.set_target_cell..get_or_set_cached_cell_and_set_connections" :: waited 0.000s {{(pid=108302) inner /usr/local/lib/python3.8/dist-packages/oslo_concurrency/lockutils.py:355}}
Aug 20 07:16:59.444032 dv-cinder-799668-8-smb devstack@n-api.service[108301]: DEBUG oslo_concurrency.lockutils [None req-4dc1686c-f68d-4b8c-99fa-41d5b3153619 tempest-AttachVolumeShelveTestJSON-174872377 tempest-AttachVolumeShelveTestJSON-174872377-project] Lock "c1830b7b-bb97-4859-a047-f3ecbe1efb99" released by "nova.context.set_target_cell..get_or_set_cached_cell_and_set_connections" :: held 0.002s {{(pid=108301) inner /usr/local/lib/python3.8/dist-packages/oslo_concurrency/lockutils.py:367}}
Aug 20 07:16:59.444634 dv-cinder-799668-8-smb devstack@n-api.service[108302]: DEBUG oslo_concurrency.lockutils [req-d76c0bd3-7fcf-40a0-8b41-5cb1b6433a9c req-ff55205a-4a89-4f2c-bcd0-e39cd62e1def service nova] Lock "c1830b7b-bb97-4859-a047-f3ecbe1efb99" released by "nova.context.set_target_cell..get_or_set_cached_cell_and_set_connections" :: held 0.001s {{(pid=108302) inner /usr/local/lib/python3.8/dist-packages/oslo_concurrency/lockutils.py:367}}
Aug 20 07:16:59.445998 dv-cinder-799668-8-smb devstack@n-api.service[108301]: DEBUG oslo_concurrency.lockutils [None req-4dc1686c-f68d-4b8c-99fa-41d5b3153619 tempest-AttachVolumeShelveTestJSON-174872377 tempest-AttachVolumeShelveTestJSON-174872377-project] Lock "c1830b7b-bb97-4859-a047-f3ecbe1efb99" acquired by "nova.context.set_target_cell..get_or_set_cached_cell_and_set_connections" :: waited 0.000s {{(pid=108301) inner /usr/local/lib/python3.8/dist-packages/oslo_concurrency/lockutils.py:355}}
Aug 20 07:16:59.447746 dv-cinder-799668-8-smb devstack@n-api.service[108301]: DEBUG oslo_concurrency.lockutils [None req-4dc1686c-f68d-4b8c-99fa-41d5b3153619 tempest-AttachVolumeShelveTestJSON-174872377 tempest-AttachVolumeShelveTestJSON-174872377-project] Lock "c1830b7b-bb97-4859-a047-f3ecbe1efb99" released by "nova.context.set_target_cell..get_or_set_cached_cell_and_set_connections" :: held 0.001s {{(pid=108301) inner /usr/local/lib/python3.8/dist-packages/oslo_concurrency/lockutils.py:367}}
Aug 20 07:16:59.457748 dv-cinder-799668-8-smb devstack@n-api.service[108302]: INFO nova.api.openstack.compute.server_external_events [req-d76c0bd3-7fcf-40a0-8b41-5cb1b6433a9c req-ff55205a-4a89-4f2c-bcd0-e39cd62e1def service nova] Creating event network-changed:ca077a0d-9ba5-4d77-9bcb-962332a32ab1 for instance 8edffe58-b98f-48b0-89e8-093436323713 on hv-cinder-79966
Aug 20 07:16:59.463407 dv-cinder-799668-8-smb devstack@n-api.service[108302]: INFO nova.api.openstack.requestlog [req-d76c0bd3-7fcf-40a0-8b41-5cb1b6433a9c req-ff55205a-4a89-4f2c-bcd0-e39cd62e1def service nova] 10.222.0.54 "POST /compute/v2.1/os-server-external-events" status: 200 len: 179 microversion: 2.1 time: 0.033845
Aug 20 07:16:59.467786 dv-cinder-799668-8-smb devstack@n-api.service[108302]: [pid: 108302|app: 0|req: 69/118] 10.222.0.54 () {64 vars in 1318 bytes} [Fri Aug 20 07:16:59 2021] POST /compute/v2.1/os-server-external-events => generated 179 bytes in 39 msecs (HTTP/1.1 200) 9 headers in 357 bytes (2 switches on core 0)
Aug 20 07:16:59.558034 dv-cinder-799668-8-smb devstack@n-api.service[108301]: INFO nova.api.openstack.requestlog [None req-4dc1686c-f68d-4b8c-99fa-41d5b3153619 tempest-AttachVolumeShelveTestJSON-174872377 tempest-AttachVolumeShelveTestJSON-174872377-project] 10.222.0.54 "POST /compute/v2.1/servers/8edffe58-b98f-48b0-89e8-093436323713/action" status: 200 len: 14 microversion: 2.20 time: 0.128515
Aug 20 07:16:59.558034 dv-cinder-799668-8-smb devstack@n-api.service[108301]: [pid: 108301|app: 0|req: 50/119] 10.222.0.54 () {62 vars in 1319 bytes} [Fri Aug 20 07:16:59 2021] POST /compute/v2.1/servers/8edffe58-b98f-48b0-89e8-093436323713/action => generated 14 bytes in 130 msecs (HTTP/1.1 200) 9 headers in 358 bytes (1 switches on core 0)
Aug 20 07:16:59.651787 dv-cinder-799668-8-smb devstack@n-api.service[108302]: DEBUG nova.api.openstack.wsgi [None req-d5e01d39-3f93-4ae7-80fc-9fb8d60ac287 tempest-ServerRescueNegativeTestJSON-1467219749 tempest-ServerRescueNegativeTestJSON-1467219749-project] Calling method '>' {{(pid=108302) _process_stack /opt/stack/nova/nova/api/openstack/wsgi.py:513}}
Aug 20 07:16:59.652777 dv-cinder-799668-8-smb devstack@n-api.service[108302]: DEBUG nova.compute.api [None req-d5e01d39-3f93-4ae7-80fc-9fb8d60ac287 tempest-ServerRescueNegativeTestJSON-1467219749 tempest-ServerRescueNegativeTestJSON-1467219749-project] [instance: 20aa25fb-dd7a-4998-91c7-a24f11b03a8c] Fetching instance by UUID {{(pid=108302) get /opt/stack/nova/nova/compute/api.py:2825}}
Aug 20 07:16:59.663220 dv-cinder-799668-8-smb devstack@n-api.service[108302]: DEBUG oslo_concurrency.lockutils [None req-d5e01d39-3f93-4ae7-80fc-9fb8d60ac287 tempest-ServerRescueNegativeTestJSON-1467219749 tempest-ServerRescueNegativeTestJSON-1467219749-project] Lock "c1830b7b-bb97-4859-a047-f3ecbe1efb99" acquired by "nova.context.set_target_cell..get_or_set_cached_cell_and_set_connections" :: waited 0.000s {{(pid=108302) inner /usr/local/lib/python3.8/dist-packages/oslo_concurrency/lockutils.py:355}}
Aug 20 07:16:59.663938 dv-cinder-799668-8-smb devstack@n-api.service[108302]: DEBUG oslo_concurrency.lockutils [None req-d5e01d39-3f93-4ae7-80fc-9fb8d60ac287 tempest-ServerRescueNegativeTestJSON-1467219749 tempest-ServerRescueNegativeTestJSON-1467219749-project] Lock "c1830b7b-bb97-4859-a047-f3ecbe1efb99" released by "nova.context.set_target_cell..get_or_set_cached_cell_and_set_connections" :: held 0.001s {{(pid=108302) inner /usr/local/lib/python3.8/dist-packages/oslo_concurrency/lockutils.py:367}}
Aug 20 07:16:59.667583 dv-cinder-799668-8-smb devstack@n-api.service[108302]: DEBUG oslo_concurrency.lockutils [None req-d5e01d39-3f93-4ae7-80fc-9fb8d60ac287 tempest-ServerRescueNegativeTestJSON-1467219749 tempest-ServerRescueNegativeTestJSON-1467219749-project] Lock "c1830b7b-bb97-4859-a047-f3ecbe1efb99" acquired by "nova.context.set_target_cell..get_or_set_cached_cell_and_set_connections" :: waited 0.000s {{(pid=108302) inner /usr/local/lib/python3.8/dist-packages/oslo_concurrency/lockutils.py:355}}
Aug 20 07:16:59.668027 dv-cinder-799668-8-smb devstack@n-api.service[108302]: DEBUG oslo_concurrency.lockutils [None req-d5e01d39-3f93-4ae7-80fc-9fb8d60ac287 tempest-ServerRescueNegativeTestJSON-1467219749 tempest-ServerRescueNegativeTestJSON-1467219749-project] Lock "c1830b7b-bb97-4859-a047-f3ecbe1efb99" released by "nova.context.set_target_cell..get_or_set_cached_cell_and_set_connections" :: held 0.000s {{(pid=108302) inner /usr/local/lib/python3.8/dist-packages/oslo_concurrency/lockutils.py:367}}
Aug 20 07:16:59.896582 dv-cinder-799668-8-smb devstack@n-api.service[108302]: DEBUG nova.policy [None req-d5e01d39-3f93-4ae7-80fc-9fb8d60ac287 tempest-ServerRescueNegativeTestJSON-1467219749 tempest-ServerRescueNegativeTestJSON-1467219749-project] Policy check for os_compute_api:os-extended-server-attributes failed with credentials {'is_admin': False, 'user_id': 'ce6ad51349034c7497f37154881efddc', 'user_domain_id': 'default', 'system_scope': None, 'domain_id': None, 'project_id': '1a24b60a234444348409d71f0c8cc121', 'project_domain_id': 'default', 'roles': ['member', 'reader'], 'is_admin_project': True, 'service_user_id': None, 'service_user_domain_id': None, 'service_project_id': None, 'service_project_domain_id': None, 'service_roles': []} {{(pid=108302) authorize /opt/stack/nova/nova/policy.py:199}}
Aug 20 07:16:59.908747 dv-cinder-799668-8-smb devstack@n-api.service[108302]: INFO nova.api.openstack.requestlog [None req-d5e01d39-3f93-4ae7-80fc-9fb8d60ac287 tempest-ServerRescueNegativeTestJSON-1467219749 tempest-ServerRescueNegativeTestJSON-1467219749-project] 10.222.0.54 "GET /compute/v2.1/servers/20aa25fb-dd7a-4998-91c7-a24f11b03a8c" status: 200 len: 1516 microversion: 2.1 time: 0.260591
Aug 20 07:16:59.910716 dv-cinder-799668-8-smb devstack@n-api.service[108302]: [pid: 108302|app: 0|req: 70/120] 10.222.0.54 () {58 vars in 1236 bytes} [Fri Aug 20 07:16:59 2021] GET /compute/v2.1/servers/20aa25fb-dd7a-4998-91c7-a24f11b03a8c => generated 1516 bytes in 263 msecs (HTTP/1.1 200) 9 headers in 358 bytes (1 switches on core 0)
Aug 20 07:16:59.931018 dv-cinder-799668-8-smb devstack@n-api.service[108301]: DEBUG nova.api.openstack.wsgi [None req-6dab534b-d0c2-4152-aaf7-c6c2b0d66176 tempest-ServerRescueNegativeTestJSON-1467219749 tempest-ServerRescueNegativeTestJSON-1467219749-project] Action: 'action', calling method: >, body: {"rescue": {"adminPass": "***"}} {{(pid=108301) _process_stack /opt/stack/nova/nova/api/openstack/wsgi.py:511}}
Aug 20 07:16:59.933348 dv-cinder-799668-8-smb devstack@n-api.service[108301]: DEBUG nova.compute.api [None req-6dab534b-d0c2-4152-aaf7-c6c2b0d66176 tempest-ServerRescueNegativeTestJSON-1467219749 tempest-ServerRescueNegativeTestJSON-1467219749-project] [instance: 20aa25fb-dd7a-4998-91c7-a24f11b03a8c] Fetching instance by UUID {{(pid=108301) get /opt/stack/nova/nova/compute/api.py:2825}}
Aug 20 07:16:59.961751 dv-cinder-799668-8-smb devstack@n-api.service[108301]: DEBUG oslo_concurrency.lockutils [None req-6dab534b-d0c2-4152-aaf7-c6c2b0d66176 tempest-ServerRescueNegativeTestJSON-1467219749 tempest-ServerRescueNegativeTestJSON-1467219749-project] Lock "c1830b7b-bb97-4859-a047-f3ecbe1efb99" acquired by "nova.context.set_target_cell..get_or_set_cached_cell_and_set_connections" :: waited 0.000s {{(pid=108301) inner /usr/local/lib/python3.8/dist-packages/oslo_concurrency/lockutils.py:355}}
Aug 20 07:16:59.962445 dv-cinder-799668-8-smb devstack@n-api.service[108301]: DEBUG oslo_concurrency.lockutils [None req-6dab534b-d0c2-4152-aaf7-c6c2b0d66176 tempest-ServerRescueNegativeTestJSON-1467219749 tempest-ServerRescueNegativeTestJSON-1467219749-project] Lock "c1830b7b-bb97-4859-a047-f3ecbe1efb99" released by "nova.context.set_target_cell..get_or_set_cached_cell_and_set_connections" :: held 0.010s {{(pid=108301) inner /usr/local/lib/python3.8/dist-packages/oslo_concurrency/lockutils.py:367}}
Aug 20 07:16:59.963723 dv-cinder-799668-8-smb devstack@n-api.service[108301]: DEBUG oslo_concurrency.lockutils [None req-6dab534b-d0c2-4152-aaf7-c6c2b0d66176 tempest-ServerRescueNegativeTestJSON-1467219749 tempest-ServerRescueNegativeTestJSON-1467219749-project] Lock "c1830b7b-bb97-4859-a047-f3ecbe1efb99" acquired by "nova.context.set_target_cell..get_or_set_cached_cell_and_set_connections" :: waited 0.000s {{(pid=108301) inner /usr/local/lib/python3.8/dist-packages/oslo_concurrency/lockutils.py:355}}
Aug 20 07:16:59.964432 dv-cinder-799668-8-smb devstack@n-api.service[108301]: DEBUG oslo_concurrency.lockutils [None req-6dab534b-d0c2-4152-aaf7-c6c2b0d66176 tempest-ServerRescueNegativeTestJSON-1467219749 tempest-ServerRescueNegativeTestJSON-1467219749-project] Lock "c1830b7b-bb97-4859-a047-f3ecbe1efb99" released by "nova.context.set_target_cell..get_or_set_cached_cell_and_set_connections" :: held 0.001s {{(pid=108301) inner /usr/local/lib/python3.8/dist-packages/oslo_concurrency/lockutils.py:367}}
Aug 20 07:17:00.019174 dv-cinder-799668-8-smb devstack@n-api.service[108301]: DEBUG nova.objects.instance [None req-6dab534b-d0c2-4152-aaf7-c6c2b0d66176 tempest-ServerRescueNegativeTestJSON-1467219749 tempest-ServerRescueNegativeTestJSON-1467219749-project] Lazy-loading 'flavor' on Instance uuid 20aa25fb-dd7a-4998-91c7-a24f11b03a8c {{(pid=108301) obj_load_attr /opt/stack/nova/nova/objects/instance.py:1098}}
Aug 20 07:17:00.230918 dv-cinder-799668-8-smb devstack@n-api.service[108302]: DEBUG nova.api.openstack.wsgi [None req-8f682ee1-6c10-4baa-95db-88afc53b60a7 tempest-DeleteServersTestJSON-783516737 tempest-DeleteServersTestJSON-783516737-project] Calling method '>' {{(pid=108302) _process_stack /opt/stack/nova/nova/api/openstack/wsgi.py:513}}
Aug 20 07:17:00.232334 dv-cinder-799668-8-smb devstack@n-api.service[108302]: DEBUG nova.compute.api [None req-8f682ee1-6c10-4baa-95db-88afc53b60a7 tempest-DeleteServersTestJSON-783516737 tempest-DeleteServersTestJSON-783516737-project] [instance: ade87c48-f8af-48dc-829e-7e7724f7ff21] Fetching instance by UUID {{(pid=108302) get /opt/stack/nova/nova/compute/api.py:2825}}
Aug 20 07:17:00.244136 dv-cinder-799668-8-smb devstack@n-api.service[108302]: DEBUG oslo_concurrency.lockutils [None req-8f682ee1-6c10-4baa-95db-88afc53b60a7 tempest-DeleteServersTestJSON-783516737 tempest-DeleteServersTestJSON-783516737-project] Lock "c1830b7b-bb97-4859-a047-f3ecbe1efb99" acquired by "nova.context.set_target_cell..get_or_set_cached_cell_and_set_connections" :: waited 0.000s {{(pid=108302) inner /usr/local/lib/python3.8/dist-packages/oslo_concurrency/lockutils.py:355}}
Aug 20 07:17:00.245730 dv-cinder-799668-8-smb devstack@n-api.service[108302]: DEBUG oslo_concurrency.lockutils [None req-8f682ee1-6c10-4baa-95db-88afc53b60a7 tempest-DeleteServersTestJSON-783516737 tempest-DeleteServersTestJSON-783516737-project] Lock "c1830b7b-bb97-4859-a047-f3ecbe1efb99" released by "nova.context.set_target_cell..get_or_set_cached_cell_and_set_connections" :: held 0.002s {{(pid=108302) inner /usr/local/lib/python3.8/dist-packages/oslo_concurrency/lockutils.py:367}}
Aug 20 07:17:00.251242 dv-cinder-799668-8-smb devstack@n-api.service[108302]: DEBUG oslo_concurrency.lockutils [None req-8f682ee1-6c10-4baa-95db-88afc53b60a7 tempest-DeleteServersTestJSON-783516737 tempest-DeleteServersTestJSON-783516737-project] Lock "c1830b7b-bb97-4859-a047-f3ecbe1efb99" acquired by "nova.context.set_target_cell..get_or_set_cached_cell_and_set_connections" :: waited 0.000s {{(pid=108302) inner /usr/local/lib/python3.8/dist-packages/oslo_concurrency/lockutils.py:355}}
Aug 20 07:17:00.254638 dv-cinder-799668-8-smb devstack@n-api.service[108302]: DEBUG oslo_concurrency.lockutils [None req-8f682ee1-6c10-4baa-95db-88afc53b60a7 tempest-DeleteServersTestJSON-783516737 tempest-DeleteServersTestJSON-783516737-project] Lock "c1830b7b-bb97-4859-a047-f3ecbe1efb99" released by "nova.context.set_target_cell..get_or_set_cached_cell_and_set_connections" :: held 0.006s {{(pid=108302) inner /usr/local/lib/python3.8/dist-packages/oslo_concurrency/lockutils.py:367}}
Aug 20 07:17:00.357459 dv-cinder-799668-8-smb devstack@n-api.service[108302]: DEBUG nova.compute.api [None req-8f682ee1-6c10-4baa-95db-88afc53b60a7 tempest-DeleteServersTestJSON-783516737 tempest-DeleteServersTestJSON-783516737-project] [instance: ade87c48-f8af-48dc-829e-7e7724f7ff21] Going to try to terminate instance {{(pid=108302) delete /opt/stack/nova/nova/compute/api.py:2574}}
Aug 20 07:17:00.373145 dv-cinder-799668-8-smb devstack@n-api.service[108301]: INFO nova.api.openstack.requestlog [None req-6dab534b-d0c2-4152-aaf7-c6c2b0d66176 tempest-ServerRescueNegativeTestJSON-1467219749 tempest-ServerRescueNegativeTestJSON-1467219749-project] 10.222.0.54 "POST /compute/v2.1/servers/20aa25fb-dd7a-4998-91c7-a24f11b03a8c/action" status: 200 len: 32 microversion: 2.1 time: 0.444563
Aug 20 07:17:00.377654 dv-cinder-799668-8-smb devstack@n-api.service[108301]: [pid: 108301|app: 0|req: 51/121] 10.222.0.54 () {60 vars in 1278 bytes} [Fri Aug 20 07:16:59 2021] POST /compute/v2.1/servers/20aa25fb-dd7a-4998-91c7-a24f11b03a8c/action => generated 32 bytes in 452 msecs (HTTP/1.1 200) 9 headers in 356 bytes (1 switches on core 0)
Aug 20 07:17:00.390373 dv-cinder-799668-8-smb devstack@n-api.service[108301]: DEBUG nova.api.openstack.wsgi [None req-7171468f-cdea-46bc-bede-ccc21da93b97 tempest-ServerRescueNegativeTestJSON-1467219749 tempest-ServerRescueNegativeTestJSON-1467219749-project] Calling method '>' {{(pid=108301) _process_stack /opt/stack/nova/nova/api/openstack/wsgi.py:513}}
Aug 20 07:17:00.397330 dv-cinder-799668-8-smb devstack@n-api.service[108301]: DEBUG nova.compute.api [None req-7171468f-cdea-46bc-bede-ccc21da93b97 tempest-ServerRescueNegativeTestJSON-1467219749 tempest-ServerRescueNegativeTestJSON-1467219749-project] [instance: 20aa25fb-dd7a-4998-91c7-a24f11b03a8c] Fetching instance by UUID {{(pid=108301) get /opt/stack/nova/nova/compute/api.py:2825}}
Aug 20 07:17:00.421453 dv-cinder-799668-8-smb devstack@n-api.service[108301]: DEBUG oslo_concurrency.lockutils [None req-7171468f-cdea-46bc-bede-ccc21da93b97 tempest-ServerRescueNegativeTestJSON-1467219749 tempest-ServerRescueNegativeTestJSON-1467219749-project] Lock "c1830b7b-bb97-4859-a047-f3ecbe1efb99" acquired by "nova.context.set_target_cell..get_or_set_cached_cell_and_set_connections" :: waited 0.000s {{(pid=108301) inner /usr/local/lib/python3.8/dist-packages/oslo_concurrency/lockutils.py:355}}
Aug 20 07:17:00.423897 dv-cinder-799668-8-smb devstack@n-api.service[108301]: DEBUG oslo_concurrency.lockutils [None req-7171468f-cdea-46bc-bede-ccc21da93b97 tempest-ServerRescueNegativeTestJSON-1467219749 tempest-ServerRescueNegativeTestJSON-1467219749-project] Lock "c1830b7b-bb97-4859-a047-f3ecbe1efb99" released by "nova.context.set_target_cell..get_or_set_cached_cell_and_set_connections" :: held 0.003s {{(pid=108301) inner /usr/local/lib/python3.8/dist-packages/oslo_concurrency/lockutils.py:367}}
Aug 20 07:17:00.425709 dv-cinder-799668-8-smb devstack@n-api.service[108301]: DEBUG oslo_concurrency.lockutils [None req-7171468f-cdea-46bc-bede-ccc21da93b97 tempest-ServerRescueNegativeTestJSON-1467219749 tempest-ServerRescueNegativeTestJSON-1467219749-project] Lock "c1830b7b-bb97-4859-a047-f3ecbe1efb99" acquired by "nova.context.set_target_cell..get_or_set_cached_cell_and_set_connections" :: waited 0.000s {{(pid=108301) inner /usr/local/lib/python3.8/dist-packages/oslo_concurrency/lockutils.py:355}}
Aug 20 07:17:00.429906 dv-cinder-799668-8-smb devstack@n-api.service[108301]: DEBUG oslo_concurrency.lockutils [None req-7171468f-cdea-46bc-bede-ccc21da93b97 tempest-ServerRescueNegativeTestJSON-1467219749 tempest-ServerRescueNegativeTestJSON-1467219749-project] Lock "c1830b7b-bb97-4859-a047-f3ecbe1efb99" released by "nova.context.set_target_cell..get_or_set_cached_cell_and_set_connections" :: held 0.002s {{(pid=108301) inner /usr/local/lib/python3.8/dist-packages/oslo_concurrency/lockutils.py:367}}
Aug 20 07:17:00.639063 dv-cinder-799668-8-smb devstack@n-api.service[108302]: INFO nova.api.openstack.requestlog [None req-8f682ee1-6c10-4baa-95db-88afc53b60a7 tempest-DeleteServersTestJSON-783516737 tempest-DeleteServersTestJSON-783516737-project] 10.222.0.54 "DELETE /compute/v2.1/servers/ade87c48-f8af-48dc-829e-7e7724f7ff21" status: 204 len: 0 microversion: 2.1 time: 0.411788
Aug 20 07:17:00.641719 dv-cinder-799668-8-smb devstack@n-api.service[108302]: [pid: 108302|app: 0|req: 71/122] 10.222.0.54 () {58 vars in 1239 bytes} [Fri Aug 20 07:17:00 2021] DELETE /compute/v2.1/servers/ade87c48-f8af-48dc-829e-7e7724f7ff21 => generated 0 bytes in 417 msecs (HTTP/1.1 204) 9 headers in 363 bytes (1 switches on core 0)
Aug 20 07:17:00.654758 dv-cinder-799668-8-smb devstack@n-api.service[108302]: DEBUG nova.api.openstack.wsgi [None req-e000294b-67b6-4e0f-86e1-e2ee100248ec tempest-AttachVolumeNegativeTest-1421957875 tempest-AttachVolumeNegativeTest-1421957875-project] Action: 'create', calling method: >, body: {"server": {"name": "tempest-AttachVolumeNegativeTest-server-1951535230", "imageRef": "5dbf2874-a967-477a-a66b-9dca4de6874e", "flavorRef": "452", "networks": [{"uuid": "d9c3c6c1-529a-45f0-a9aa-45ef03ceba25"}]}} {{(pid=108302) _process_stack /opt/stack/nova/nova/api/openstack/wsgi.py:511}}
Aug 20 07:17:00.758171 dv-cinder-799668-8-smb devstack@n-api.service[108302]: DEBUG nova.network.neutron [None req-e000294b-67b6-4e0f-86e1-e2ee100248ec tempest-AttachVolumeNegativeTest-1421957875 tempest-AttachVolumeNegativeTest-1421957875-project] validate_networks() for [('d9c3c6c1-529a-45f0-a9aa-45ef03ceba25', None, None, None, None, None)] {{(pid=108302) validate_networks /opt/stack/nova/nova/network/neutron.py:2309}}
Aug 20 07:17:00.965194 dv-cinder-799668-8-smb devstack@n-api.service[108301]: DEBUG nova.policy [None req-7171468f-cdea-46bc-bede-ccc21da93b97 tempest-ServerRescueNegativeTestJSON-1467219749 tempest-ServerRescueNegativeTestJSON-1467219749-project] Policy check for os_compute_api:os-extended-server-attributes failed with credentials {'is_admin': False, 'user_id': 'ce6ad51349034c7497f37154881efddc', 'user_domain_id': 'default', 'system_scope': None, 'domain_id': None, 'project_id': '1a24b60a234444348409d71f0c8cc121', 'project_domain_id': 'default', 'roles': ['member', 'reader'], 'is_admin_project': True, 'service_user_id': None, 'service_user_domain_id': None, 'service_project_id': None, 'service_project_domain_id': None, 'service_roles': []} {{(pid=108301) authorize /opt/stack/nova/nova/policy.py:199}}
Aug 20 07:17:00.973666 dv-cinder-799668-8-smb devstack@n-api.service[108301]: INFO nova.api.openstack.requestlog [None req-7171468f-cdea-46bc-bede-ccc21da93b97 tempest-ServerRescueNegativeTestJSON-1467219749 tempest-ServerRescueNegativeTestJSON-1467219749-project] 10.222.0.54 "GET /compute/v2.1/servers/20aa25fb-dd7a-4998-91c7-a24f11b03a8c" status: 200 len: 1522 microversion: 2.1 time: 0.591313
Aug 20 07:17:00.991902 dv-cinder-799668-8-smb devstack@n-api.service[108301]: [pid: 108301|app: 0|req: 52/123] 10.222.0.54 () {58 vars in 1236 bytes} [Fri Aug 20 07:17:00 2021] GET /compute/v2.1/servers/20aa25fb-dd7a-4998-91c7-a24f11b03a8c => generated 1522 bytes in 606 msecs (HTTP/1.1 200) 9 headers in 358 bytes (1 switches on core 0)
Aug 20 07:17:00.998626 dv-cinder-799668-8-smb devstack@n-api.service[108301]: DEBUG nova.api.openstack.wsgi [None req-70b6b83b-06ca-44a4-a5bb-05bbfcfed16f tempest-AttachVolumeShelveTestJSON-174872377 tempest-AttachVolumeShelveTestJSON-174872377-project] Action: 'action', calling method: >, body: {"os-getConsoleOutput": {}} {{(pid=108301) _process_stack /opt/stack/nova/nova/api/openstack/wsgi.py:511}}
Aug 20 07:17:01.000162 dv-cinder-799668-8-smb devstack@n-api.service[108301]: DEBUG nova.compute.api [None req-70b6b83b-06ca-44a4-a5bb-05bbfcfed16f tempest-AttachVolumeShelveTestJSON-174872377 tempest-AttachVolumeShelveTestJSON-174872377-project] [instance: 8edffe58-b98f-48b0-89e8-093436323713] Fetching instance by UUID {{(pid=108301) get /opt/stack/nova/nova/compute/api.py:2825}}
Aug 20 07:17:01.012660 dv-cinder-799668-8-smb devstack@n-api.service[108301]: DEBUG oslo_concurrency.lockutils [None req-70b6b83b-06ca-44a4-a5bb-05bbfcfed16f tempest-AttachVolumeShelveTestJSON-174872377 tempest-AttachVolumeShelveTestJSON-174872377-project] Lock "c1830b7b-bb97-4859-a047-f3ecbe1efb99" acquired by "nova.context.set_target_cell..get_or_set_cached_cell_and_set_connections" :: waited 0.000s {{(pid=108301) inner /usr/local/lib/python3.8/dist-packages/oslo_concurrency/lockutils.py:355}}
Aug 20 07:17:01.017044 dv-cinder-799668-8-smb devstack@n-api.service[108301]: DEBUG oslo_concurrency.lockutils [None req-70b6b83b-06ca-44a4-a5bb-05bbfcfed16f tempest-AttachVolumeShelveTestJSON-174872377 tempest-AttachVolumeShelveTestJSON-174872377-project] Lock "c1830b7b-bb97-4859-a047-f3ecbe1efb99" released by "nova.context.set_target_cell..get_or_set_cached_cell_and_set_connections" :: held 0.001s {{(pid=108301) inner /usr/local/lib/python3.8/dist-packages/oslo_concurrency/lockutils.py:367}}
Aug 20 07:17:01.018944 dv-cinder-799668-8-smb devstack@n-api.service[108301]: DEBUG oslo_concurrency.lockutils [None req-70b6b83b-06ca-44a4-a5bb-05bbfcfed16f tempest-AttachVolumeShelveTestJSON-174872377 tempest-AttachVolumeShelveTestJSON-174872377-project] Lock "c1830b7b-bb97-4859-a047-f3ecbe1efb99" acquired by "nova.context.set_target_cell..get_or_set_cached_cell_and_set_connections" :: waited 0.000s {{(pid=108301) inner /usr/local/lib/python3.8/dist-packages/oslo_concurrency/lockutils.py:355}}
Aug 20 07:17:01.019435 dv-cinder-799668-8-smb devstack@n-api.service[108301]: DEBUG oslo_concurrency.lockutils [None req-70b6b83b-06ca-44a4-a5bb-05bbfcfed16f tempest-AttachVolumeShelveTestJSON-174872377 tempest-AttachVolumeShelveTestJSON-174872377-project] Lock "c1830b7b-bb97-4859-a047-f3ecbe1efb99" released by "nova.context.set_target_cell..get_or_set_cached_cell_and_set_connections" :: held 0.001s {{(pid=108301) inner /usr/local/lib/python3.8/dist-packages/oslo_concurrency/lockutils.py:367}}
Aug 20 07:17:01.137241 dv-cinder-799668-8-smb devstack@n-api.service[108301]: INFO nova.api.openstack.requestlog [None req-70b6b83b-06ca-44a4-a5bb-05bbfcfed16f tempest-AttachVolumeShelveTestJSON-174872377 tempest-AttachVolumeShelveTestJSON-174872377-project] 10.222.0.54 "POST /compute/v2.1/servers/8edffe58-b98f-48b0-89e8-093436323713/action" status: 200 len: 14 microversion: 2.20 time: 0.143369
Aug 20 07:17:01.138236 dv-cinder-799668-8-smb devstack@n-api.service[108301]: [pid: 108301|app: 0|req: 53/124] 10.222.0.54 () {62 vars in 1319 bytes} [Fri Aug 20 07:17:00 2021] POST /compute/v2.1/servers/8edffe58-b98f-48b0-89e8-093436323713/action => generated 14 bytes in 146 msecs (HTTP/1.1 200) 9 headers in 358 bytes (1 switches on core 0)
