Aug 10 14:23:39.413666 dv-cinder-799668-5-smb neutron-server[93310]: DEBUG neutron.notifiers.nova [-] Sending events: [{'name': 'network-changed', 'server_uuid': 'c99d3faa-82f6-4972-ad5a-d7f2d39761a6', 'tag': '94c046ff-0de6-46fa-8975-a2d44b3cbb31'}] {{(pid=93310) send_events /opt/stack/neutron/neutron/notifiers/nova.py:262}}
Aug 10 14:23:39.544008 dv-cinder-799668-5-smb neutron-server[93310]: DEBUG neutron.wsgi [-] (93310) accepted ('10.222.0.32', 56845) {{(pid=93310) server /usr/local/lib/python3.8/dist-packages/eventlet/wsgi.py:982}}
Aug 10 14:23:39.746097 dv-cinder-799668-5-smb neutron-server[93311]: DEBUG neutron.plugins.ml2.db [None req-9e2a851e-3116-4806-bf58-bad3f3e070c1 None None] For port 286fe680-e6fc-45ad-88fa-f1327b587b51, host dv-cinder-799668-5-smb, cleared binding levels {{(pid=93311) clear_binding_levels /opt/stack/neutron/neutron/plugins/ml2/db.py:87}}
Aug 10 14:23:39.765686 dv-cinder-799668-5-smb neutron-server[93311]: DEBUG neutron.plugins.ml2.db [None req-9e2a851e-3116-4806-bf58-bad3f3e070c1 None None] For port 286fe680-e6fc-45ad-88fa-f1327b587b51, host dv-cinder-799668-5-smb, set binding levels [PortBindingLevel(driver='openvswitch',host='dv-cinder-799668-5-smb',level=0,port_id=286fe680-e6fc-45ad-88fa-f1327b587b51,segment=NetworkSegment(552d9fe1-20ba-463f-8dd8-aebb7a924809),segment_id=552d9fe1-20ba-463f-8dd8-aebb7a924809)] {{(pid=93311) set_binding_levels /opt/stack/neutron/neutron/plugins/ml2/db.py:59}}
Aug 10 14:23:39.775217 dv-cinder-799668-5-smb neutron-server[93310]: DEBUG neutron.api.rpc.handlers.resources_rpc [None req-4148af12-002e-4276-9d98-ea65d7844fb9 service neutron] Pushing event updated for resources: {'Port': ['ID=94c046ff-0de6-46fa-8975-a2d44b3cbb31,revision_number=3']} {{(pid=93310) push /opt/stack/neutron/neutron/api/rpc/handlers/resources_rpc.py:237}}
Aug 10 14:23:39.788164 dv-cinder-799668-5-smb neutron-server[93311]: DEBUG neutron_lib.callbacks.manager [None req-9e2a851e-3116-4806-bf58-bad3f3e070c1 None None] Notify callbacks ['neutron.plugins.ml2.plugin.SecurityGroupServerNotifierRpcMixin._notify_sg_on_port_change-3562380', 'neutron.plugins.ml2.ovo_rpc._ObjectChangeHandler.handle_event-4091610', 'neutron.api.rpc.agentnotifiers.dhcp_rpc_agent_api.DhcpAgentNotifyAPI._native_event_send_dhcp_notification-3772729', 'neutron.db.l3_db.L3RpcNotifierMixin._notify_gateway_port_ip_changed-8765891839901', 'neutron.db.l3_dvrscheduler_db._notify_l3_agent_port_update-8765891452420', 'neutron.db.l3_hascheduler_db._notify_l3_agent_ha_port_update-8765891452438'] for port, after_update {{(pid=93311) _notify_loop /usr/local/lib/python3.8/dist-packages/neutron_lib/callbacks/manager.py:192}}
Aug 10 14:23:39.833799 dv-cinder-799668-5-smb neutron-server[93309]: DEBUG neutron_lib.callbacks.manager [None req-94067262-b19a-4aae-9632-cde74a4c4221 admin admin] Subscribe: > subnet after_create 55550000 {{(pid=93309) subscribe /usr/local/lib/python3.8/dist-packages/neutron_lib/callbacks/manager.py:45}}
Aug 10 14:23:39.841178 dv-cinder-799668-5-smb neutron-server[93309]: DEBUG neutron_lib.callbacks.manager [None req-94067262-b19a-4aae-9632-cde74a4c4221 admin admin] Subscribe: > subnet after_delete 55550000 {{(pid=93309) subscribe /usr/local/lib/python3.8/dist-packages/neutron_lib/callbacks/manager.py:45}}
Aug 10 14:23:39.842449 dv-cinder-799668-5-smb neutron-server[93309]: DEBUG neutron_lib.callbacks.manager [None req-94067262-b19a-4aae-9632-cde74a4c4221 admin admin] Subscribe: > subnet before_create 55550000 {{(pid=93309) subscribe /usr/local/lib/python3.8/dist-packages/neutron_lib/callbacks/manager.py:45}}
Aug 10 14:23:39.842897 dv-cinder-799668-5-smb neutron-server[93309]: DEBUG neutron_lib.callbacks.manager [None req-94067262-b19a-4aae-9632-cde74a4c4221 admin admin] Subscribe: > subnet before_update 55550000 {{(pid=93309) subscribe /usr/local/lib/python3.8/dist-packages/neutron_lib/callbacks/manager.py:45}}
Aug 10 14:23:39.845593 dv-cinder-799668-5-smb neutron-server[93309]: DEBUG neutron.services.segments.db [None req-94067262-b19a-4aae-9632-cde74a4c4221 admin admin] neutron.services.segments.plugin.Plugin method get_segments called with arguments (,) {'filters': {'network_id': ['7481a08f-f76a-4866-b880-6b6ac820d8cd']}} {{(pid=93309) wrapper /usr/local/lib/python3.8/dist-packages/oslo_log/helpers.py:65}}
Aug 10 14:23:39.889045 dv-cinder-799668-5-smb neutron-server[93310]: DEBUG neutron_lib.callbacks.manager [None req-97999d98-d49c-4744-84a1-d39714aac816 tempest-AttachVolumeShelveTestJSON-1217320609 tempest-AttachVolumeShelveTestJSON-1217320609-project] Notify callbacks [] for security_group_rule, precommit_create {{(pid=93310) _notify_loop /usr/local/lib/python3.8/dist-packages/neutron_lib/callbacks/manager.py:192}}
Aug 10 14:23:40.044107 dv-cinder-799668-5-smb neutron-server[93309]: DEBUG neutron.services.segments.db [None req-94067262-b19a-4aae-9632-cde74a4c4221 admin admin] neutron.services.segments.plugin.Plugin method delete_segment called with arguments (, '7fd7150f-0577-4f8e-ba50-d394c54992d3') {'for_net_delete': True} {{(pid=93309) wrapper /usr/local/lib/python3.8/dist-packages/oslo_log/helpers.py:65}}
Aug 10 14:23:40.044455 dv-cinder-799668-5-smb neutron-server[93309]: DEBUG neutron.services.segments.db [None req-94067262-b19a-4aae-9632-cde74a4c4221 admin admin] neutron.services.segments.plugin.Plugin method get_segment called with arguments (, '7fd7150f-0577-4f8e-ba50-d394c54992d3') {} {{(pid=93309) wrapper /usr/local/lib/python3.8/dist-packages/oslo_log/helpers.py:65}}
Aug 10 14:23:40.051857 dv-cinder-799668-5-smb neutron-server[93310]: DEBUG neutron.pecan_wsgi.hooks.policy_enforcement [req-41319565-a719-47b8-ae64-6f9996a39091 req-4845295c-4042-49a4-9029-aab5fa1d815f service neutron] Attributes excluded by policy engine: ['standard_attr_id'] {{(pid=93310) _exclude_attributes_by_policy /opt/stack/neutron/neutron/pecan_wsgi/hooks/policy_enforcement.py:255}}
Aug 10 14:23:40.058704 dv-cinder-799668-5-smb neutron-server[93311]: DEBUG neutron.db.provisioning_blocks [None req-92c15dcd-ab42-4f70-af25-fa0391689502 None None] Provisioning complete for port 4b923386-a83a-4219-99bd-a49b60667135 triggered by entity L2. {{(pid=93311) provisioning_complete /opt/stack/neutron/neutron/db/provisioning_blocks.py:139}}
Aug 10 14:23:40.058994 dv-cinder-799668-5-smb neutron-server[93311]: DEBUG neutron_lib.callbacks.manager [None req-92c15dcd-ab42-4f70-af25-fa0391689502 None None] Notify callbacks ['neutron.plugins.ml2.plugin.Ml2Plugin._port_provisioned-3624298'] for port, provisioning_complete {{(pid=93311) _notify_loop /usr/local/lib/python3.8/dist-packages/neutron_lib/callbacks/manager.py:192}}
Aug 10 14:23:40.065141 dv-cinder-799668-5-smb neutron-server[93310]: INFO neutron.wsgi [req-41319565-a719-47b8-ae64-6f9996a39091 req-4845295c-4042-49a4-9029-aab5fa1d815f service neutron] 10.222.0.32 "GET /v2.0/ports?tenant_id=655cfc14632241f1bf071b3cacb05174&device_id=c99d3faa-82f6-4972-ad5a-d7f2d39761a6 HTTP/1.1" status: 200 len: 1097 time: 0.5003040
Aug 10 14:23:40.066396 dv-cinder-799668-5-smb neutron-server[93310]: DEBUG neutron_lib.callbacks.manager [None req-97999d98-d49c-4744-84a1-d39714aac816 tempest-AttachVolumeShelveTestJSON-1217320609 tempest-AttachVolumeShelveTestJSON-1217320609-project] Notify callbacks ['neutron.plugins.ml2.ovo_rpc._ObjectChangeHandler.handle_event-3743047'] for security_group_rule, after_create {{(pid=93310) _notify_loop /usr/local/lib/python3.8/dist-packages/neutron_lib/callbacks/manager.py:192}}
Aug 10 14:23:40.166546 dv-cinder-799668-5-smb neutron-server[93310]: DEBUG neutron.api.rpc.handlers.resources_rpc [None req-97999d98-d49c-4744-84a1-d39714aac816 tempest-AttachVolumeShelveTestJSON-1217320609 tempest-AttachVolumeShelveTestJSON-1217320609-project] Pushing event updated for resources: {'SecurityGroupRule': ['ID=1e51d372-af4b-4e48-b926-9b130190e183,revision_number=0']} {{(pid=93310) push /opt/stack/neutron/neutron/api/rpc/handlers/resources_rpc.py:237}}
Aug 10 14:23:40.182576 dv-cinder-799668-5-smb neutron-server[93309]: DEBUG neutron_lib.callbacks.manager [None req-94067262-b19a-4aae-9632-cde74a4c4221 admin admin] Notify callbacks ['neutron.plugins.ml2.db._prevent_segment_delete_with_port_bound-8765892011897', 'neutron.services.segments.plugin.Plugin._prevent_segment_delete_with_subnet_associated-11661412'] for segment, before_delete {{(pid=93309) _notify_loop /usr/local/lib/python3.8/dist-packages/neutron_lib/callbacks/manager.py:192}}
Aug 10 14:23:40.201272 dv-cinder-799668-5-smb neutron-server[93310]: INFO neutron.wsgi [req-b9f3b877-8cdf-435c-a6fa-e6551fad616c req-d3c7b1e2-19cb-424a-92c2-cf701c678a11 tempest-ServerRescueNegativeTestJSON-1127238762 tempest-ServerRescueNegativeTestJSON-1127238762-project] 10.222.0.16 "GET /v2.0/ports?device_id=a94f1014-0d50-442f-9ed0-be7a6b094f1d HTTP/1.1" status: 200 len: 210 time: 0.6275058
Aug 10 14:23:40.212583 dv-cinder-799668-5-smb neutron-server[93311]: DEBUG neutron.db.l3_dvrscheduler_db [None req-9e2a851e-3116-4806-bf58-bad3f3e070c1 None None] Routers {'54dc88fa-875a-4ca0-90e7-669836f6006a'} bound to L3 agent in host dv-cinder-799668-5-smb {{(pid=93311) _get_router_ids_for_agent /opt/stack/neutron/neutron/db/l3_dvrscheduler_db.py:420}}
Aug 10 14:23:40.214469 dv-cinder-799668-5-smb neutron-server[93311]: DEBUG neutron.db.l3_hamode_db [None req-9e2a851e-3116-4806-bf58-bad3f3e070c1 None None] neutron.services.l3_router.l3_router_plugin.L3RouterPlugin method get_ha_sync_data_for_host called with arguments (, 'dv-cinder-799668-5-smb', Agent(admin_state_up=True,agent_type='L3 agent',availability_zone='nova',binary='neutron-l3-agent',configurations={"agent_mode": "legacy", "ex_gw_ports": 2, "extensions": [], "floating_ips": 0, "handle_internal_only_routers": true, "interface_driver": "openvswitch", "interfaces": 2, "log_agent_heartbeats": false, "routers": 2},created_at=2021-08-10T14:14:55Z,description=,heartbeat_timestamp=2021-08-10T14:23:25Z,host='dv-cinder-799668-5-smb',id=d1f1d652-3724-4257-886a-57b87df7a4c1,load=0,resource_versions=,resources_synced=,started_at=2021-08-10T14:14:55Z,topic='l3_agent')) {'router_ids': ['54dc88fa-875a-4ca0-90e7-669836f6006a'], 'active': True} {{(pid=93311) wrapper /usr/local/lib/python3.8/dist-packages/oslo_log/helpers.py:65}}
Aug 10 14:23:40.238139 dv-cinder-799668-5-smb neutron-server[93310]: DEBUG neutron_lib.callbacks.manager [None req-97999d98-d49c-4744-84a1-d39714aac816 tempest-AttachVolumeShelveTestJSON-1217320609 tempest-AttachVolumeShelveTestJSON-1217320609-project] Notify callbacks [] for security_group_rule, before_response {{(pid=93310) _notify_loop /usr/local/lib/python3.8/dist-packages/neutron_lib/callbacks/manager.py:192}}
Aug 10 14:23:40.246571 dv-cinder-799668-5-smb neutron-server[93310]: INFO neutron.wsgi [None req-97999d98-d49c-4744-84a1-d39714aac816 tempest-AttachVolumeShelveTestJSON-1217320609 tempest-AttachVolumeShelveTestJSON-1217320609-project] 10.222.0.16 "POST /v2.0/security-group-rules HTTP/1.1" status: 201 len: 769 time: 1.3872216
Aug 10 14:23:40.247301 dv-cinder-799668-5-smb neutron-server[93310]: DEBUG neutron.wsgi [-] (93310) accepted ('10.222.0.16', 56164) {{(pid=93310) server /usr/local/lib/python3.8/dist-packages/eventlet/wsgi.py:982}}
Aug 10 14:23:40.295053 dv-cinder-799668-5-smb neutron-server[93310]: DEBUG novaclient.v2.client [-] REQ: curl -g -i --cacert "/opt/stack/data/ca-bundle.pem" -X POST http://10.222.0.16/compute/v2.1/os-server-external-events -H "Accept: application/json" -H "Content-Type: application/json" -H "User-Agent: python-novaclient" -H "X-Auth-Token: {SHA256}6303256fbdb5f0ca63acbb401eed7ca86e3945bc1234e24d3507b6763d16d2d7" -H "X-OpenStack-Nova-API-Version: 2.1" -H "X-OpenStack-Request-ID: req-a58b6557-5356-4a51-8eae-61be3fdccf81" -d '{"events": [{"name": "network-changed", "server_uuid": "c99d3faa-82f6-4972-ad5a-d7f2d39761a6", "tag": "94c046ff-0de6-46fa-8975-a2d44b3cbb31"}]}' {{(pid=93310) _http_log_request /usr/local/lib/python3.8/dist-packages/keystoneauth1/session.py:519}}
Aug 10 14:23:40.304873 dv-cinder-799668-5-smb neutron-server[93310]: DEBUG neutron.api.v2.base [None req-bd4c28ae-b2c2-4b3e-a21a-26e374e9562f tempest-AttachVolumeShelveTestJSON-1217320609 tempest-AttachVolumeShelveTestJSON-1217320609-project] Request body: {'floatingip': {'floating_network_id': '2640407b-7f14-4dae-abb1-fdcc0640aa62'}} {{(pid=93310) prepare_request_body /opt/stack/neutron/neutron/api/v2/base.py:729}}
Aug 10 14:23:40.321189 dv-cinder-799668-5-smb neutron-server[93309]: DEBUG neutron_lib.callbacks.manager [None req-94067262-b19a-4aae-9632-cde74a4c4221 admin admin] Notify callbacks ['neutron.plugins.ml2.plugin.Ml2Plugin._handle_segment_change-3657776'] for segment, precommit_delete {{(pid=93309) _notify_loop /usr/local/lib/python3.8/dist-packages/neutron_lib/callbacks/manager.py:192}}
Aug 10 14:23:40.325813 dv-cinder-799668-5-smb neutron-server[93311]: DEBUG neutron.api.rpc.handlers.resources_rpc [None req-b47b344d-4007-477c-a527-aee1fa2624f9 None None] Pushing event updated for resources: {'Port': ['ID=286fe680-e6fc-45ad-88fa-f1327b587b51,revision_number=4']} {{(pid=93311) push /opt/stack/neutron/neutron/api/rpc/handlers/resources_rpc.py:237}}
Aug 10 14:23:40.362548 dv-cinder-799668-5-smb neutron-server[93309]: DEBUG neutron.plugins.ml2.drivers.type_vlan [None req-94067262-b19a-4aae-9632-cde74a4c4221 admin admin] Releasing vlan 511 on physical network physnet1 to pool {{(pid=93309) release_segment /opt/stack/neutron/neutron/plugins/ml2/drivers/type_vlan.py:304}}
Aug 10 14:23:40.367268 dv-cinder-799668-5-smb neutron-server[93309]: DEBUG neutron_lib.callbacks.manager [None req-94067262-b19a-4aae-9632-cde74a4c4221 admin admin] Notify callbacks ['neutron.plugins.ml2.plugin.Ml2Plugin._handle_segment_change-3657776', 'neutron.services.segments.plugin.NovaSegmentNotifier._notify_segment_deleted-11294841'] for segment, after_delete {{(pid=93309) _notify_loop /usr/local/lib/python3.8/dist-packages/neutron_lib/callbacks/manager.py:192}}
Aug 10 14:23:40.449434 dv-cinder-799668-5-smb neutron-server[93310]: DEBUG neutron_lib.callbacks.manager [None req-bd4c28ae-b2c2-4b3e-a21a-26e374e9562f tempest-AttachVolumeShelveTestJSON-1217320609 tempest-AttachVolumeShelveTestJSON-1217320609-project] Notify callbacks [] for floatingip, before_create {{(pid=93310) _notify_loop /usr/local/lib/python3.8/dist-packages/neutron_lib/callbacks/manager.py:192}}
Aug 10 14:23:40.466685 dv-cinder-799668-5-smb neutron-server[93310]: INFO neutron.wsgi [req-41319565-a719-47b8-ae64-6f9996a39091 req-2027feea-a55a-4dc3-bd8d-8fb14d5b55c0 service neutron] 10.222.0.32 "GET /v2.0/floatingips?fixed_ip_address=172.20.0.12&port_id=94c046ff-0de6-46fa-8975-a2d44b3cbb31 HTTP/1.1" status: 200 len: 217 time: 0.2973900
Aug 10 14:23:40.583829 dv-cinder-799668-5-smb neutron-server[93309]: /usr/lib/python3/dist-packages/secretstorage/dhcrypto.py:15: CryptographyDeprecationWarning: int_from_bytes is deprecated, use int.from_bytes instead
Aug 10 14:23:40.583829 dv-cinder-799668-5-smb neutron-server[93309]: from cryptography.utils import int_from_bytes
Aug 10 14:23:40.583829 dv-cinder-799668-5-smb neutron-server[93309]: /usr/lib/python3/dist-packages/secretstorage/util.py:19: CryptographyDeprecationWarning: int_from_bytes is deprecated, use int.from_bytes instead
Aug 10 14:23:40.583829 dv-cinder-799668-5-smb neutron-server[93309]: from cryptography.utils import int_from_bytes
Aug 10 14:23:40.583829 dv-cinder-799668-5-smb neutron-server[93309]: Traceback (most recent call last):
Aug 10 14:23:40.583829 dv-cinder-799668-5-smb neutron-server[93309]: File "/usr/local/lib/python3.8/dist-packages/eventlet/hubs/hub.py", line 476, in fire_timers
Aug 10 14:23:40.583829 dv-cinder-799668-5-smb neutron-server[93309]: timer()
Aug 10 14:23:40.583829 dv-cinder-799668-5-smb neutron-server[93309]: File "/usr/local/lib/python3.8/dist-packages/eventlet/hubs/timer.py", line 59, in __call__
Aug 10 14:23:40.583829 dv-cinder-799668-5-smb neutron-server[93309]: cb(*args, **kw)
Aug 10 14:23:40.583829 dv-cinder-799668-5-smb neutron-server[93309]: File "/opt/stack/neutron/neutron/common/utils.py", line 905, in wrapper
Aug 10 14:23:40.583829 dv-cinder-799668-5-smb neutron-server[93309]: return func(*args, **kwargs)
Aug 10 14:23:40.583829 dv-cinder-799668-5-smb neutron-server[93309]: File "/opt/stack/neutron/neutron/notifiers/batch_notifier.py", line 58, in synced_send
Aug 10 14:23:40.583829 dv-cinder-799668-5-smb neutron-server[93309]: self._notify()
Aug 10 14:23:40.583829 dv-cinder-799668-5-smb neutron-server[93309]: File "/opt/stack/neutron/neutron/notifiers/batch_notifier.py", line 69, in _notify
Aug 10 14:23:40.583829 dv-cinder-799668-5-smb neutron-server[93309]: self.callback(batched_events)
Aug 10 14:23:40.583829 dv-cinder-799668-5-smb neutron-server[93309]: File "/opt/stack/neutron/neutron/services/segments/plugin.py", line 211, in _send_notifications
Aug 10 14:23:40.583829 dv-cinder-799668-5-smb neutron-server[93309]: event.method(event)
Aug 10 14:23:40.583829 dv-cinder-799668-5-smb neutron-server[93309]: File "/opt/stack/neutron/neutron/services/segments/plugin.py", line 383, in _delete_nova_inventory
Aug 10 14:23:40.583829 dv-cinder-799668-5-smb neutron-server[93309]: aggregate_id = self._get_aggregate_id(event.segment_id)
Aug 10 14:23:40.583829 dv-cinder-799668-5-smb neutron-server[93309]: File "/opt/stack/neutron/neutron/services/segments/plugin.py", line 370, in _get_aggregate_id
Aug 10 14:23:40.583829 dv-cinder-799668-5-smb neutron-server[93309]: aggregate_uuid = self.p_client.list_aggregates(
Aug 10 14:23:40.583829 dv-cinder-799668-5-smb neutron-server[93309]: File "/usr/local/lib/python3.8/dist-packages/neutron_lib/placement/client.py", line 57, in wrapper
Aug 10 14:23:40.583829 dv-cinder-799668-5-smb neutron-server[93309]: return f(self, *a, **k)
Aug 10 14:23:40.583829 dv-cinder-799668-5-smb neutron-server[93309]: File "/usr/local/lib/python3.8/dist-packages/neutron_lib/placement/client.py", line 553, in list_aggregates
Aug 10 14:23:40.583829 dv-cinder-799668-5-smb neutron-server[93309]: return self._get(url).json()
Aug 10 14:23:40.583829 dv-cinder-799668-5-smb neutron-server[93309]: File "/usr/local/lib/python3.8/dist-packages/neutron_lib/placement/client.py", line 189, in _get
Aug 10 14:23:40.583829 dv-cinder-799668-5-smb neutron-server[93309]: return self._client.get(url, endpoint_filter=self._ks_filter,
Aug 10 14:23:40.583829 dv-cinder-799668-5-smb neutron-server[93309]: File "/usr/local/lib/python3.8/dist-packages/keystoneauth1/session.py", line 1141, in get
Aug 10 14:23:40.583829 dv-cinder-799668-5-smb neutron-server[93309]: return self.request(url, 'GET', **kwargs)
Aug 10 14:23:40.583829 dv-cinder-799668-5-smb neutron-server[93309]: File "/usr/local/lib/python3.8/dist-packages/keystoneauth1/session.py", line 811, in request
Aug 10 14:23:40.583829 dv-cinder-799668-5-smb neutron-server[93309]: base_url = self.get_endpoint(auth, allow=allow,
Aug 10 14:23:40.583829 dv-cinder-799668-5-smb neutron-server[93309]: File "/usr/local/lib/python3.8/dist-packages/keystoneauth1/session.py", line 1241, in get_endpoint
Aug 10 14:23:40.583829 dv-cinder-799668-5-smb neutron-server[93309]: auth = self._auth_required(auth, 'determine endpoint URL')
Aug 10 14:23:40.583829 dv-cinder-799668-5-smb neutron-server[93309]: File "/usr/local/lib/python3.8/dist-packages/keystoneauth1/session.py", line 1181, in _auth_required
Aug 10 14:23:40.583829 dv-cinder-799668-5-smb neutron-server[93309]: raise exceptions.MissingAuthPlugin(msg_fmt % msg)
Aug 10 14:23:40.583829 dv-cinder-799668-5-smb neutron-server[93309]: keystoneauth1.exceptions.auth_plugins.MissingAuthPlugin: An auth plugin is required to determine endpoint URL
Aug 10 14:23:40.692901 dv-cinder-799668-5-smb neutron-server[93311]: DEBUG neutron.db.l3_dvr_db [None req-9e2a851e-3116-4806-bf58-bad3f3e070c1 None None] Set router 54dc88fa-875a-4ca0-90e7-669836f6006a gateway port host: dv-cinder-799668-5-smb {{(pid=93311) _build_routers_list /opt/stack/neutron/neutron/db/l3_dvr_db.py:906}}
Aug 10 14:23:40.893953 dv-cinder-799668-5-smb neutron-server[93310]: DEBUG neutron.pecan_wsgi.hooks.policy_enforcement [req-41319565-a719-47b8-ae64-6f9996a39091 req-991bcb45-be17-47bc-95d4-1d181a6cc7c9 service neutron] Attributes excluded by policy engine: ['standard_attr_id', 'shared'] {{(pid=93310) _exclude_attributes_by_policy /opt/stack/neutron/neutron/pecan_wsgi/hooks/policy_enforcement.py:255}}
Aug 10 14:23:40.903184 dv-cinder-799668-5-smb neutron-server[93310]: INFO neutron.wsgi [req-41319565-a719-47b8-ae64-6f9996a39091 req-991bcb45-be17-47bc-95d4-1d181a6cc7c9 service neutron] 10.222.0.32 "GET /v2.0/subnets?id=70baa402-3fe9-499f-a750-49f157f6822c HTTP/1.1" status: 200 len: 851 time: 0.3801279
Aug 10 14:23:40.925740 dv-cinder-799668-5-smb neutron-server[93310]: DEBUG novaclient.v2.client [-] RESP: [200] Connection: close Content-Length: 179 Content-Type: application/json Date: Tue, 10 Aug 2021 14:23:40 GMT OpenStack-API-Version: compute 2.1 Server: Apache/2.4.41 (Ubuntu) Vary: OpenStack-API-Version,X-OpenStack-Nova-API-Version X-OpenStack-Nova-API-Version: 2.1 x-compute-request-id: req-e3da0f17-5a08-4322-bc95-940baa9496e7 x-openstack-request-id: req-e3da0f17-5a08-4322-bc95-940baa9496e7 {{(pid=93310) _http_log_response /usr/local/lib/python3.8/dist-packages/keystoneauth1/session.py:550}}
Aug 10 14:23:40.927832 dv-cinder-799668-5-smb neutron-server[93310]: DEBUG novaclient.v2.client [-] RESP BODY: {"events": [{"name": "network-changed", "server_uuid": "c99d3faa-82f6-4972-ad5a-d7f2d39761a6", "tag": "94c046ff-0de6-46fa-8975-a2d44b3cbb31", "status": "completed", "code": 200}]} {{(pid=93310) _http_log_response /usr/local/lib/python3.8/dist-packages/keystoneauth1/session.py:582}}
Aug 10 14:23:40.928299 dv-cinder-799668-5-smb neutron-server[93310]: DEBUG novaclient.v2.client [-] POST call to compute for http://10.222.0.16/compute/v2.1/os-server-external-events used request id req-e3da0f17-5a08-4322-bc95-940baa9496e7 {{(pid=93310) request /usr/local/lib/python3.8/dist-packages/keystoneauth1/session.py:954}}
Aug 10 14:23:40.929601 dv-cinder-799668-5-smb neutron-server[93310]: INFO neutron.notifiers.nova [-] Nova event response: {'name': 'network-changed', 'server_uuid': 'c99d3faa-82f6-4972-ad5a-d7f2d39761a6', 'tag': '94c046ff-0de6-46fa-8975-a2d44b3cbb31', 'status': 'completed', 'code': 200}
Aug 10 14:23:40.965645 dv-cinder-799668-5-smb neutron-server[93310]: DEBUG neutron.pecan_wsgi.hooks.policy_enforcement [req-e72f9089-01ff-4680-a3a1-9d6ad3d61c99 req-af8156fd-1989-4d69-84c7-f0ea0aaae1ad tempest-ServerRescueNegativeTestJSON-1127238762 tempest-ServerRescueNegativeTestJSON-1127238762-project] Attributes excluded by policy engine: ['standard_attr_id', 'vlan_transparent', 'provider:network_type', 'provider:physical_network', 'provider:segmentation_id'] {{(pid=93310) _exclude_attributes_by_policy /opt/stack/neutron/neutron/pecan_wsgi/hooks/policy_enforcement.py:255}}
Aug 10 14:23:40.975295 dv-cinder-799668-5-smb neutron-server[93310]: INFO neutron.wsgi [req-e72f9089-01ff-4680-a3a1-9d6ad3d61c99 req-af8156fd-1989-4d69-84c7-f0ea0aaae1ad tempest-ServerRescueNegativeTestJSON-1127238762 tempest-ServerRescueNegativeTestJSON-1127238762-project] 10.222.0.32 "GET /v2.0/networks?id=10bdcef1-7ba7-430d-bbe4-5fa008d6fc8c HTTP/1.1" status: 200 len: 819 time: 1.4074678
Aug 10 14:23:41.109705 dv-cinder-799668-5-smb neutron-server[93309]: DEBUG neutron.db.db_base_plugin_common [req-30512774-0deb-4a5f-8e5f-507109a04ca9 req-c9b323fa-a7df-4a97-9728-dd5df92361b6 tempest-ServerRescueNegativeTestJSON-1127238762 tempest-ServerRescueNegativeTestJSON-1127238762-project] Allocated IP 172.20.0.2 (10bdcef1-7ba7-430d-bbe4-5fa008d6fc8c/6b27d255-7aa2-48c9-9d99-04f76d969c1a/74cde7ed-2fd2-414c-9eb4-2cee16c089c7) {{(pid=93309) _store_ip_allocation /opt/stack/neutron/neutron/db/db_base_plugin_common.py:131}}
Aug 10 14:23:41.123812 dv-cinder-799668-5-smb neutron-server[93311]: DEBUG neutron.db.l3_hamode_db [None req-9e2a851e-3116-4806-bf58-bad3f3e070c1 None None] neutron.services.l3_router.l3_router_plugin.L3RouterPlugin method _process_sync_ha_data called with arguments (, [{'id': '54dc88fa-875a-4ca0-90e7-669836f6006a', 'name': 'tempest-AttachVolumeShelveTestJSON-1328661648-router', 'tenant_id': '6eed9e442ff8476d8855dabd6f6b86fa', 'admin_state_up': True, 'status': 'ACTIVE', 'external_gateway_info': {'network_id': '2640407b-7f14-4dae-abb1-fdcc0640aa62', 'external_fixed_ips': [{'subnet_id': '59c3d272-a507-483b-82f5-bd95670d4c13', 'ip_address': '172.28.1.208'}], 'enable_snat': True}, 'gw_port_id': '5a306fb8-c320-4ad4-8357-f8eca87f15b0', 'description': '', 'availability_zones': ['nova'], 'distributed': False, 'ha': False, 'ha_vr_id': 0, 'availability_zone_hints': [], 'routes': [], 'flavor_id': None, 'tags': [], 'created_at': '2021-08-10T14:23:19Z', 'updated_at': '2021-08-10T14:23:28Z', 'revision_number': 4, 'project_id': '6eed9e442ff8476d8855dabd6f6b86fa', 'gw_port': {'id': '5a306fb8-c320-4ad4-8357-f8eca87f15b0', 'name': '', 'network_id': '2640407b-7f14-4dae-abb1-fdcc0640aa62', 'tenant_id': '', 'mac_address': 'fa:16:3e:c8:c4:57', 'admin_state_up': True, 'status': 'ACTIVE', 'device_id': '54dc88fa-875a-4ca0-90e7-669836f6006a', 'device_owner': 'network:router_gateway', 'standard_attr_id': 69, 'fixed_ips': [{'subnet_id': '59c3d272-a507-483b-82f5-bd95670d4c13', 'ip_address': '172.28.1.208', 'prefixlen': 24}], 'allowed_address_pairs': [], 'extra_dhcp_opts': [], 'security_groups': [], 'description': '', 'binding:vnic_type': 'normal', 'binding:profile': {}, 'binding:host_id': 'dv-cinder-799668-5-smb', 'binding:vif_type': 'ovs', 'binding:vif_details': {'connectivity': 'l2', 'port_filter': True, 'ovs_hybrid_plug': False, 'datapath_type': 'system', 'bridge_name': 'br-int'}, 'port_security_enabled': False, 'tags': [], 'created_at': '2021-08-10T14:23:21Z', 'updated_at': '2021-08-10T14:23:33Z', 'revision_number': 4, 'project_id': '', 'subnets': [{'id': '59c3d272-a507-483b-82f5-bd95670d4c13', 'cidr': '172.28.1.0/24', 'gateway_ip': '172.28.1.1', 'dns_nameservers': [], 'ipv6_ra_mode': None, 'subnetpool_id': None}], 'extra_subnets': [], 'address_scopes': {4: None, 6: None}, 'mtu': 1500}, 'enable_snat': True, 'gw_port_host': 'dv-cinder-799668-5-smb', '_interfaces': [{'id': '286fe680-e6fc-45ad-88fa-f1327b587b51', 'name': '', 'network_id': 'e5c49a95-7a51-4325-acf5-5269aa4ce5cf', 'tenant_id': '6eed9e442ff8476d8855dabd6f6b86fa', 'mac_address': 'fa:16:3e:9b:2b:49', 'admin_state_up': True, 'status': 'DOWN', 'device_id': '54dc88fa-875a-4ca0-90e7-669836f6006a', 'device_owner': 'network:router_interface', 'standard_attr_id': 94, 'fixed_ips': [{'subnet_id': 'ac1f441d-8bfb-46ce-8c73-9f62583fd20c', 'ip_address': '172.20.0.1', 'prefixlen': 28}], 'allowed_address_pairs': [], 'extra_dhcp_opts': [], 'security_groups': [], 'description': '', 'binding:vnic_type': 'normal', 'binding:profile': {}, 'binding:host_id': 'dv-cinder-799668-5-smb', 'binding:vif_type': 'ovs', 'binding:vif_details': {'connectivity': 'l2', 'port_filter': True, 'ovs_hybrid_plug': False, 'datapath_type': 'system', 'bridge_name': 'br-int'}, 'port_security_enabled': False, 'tags': [], 'created_at': '2021-08-10T14:23:27Z', 'updated_at': '2021-08-10T14:23:39Z', 'revision_number': 4, 'project_id': '6eed9e442ff8476d8855dabd6f6b86fa', 'subnets': [{'id': 'ac1f441d-8bfb-46ce-8c73-9f62583fd20c', 'cidr': '172.20.0.0/28', 'gateway_ip': '172.20.0.1', 'dns_nameservers': [], 'ipv6_ra_mode': None, 'subnetpool_id': None}], 'extra_subnets': [], 'address_scopes': {4: None, 6: None}, 'mtu': 1500}]}], 'dv-cinder-799668-5-smb', False) {} {{(pid=93311) wrapper /usr/local/lib/python3.8/dist-packages/oslo_log/helpers.py:65}}
Aug 10 14:23:41.146732 dv-cinder-799668-5-smb neutron-server[93310]: DEBUG neutron_lib.callbacks.manager [None req-bd4c28ae-b2c2-4b3e-a21a-26e374e9562f tempest-AttachVolumeShelveTestJSON-1217320609 tempest-AttachVolumeShelveTestJSON-1217320609-project] Notify callbacks ['neutron.plugins.ml2.plugin.SecurityGroupDbMixin._ensure_default_security_group_handler-3561506'] for port, before_create {{(pid=93310) _notify_loop /usr/local/lib/python3.8/dist-packages/neutron_lib/callbacks/manager.py:192}}
Aug 10 14:23:41.254945 dv-cinder-799668-5-smb neutron-server[93311]: DEBUG neutron.api.rpc.handlers.l3_rpc [None req-9e2a851e-3116-4806-bf58-bad3f3e070c1 None None] The sync data for ids ['54dc88fa-875a-4ca0-90e7-669836f6006a'] in dv-cinder-799668-5-smb is: [{'id': '54dc88fa-875a-4ca0-90e7-669836f6006a', 'name': 'tempest-AttachVolumeShelveTestJSON-1328661648-router', 'tenant_id': '6eed9e442ff8476d8855dabd6f6b86fa', 'admin_state_up': True, 'status': 'ACTIVE', 'external_gateway_info': {'network_id': '2640407b-7f14-4dae-abb1-fdcc0640aa62', 'external_fixed_ips': [{'subnet_id': '59c3d272-a507-483b-82f5-bd95670d4c13', 'ip_address': '172.28.1.208'}], 'enable_snat': True}, 'gw_port_id': '5a306fb8-c320-4ad4-8357-f8eca87f15b0', 'description': '', 'availability_zones': ['nova'], 'distributed': False, 'ha': False, 'ha_vr_id': 0, 'availability_zone_hints': [], 'routes': [], 'flavor_id': None, 'tags': [], 'created_at': '2021-08-10T14:23:19Z', 'updated_at': '2021-08-10T14:23:28Z', 'revision_number': 4, 'project_id': '6eed9e442ff8476d8855dabd6f6b86fa', 'gw_port': {'id': '5a306fb8-c320-4ad4-8357-f8eca87f15b0', 'name': '', 'network_id': '2640407b-7f14-4dae-abb1-fdcc0640aa62', 'tenant_id': '', 'mac_address': 'fa:16:3e:c8:c4:57', 'admin_state_up': True, 'status': 'ACTIVE', 'device_id': '54dc88fa-875a-4ca0-90e7-669836f6006a', 'device_owner': 'network:router_gateway', 'standard_attr_id': 69, 'fixed_ips': [{'subnet_id': '59c3d272-a507-483b-82f5-bd95670d4c13', 'ip_address': '172.28.1.208', 'prefixlen': 24}], 'allowed_address_pairs': [], 'extra_dhcp_opts': [], 'security_groups': [], 'description': '', 'binding:vnic_type': 'normal', 'binding:profile': {}, 'binding:host_id': 'dv-cinder-799668-5-smb', 'binding:vif_type': 'ovs', 'binding:vif_details': {'connectivity': 'l2', 'port_filter': True, 'ovs_hybrid_plug': False, 'datapath_type': 'system', 'bridge_name': 'br-int'}, 'port_security_enabled': False, 'tags': [], 'created_at': '2021-08-10T14:23:21Z', 'updated_at': '2021-08-10T14:23:33Z', 'revision_number': 4, 'project_id': '', 'subnets': [{'id': '59c3d272-a507-483b-82f5-bd95670d4c13', 'cidr': '172.28.1.0/24', 'gateway_ip': '172.28.1.1', 'dns_nameservers': [], 'ipv6_ra_mode': None, 'subnetpool_id': None}], 'extra_subnets': [], 'address_scopes': {4: None, 6: None}, 'mtu': 1500}, 'enable_snat': True, 'gw_port_host': 'dv-cinder-799668-5-smb', '_interfaces': [{'id': '286fe680-e6fc-45ad-88fa-f1327b587b51', 'name': '', 'network_id': 'e5c49a95-7a51-4325-acf5-5269aa4ce5cf', 'tenant_id': '6eed9e442ff8476d8855dabd6f6b86fa', 'mac_address': 'fa:16:3e:9b:2b:49', 'admin_state_up': True, 'status': 'DOWN', 'device_id': '54dc88fa-875a-4ca0-90e7-669836f6006a', 'device_owner': 'network:router_interface', 'standard_attr_id': 94, 'fixed_ips': [{'subnet_id': 'ac1f441d-8bfb-46ce-8c73-9f62583fd20c', 'ip_address': '172.20.0.1', 'prefixlen': 28}], 'allowed_address_pairs': [], 'extra_dhcp_opts': [], 'security_groups': [], 'description': '', 'binding:vnic_type': 'normal', 'binding:profile': {}, 'binding:host_id': 'dv-cinder-799668-5-smb', 'binding:vif_type': 'ovs', 'binding:vif_details': {'connectivity': 'l2', 'port_filter': True, 'ovs_hybrid_plug': False, 'datapath_type': 'system', 'bridge_name': 'br-int'}, 'port_security_enabled': False, 'tags': [], 'created_at': '2021-08-10T14:23:27Z', 'updated_at': '2021-08-10T14:23:39Z', 'revision_number': 4, 'project_id': '6eed9e442ff8476d8855dabd6f6b86fa', 'subnets': [{'id': 'ac1f441d-8bfb-46ce-8c73-9f62583fd20c', 'cidr': '172.20.0.0/28', 'gateway_ip': '172.20.0.1', 'dns_nameservers': [], 'ipv6_ra_mode': None, 'subnetpool_id': None}], 'extra_subnets': [], 'address_scopes': {4: None, 6: None}, 'mtu': 1500}]}] {{(pid=93311) sync_routers /opt/stack/neutron/neutron/api/rpc/handlers/l3_rpc.py:137}}
Aug 10 14:23:41.333177 dv-cinder-799668-5-smb neutron-server[93311]: DEBUG neutron.plugins.ml2.rpc [None req-92c15dcd-ab42-4f70-af25-fa0391689502 None None] Device 286fe680-e6fc-45ad-88fa-f1327b587b51 up at agent ovs-agent-dv-cinder-799668-5-smb {{(pid=93311) update_device_up /opt/stack/neutron/neutron/plugins/ml2/rpc.py:296}}
Aug 10 14:23:41.454369 dv-cinder-799668-5-smb neutron-server[93309]: DEBUG neutron_lib.callbacks.manager [None req-94067262-b19a-4aae-9632-cde74a4c4221 admin admin] Notify callbacks ['neutron.plugins.ml2.plugin.Ml2Plugin._network_delete_after_delete_handler-3658766', 'neutron.plugins.ml2.ovo_rpc._ObjectChangeHandler.handle_event-3743209', 'neutron.api.rpc.agentnotifiers.dhcp_rpc_agent_api.DhcpAgentNotifyAPI._native_event_send_dhcp_notification-3772729', 'neutron.services.l3_router.l3_router_plugin.DVRResourceOperationHandler.delete_fip_namespaces_for_ext_net-501935'] for network, after_delete {{(pid=93309) _notify_loop /usr/local/lib/python3.8/dist-packages/neutron_lib/callbacks/manager.py:192}}
Aug 10 14:23:41.472042 dv-cinder-799668-5-smb neutron-server[93309]: DEBUG neutron_lib.callbacks.manager [None req-94067262-b19a-4aae-9632-cde74a4c4221 admin admin] Notify callbacks ['neutron.api.rpc.agentnotifiers.dhcp_rpc_agent_api.DhcpAgentNotifyAPI._send_dhcp_notification-3772711'] for network, before_response {{(pid=93309) _notify_loop /usr/local/lib/python3.8/dist-packages/neutron_lib/callbacks/manager.py:192}}
Aug 10 14:23:41.478663 dv-cinder-799668-5-smb neutron-server[93309]: INFO neutron.wsgi [None req-94067262-b19a-4aae-9632-cde74a4c4221 admin admin] 10.222.0.16 "DELETE /v2.0/networks/7481a08f-f76a-4866-b880-6b6ac820d8cd HTTP/1.1" status: 204 len: 168 time: 4.3352981
Aug 10 14:23:41.487197 dv-cinder-799668-5-smb neutron-server[93310]: DEBUG neutron.api.v2.base [req-e72f9089-01ff-4680-a3a1-9d6ad3d61c99 req-7545c0c1-622d-46d5-af2d-ec55afce3329 tempest-ServerRescueNegativeTestJSON-1127238762 tempest-ServerRescueNegativeTestJSON-1127238762-project] Request body: {'port': {'device_id': 'a94f1014-0d50-442f-9ed0-be7a6b094f1d', 'network_id': '10bdcef1-7ba7-430d-bbe4-5fa008d6fc8c', 'admin_state_up': True, 'tenant_id': '76df677d4f034045817a73a9a488cf11'}} {{(pid=93310) prepare_request_body /opt/stack/neutron/neutron/api/v2/base.py:729}}
Aug 10 14:23:41.571801 dv-cinder-799668-5-smb neutron-server[93311]: DEBUG neutron.db.provisioning_blocks [None req-92c15dcd-ab42-4f70-af25-fa0391689502 None None] Provisioning for port 286fe680-e6fc-45ad-88fa-f1327b587b51 completed by entity L2. {{(pid=93311) provisioning_complete /opt/stack/neutron/neutron/db/provisioning_blocks.py:133}}
Aug 10 14:23:41.589944 dv-cinder-799668-5-smb neutron-server[93311]: DEBUG neutron.db.provisioning_blocks [None req-92c15dcd-ab42-4f70-af25-fa0391689502 None None] Provisioning complete for port 286fe680-e6fc-45ad-88fa-f1327b587b51 triggered by entity L2. {{(pid=93311) provisioning_complete /opt/stack/neutron/neutron/db/provisioning_blocks.py:139}}
Aug 10 14:23:41.590346 dv-cinder-799668-5-smb neutron-server[93311]: DEBUG neutron_lib.callbacks.manager [None req-92c15dcd-ab42-4f70-af25-fa0391689502 None None] Notify callbacks ['neutron.plugins.ml2.plugin.Ml2Plugin._port_provisioned-3624298'] for port, provisioning_complete {{(pid=93311) _notify_loop /usr/local/lib/python3.8/dist-packages/neutron_lib/callbacks/manager.py:192}}
Aug 10 14:23:41.595973 dv-cinder-799668-5-smb neutron-server[93309]: DEBUG neutron.wsgi [-] (93309) accepted ('10.222.0.16', 56202) {{(pid=93309) server /usr/local/lib/python3.8/dist-packages/eventlet/wsgi.py:982}}
Aug 10 14:23:41.601275 dv-cinder-799668-5-smb neutron-server[93309]: DEBUG neutron.api.rpc.handlers.resources_rpc [None req-94067262-b19a-4aae-9632-cde74a4c4221 admin admin] Pushing event deleted for resources: {'Network': ['ID=7481a08f-f76a-4866-b880-6b6ac820d8cd,revision_number=None']} {{(pid=93309) push /opt/stack/neutron/neutron/api/rpc/handlers/resources_rpc.py:237}}
Aug 10 14:23:41.818337 dv-cinder-799668-5-smb neutron-server[93309]: DEBUG neutron.db.db_base_plugin_v2 [None req-aba56989-ae6e-4f98-9cb5-991ea018f34c admin admin] Deleting subnet 7d326cde-92ba-4ff4-ad57-d86cd8626d4e {{(pid=93309) delete_subnet /opt/stack/neutron/neutron/db/db_base_plugin_v2.py:1056}}
Aug 10 14:23:41.828224 dv-cinder-799668-5-smb neutron-server[93309]: DEBUG neutron_lib.callbacks.manager [None req-aba56989-ae6e-4f98-9cb5-991ea018f34c admin admin] Notify callbacks [] for subnet, before_delete {{(pid=93309) _notify_loop /usr/local/lib/python3.8/dist-packages/neutron_lib/callbacks/manager.py:192}}
Aug 10 14:23:41.830899 dv-cinder-799668-5-smb neutron-server[93310]: INFO neutron.wsgi [req-2bef3a41-2f5c-4abc-9a7c-db059e79d778 req-acd4e64e-975c-49f5-aa72-0c1417ef7fb2 tempest-ServerRescueNegativeTestJSON-1127238762 tempest-ServerRescueNegativeTestJSON-1127238762-project] 10.222.0.16 "GET /v2.0/ports?device_id=a94f1014-0d50-442f-9ed0-be7a6b094f1d HTTP/1.1" status: 200 len: 210 time: 0.3881841
Aug 10 14:23:42.020556 dv-cinder-799668-5-smb neutron-server[93311]: DEBUG neutron_lib.callbacks.manager [None req-92c15dcd-ab42-4f70-af25-fa0391689502 None None] Notify callbacks ['neutron.plugins.ml2.plugin.SecurityGroupDbMixin._ensure_default_security_group_handler-3561506'] for port, before_update {{(pid=93311) _notify_loop /usr/local/lib/python3.8/dist-packages/neutron_lib/callbacks/manager.py:192}}
Aug 10 14:23:42.029938 dv-cinder-799668-5-smb neutron-server[93310]: INFO neutron.wsgi [req-41319565-a719-47b8-ae64-6f9996a39091 req-acde2e6c-ce7e-4dee-a46a-0197977e4b53 service neutron] 10.222.0.32 "GET /v2.0/ports?network_id=c2f17988-02c3-4b42-a9d5-1aa794fbd212&device_owner=network%3Adhcp HTTP/1.1" status: 200 len: 210 time: 0.6323028
Aug 10 14:23:42.101715 dv-cinder-799668-5-smb neutron-server[93309]: DEBUG neutron_lib.callbacks.manager [req-30512774-0deb-4a5f-8e5f-507109a04ca9 req-c9b323fa-a7df-4a97-9728-dd5df92361b6 tempest-ServerRescueNegativeTestJSON-1127238762 tempest-ServerRescueNegativeTestJSON-1127238762-project] Notify callbacks [] for port, precommit_create {{(pid=93309) _notify_loop /usr/local/lib/python3.8/dist-packages/neutron_lib/callbacks/manager.py:192}}
Aug 10 14:23:42.155988 dv-cinder-799668-5-smb neutron-server[93311]: DEBUG neutron.plugins.ml2.db [None req-92c15dcd-ab42-4f70-af25-fa0391689502 None None] For port 286fe680-e6fc-45ad-88fa-f1327b587b51, host dv-cinder-799668-5-smb, got binding levels [PortBindingLevel(driver='openvswitch',host='dv-cinder-799668-5-smb',level=0,port_id=286fe680-e6fc-45ad-88fa-f1327b587b51,segment=NetworkSegment(552d9fe1-20ba-463f-8dd8-aebb7a924809),segment_id=552d9fe1-20ba-463f-8dd8-aebb7a924809)] {{(pid=93311) get_binding_level_objs /opt/stack/neutron/neutron/plugins/ml2/db.py:74}}
Aug 10 14:23:42.164720 dv-cinder-799668-5-smb neutron-server[93311]: DEBUG neutron_lib.callbacks.manager [None req-92c15dcd-ab42-4f70-af25-fa0391689502 None None] Notify callbacks ['neutron.plugins.ml2.plugin.SecurityGroupServerNotifierRpcMixin._notify_sg_on_port_change-3562380', 'neutron.plugins.ml2.ovo_rpc._ObjectChangeHandler.handle_event-4091610', 'neutron.api.rpc.agentnotifiers.dhcp_rpc_agent_api.DhcpAgentNotifyAPI._native_event_send_dhcp_notification-3772729', 'neutron.db.l3_db.L3RpcNotifierMixin._notify_gateway_port_ip_changed-8765891839901', 'neutron.db.l3_dvrscheduler_db._notify_l3_agent_port_update-8765891452420', 'neutron.db.l3_hascheduler_db._notify_l3_agent_ha_port_update-8765891452438'] for port, after_update {{(pid=93311) _notify_loop /usr/local/lib/python3.8/dist-packages/neutron_lib/callbacks/manager.py:192}}
Aug 10 14:23:42.190751 dv-cinder-799668-5-smb neutron-server[93309]: DEBUG neutron_lib.callbacks.manager [None req-aba56989-ae6e-4f98-9cb5-991ea018f34c admin admin] Notify callbacks ['neutron.services.segments.plugin.Plugin._validate_auto_address_subnet_delete-11661341'] for subnet, precommit_delete_associations {{(pid=93309) _notify_loop /usr/local/lib/python3.8/dist-packages/neutron_lib/callbacks/manager.py:192}}
Aug 10 14:23:42.288071 dv-cinder-799668-5-smb neutron-server[93309]: DEBUG neutron.pecan_wsgi.hooks.policy_enforcement [req-40f8a0ea-607f-4835-8919-e8925281edbe req-7ac15d08-9f96-45fd-a4cf-1798303a372e tempest-DeleteServersTestJSON-527062188 tempest-DeleteServersTestJSON-527062188-project] Attributes excluded by policy engine: ['standard_attr_id', 'binding:profile', 'binding:host_id', 'binding:vif_type', 'binding:vif_details'] {{(pid=93309) _exclude_attributes_by_policy /opt/stack/neutron/neutron/pecan_wsgi/hooks/policy_enforcement.py:255}}
Aug 10 14:23:42.296414 dv-cinder-799668-5-smb neutron-server[93309]: INFO neutron.wsgi [req-40f8a0ea-607f-4835-8919-e8925281edbe req-7ac15d08-9f96-45fd-a4cf-1798303a372e tempest-DeleteServersTestJSON-527062188 tempest-DeleteServersTestJSON-527062188-project] 10.222.0.16 "GET /v2.0/ports?device_id=c99d3faa-82f6-4972-ad5a-d7f2d39761a6 HTTP/1.1" status: 200 len: 944 time: 0.8986182
Aug 10 14:23:42.298973 dv-cinder-799668-5-smb neutron-server[93309]: DEBUG neutron_lib.callbacks.manager [req-30512774-0deb-4a5f-8e5f-507109a04ca9 req-c9b323fa-a7df-4a97-9728-dd5df92361b6 tempest-ServerRescueNegativeTestJSON-1127238762 tempest-ServerRescueNegativeTestJSON-1127238762-project] Notify callbacks ['neutron.plugins.ml2.plugin.SecurityGroupServerNotifierRpcMixin._notify_sg_on_port_change-3562380', 'neutron.plugins.ml2.ovo_rpc._ObjectChangeHandler.handle_event-4091610', 'neutron.api.rpc.agentnotifiers.dhcp_rpc_agent_api.DhcpAgentNotifyAPI._native_event_send_dhcp_notification-3772729', 'neutron.db.l3_dvrscheduler_db._notify_l3_agent_new_port-8765891453678', 'neutron.services.segments.plugin.NovaSegmentNotifier._notify_port_created_or_deleted-11294886'] for port, after_create {{(pid=93309) _notify_loop /usr/local/lib/python3.8/dist-packages/neutron_lib/callbacks/manager.py:192}}
Aug 10 14:23:42.327888 dv-cinder-799668-5-smb neutron-server[93311]: DEBUG neutron.api.rpc.handlers.resources_rpc [None req-92c15dcd-ab42-4f70-af25-fa0391689502 None None] Pushing event updated for resources: {'Port': ['ID=286fe680-e6fc-45ad-88fa-f1327b587b51,revision_number=5']} {{(pid=93311) push /opt/stack/neutron/neutron/api/rpc/handlers/resources_rpc.py:237}}
Aug 10 14:23:42.550900 dv-cinder-799668-5-smb neutron-server[93310]: DEBUG neutron.db.db_base_plugin_common [None req-bd4c28ae-b2c2-4b3e-a21a-26e374e9562f tempest-AttachVolumeShelveTestJSON-1217320609 tempest-AttachVolumeShelveTestJSON-1217320609-project] Allocated IP 172.28.1.253 (2640407b-7f14-4dae-abb1-fdcc0640aa62/59c3d272-a507-483b-82f5-bd95670d4c13/afdf0d0d-1e5c-443b-9175-600d6f17da5c) {{(pid=93310) _store_ip_allocation /opt/stack/neutron/neutron/db/db_base_plugin_common.py:131}}
Aug 10 14:23:42.556855 dv-cinder-799668-5-smb neutron-server[93310]: INFO neutron.wsgi [req-41319565-a719-47b8-ae64-6f9996a39091 req-7470b29e-803f-4bac-bec6-5ee9b978be6b service neutron] 10.222.0.32 "GET /v2.0/networks/c2f17988-02c3-4b42-a9d5-1aa794fbd212?fields=segments HTTP/1.1" status: 200 len: 212 time: 0.4974773
Aug 10 14:23:42.719573 dv-cinder-799668-5-smb neutron-server[93309]: DEBUG neutron.scheduler.dhcp_agent_scheduler [req-30512774-0deb-4a5f-8e5f-507109a04ca9 req-c9b323fa-a7df-4a97-9728-dd5df92361b6 tempest-ServerRescueNegativeTestJSON-1127238762 tempest-ServerRescueNegativeTestJSON-1127238762-project] Network 10bdcef1-7ba7-430d-bbe4-5fa008d6fc8c is already hosted by enough agents. {{(pid=93309) _get_dhcp_agents_hosting_network /opt/stack/neutron/neutron/scheduler/dhcp_agent_scheduler.py:275}}
Aug 10 14:23:42.763661 dv-cinder-799668-5-smb neutron-server[93309]: DEBUG neutron.scheduler.base_scheduler [req-30512774-0deb-4a5f-8e5f-507109a04ca9 req-c9b323fa-a7df-4a97-9728-dd5df92361b6 tempest-ServerRescueNegativeTestJSON-1127238762 tempest-ServerRescueNegativeTestJSON-1127238762-project] Resources bound (agent type, host, resource id): {{(pid=93309) schedule /opt/stack/neutron/neutron/scheduler/base_scheduler.py:57}}
Aug 10 14:23:42.795060 dv-cinder-799668-5-smb neutron-server[93309]: DEBUG neutron_lib.callbacks.manager [None req-aba56989-ae6e-4f98-9cb5-991ea018f34c admin admin] Notify callbacks ['neutron.plugins.ml2.plugin.Ml2Plugin._subnet_delete_precommit_handler-3658380'] for subnet, precommit_delete {{(pid=93309) _notify_loop /usr/local/lib/python3.8/dist-packages/neutron_lib/callbacks/manager.py:192}}
Aug 10 14:23:42.803633 dv-cinder-799668-5-smb neutron-server[93309]: DEBUG neutron.api.rpc.handlers.resources_rpc [None req-c9b323fa-a7df-4a97-9728-dd5df92361b6 tempest-ServerRescueNegativeTestJSON-1127238762 tempest-ServerRescueNegativeTestJSON-1127238762-project] Pushing event updated for resources: {'Port': ['ID=74cde7ed-2fd2-414c-9eb4-2cee16c089c7,revision_number=1']} {{(pid=93309) push /opt/stack/neutron/neutron/api/rpc/handlers/resources_rpc.py:237}}
Aug 10 14:23:42.825013 dv-cinder-799668-5-smb neutron-server[93309]: DEBUG neutron.db.l3_dvrscheduler_db [req-30512774-0deb-4a5f-8e5f-507109a04ca9 req-c9b323fa-a7df-4a97-9728-dd5df92361b6 tempest-ServerRescueNegativeTestJSON-1127238762 tempest-ServerRescueNegativeTestJSON-1127238762-project] Received port after_create {{(pid=93309) _notify_l3_agent_new_port /opt/stack/neutron/neutron/db/l3_dvrscheduler_db.py:535}}
Aug 10 14:23:42.941909 dv-cinder-799668-5-smb neutron-server[93310]: INFO neutron.wsgi [req-41319565-a719-47b8-ae64-6f9996a39091 req-f079be7d-ce7f-4c18-a427-9d81299386a2 service neutron] 10.222.0.32 "GET /v2.0/networks/c2f17988-02c3-4b42-a9d5-1aa794fbd212?fields=provider%3Aphysical_network&fields=provider%3Anetwork_type HTTP/1.1" status: 200 len: 281 time: 0.3006628
Aug 10 14:23:43.206439 dv-cinder-799668-5-smb neutron-server[93309]: INFO neutron.wsgi [req-40f8a0ea-607f-4835-8919-e8925281edbe req-cebe3c89-9293-4cb8-a485-8578afdd9e4d tempest-DeleteServersTestJSON-527062188 tempest-DeleteServersTestJSON-527062188-project] 10.222.0.16 "GET /v2.0/security-groups?id=46f49460-a1db-4bf5-80e3-8f84fee2ccca&fields=id&fields=name HTTP/1.1" status: 200 len: 286 time: 0.8214729
Aug 10 14:23:43.228967 dv-cinder-799668-5-smb neutron-server[93309]: DEBUG neutron.pecan_wsgi.hooks.policy_enforcement [req-30512774-0deb-4a5f-8e5f-507109a04ca9 req-c9b323fa-a7df-4a97-9728-dd5df92361b6 tempest-ServerRescueNegativeTestJSON-1127238762 tempest-ServerRescueNegativeTestJSON-1127238762-project] Attributes excluded by policy engine: ['standard_attr_id', 'binding:profile', 'binding:host_id', 'binding:vif_type', 'binding:vif_details', 'network'] {{(pid=93309) _exclude_attributes_by_policy /opt/stack/neutron/neutron/pecan_wsgi/hooks/policy_enforcement.py:255}}
Aug 10 14:23:43.230021 dv-cinder-799668-5-smb neutron-server[93309]: DEBUG neutron_lib.callbacks.manager [req-30512774-0deb-4a5f-8e5f-507109a04ca9 req-c9b323fa-a7df-4a97-9728-dd5df92361b6 tempest-ServerRescueNegativeTestJSON-1127238762 tempest-ServerRescueNegativeTestJSON-1127238762-project] Notify callbacks ['neutron.notifiers.nova.Notifier._send_nova_notification-4170918', 'neutron.api.rpc.agentnotifiers.dhcp_rpc_agent_api.DhcpAgentNotifyAPI._send_dhcp_notification-3772711'] for port, before_response {{(pid=93309) _notify_loop /usr/local/lib/python3.8/dist-packages/neutron_lib/callbacks/manager.py:192}}
Aug 10 14:23:43.266746 dv-cinder-799668-5-smb neutron-server[93309]: DEBUG neutron_lib.callbacks.manager [None req-aba56989-ae6e-4f98-9cb5-991ea018f34c admin admin] Notify callbacks ['neutron.plugins.ml2.plugin.Ml2Plugin._subnet_delete_after_delete_handler-3658485', 'neutron.plugins.ml2.ovo_rpc._ObjectChangeHandler.handle_event-3738178', 'neutron.api.rpc.agentnotifiers.dhcp_rpc_agent_api.DhcpAgentNotifyAPI._native_event_send_dhcp_notification-3772729', 'neutron.services.segments.plugin.NovaSegmentNotifier._notify_subnet_deleted-11294867', 'neutron.services.segments.plugin.SegmentHostRoutes.host_routes_after_delete-10532475'] for subnet, after_delete {{(pid=93309) _notify_loop /usr/local/lib/python3.8/dist-packages/neutron_lib/callbacks/manager.py:192}}
Aug 10 14:23:43.296043 dv-cinder-799668-5-smb neutron-server[93311]: DEBUG neutron.plugins.ml2.rpc [None req-92c15dcd-ab42-4f70-af25-fa0391689502 None None] Device 286fe680-e6fc-45ad-88fa-f1327b587b51 up at agent ovs-agent-dv-cinder-799668-5-smb {{(pid=93311) update_device_up /opt/stack/neutron/neutron/plugins/ml2/rpc.py:296}}
Aug 10 14:23:43.308024 dv-cinder-799668-5-smb neutron-server[93310]: INFO neutron.wsgi [req-d0e98e02-ca31-417e-95a7-496843114b17 req-3224f603-45c7-4126-bafe-a69c4f4c7ad7 tempest-ServerRescueNegativeTestJSON-1127238762 tempest-ServerRescueNegativeTestJSON-1127238762-project] 10.222.0.16 "GET /v2.0/ports?device_id=a94f1014-0d50-442f-9ed0-be7a6b094f1d HTTP/1.1" status: 200 len: 210 time: 0.2349877
Aug 10 14:23:43.374389 dv-cinder-799668-5-smb neutron-server[93310]: DEBUG neutron.pecan_wsgi.hooks.quota_enforcement [req-e72f9089-01ff-4680-a3a1-9d6ad3d61c99 req-7545c0c1-622d-46d5-af2d-ec55afce3329 tempest-ServerRescueNegativeTestJSON-1127238762 tempest-ServerRescueNegativeTestJSON-1127238762-project] Made reservation on behalf of 76df677d4f034045817a73a9a488cf11 for: {'port': 1} {{(pid=93310) before /opt/stack/neutron/neutron/pecan_wsgi/hooks/quota_enforcement.py:53}}
Aug 10 14:23:43.384962 dv-cinder-799668-5-smb neutron-server[93309]: DEBUG neutron.api.rpc.handlers.resources_rpc [None req-aba56989-ae6e-4f98-9cb5-991ea018f34c admin admin] Pushing event deleted for resources: {'Subnet': ['ID=7d326cde-92ba-4ff4-ad57-d86cd8626d4e,revision_number=None']} {{(pid=93309) push /opt/stack/neutron/neutron/api/rpc/handlers/resources_rpc.py:237}}
Aug 10 14:23:43.388075 dv-cinder-799668-5-smb neutron-server[93310]: DEBUG neutron_lib.callbacks.manager [req-e72f9089-01ff-4680-a3a1-9d6ad3d61c99 req-7545c0c1-622d-46d5-af2d-ec55afce3329 tempest-ServerRescueNegativeTestJSON-1127238762 tempest-ServerRescueNegativeTestJSON-1127238762-project] Notify callbacks ['neutron.plugins.ml2.plugin.SecurityGroupDbMixin._ensure_default_security_group_handler-3561506'] for port, before_create {{(pid=93310) _notify_loop /usr/local/lib/python3.8/dist-packages/neutron_lib/callbacks/manager.py:192}}
