Aug 10 14:24:42.448015 dv-cinder-799668-5-smb devstack@n-api.service[107604]: DEBUG oslo_concurrency.lockutils [None req-5d83d29a-dcfa-419f-8299-ff633ba5b0e1 tempest-AttachVolumeShelveTestJSON-1217320609 tempest-AttachVolumeShelveTestJSON-1217320609-project] Lock "8190d05c-2008-4a5d-905e-58313a4ae245" acquired by "nova.context.set_target_cell..get_or_set_cached_cell_and_set_connections" :: waited 0.000s {{(pid=107604) inner /usr/local/lib/python3.8/dist-packages/oslo_concurrency/lockutils.py:355}}
Aug 10 14:24:42.448520 dv-cinder-799668-5-smb devstack@n-api.service[107604]: DEBUG oslo_concurrency.lockutils [None req-5d83d29a-dcfa-419f-8299-ff633ba5b0e1 tempest-AttachVolumeShelveTestJSON-1217320609 tempest-AttachVolumeShelveTestJSON-1217320609-project] Lock "8190d05c-2008-4a5d-905e-58313a4ae245" released by "nova.context.set_target_cell..get_or_set_cached_cell_and_set_connections" :: held 0.000s {{(pid=107604) inner /usr/local/lib/python3.8/dist-packages/oslo_concurrency/lockutils.py:367}}
Aug 10 14:24:42.574240 dv-cinder-799668-5-smb devstack@n-api.service[107604]: INFO nova.api.openstack.requestlog [None req-5d83d29a-dcfa-419f-8299-ff633ba5b0e1 tempest-AttachVolumeShelveTestJSON-1217320609 tempest-AttachVolumeShelveTestJSON-1217320609-project] 10.222.0.16 "POST /compute/v2.1/servers/fa83cc42-f058-4fa7-a2ff-b13710a9458f/action" status: 200 len: 28608 microversion: 2.20 time: 0.145226
Aug 10 14:24:42.583256 dv-cinder-799668-5-smb devstack@n-api.service[107604]: [pid: 107604|app: 0|req: 93/173] 10.222.0.16 () {62 vars in 1319 bytes} [Tue Aug 10 14:24:42 2021] POST /compute/v2.1/servers/fa83cc42-f058-4fa7-a2ff-b13710a9458f/action => generated 28608 bytes in 155 msecs (HTTP/1.1 200) 9 headers in 361 bytes (1 switches on core 0)
Aug 10 14:24:42.757066 dv-cinder-799668-5-smb devstack@n-api.service[107604]: DEBUG nova.api.openstack.wsgi [None req-211d8a08-7829-49a6-827a-99bc8d4c3eb3 tempest-ServerRescueNegativeTestJSON-1127238762 tempest-ServerRescueNegativeTestJSON-1127238762-project] Calling method '>' {{(pid=107604) _process_stack /opt/stack/nova/nova/api/openstack/wsgi.py:513}}
Aug 10 14:24:42.757767 dv-cinder-799668-5-smb devstack@n-api.service[107604]: DEBUG nova.compute.api [None req-211d8a08-7829-49a6-827a-99bc8d4c3eb3 tempest-ServerRescueNegativeTestJSON-1127238762 tempest-ServerRescueNegativeTestJSON-1127238762-project] [instance: a94f1014-0d50-442f-9ed0-be7a6b094f1d] Fetching instance by UUID {{(pid=107604) get /opt/stack/nova/nova/compute/api.py:2791}}
Aug 10 14:24:42.767781 dv-cinder-799668-5-smb devstack@n-api.service[107604]: DEBUG oslo_concurrency.lockutils [None req-211d8a08-7829-49a6-827a-99bc8d4c3eb3 tempest-ServerRescueNegativeTestJSON-1127238762 tempest-ServerRescueNegativeTestJSON-1127238762-project] Lock "8190d05c-2008-4a5d-905e-58313a4ae245" acquired by "nova.context.set_target_cell..get_or_set_cached_cell_and_set_connections" :: waited 0.000s {{(pid=107604) inner /usr/local/lib/python3.8/dist-packages/oslo_concurrency/lockutils.py:355}}
Aug 10 14:24:42.768260 dv-cinder-799668-5-smb devstack@n-api.service[107604]: DEBUG oslo_concurrency.lockutils [None req-211d8a08-7829-49a6-827a-99bc8d4c3eb3 tempest-ServerRescueNegativeTestJSON-1127238762 tempest-ServerRescueNegativeTestJSON-1127238762-project] Lock "8190d05c-2008-4a5d-905e-58313a4ae245" released by "nova.context.set_target_cell..get_or_set_cached_cell_and_set_connections" :: held 0.001s {{(pid=107604) inner /usr/local/lib/python3.8/dist-packages/oslo_concurrency/lockutils.py:367}}
Aug 10 14:24:42.769006 dv-cinder-799668-5-smb devstack@n-api.service[107604]: DEBUG oslo_concurrency.lockutils [None req-211d8a08-7829-49a6-827a-99bc8d4c3eb3 tempest-ServerRescueNegativeTestJSON-1127238762 tempest-ServerRescueNegativeTestJSON-1127238762-project] Lock "8190d05c-2008-4a5d-905e-58313a4ae245" acquired by "nova.context.set_target_cell..get_or_set_cached_cell_and_set_connections" :: waited 0.000s {{(pid=107604) inner /usr/local/lib/python3.8/dist-packages/oslo_concurrency/lockutils.py:355}}
Aug 10 14:24:42.769438 dv-cinder-799668-5-smb devstack@n-api.service[107604]: DEBUG oslo_concurrency.lockutils [None req-211d8a08-7829-49a6-827a-99bc8d4c3eb3 tempest-ServerRescueNegativeTestJSON-1127238762 tempest-ServerRescueNegativeTestJSON-1127238762-project] Lock "8190d05c-2008-4a5d-905e-58313a4ae245" released by "nova.context.set_target_cell..get_or_set_cached_cell_and_set_connections" :: held 0.000s {{(pid=107604) inner /usr/local/lib/python3.8/dist-packages/oslo_concurrency/lockutils.py:367}}
Aug 10 14:24:42.867882 dv-cinder-799668-5-smb devstack@n-api.service[107603]: DEBUG nova.virt.hardware [None req-51b675a1-b128-4a38-a4cf-e259553d0a4f tempest-VolumesActionsTest-1264714232 tempest-VolumesActionsTest-1264714232-project] Flavor limits 0:0:0 {{(pid=107603) get_cpu_topology_constraints /opt/stack/nova/nova/virt/hardware.py:343}}
Aug 10 14:24:42.868591 dv-cinder-799668-5-smb devstack@n-api.service[107603]: DEBUG nova.virt.hardware [None req-51b675a1-b128-4a38-a4cf-e259553d0a4f tempest-VolumesActionsTest-1264714232 tempest-VolumesActionsTest-1264714232-project] Image limits 0:0:0 {{(pid=107603) get_cpu_topology_constraints /opt/stack/nova/nova/virt/hardware.py:347}}
Aug 10 14:24:42.869167 dv-cinder-799668-5-smb devstack@n-api.service[107603]: DEBUG nova.virt.hardware [None req-51b675a1-b128-4a38-a4cf-e259553d0a4f tempest-VolumesActionsTest-1264714232 tempest-VolumesActionsTest-1264714232-project] Flavor pref 0:0:0 {{(pid=107603) get_cpu_topology_constraints /opt/stack/nova/nova/virt/hardware.py:383}}
Aug 10 14:24:42.869679 dv-cinder-799668-5-smb devstack@n-api.service[107603]: DEBUG nova.virt.hardware [None req-51b675a1-b128-4a38-a4cf-e259553d0a4f tempest-VolumesActionsTest-1264714232 tempest-VolumesActionsTest-1264714232-project] Image pref 0:0:0 {{(pid=107603) get_cpu_topology_constraints /opt/stack/nova/nova/virt/hardware.py:387}}
Aug 10 14:24:42.870224 dv-cinder-799668-5-smb devstack@n-api.service[107603]: DEBUG nova.virt.hardware [None req-51b675a1-b128-4a38-a4cf-e259553d0a4f tempest-VolumesActionsTest-1264714232 tempest-VolumesActionsTest-1264714232-project] Chose sockets=0, cores=0, threads=0; limits were sockets=65536, cores=65536, threads=65536 {{(pid=107603) get_cpu_topology_constraints /opt/stack/nova/nova/virt/hardware.py:425}}
Aug 10 14:24:42.881357 dv-cinder-799668-5-smb devstack@n-api.service[107603]: DEBUG oslo_concurrency.lockutils [None req-51b675a1-b128-4a38-a4cf-e259553d0a4f tempest-VolumesActionsTest-1264714232 tempest-VolumesActionsTest-1264714232-project] Lock "00000000-0000-0000-0000-000000000000" acquired by "nova.context.set_target_cell..get_or_set_cached_cell_and_set_connections" :: waited 0.000s {{(pid=107603) inner /usr/local/lib/python3.8/dist-packages/oslo_concurrency/lockutils.py:355}}
Aug 10 14:24:42.882989 dv-cinder-799668-5-smb devstack@n-api.service[107603]: DEBUG oslo_concurrency.lockutils [None req-51b675a1-b128-4a38-a4cf-e259553d0a4f tempest-VolumesActionsTest-1264714232 tempest-VolumesActionsTest-1264714232-project] Lock "00000000-0000-0000-0000-000000000000" released by "nova.context.set_target_cell..get_or_set_cached_cell_and_set_connections" :: held 0.002s {{(pid=107603) inner /usr/local/lib/python3.8/dist-packages/oslo_concurrency/lockutils.py:367}}
Aug 10 14:24:42.884257 dv-cinder-799668-5-smb devstack@n-api.service[107603]: DEBUG oslo_concurrency.lockutils [None req-51b675a1-b128-4a38-a4cf-e259553d0a4f tempest-VolumesActionsTest-1264714232 tempest-VolumesActionsTest-1264714232-project] Lock "8190d05c-2008-4a5d-905e-58313a4ae245" acquired by "nova.context.set_target_cell..get_or_set_cached_cell_and_set_connections" :: waited 0.000s {{(pid=107603) inner /usr/local/lib/python3.8/dist-packages/oslo_concurrency/lockutils.py:355}}
Aug 10 14:24:42.884922 dv-cinder-799668-5-smb devstack@n-api.service[107603]: DEBUG oslo_concurrency.lockutils [None req-51b675a1-b128-4a38-a4cf-e259553d0a4f tempest-VolumesActionsTest-1264714232 tempest-VolumesActionsTest-1264714232-project] Lock "8190d05c-2008-4a5d-905e-58313a4ae245" released by "nova.context.set_target_cell..get_or_set_cached_cell_and_set_connections" :: held 0.000s {{(pid=107603) inner /usr/local/lib/python3.8/dist-packages/oslo_concurrency/lockutils.py:367}}
Aug 10 14:24:42.918691 dv-cinder-799668-5-smb devstack@n-api.service[107603]: DEBUG nova.quota [None req-51b675a1-b128-4a38-a4cf-e259553d0a4f tempest-VolumesActionsTest-1264714232 tempest-VolumesActionsTest-1264714232-project] Getting quotas for project eff0623ba1604c28880699e82dde7160. Resources: {'ram', 'instances', 'cores'} {{(pid=107603) _get_quotas /opt/stack/nova/nova/quota.py:384}}
Aug 10 14:24:42.923911 dv-cinder-799668-5-smb devstack@n-api.service[107603]: DEBUG nova.quota [None req-51b675a1-b128-4a38-a4cf-e259553d0a4f tempest-VolumesActionsTest-1264714232 tempest-VolumesActionsTest-1264714232-project] Getting quotas for user 68b32e03b13b486e95cba34efc858dca and project eff0623ba1604c28880699e82dde7160. Resources: {'ram', 'instances', 'cores'} {{(pid=107603) _get_quotas /opt/stack/nova/nova/quota.py:374}}
Aug 10 14:24:42.935804 dv-cinder-799668-5-smb devstack@n-api.service[107603]: DEBUG nova.compute.api [None req-51b675a1-b128-4a38-a4cf-e259553d0a4f tempest-VolumesActionsTest-1264714232 tempest-VolumesActionsTest-1264714232-project] Going to run 1 instances... {{(pid=107603) _provision_instances /opt/stack/nova/nova/compute/api.py:1280}}
Aug 10 14:24:42.939732 dv-cinder-799668-5-smb devstack@n-api.service[107603]: DEBUG nova.compute.api [None req-51b675a1-b128-4a38-a4cf-e259553d0a4f tempest-VolumesActionsTest-1264714232 tempest-VolumesActionsTest-1264714232-project] [instance: 668d769d-a149-4c7b-a69f-cd673785ecb7] block_device_mapping [BlockDeviceMapping(attachment_id=,boot_index=0,connection_info=None,created_at=,delete_on_termination=True,deleted=,deleted_at=,destination_type='local',device_name=None,device_type='disk',disk_bus=None,guest_format=None,id=,image_id='9ef6873f-6337-410e-a1c1-def7fafa2ac5',instance=,instance_uuid=,no_device=False,snapshot_id=None,source_type='image',tag=None,updated_at=,uuid=,volume_id=None,volume_size=None,volume_type=None)] {{(pid=107603) _bdm_validate_set_size_and_instance /opt/stack/nova/nova/compute/api.py:1685}}
Aug 10 14:24:43.018689 dv-cinder-799668-5-smb devstack@n-api.service[107603]: INFO nova.api.openstack.requestlog [None req-51b675a1-b128-4a38-a4cf-e259553d0a4f tempest-VolumesActionsTest-1264714232 tempest-VolumesActionsTest-1264714232-project] 10.222.0.16 "POST /compute/v2.1/servers" status: 202 len: 380 microversion: 2.1 time: 0.789298
Aug 10 14:24:43.026221 dv-cinder-799668-5-smb devstack@n-api.service[107603]: [pid: 107603|app: 0|req: 81/174] 10.222.0.16 () {60 vars in 1147 bytes} [Tue Aug 10 14:24:42 2021] POST /compute/v2.1/servers => generated 380 bytes in 798 msecs (HTTP/1.1 202) 10 headers in 451 bytes (1 switches on core 0)
Aug 10 14:24:43.033546 dv-cinder-799668-5-smb devstack@n-api.service[107603]: DEBUG nova.api.openstack.wsgi [None req-07679515-9cae-4bbb-8b2f-c6f701770a1a tempest-VolumesActionsTest-1264714232 tempest-VolumesActionsTest-1264714232-project] Calling method '>' {{(pid=107603) _process_stack /opt/stack/nova/nova/api/openstack/wsgi.py:513}}
Aug 10 14:24:43.038960 dv-cinder-799668-5-smb devstack@n-api.service[107603]: DEBUG nova.compute.api [None req-07679515-9cae-4bbb-8b2f-c6f701770a1a tempest-VolumesActionsTest-1264714232 tempest-VolumesActionsTest-1264714232-project] [instance: 668d769d-a149-4c7b-a69f-cd673785ecb7] Fetching instance by UUID {{(pid=107603) get /opt/stack/nova/nova/compute/api.py:2791}}
Aug 10 14:24:43.095327 dv-cinder-799668-5-smb devstack@n-api.service[107604]: DEBUG nova.policy [None req-211d8a08-7829-49a6-827a-99bc8d4c3eb3 tempest-ServerRescueNegativeTestJSON-1127238762 tempest-ServerRescueNegativeTestJSON-1127238762-project] Policy check for os_compute_api:os-extended-server-attributes failed with credentials {'is_admin': False, 'user_id': 'ac7bfc0f86eb428ba21369cdf5da1e83', 'user_domain_id': 'default', 'system_scope': None, 'domain_id': None, 'project_id': '76df677d4f034045817a73a9a488cf11', 'project_domain_id': 'default', 'roles': ['member', 'reader'], 'is_admin_project': True, 'service_user_id': None, 'service_user_domain_id': None, 'service_project_id': None, 'service_project_domain_id': None, 'service_roles': []} {{(pid=107604) authorize /opt/stack/nova/nova/policy.py:199}}
Aug 10 14:24:43.106151 dv-cinder-799668-5-smb devstack@n-api.service[107604]: INFO nova.api.openstack.requestlog [None req-211d8a08-7829-49a6-827a-99bc8d4c3eb3 tempest-ServerRescueNegativeTestJSON-1127238762 tempest-ServerRescueNegativeTestJSON-1127238762-project] 10.222.0.16 "GET /compute/v2.1/servers/a94f1014-0d50-442f-9ed0-be7a6b094f1d" status: 200 len: 1502 microversion: 2.1 time: 0.351300
Aug 10 14:24:43.110794 dv-cinder-799668-5-smb devstack@n-api.service[107604]: [pid: 107604|app: 0|req: 94/175] 10.222.0.16 () {58 vars in 1236 bytes} [Tue Aug 10 14:24:42 2021] GET /compute/v2.1/servers/a94f1014-0d50-442f-9ed0-be7a6b094f1d => generated 1502 bytes in 358 msecs (HTTP/1.1 200) 9 headers in 358 bytes (2 switches on core 0)
Aug 10 14:24:43.125940 dv-cinder-799668-5-smb devstack@n-api.service[107604]: DEBUG nova.api.openstack.wsgi [None req-4da43b9c-988e-4fcc-ad9e-7fa02d50e99b tempest-ServerRescueNegativeTestJSON-1127238762 tempest-ServerRescueNegativeTestJSON-1127238762-project] Calling method '>' {{(pid=107604) _process_stack /opt/stack/nova/nova/api/openstack/wsgi.py:513}}
Aug 10 14:24:43.127148 dv-cinder-799668-5-smb devstack@n-api.service[107604]: DEBUG nova.compute.api [None req-4da43b9c-988e-4fcc-ad9e-7fa02d50e99b tempest-ServerRescueNegativeTestJSON-1127238762 tempest-ServerRescueNegativeTestJSON-1127238762-project] [instance: 3e6544d1-cb97-4f9e-b440-e683d2c441bf] Fetching instance by UUID {{(pid=107604) get /opt/stack/nova/nova/compute/api.py:2791}}
Aug 10 14:24:43.140792 dv-cinder-799668-5-smb devstack@n-api.service[107604]: DEBUG oslo_concurrency.lockutils [None req-4da43b9c-988e-4fcc-ad9e-7fa02d50e99b tempest-ServerRescueNegativeTestJSON-1127238762 tempest-ServerRescueNegativeTestJSON-1127238762-project] Lock "8190d05c-2008-4a5d-905e-58313a4ae245" acquired by "nova.context.set_target_cell..get_or_set_cached_cell_and_set_connections" :: waited 0.000s {{(pid=107604) inner /usr/local/lib/python3.8/dist-packages/oslo_concurrency/lockutils.py:355}}
Aug 10 14:24:43.141260 dv-cinder-799668-5-smb devstack@n-api.service[107604]: DEBUG oslo_concurrency.lockutils [None req-4da43b9c-988e-4fcc-ad9e-7fa02d50e99b tempest-ServerRescueNegativeTestJSON-1127238762 tempest-ServerRescueNegativeTestJSON-1127238762-project] Lock "8190d05c-2008-4a5d-905e-58313a4ae245" released by "nova.context.set_target_cell..get_or_set_cached_cell_and_set_connections" :: held 0.002s {{(pid=107604) inner /usr/local/lib/python3.8/dist-packages/oslo_concurrency/lockutils.py:367}}
Aug 10 14:24:43.143801 dv-cinder-799668-5-smb devstack@n-api.service[107604]: DEBUG oslo_concurrency.lockutils [None req-4da43b9c-988e-4fcc-ad9e-7fa02d50e99b tempest-ServerRescueNegativeTestJSON-1127238762 tempest-ServerRescueNegativeTestJSON-1127238762-project] Lock "8190d05c-2008-4a5d-905e-58313a4ae245" acquired by "nova.context.set_target_cell..get_or_set_cached_cell_and_set_connections" :: waited 0.000s {{(pid=107604) inner /usr/local/lib/python3.8/dist-packages/oslo_concurrency/lockutils.py:355}}
Aug 10 14:24:43.144251 dv-cinder-799668-5-smb devstack@n-api.service[107604]: DEBUG oslo_concurrency.lockutils [None req-4da43b9c-988e-4fcc-ad9e-7fa02d50e99b tempest-ServerRescueNegativeTestJSON-1127238762 tempest-ServerRescueNegativeTestJSON-1127238762-project] Lock "8190d05c-2008-4a5d-905e-58313a4ae245" released by "nova.context.set_target_cell..get_or_set_cached_cell_and_set_connections" :: held 0.001s {{(pid=107604) inner /usr/local/lib/python3.8/dist-packages/oslo_concurrency/lockutils.py:367}}
Aug 10 14:24:43.196778 dv-cinder-799668-5-smb devstack@n-api.service[107603]: DEBUG nova.policy [None req-07679515-9cae-4bbb-8b2f-c6f701770a1a tempest-VolumesActionsTest-1264714232 tempest-VolumesActionsTest-1264714232-project] Policy check for os_compute_api:os-extended-server-attributes failed with credentials {'is_admin': False, 'user_id': '68b32e03b13b486e95cba34efc858dca', 'user_domain_id': 'default', 'system_scope': None, 'domain_id': None, 'project_id': 'eff0623ba1604c28880699e82dde7160', 'project_domain_id': 'default', 'roles': ['member', 'reader'], 'is_admin_project': True, 'service_user_id': None, 'service_user_domain_id': None, 'service_project_id': None, 'service_project_domain_id': None, 'service_roles': []} {{(pid=107603) authorize /opt/stack/nova/nova/policy.py:199}}
Aug 10 14:24:43.210216 dv-cinder-799668-5-smb devstack@n-api.service[107603]: INFO nova.api.openstack.requestlog [None req-07679515-9cae-4bbb-8b2f-c6f701770a1a tempest-VolumesActionsTest-1264714232 tempest-VolumesActionsTest-1264714232-project] 10.222.0.16 "GET /compute/v2.1/servers/668d769d-a149-4c7b-a69f-cd673785ecb7" status: 200 len: 1214 microversion: 2.1 time: 0.178811
Aug 10 14:24:43.222200 dv-cinder-799668-5-smb devstack@n-api.service[107603]: [pid: 107603|app: 0|req: 82/176] 10.222.0.16 () {58 vars in 1236 bytes} [Tue Aug 10 14:24:43 2021] GET /compute/v2.1/servers/668d769d-a149-4c7b-a69f-cd673785ecb7 => generated 1214 bytes in 195 msecs (HTTP/1.1 200) 9 headers in 358 bytes (1 switches on core 0)
Aug 10 14:24:43.435267 dv-cinder-799668-5-smb devstack@n-api.service[107603]: DEBUG nova.api.openstack.wsgi [None req-679a4ab3-369b-4f49-afeb-83a4fe0251b2 tempest-AttachVolumeNegativeTest-1732902213 tempest-AttachVolumeNegativeTest-1732902213-project] Calling method '>' {{(pid=107603) _process_stack /opt/stack/nova/nova/api/openstack/wsgi.py:513}}
Aug 10 14:24:43.436498 dv-cinder-799668-5-smb devstack@n-api.service[107603]: DEBUG nova.compute.api [None req-679a4ab3-369b-4f49-afeb-83a4fe0251b2 tempest-AttachVolumeNegativeTest-1732902213 tempest-AttachVolumeNegativeTest-1732902213-project] [instance: c63764e5-4f96-4b47-9955-10e148b188b8] Fetching instance by UUID {{(pid=107603) get /opt/stack/nova/nova/compute/api.py:2791}}
Aug 10 14:24:43.445325 dv-cinder-799668-5-smb devstack@n-api.service[107603]: DEBUG oslo_concurrency.lockutils [None req-679a4ab3-369b-4f49-afeb-83a4fe0251b2 tempest-AttachVolumeNegativeTest-1732902213 tempest-AttachVolumeNegativeTest-1732902213-project] Lock "8190d05c-2008-4a5d-905e-58313a4ae245" acquired by "nova.context.set_target_cell..get_or_set_cached_cell_and_set_connections" :: waited 0.000s {{(pid=107603) inner /usr/local/lib/python3.8/dist-packages/oslo_concurrency/lockutils.py:355}}
Aug 10 14:24:43.445776 dv-cinder-799668-5-smb devstack@n-api.service[107603]: DEBUG oslo_concurrency.lockutils [None req-679a4ab3-369b-4f49-afeb-83a4fe0251b2 tempest-AttachVolumeNegativeTest-1732902213 tempest-AttachVolumeNegativeTest-1732902213-project] Lock "8190d05c-2008-4a5d-905e-58313a4ae245" released by "nova.context.set_target_cell..get_or_set_cached_cell_and_set_connections" :: held 0.001s {{(pid=107603) inner /usr/local/lib/python3.8/dist-packages/oslo_concurrency/lockutils.py:367}}
Aug 10 14:24:43.446595 dv-cinder-799668-5-smb devstack@n-api.service[107603]: DEBUG oslo_concurrency.lockutils [None req-679a4ab3-369b-4f49-afeb-83a4fe0251b2 tempest-AttachVolumeNegativeTest-1732902213 tempest-AttachVolumeNegativeTest-1732902213-project] Lock "8190d05c-2008-4a5d-905e-58313a4ae245" acquired by "nova.context.set_target_cell..get_or_set_cached_cell_and_set_connections" :: waited 0.000s {{(pid=107603) inner /usr/local/lib/python3.8/dist-packages/oslo_concurrency/lockutils.py:355}}
Aug 10 14:24:43.447038 dv-cinder-799668-5-smb devstack@n-api.service[107603]: DEBUG oslo_concurrency.lockutils [None req-679a4ab3-369b-4f49-afeb-83a4fe0251b2 tempest-AttachVolumeNegativeTest-1732902213 tempest-AttachVolumeNegativeTest-1732902213-project] Lock "8190d05c-2008-4a5d-905e-58313a4ae245" released by "nova.context.set_target_cell..get_or_set_cached_cell_and_set_connections" :: held 0.000s {{(pid=107603) inner /usr/local/lib/python3.8/dist-packages/oslo_concurrency/lockutils.py:367}}
Aug 10 14:24:43.547344 dv-cinder-799668-5-smb devstack@n-api.service[107604]: DEBUG nova.policy [None req-4da43b9c-988e-4fcc-ad9e-7fa02d50e99b tempest-ServerRescueNegativeTestJSON-1127238762 tempest-ServerRescueNegativeTestJSON-1127238762-project] Policy check for os_compute_api:os-extended-server-attributes failed with credentials {'is_admin': False, 'user_id': 'ac7bfc0f86eb428ba21369cdf5da1e83', 'user_domain_id': 'default', 'system_scope': None, 'domain_id': None, 'project_id': '76df677d4f034045817a73a9a488cf11', 'project_domain_id': 'default', 'roles': ['member', 'reader'], 'is_admin_project': True, 'service_user_id': None, 'service_user_domain_id': None, 'service_project_id': None, 'service_project_domain_id': None, 'service_roles': []} {{(pid=107604) authorize /opt/stack/nova/nova/policy.py:199}}
Aug 10 14:24:43.554953 dv-cinder-799668-5-smb devstack@n-api.service[107604]: INFO nova.api.openstack.requestlog [None req-4da43b9c-988e-4fcc-ad9e-7fa02d50e99b tempest-ServerRescueNegativeTestJSON-1127238762 tempest-ServerRescueNegativeTestJSON-1127238762-project] 10.222.0.16 "GET /compute/v2.1/servers/3e6544d1-cb97-4f9e-b440-e683d2c441bf" status: 200 len: 1515 microversion: 2.1 time: 0.434244
Aug 10 14:24:43.559132 dv-cinder-799668-5-smb devstack@n-api.service[107604]: [pid: 107604|app: 0|req: 95/177] 10.222.0.16 () {58 vars in 1236 bytes} [Tue Aug 10 14:24:43 2021] GET /compute/v2.1/servers/3e6544d1-cb97-4f9e-b440-e683d2c441bf => generated 1515 bytes in 439 msecs (HTTP/1.1 200) 9 headers in 358 bytes (1 switches on core 0)
Aug 10 14:24:43.594126 dv-cinder-799668-5-smb devstack@n-api.service[107604]: DEBUG nova.api.openstack.wsgi [None req-a6bc94f0-dcec-4020-98f6-14e8c15722dd tempest-AttachVolumeShelveTestJSON-1217320609 tempest-AttachVolumeShelveTestJSON-1217320609-project] Action: 'action', calling method: >, body: {"os-getConsoleOutput": {}} {{(pid=107604) _process_stack /opt/stack/nova/nova/api/openstack/wsgi.py:511}}
Aug 10 14:24:43.595870 dv-cinder-799668-5-smb devstack@n-api.service[107604]: DEBUG nova.compute.api [None req-a6bc94f0-dcec-4020-98f6-14e8c15722dd tempest-AttachVolumeShelveTestJSON-1217320609 tempest-AttachVolumeShelveTestJSON-1217320609-project] [instance: fa83cc42-f058-4fa7-a2ff-b13710a9458f] Fetching instance by UUID {{(pid=107604) get /opt/stack/nova/nova/compute/api.py:2791}}
Aug 10 14:24:43.607107 dv-cinder-799668-5-smb devstack@n-api.service[107604]: DEBUG oslo_concurrency.lockutils [None req-a6bc94f0-dcec-4020-98f6-14e8c15722dd tempest-AttachVolumeShelveTestJSON-1217320609 tempest-AttachVolumeShelveTestJSON-1217320609-project] Lock "8190d05c-2008-4a5d-905e-58313a4ae245" acquired by "nova.context.set_target_cell..get_or_set_cached_cell_and_set_connections" :: waited 0.000s {{(pid=107604) inner /usr/local/lib/python3.8/dist-packages/oslo_concurrency/lockutils.py:355}}
Aug 10 14:24:43.608078 dv-cinder-799668-5-smb devstack@n-api.service[107604]: DEBUG oslo_concurrency.lockutils [None req-a6bc94f0-dcec-4020-98f6-14e8c15722dd tempest-AttachVolumeShelveTestJSON-1217320609 tempest-AttachVolumeShelveTestJSON-1217320609-project] Lock "8190d05c-2008-4a5d-905e-58313a4ae245" released by "nova.context.set_target_cell..get_or_set_cached_cell_and_set_connections" :: held 0.001s {{(pid=107604) inner /usr/local/lib/python3.8/dist-packages/oslo_concurrency/lockutils.py:367}}
Aug 10 14:24:43.619376 dv-cinder-799668-5-smb devstack@n-api.service[107604]: DEBUG oslo_concurrency.lockutils [None req-a6bc94f0-dcec-4020-98f6-14e8c15722dd tempest-AttachVolumeShelveTestJSON-1217320609 tempest-AttachVolumeShelveTestJSON-1217320609-project] Lock "8190d05c-2008-4a5d-905e-58313a4ae245" acquired by "nova.context.set_target_cell..get_or_set_cached_cell_and_set_connections" :: waited 0.000s {{(pid=107604) inner /usr/local/lib/python3.8/dist-packages/oslo_concurrency/lockutils.py:355}}
Aug 10 14:24:43.621797 dv-cinder-799668-5-smb devstack@n-api.service[107604]: DEBUG oslo_concurrency.lockutils [None req-a6bc94f0-dcec-4020-98f6-14e8c15722dd tempest-AttachVolumeShelveTestJSON-1217320609 tempest-AttachVolumeShelveTestJSON-1217320609-project] Lock "8190d05c-2008-4a5d-905e-58313a4ae245" released by "nova.context.set_target_cell..get_or_set_cached_cell_and_set_connections" :: held 0.001s {{(pid=107604) inner /usr/local/lib/python3.8/dist-packages/oslo_concurrency/lockutils.py:367}}
Aug 10 14:24:43.707490 dv-cinder-799668-5-smb devstack@n-api.service[107603]: DEBUG nova.policy [None req-679a4ab3-369b-4f49-afeb-83a4fe0251b2 tempest-AttachVolumeNegativeTest-1732902213 tempest-AttachVolumeNegativeTest-1732902213-project] Policy check for os_compute_api:os-extended-server-attributes failed with credentials {'is_admin': False, 'user_id': '27ebe991398b42a1855f1ee223e7934e', 'user_domain_id': 'default', 'system_scope': None, 'domain_id': None, 'project_id': '1de02069d9104c609011b6b0fb5ec517', 'project_domain_id': 'default', 'roles': ['member', 'reader'], 'is_admin_project': True, 'service_user_id': None, 'service_user_domain_id': None, 'service_project_id': None, 'service_project_domain_id': None, 'service_roles': []} {{(pid=107603) authorize /opt/stack/nova/nova/policy.py:199}}
Aug 10 14:24:43.715399 dv-cinder-799668-5-smb devstack@n-api.service[107603]: INFO nova.api.openstack.requestlog [None req-679a4ab3-369b-4f49-afeb-83a4fe0251b2 tempest-AttachVolumeNegativeTest-1732902213 tempest-AttachVolumeNegativeTest-1732902213-project] 10.222.0.16 "GET /compute/v2.1/servers/c63764e5-4f96-4b47-9955-10e148b188b8" status: 200 len: 1317 microversion: 2.1 time: 0.283855
Aug 10 14:24:43.716960 dv-cinder-799668-5-smb devstack@n-api.service[107603]: [pid: 107603|app: 0|req: 83/178] 10.222.0.16 () {58 vars in 1236 bytes} [Tue Aug 10 14:24:43 2021] GET /compute/v2.1/servers/c63764e5-4f96-4b47-9955-10e148b188b8 => generated 1317 bytes in 286 msecs (HTTP/1.1 200) 9 headers in 358 bytes (2 switches on core 0)
Aug 10 14:24:43.778477 dv-cinder-799668-5-smb devstack@n-api.service[107604]: INFO nova.api.openstack.requestlog [None req-a6bc94f0-dcec-4020-98f6-14e8c15722dd tempest-AttachVolumeShelveTestJSON-1217320609 tempest-AttachVolumeShelveTestJSON-1217320609-project] 10.222.0.16 "POST /compute/v2.1/servers/fa83cc42-f058-4fa7-a2ff-b13710a9458f/action" status: 200 len: 28608 microversion: 2.20 time: 0.190339
Aug 10 14:24:43.780484 dv-cinder-799668-5-smb devstack@n-api.service[107604]: [pid: 107604|app: 0|req: 96/179] 10.222.0.16 () {62 vars in 1319 bytes} [Tue Aug 10 14:24:43 2021] POST /compute/v2.1/servers/fa83cc42-f058-4fa7-a2ff-b13710a9458f/action => generated 28608 bytes in 193 msecs (HTTP/1.1 200) 9 headers in 361 bytes (2 switches on core 0)
Aug 10 14:24:44.229643 dv-cinder-799668-5-smb devstack@n-api.service[107603]: DEBUG nova.api.openstack.wsgi [None req-4d1df13e-397c-4ff9-be3b-ff5a52bc13d5 tempest-VolumesActionsTest-1264714232 tempest-VolumesActionsTest-1264714232-project] Calling method '>' {{(pid=107603) _process_stack /opt/stack/nova/nova/api/openstack/wsgi.py:513}}
Aug 10 14:24:44.230631 dv-cinder-799668-5-smb devstack@n-api.service[107603]: DEBUG nova.compute.api [None req-4d1df13e-397c-4ff9-be3b-ff5a52bc13d5 tempest-VolumesActionsTest-1264714232 tempest-VolumesActionsTest-1264714232-project] [instance: 668d769d-a149-4c7b-a69f-cd673785ecb7] Fetching instance by UUID {{(pid=107603) get /opt/stack/nova/nova/compute/api.py:2791}}
Aug 10 14:24:44.242949 dv-cinder-799668-5-smb devstack@n-api.service[107603]: DEBUG oslo_concurrency.lockutils [None req-4d1df13e-397c-4ff9-be3b-ff5a52bc13d5 tempest-VolumesActionsTest-1264714232 tempest-VolumesActionsTest-1264714232-project] Lock "8190d05c-2008-4a5d-905e-58313a4ae245" acquired by "nova.context.set_target_cell..get_or_set_cached_cell_and_set_connections" :: waited 0.000s {{(pid=107603) inner /usr/local/lib/python3.8/dist-packages/oslo_concurrency/lockutils.py:355}}
Aug 10 14:24:44.243877 dv-cinder-799668-5-smb devstack@n-api.service[107603]: DEBUG oslo_concurrency.lockutils [None req-4d1df13e-397c-4ff9-be3b-ff5a52bc13d5 tempest-VolumesActionsTest-1264714232 tempest-VolumesActionsTest-1264714232-project] Lock "8190d05c-2008-4a5d-905e-58313a4ae245" released by "nova.context.set_target_cell..get_or_set_cached_cell_and_set_connections" :: held 0.001s {{(pid=107603) inner /usr/local/lib/python3.8/dist-packages/oslo_concurrency/lockutils.py:367}}
Aug 10 14:24:44.257643 dv-cinder-799668-5-smb devstack@n-api.service[107604]: DEBUG nova.api.openstack.wsgi [req-8ad30e22-8d64-4a3a-93d4-523e4fa6312c req-bf3397d5-37d0-4e9b-afb1-1e703bea1e98 service nova] Action: 'create', calling method: >, body: {"events": [{"name": "network-changed", "server_uuid": "c63764e5-4f96-4b47-9955-10e148b188b8", "tag": "47a32941-35c3-46ad-a984-6d3050f05215"}]} {{(pid=107604) _process_stack /opt/stack/nova/nova/api/openstack/wsgi.py:511}}
Aug 10 14:24:44.259771 dv-cinder-799668-5-smb devstack@n-api.service[107604]: /usr/local/lib/python3.8/dist-packages/oslo_policy/policy.py:1064: UserWarning: Policy os_compute_api:os-server-external-events:create failed scope check. The token used to make the request was project scoped but the policy requires ['system'] scope. This behavior may change in the future where using the intended scope is required
Aug 10 14:24:44.259771 dv-cinder-799668-5-smb devstack@n-api.service[107604]: warnings.warn(msg)
Aug 10 14:24:44.261441 dv-cinder-799668-5-smb devstack@n-api.service[107603]: DEBUG oslo_concurrency.lockutils [None req-4d1df13e-397c-4ff9-be3b-ff5a52bc13d5 tempest-VolumesActionsTest-1264714232 tempest-VolumesActionsTest-1264714232-project] Lock "8190d05c-2008-4a5d-905e-58313a4ae245" acquired by "nova.context.set_target_cell..get_or_set_cached_cell_and_set_connections" :: waited 0.000s {{(pid=107603) inner /usr/local/lib/python3.8/dist-packages/oslo_concurrency/lockutils.py:355}}
Aug 10 14:24:44.266116 dv-cinder-799668-5-smb devstack@n-api.service[107603]: DEBUG oslo_concurrency.lockutils [None req-4d1df13e-397c-4ff9-be3b-ff5a52bc13d5 tempest-VolumesActionsTest-1264714232 tempest-VolumesActionsTest-1264714232-project] Lock "8190d05c-2008-4a5d-905e-58313a4ae245" released by "nova.context.set_target_cell..get_or_set_cached_cell_and_set_connections" :: held 0.017s {{(pid=107603) inner /usr/local/lib/python3.8/dist-packages/oslo_concurrency/lockutils.py:367}}
Aug 10 14:24:44.273775 dv-cinder-799668-5-smb devstack@n-api.service[107604]: DEBUG oslo_concurrency.lockutils [req-8ad30e22-8d64-4a3a-93d4-523e4fa6312c req-bf3397d5-37d0-4e9b-afb1-1e703bea1e98 service nova] Lock "8190d05c-2008-4a5d-905e-58313a4ae245" acquired by "nova.context.set_target_cell..get_or_set_cached_cell_and_set_connections" :: waited 0.000s {{(pid=107604) inner /usr/local/lib/python3.8/dist-packages/oslo_concurrency/lockutils.py:355}}
Aug 10 14:24:44.274244 dv-cinder-799668-5-smb devstack@n-api.service[107604]: DEBUG oslo_concurrency.lockutils [req-8ad30e22-8d64-4a3a-93d4-523e4fa6312c req-bf3397d5-37d0-4e9b-afb1-1e703bea1e98 service nova] Lock "8190d05c-2008-4a5d-905e-58313a4ae245" released by "nova.context.set_target_cell..get_or_set_cached_cell_and_set_connections" :: held 0.001s {{(pid=107604) inner /usr/local/lib/python3.8/dist-packages/oslo_concurrency/lockutils.py:367}}
Aug 10 14:24:44.286209 dv-cinder-799668-5-smb devstack@n-api.service[107604]: INFO nova.api.openstack.compute.server_external_events [req-8ad30e22-8d64-4a3a-93d4-523e4fa6312c req-bf3397d5-37d0-4e9b-afb1-1e703bea1e98 service nova] Creating event network-changed:47a32941-35c3-46ad-a984-6d3050f05215 for instance c63764e5-4f96-4b47-9955-10e148b188b8 on hv-cinder-79966
Aug 10 14:24:44.292281 dv-cinder-799668-5-smb devstack@n-api.service[107604]: INFO nova.api.openstack.requestlog [req-8ad30e22-8d64-4a3a-93d4-523e4fa6312c req-bf3397d5-37d0-4e9b-afb1-1e703bea1e98 service nova] 10.222.0.16 "POST /compute/v2.1/os-server-external-events" status: 200 len: 179 microversion: 2.1 time: 0.044337
Aug 10 14:24:44.293347 dv-cinder-799668-5-smb devstack@n-api.service[107604]: [pid: 107604|app: 0|req: 97/180] 10.222.0.16 () {64 vars in 1318 bytes} [Tue Aug 10 14:24:44 2021] POST /compute/v2.1/os-server-external-events => generated 179 bytes in 47 msecs (HTTP/1.1 200) 9 headers in 357 bytes (2 switches on core 0)
Aug 10 14:24:44.345429 dv-cinder-799668-5-smb devstack@n-api.service[107603]: DEBUG nova.policy [None req-4d1df13e-397c-4ff9-be3b-ff5a52bc13d5 tempest-VolumesActionsTest-1264714232 tempest-VolumesActionsTest-1264714232-project] Policy check for os_compute_api:os-extended-server-attributes failed with credentials {'is_admin': False, 'user_id': '68b32e03b13b486e95cba34efc858dca', 'user_domain_id': 'default', 'system_scope': None, 'domain_id': None, 'project_id': 'eff0623ba1604c28880699e82dde7160', 'project_domain_id': 'default', 'roles': ['member', 'reader'], 'is_admin_project': True, 'service_user_id': None, 'service_user_domain_id': None, 'service_project_id': None, 'service_project_domain_id': None, 'service_roles': []} {{(pid=107603) authorize /opt/stack/nova/nova/policy.py:199}}
Aug 10 14:24:44.354683 dv-cinder-799668-5-smb devstack@n-api.service[107603]: INFO nova.api.openstack.requestlog [None req-4d1df13e-397c-4ff9-be3b-ff5a52bc13d5 tempest-VolumesActionsTest-1264714232 tempest-VolumesActionsTest-1264714232-project] 10.222.0.16 "GET /compute/v2.1/servers/668d769d-a149-4c7b-a69f-cd673785ecb7" status: 200 len: 1266 microversion: 2.1 time: 0.130525
Aug 10 14:24:44.355297 dv-cinder-799668-5-smb devstack@n-api.service[107603]: [pid: 107603|app: 0|req: 84/181] 10.222.0.16 () {58 vars in 1236 bytes} [Tue Aug 10 14:24:44 2021] GET /compute/v2.1/servers/668d769d-a149-4c7b-a69f-cd673785ecb7 => generated 1266 bytes in 132 msecs (HTTP/1.1 200) 9 headers in 358 bytes (1 switches on core 0)
Aug 10 14:24:44.735076 dv-cinder-799668-5-smb devstack@n-api.service[107604]: DEBUG nova.api.openstack.wsgi [None req-0bfaa85c-c3e9-4c2a-9fd8-b799cf3bf4b7 tempest-AttachVolumeNegativeTest-1732902213 tempest-AttachVolumeNegativeTest-1732902213-project] Calling method '>' {{(pid=107604) _process_stack /opt/stack/nova/nova/api/openstack/wsgi.py:513}}
Aug 10 14:24:44.735871 dv-cinder-799668-5-smb devstack@n-api.service[107604]: DEBUG nova.compute.api [None req-0bfaa85c-c3e9-4c2a-9fd8-b799cf3bf4b7 tempest-AttachVolumeNegativeTest-1732902213 tempest-AttachVolumeNegativeTest-1732902213-project] [instance: c63764e5-4f96-4b47-9955-10e148b188b8] Fetching instance by UUID {{(pid=107604) get /opt/stack/nova/nova/compute/api.py:2791}}
Aug 10 14:24:44.742653 dv-cinder-799668-5-smb devstack@n-api.service[107604]: DEBUG oslo_concurrency.lockutils [None req-0bfaa85c-c3e9-4c2a-9fd8-b799cf3bf4b7 tempest-AttachVolumeNegativeTest-1732902213 tempest-AttachVolumeNegativeTest-1732902213-project] Lock "8190d05c-2008-4a5d-905e-58313a4ae245" acquired by "nova.context.set_target_cell..get_or_set_cached_cell_and_set_connections" :: waited 0.000s {{(pid=107604) inner /usr/local/lib/python3.8/dist-packages/oslo_concurrency/lockutils.py:355}}
Aug 10 14:24:44.743134 dv-cinder-799668-5-smb devstack@n-api.service[107604]: DEBUG oslo_concurrency.lockutils [None req-0bfaa85c-c3e9-4c2a-9fd8-b799cf3bf4b7 tempest-AttachVolumeNegativeTest-1732902213 tempest-AttachVolumeNegativeTest-1732902213-project] Lock "8190d05c-2008-4a5d-905e-58313a4ae245" released by "nova.context.set_target_cell..get_or_set_cached_cell_and_set_connections" :: held 0.001s {{(pid=107604) inner /usr/local/lib/python3.8/dist-packages/oslo_concurrency/lockutils.py:367}}
Aug 10 14:24:44.743940 dv-cinder-799668-5-smb devstack@n-api.service[107604]: DEBUG oslo_concurrency.lockutils [None req-0bfaa85c-c3e9-4c2a-9fd8-b799cf3bf4b7 tempest-AttachVolumeNegativeTest-1732902213 tempest-AttachVolumeNegativeTest-1732902213-project] Lock "8190d05c-2008-4a5d-905e-58313a4ae245" acquired by "nova.context.set_target_cell..get_or_set_cached_cell_and_set_connections" :: waited 0.000s {{(pid=107604) inner /usr/local/lib/python3.8/dist-packages/oslo_concurrency/lockutils.py:355}}
Aug 10 14:24:44.744404 dv-cinder-799668-5-smb devstack@n-api.service[107604]: DEBUG oslo_concurrency.lockutils [None req-0bfaa85c-c3e9-4c2a-9fd8-b799cf3bf4b7 tempest-AttachVolumeNegativeTest-1732902213 tempest-AttachVolumeNegativeTest-1732902213-project] Lock "8190d05c-2008-4a5d-905e-58313a4ae245" released by "nova.context.set_target_cell..get_or_set_cached_cell_and_set_connections" :: held 0.000s {{(pid=107604) inner /usr/local/lib/python3.8/dist-packages/oslo_concurrency/lockutils.py:367}}
Aug 10 14:24:44.791812 dv-cinder-799668-5-smb devstack@n-api.service[107603]: DEBUG nova.api.openstack.wsgi [None req-2ad9cf47-dbf6-4a5a-8f39-5b1ef46009d5 tempest-AttachVolumeShelveTestJSON-1217320609 tempest-AttachVolumeShelveTestJSON-1217320609-project] Action: 'action', calling method: >, body: {"os-getConsoleOutput": {}} {{(pid=107603) _process_stack /opt/stack/nova/nova/api/openstack/wsgi.py:511}}
Aug 10 14:24:44.793458 dv-cinder-799668-5-smb devstack@n-api.service[107603]: DEBUG nova.compute.api [None req-2ad9cf47-dbf6-4a5a-8f39-5b1ef46009d5 tempest-AttachVolumeShelveTestJSON-1217320609 tempest-AttachVolumeShelveTestJSON-1217320609-project] [instance: fa83cc42-f058-4fa7-a2ff-b13710a9458f] Fetching instance by UUID {{(pid=107603) get /opt/stack/nova/nova/compute/api.py:2791}}
Aug 10 14:24:44.804471 dv-cinder-799668-5-smb devstack@n-api.service[107603]: DEBUG oslo_concurrency.lockutils [None req-2ad9cf47-dbf6-4a5a-8f39-5b1ef46009d5 tempest-AttachVolumeShelveTestJSON-1217320609 tempest-AttachVolumeShelveTestJSON-1217320609-project] Lock "8190d05c-2008-4a5d-905e-58313a4ae245" acquired by "nova.context.set_target_cell..get_or_set_cached_cell_and_set_connections" :: waited 0.000s {{(pid=107603) inner /usr/local/lib/python3.8/dist-packages/oslo_concurrency/lockutils.py:355}}
Aug 10 14:24:44.805332 dv-cinder-799668-5-smb devstack@n-api.service[107603]: DEBUG oslo_concurrency.lockutils [None req-2ad9cf47-dbf6-4a5a-8f39-5b1ef46009d5 tempest-AttachVolumeShelveTestJSON-1217320609 tempest-AttachVolumeShelveTestJSON-1217320609-project] Lock "8190d05c-2008-4a5d-905e-58313a4ae245" released by "nova.context.set_target_cell..get_or_set_cached_cell_and_set_connections" :: held 0.001s {{(pid=107603) inner /usr/local/lib/python3.8/dist-packages/oslo_concurrency/lockutils.py:367}}
Aug 10 14:24:44.806395 dv-cinder-799668-5-smb devstack@n-api.service[107603]: DEBUG oslo_concurrency.lockutils [None req-2ad9cf47-dbf6-4a5a-8f39-5b1ef46009d5 tempest-AttachVolumeShelveTestJSON-1217320609 tempest-AttachVolumeShelveTestJSON-1217320609-project] Lock "8190d05c-2008-4a5d-905e-58313a4ae245" acquired by "nova.context.set_target_cell..get_or_set_cached_cell_and_set_connections" :: waited 0.000s {{(pid=107603) inner /usr/local/lib/python3.8/dist-packages/oslo_concurrency/lockutils.py:355}}
Aug 10 14:24:44.807210 dv-cinder-799668-5-smb devstack@n-api.service[107603]: DEBUG oslo_concurrency.lockutils [None req-2ad9cf47-dbf6-4a5a-8f39-5b1ef46009d5 tempest-AttachVolumeShelveTestJSON-1217320609 tempest-AttachVolumeShelveTestJSON-1217320609-project] Lock "8190d05c-2008-4a5d-905e-58313a4ae245" released by "nova.context.set_target_cell..get_or_set_cached_cell_and_set_connections" :: held 0.001s {{(pid=107603) inner /usr/local/lib/python3.8/dist-packages/oslo_concurrency/lockutils.py:367}}
Aug 10 14:24:44.938302 dv-cinder-799668-5-smb devstack@n-api.service[107603]: INFO nova.api.openstack.requestlog [None req-2ad9cf47-dbf6-4a5a-8f39-5b1ef46009d5 tempest-AttachVolumeShelveTestJSON-1217320609 tempest-AttachVolumeShelveTestJSON-1217320609-project] 10.222.0.16 "POST /compute/v2.1/servers/fa83cc42-f058-4fa7-a2ff-b13710a9458f/action" status: 200 len: 28608 microversion: 2.20 time: 0.149288
Aug 10 14:24:44.939420 dv-cinder-799668-5-smb devstack@n-api.service[107603]: [pid: 107603|app: 0|req: 85/182] 10.222.0.16 () {62 vars in 1319 bytes} [Tue Aug 10 14:24:44 2021] POST /compute/v2.1/servers/fa83cc42-f058-4fa7-a2ff-b13710a9458f/action => generated 28608 bytes in 152 msecs (HTTP/1.1 200) 9 headers in 361 bytes (1 switches on core 0)
Aug 10 14:24:44.958926 dv-cinder-799668-5-smb devstack@n-api.service[107604]: DEBUG nova.policy [None req-0bfaa85c-c3e9-4c2a-9fd8-b799cf3bf4b7 tempest-AttachVolumeNegativeTest-1732902213 tempest-AttachVolumeNegativeTest-1732902213-project] Policy check for os_compute_api:os-extended-server-attributes failed with credentials {'is_admin': False, 'user_id': '27ebe991398b42a1855f1ee223e7934e', 'user_domain_id': 'default', 'system_scope': None, 'domain_id': None, 'project_id': '1de02069d9104c609011b6b0fb5ec517', 'project_domain_id': 'default', 'roles': ['member', 'reader'], 'is_admin_project': True, 'service_user_id': None, 'service_user_domain_id': None, 'service_project_id': None, 'service_project_domain_id': None, 'service_roles': []} {{(pid=107604) authorize /opt/stack/nova/nova/policy.py:199}}
Aug 10 14:24:44.977086 dv-cinder-799668-5-smb devstack@n-api.service[107604]: INFO nova.api.openstack.requestlog [None req-0bfaa85c-c3e9-4c2a-9fd8-b799cf3bf4b7 tempest-AttachVolumeNegativeTest-1732902213 tempest-AttachVolumeNegativeTest-1732902213-project] 10.222.0.16 "GET /compute/v2.1/servers/c63764e5-4f96-4b47-9955-10e148b188b8" status: 200 len: 1317 microversion: 2.1 time: 0.246344
Aug 10 14:24:44.978390 dv-cinder-799668-5-smb devstack@n-api.service[107604]: [pid: 107604|app: 0|req: 98/183] 10.222.0.16 () {58 vars in 1236 bytes} [Tue Aug 10 14:24:44 2021] GET /compute/v2.1/servers/c63764e5-4f96-4b47-9955-10e148b188b8 => generated 1317 bytes in 249 msecs (HTTP/1.1 200) 9 headers in 358 bytes (1 switches on core 0)
Aug 10 14:24:45.329859 dv-cinder-799668-5-smb devstack@n-api.service[107603]: DEBUG nova.api.openstack.wsgi [None req-6344ae5f-4bb9-413d-8e9a-aef13eb2e412 tempest-VolumesNegativeTest-1086995578 tempest-VolumesNegativeTest-1086995578-project] Action: 'create', calling method: >, body: {"server": {"name": "tempest-VolumesNegativeTest-instance-1807014458", "imageRef": "9ef6873f-6337-410e-a1c1-def7fafa2ac5", "flavorRef": "452"}} {{(pid=107603) _process_stack /opt/stack/nova/nova/api/openstack/wsgi.py:511}}
Aug 10 14:24:45.372184 dv-cinder-799668-5-smb devstack@n-api.service[107604]: DEBUG nova.api.openstack.wsgi [None req-86db9d31-3a80-4cde-85ba-8119be1d0b6e tempest-VolumesActionsTest-1264714232 tempest-VolumesActionsTest-1264714232-project] Calling method '>' {{(pid=107604) _process_stack /opt/stack/nova/nova/api/openstack/wsgi.py:513}}
Aug 10 14:24:45.372986 dv-cinder-799668-5-smb devstack@n-api.service[107604]: DEBUG nova.compute.api [None req-86db9d31-3a80-4cde-85ba-8119be1d0b6e tempest-VolumesActionsTest-1264714232 tempest-VolumesActionsTest-1264714232-project] [instance: 668d769d-a149-4c7b-a69f-cd673785ecb7] Fetching instance by UUID {{(pid=107604) get /opt/stack/nova/nova/compute/api.py:2791}}
Aug 10 14:24:45.384339 dv-cinder-799668-5-smb devstack@n-api.service[107604]: DEBUG oslo_concurrency.lockutils [None req-86db9d31-3a80-4cde-85ba-8119be1d0b6e tempest-VolumesActionsTest-1264714232 tempest-VolumesActionsTest-1264714232-project] Lock "8190d05c-2008-4a5d-905e-58313a4ae245" acquired by "nova.context.set_target_cell..get_or_set_cached_cell_and_set_connections" :: waited 0.000s {{(pid=107604) inner /usr/local/lib/python3.8/dist-packages/oslo_concurrency/lockutils.py:355}}
Aug 10 14:24:45.385199 dv-cinder-799668-5-smb devstack@n-api.service[107604]: DEBUG oslo_concurrency.lockutils [None req-86db9d31-3a80-4cde-85ba-8119be1d0b6e tempest-VolumesActionsTest-1264714232 tempest-VolumesActionsTest-1264714232-project] Lock "8190d05c-2008-4a5d-905e-58313a4ae245" released by "nova.context.set_target_cell..get_or_set_cached_cell_and_set_connections" :: held 0.001s {{(pid=107604) inner /usr/local/lib/python3.8/dist-packages/oslo_concurrency/lockutils.py:367}}
Aug 10 14:24:45.387410 dv-cinder-799668-5-smb devstack@n-api.service[107604]: DEBUG oslo_concurrency.lockutils [None req-86db9d31-3a80-4cde-85ba-8119be1d0b6e tempest-VolumesActionsTest-1264714232 tempest-VolumesActionsTest-1264714232-project] Lock "8190d05c-2008-4a5d-905e-58313a4ae245" acquired by "nova.context.set_target_cell..get_or_set_cached_cell_and_set_connections" :: waited 0.000s {{(pid=107604) inner /usr/local/lib/python3.8/dist-packages/oslo_concurrency/lockutils.py:355}}
Aug 10 14:24:45.388713 dv-cinder-799668-5-smb devstack@n-api.service[107604]: DEBUG oslo_concurrency.lockutils [None req-86db9d31-3a80-4cde-85ba-8119be1d0b6e tempest-VolumesActionsTest-1264714232 tempest-VolumesActionsTest-1264714232-project] Lock "8190d05c-2008-4a5d-905e-58313a4ae245" released by "nova.context.set_target_cell..get_or_set_cached_cell_and_set_connections" :: held 0.001s {{(pid=107604) inner /usr/local/lib/python3.8/dist-packages/oslo_concurrency/lockutils.py:367}}
Aug 10 14:24:45.401796 dv-cinder-799668-5-smb devstack@n-api.service[107603]: DEBUG nova.network.neutron [None req-6344ae5f-4bb9-413d-8e9a-aef13eb2e412 tempest-VolumesNegativeTest-1086995578 tempest-VolumesNegativeTest-1086995578-project] validate_networks() for None {{(pid=107603) validate_networks /opt/stack/nova/nova/network/neutron.py:2255}}
Aug 10 14:24:45.611185 dv-cinder-799668-5-smb devstack@n-api.service[107604]: DEBUG nova.policy [None req-86db9d31-3a80-4cde-85ba-8119be1d0b6e tempest-VolumesActionsTest-1264714232 tempest-VolumesActionsTest-1264714232-project] Policy check for os_compute_api:os-extended-server-attributes failed with credentials {'is_admin': False, 'user_id': '68b32e03b13b486e95cba34efc858dca', 'user_domain_id': 'default', 'system_scope': None, 'domain_id': None, 'project_id': 'eff0623ba1604c28880699e82dde7160', 'project_domain_id': 'default', 'roles': ['member', 'reader'], 'is_admin_project': True, 'service_user_id': None, 'service_user_domain_id': None, 'service_project_id': None, 'service_project_domain_id': None, 'service_roles': []} {{(pid=107604) authorize /opt/stack/nova/nova/policy.py:199}}
Aug 10 14:24:45.619353 dv-cinder-799668-5-smb devstack@n-api.service[107604]: INFO nova.api.openstack.requestlog [None req-86db9d31-3a80-4cde-85ba-8119be1d0b6e tempest-VolumesActionsTest-1264714232 tempest-VolumesActionsTest-1264714232-project] 10.222.0.16 "GET /compute/v2.1/servers/668d769d-a149-4c7b-a69f-cd673785ecb7" status: 200 len: 1314 microversion: 2.1 time: 0.251548
Aug 10 14:24:45.619935 dv-cinder-799668-5-smb devstack@n-api.service[107604]: [pid: 107604|app: 0|req: 99/184] 10.222.0.16 () {58 vars in 1236 bytes} [Tue Aug 10 14:24:45 2021] GET /compute/v2.1/servers/668d769d-a149-4c7b-a69f-cd673785ecb7 => generated 1314 bytes in 253 msecs (HTTP/1.1 200) 9 headers in 358 bytes (2 switches on core 0)
Aug 10 14:24:45.959239 dv-cinder-799668-5-smb devstack@n-api.service[107604]: DEBUG nova.api.openstack.wsgi [None req-222136ce-10e6-40a1-9eea-24dd3bb98c92 tempest-AttachVolumeShelveTestJSON-1217320609 tempest-AttachVolumeShelveTestJSON-1217320609-project] Action: 'action', calling method: >, body: {"os-getConsoleOutput": {}} {{(pid=107604) _process_stack /opt/stack/nova/nova/api/openstack/wsgi.py:511}}
Aug 10 14:24:45.961355 dv-cinder-799668-5-smb devstack@n-api.service[107604]: DEBUG nova.compute.api [None req-222136ce-10e6-40a1-9eea-24dd3bb98c92 tempest-AttachVolumeShelveTestJSON-1217320609 tempest-AttachVolumeShelveTestJSON-1217320609-project] [instance: fa83cc42-f058-4fa7-a2ff-b13710a9458f] Fetching instance by UUID {{(pid=107604) get /opt/stack/nova/nova/compute/api.py:2791}}
Aug 10 14:24:45.971188 dv-cinder-799668-5-smb devstack@n-api.service[107604]: DEBUG oslo_concurrency.lockutils [None req-222136ce-10e6-40a1-9eea-24dd3bb98c92 tempest-AttachVolumeShelveTestJSON-1217320609 tempest-AttachVolumeShelveTestJSON-1217320609-project] Lock "8190d05c-2008-4a5d-905e-58313a4ae245" acquired by "nova.context.set_target_cell..get_or_set_cached_cell_and_set_connections" :: waited 0.000s {{(pid=107604) inner /usr/local/lib/python3.8/dist-packages/oslo_concurrency/lockutils.py:355}}
Aug 10 14:24:45.971879 dv-cinder-799668-5-smb devstack@n-api.service[107604]: DEBUG oslo_concurrency.lockutils [None req-222136ce-10e6-40a1-9eea-24dd3bb98c92 tempest-AttachVolumeShelveTestJSON-1217320609 tempest-AttachVolumeShelveTestJSON-1217320609-project] Lock "8190d05c-2008-4a5d-905e-58313a4ae245" released by "nova.context.set_target_cell..get_or_set_cached_cell_and_set_connections" :: held 0.001s {{(pid=107604) inner /usr/local/lib/python3.8/dist-packages/oslo_concurrency/lockutils.py:367}}
Aug 10 14:24:45.973014 dv-cinder-799668-5-smb devstack@n-api.service[107604]: DEBUG oslo_concurrency.lockutils [None req-222136ce-10e6-40a1-9eea-24dd3bb98c92 tempest-AttachVolumeShelveTestJSON-1217320609 tempest-AttachVolumeShelveTestJSON-1217320609-project] Lock "8190d05c-2008-4a5d-905e-58313a4ae245" acquired by "nova.context.set_target_cell..get_or_set_cached_cell_and_set_connections" :: waited 0.000s {{(pid=107604) inner /usr/local/lib/python3.8/dist-packages/oslo_concurrency/lockutils.py:355}}
Aug 10 14:24:45.973592 dv-cinder-799668-5-smb devstack@n-api.service[107604]: DEBUG oslo_concurrency.lockutils [None req-222136ce-10e6-40a1-9eea-24dd3bb98c92 tempest-AttachVolumeShelveTestJSON-1217320609 tempest-AttachVolumeShelveTestJSON-1217320609-project] Lock "8190d05c-2008-4a5d-905e-58313a4ae245" released by "nova.context.set_target_cell..get_or_set_cached_cell_and_set_connections" :: held 0.001s {{(pid=107604) inner /usr/local/lib/python3.8/dist-packages/oslo_concurrency/lockutils.py:367}}
Aug 10 14:24:46.034455 dv-cinder-799668-5-smb devstack@n-api.service[107603]: DEBUG nova.virt.hardware [None req-6344ae5f-4bb9-413d-8e9a-aef13eb2e412 tempest-VolumesNegativeTest-1086995578 tempest-VolumesNegativeTest-1086995578-project] Flavor limits 0:0:0 {{(pid=107603) get_cpu_topology_constraints /opt/stack/nova/nova/virt/hardware.py:343}}
