Aug 10 14:22:54.548068 dv-cinder-799668-5-iscsi devstack@c-api.service[100202]: DEBUG cinder.api.openstack.wsgi [None req-af40e529-190c-48a6-924b-be605c012daf tempest-SnapshotMetadataTestJSON-1200693795 tempest-SnapshotMetadataTestJSON-1200693795-project] Action: 'create', calling method: create, body: {"volume": {"size": 1, "name": "tempest-SnapshotMetadataTestJSON-Volume-1159453282"}} {{(pid=100202) _process_stack /opt/stack/cinder/cinder/api/openstack/wsgi.py:854}}
Aug 10 14:22:54.549952 dv-cinder-799668-5-iscsi devstack@c-api.service[100202]: DEBUG cinder.api.v3.volumes [None req-af40e529-190c-48a6-924b-be605c012daf tempest-SnapshotMetadataTestJSON-1200693795 tempest-SnapshotMetadataTestJSON-1200693795-project] Create volume request body: {'volume': {'size': 1, 'name': 'tempest-SnapshotMetadataTestJSON-Volume-1159453282'}} {{(pid=100202) create /opt/stack/cinder/cinder/api/v3/volumes.py:290}}
Aug 10 14:22:54.551855 dv-cinder-799668-5-iscsi devstack@c-api.service[100202]: INFO cinder.api.v3.volumes [None req-af40e529-190c-48a6-924b-be605c012daf tempest-SnapshotMetadataTestJSON-1200693795 tempest-SnapshotMetadataTestJSON-1200693795-project] Create volume of 1 GB
Aug 10 14:22:54.574495 dv-cinder-799668-5-iscsi devstack@c-api.service[100202]: INFO cinder.volume.api [None req-af40e529-190c-48a6-924b-be605c012daf tempest-SnapshotMetadataTestJSON-1200693795 tempest-SnapshotMetadataTestJSON-1200693795-project] Availability Zones retrieved successfully.
Aug 10 14:22:54.632887 dv-cinder-799668-5-iscsi devstack@c-api.service[100202]: DEBUG cinder.volume.api [None req-af40e529-190c-48a6-924b-be605c012daf tempest-SnapshotMetadataTestJSON-1200693795 tempest-SnapshotMetadataTestJSON-1200693795-project] Flow 'volume_create_api' (ab4d634e-2422-4c19-aba5-035bc2732c13) transitioned into state 'RUNNING' from state 'PENDING' {{(pid=100202) _flow_receiver /usr/local/lib/python3.8/dist-packages/taskflow/listeners/logging.py:141}}
Aug 10 14:22:54.635845 dv-cinder-799668-5-iscsi devstack@c-api.service[100202]: DEBUG cinder.volume.api [None req-af40e529-190c-48a6-924b-be605c012daf tempest-SnapshotMetadataTestJSON-1200693795 tempest-SnapshotMetadataTestJSON-1200693795-project] Task 'cinder.volume.flows.api.create_volume.ExtractVolumeRequestTask;volume:create' (a4eed90f-5989-4664-847c-dc60c314cda5) transitioned into state 'RUNNING' from state 'PENDING' {{(pid=100202) _task_receiver /usr/local/lib/python3.8/dist-packages/taskflow/listeners/logging.py:190}}
Aug 10 14:22:54.637835 dv-cinder-799668-5-iscsi devstack@c-api.service[100202]: DEBUG cinder.volume.flows.api.create_volume [None req-af40e529-190c-48a6-924b-be605c012daf tempest-SnapshotMetadataTestJSON-1200693795 tempest-SnapshotMetadataTestJSON-1200693795-project] Validating volume size '1' using validate_int {{(pid=100202) _extract_size /opt/stack/cinder/cinder/volume/flows/api/create_volume.py:201}}
Aug 10 14:22:54.687731 dv-cinder-799668-5-iscsi devstack@c-api.service[100202]: DEBUG cinder.volume.api [None req-af40e529-190c-48a6-924b-be605c012daf tempest-SnapshotMetadataTestJSON-1200693795 tempest-SnapshotMetadataTestJSON-1200693795-project] Task 'cinder.volume.flows.api.create_volume.ExtractVolumeRequestTask;volume:create' (a4eed90f-5989-4664-847c-dc60c314cda5) transitioned into state 'SUCCESS' from state 'RUNNING' with result '{'size': 1, 'snapshot_id': None, 'source_volid': None, 'volume_type': VolumeType(created_at=2021-08-10T14:12:54Z,deleted=False,deleted_at=None,description='Default Volume Type',extra_specs={},id=985af90c-1b6a-4973-bdaa-4616ff61e1d7,is_public=True,name='__DEFAULT__',projects=[],qos_specs=,qos_specs_id=None,updated_at=2021-08-10T14:12:54Z), 'volume_type_id': '985af90c-1b6a-4973-bdaa-4616ff61e1d7', 'encryption_key_id': None, 'qos_specs': None, 'consistencygroup_id': None, 'cgsnapshot_id': None, 'group_id': None, 'replication_status': 'disabled', 'refresh_az': False, 'backup_id': None, 'multiattach': False, 'availability_zones': ['nova']}' {{(pid=100202) _task_receiver /usr/local/lib/python3.8/dist-packages/taskflow/listeners/logging.py:178}}
Aug 10 14:22:54.690250 dv-cinder-799668-5-iscsi devstack@c-api.service[100202]: DEBUG cinder.volume.api [None req-af40e529-190c-48a6-924b-be605c012daf tempest-SnapshotMetadataTestJSON-1200693795 tempest-SnapshotMetadataTestJSON-1200693795-project] Task 'cinder.volume.flows.api.create_volume.QuotaReserveTask;volume:create' (cbeabea5-790f-49ed-9230-86d10fb72fe3) transitioned into state 'RUNNING' from state 'PENDING' {{(pid=100202) _task_receiver /usr/local/lib/python3.8/dist-packages/taskflow/listeners/logging.py:190}}
Aug 10 14:22:54.712614 dv-cinder-799668-5-iscsi devstack@c-api.service[100201]: INFO cinder.api.openstack.wsgi [req-3a2afed4-0928-417c-88da-aa94c7d454b6 req-66e8baa5-e9ce-40d7-a28c-2aa398ea042c tempest-VolumesTestJSON-188078883 tempest-VolumesTestJSON-188078883-project] GET http://10.222.0.44/volume/v3/d0cb2584377042848076488147020f19/volumes/detail
Aug 10 14:22:54.713355 dv-cinder-799668-5-iscsi devstack@c-api.service[100201]: DEBUG cinder.api.openstack.wsgi [req-3a2afed4-0928-417c-88da-aa94c7d454b6 req-66e8baa5-e9ce-40d7-a28c-2aa398ea042c tempest-VolumesTestJSON-188078883 tempest-VolumesTestJSON-188078883-project] Empty body provided in request {{(pid=100201) get_body /opt/stack/cinder/cinder/api/openstack/wsgi.py:703}}
Aug 10 14:22:54.713460 dv-cinder-799668-5-iscsi devstack@c-api.service[100201]: /usr/local/lib/python3.8/dist-packages/webob/acceptparse.py:1047: DeprecationWarning: The behavior of AcceptValidHeader.best_match is currently being maintained for backward compatibility, but it will be deprecated in the future, as it does not conform to the RFC.
Aug 10 14:22:54.713460 dv-cinder-799668-5-iscsi devstack@c-api.service[100201]: warnings.warn(
Aug 10 14:22:54.713766 dv-cinder-799668-5-iscsi devstack@c-api.service[100201]: DEBUG cinder.api.openstack.wsgi [req-3a2afed4-0928-417c-88da-aa94c7d454b6 req-66e8baa5-e9ce-40d7-a28c-2aa398ea042c tempest-VolumesTestJSON-188078883 tempest-VolumesTestJSON-188078883-project] Calling method 'detail' {{(pid=100201) _process_stack /opt/stack/cinder/cinder/api/openstack/wsgi.py:856}}
Aug 10 14:22:54.714386 dv-cinder-799668-5-iscsi devstack@c-api.service[100201]: DEBUG cinder.api.api_utils [req-3a2afed4-0928-417c-88da-aa94c7d454b6 req-66e8baa5-e9ce-40d7-a28c-2aa398ea042c tempest-VolumesTestJSON-188078883 tempest-VolumesTestJSON-188078883-project] Removing options '' from query. {{(pid=100201) remove_invalid_filter_options /opt/stack/cinder/cinder/api/api_utils.py:73}}
Aug 10 14:22:54.718193 dv-cinder-799668-5-iscsi devstack@c-api.service[100201]: DEBUG cinder.volume.api [req-3a2afed4-0928-417c-88da-aa94c7d454b6 req-66e8baa5-e9ce-40d7-a28c-2aa398ea042c tempest-VolumesTestJSON-188078883 tempest-VolumesTestJSON-188078883-project] Searching by: MultiDict([('no_migration_targets', True)]). {{(pid=100201) get_all /opt/stack/cinder/cinder/volume/api.py:619}}
Aug 10 14:22:54.852400 dv-cinder-799668-5-iscsi devstack@c-api.service[100202]: DEBUG cinder.quota [None req-af40e529-190c-48a6-924b-be605c012daf tempest-SnapshotMetadataTestJSON-1200693795 tempest-SnapshotMetadataTestJSON-1200693795-project] Created reservations ['1a16d21f-d931-49d4-9cd3-4acbc8d3e43f', 'fb54ca1e-69a9-4576-bae5-64ae9a0f857c', '5127b787-5a53-41f0-a0b1-3967b1c20378', 'c27c8c81-6fdf-47e4-8b9d-87a12aed57ff'] {{(pid=100202) reserve /opt/stack/cinder/cinder/quota.py:755}}
Aug 10 14:22:54.855106 dv-cinder-799668-5-iscsi devstack@c-api.service[100202]: DEBUG cinder.volume.api [None req-af40e529-190c-48a6-924b-be605c012daf tempest-SnapshotMetadataTestJSON-1200693795 tempest-SnapshotMetadataTestJSON-1200693795-project] Task 'cinder.volume.flows.api.create_volume.QuotaReserveTask;volume:create' (cbeabea5-790f-49ed-9230-86d10fb72fe3) transitioned into state 'SUCCESS' from state 'RUNNING' with result '{'reservations': ['1a16d21f-d931-49d4-9cd3-4acbc8d3e43f', 'fb54ca1e-69a9-4576-bae5-64ae9a0f857c', '5127b787-5a53-41f0-a0b1-3967b1c20378', 'c27c8c81-6fdf-47e4-8b9d-87a12aed57ff']}' {{(pid=100202) _task_receiver /usr/local/lib/python3.8/dist-packages/taskflow/listeners/logging.py:178}}
Aug 10 14:22:54.861023 dv-cinder-799668-5-iscsi devstack@c-api.service[100202]: DEBUG cinder.volume.api [None req-af40e529-190c-48a6-924b-be605c012daf tempest-SnapshotMetadataTestJSON-1200693795 tempest-SnapshotMetadataTestJSON-1200693795-project] Task 'cinder.volume.flows.api.create_volume.EntryCreateTask;volume:create' (5f2e2905-7c40-49a8-9325-616236f32417) transitioned into state 'RUNNING' from state 'PENDING' {{(pid=100202) _task_receiver /usr/local/lib/python3.8/dist-packages/taskflow/listeners/logging.py:190}}
Aug 10 14:22:54.923608 dv-cinder-799668-5-iscsi devstack@c-api.service[100201]: INFO cinder.volume.api [req-3a2afed4-0928-417c-88da-aa94c7d454b6 req-66e8baa5-e9ce-40d7-a28c-2aa398ea042c tempest-VolumesTestJSON-188078883 tempest-VolumesTestJSON-188078883-project] Get all volumes completed successfully.
Aug 10 14:22:54.926646 dv-cinder-799668-5-iscsi devstack@c-api.service[100201]: /usr/local/lib/python3.8/dist-packages/oslo_context/context.py:105: DeprecationWarning: Policy enforcement is depending on the value of is_admin. This key is deprecated. Please update your policy file to use the standard policy values.
Aug 10 14:22:54.926646 dv-cinder-799668-5-iscsi devstack@c-api.service[100201]: warnings.warn('Policy enforcement is depending on the value of '
Aug 10 14:22:54.938518 dv-cinder-799668-5-iscsi devstack@c-api.service[100201]: INFO cinder.api.openstack.wsgi [req-3a2afed4-0928-417c-88da-aa94c7d454b6 req-66e8baa5-e9ce-40d7-a28c-2aa398ea042c tempest-VolumesTestJSON-188078883 tempest-VolumesTestJSON-188078883-project] http://10.222.0.44/volume/v3/d0cb2584377042848076488147020f19/volumes/detail returned with HTTP 200
Aug 10 14:22:54.940528 dv-cinder-799668-5-iscsi devstack@c-api.service[100201]: [pid: 100201|app: 0|req: 66/129] 10.222.0.44 () {60 vars in 1489 bytes} [Tue Aug 10 14:22:54 2021] GET /volume/v3/d0cb2584377042848076488147020f19/volumes/detail => generated 2747 bytes in 232 msecs (HTTP/1.1 200) 7 headers in 286 bytes (2 switches on core 0)
Aug 10 14:22:54.953544 dv-cinder-799668-5-iscsi devstack@c-api.service[100202]: DEBUG cinder.volume.api [None req-af40e529-190c-48a6-924b-be605c012daf tempest-SnapshotMetadataTestJSON-1200693795 tempest-SnapshotMetadataTestJSON-1200693795-project] Task 'cinder.volume.flows.api.create_volume.EntryCreateTask;volume:create' (5f2e2905-7c40-49a8-9325-616236f32417) transitioned into state 'SUCCESS' from state 'RUNNING' with result '{'volume_id': '2f72e0b9-4b29-43c5-9640-990533d07d7d', 'volume_properties': VolumeProperties(attach_status='detached',availability_zone='nova',cgsnapshot_id=None,consistencygroup_id=None,display_description=None,display_name='tempest-SnapshotMetadataTestJSON-Volume-1159453282',encryption_key_id=None,group_id=None,group_type_id=,metadata={},multiattach=False,project_id='1c63b38a48114fcaa0d3a8e65694f0b2',qos_specs=None,replication_status=,reservations=['1a16d21f-d931-49d4-9cd3-4acbc8d3e43f','fb54ca1e-69a9-4576-bae5-64ae9a0f857c','5127b787-5a53-41f0-a0b1-3967b1c20378','c27c8c81-6fdf-47e4-8b9d-87a12aed57ff'],size=1,snapshot_id=None,source_replicaid=,source_volid=None,status='creating',user_id='6e4dc524f8334b33ac20e786d90b9b6f',volume_type_id=985af90c-1b6a-4973-bdaa-4616ff61e1d7), 'volume': Volume(_name_id=None,admin_metadata=,attach_status='detached',availability_zone='nova',bootable=False,cluster=,cluster_name=None,consistencygroup=,consistencygroup_id=None,created_at=2021-08-10T14:22:54Z,deleted=False,deleted_at=None,display_description=None,display_name='tempest-SnapshotMetadataTestJSON-Volume-1159453282',ec2_id=None,encryption_key_id=None,glance_metadata=,group=,group_id=None,host=None,id=2f72e0b9-4b29-43c5-9640-990533d07d7d,launched_at=None,metadata={},migration_status=None,multiattach=False,previous_status=None,project_id='1c63b38a48114fcaa0d3a8e65694f0b2',provider_auth=None,provider_geometry=None,provider_id=None,provider_location=None,replication_driver_data=None,replication_extended_status=None,replication_status=None,scheduled_at=None,service_uuid=None,shared_targets=True,size=1,snapshot_id=None,snapshots=,source_volid=None,status='creating',terminated_at=None,updated_at=None,user_id='6e4dc524f8334b33ac20e786d90b9b6f',volume_attachment=,volume_type=VolumeType(985af90c-1b6a-4973-bdaa-4616ff61e1d7),volume_type_id=985af90c-1b6a-4973-bdaa-4616ff61e1d7)}' {{(pid=100202) _task_receiver /usr/local/lib/python3.8/dist-packages/taskflow/listeners/logging.py:178}}
Aug 10 14:22:54.955294 dv-cinder-799668-5-iscsi devstack@c-api.service[100202]: DEBUG cinder.volume.api [None req-af40e529-190c-48a6-924b-be605c012daf tempest-SnapshotMetadataTestJSON-1200693795 tempest-SnapshotMetadataTestJSON-1200693795-project] Task 'cinder.volume.flows.api.create_volume.QuotaCommitTask;volume:create' (29b280c0-5204-40cb-8889-6f5615145c0b) transitioned into state 'RUNNING' from state 'PENDING' {{(pid=100202) _task_receiver /usr/local/lib/python3.8/dist-packages/taskflow/listeners/logging.py:190}}
Aug 10 14:22:55.023474 dv-cinder-799668-5-iscsi devstack@c-api.service[100202]: DEBUG cinder.volume.api [None req-af40e529-190c-48a6-924b-be605c012daf tempest-SnapshotMetadataTestJSON-1200693795 tempest-SnapshotMetadataTestJSON-1200693795-project] Task 'cinder.volume.flows.api.create_volume.QuotaCommitTask;volume:create' (29b280c0-5204-40cb-8889-6f5615145c0b) transitioned into state 'SUCCESS' from state 'RUNNING' with result '{'volume_properties': VolumeProperties(attach_status='detached',availability_zone='nova',cgsnapshot_id=None,consistencygroup_id=None,display_description=None,display_name='tempest-SnapshotMetadataTestJSON-Volume-1159453282',encryption_key_id=None,group_id=None,group_type_id=,metadata={},multiattach=False,project_id='1c63b38a48114fcaa0d3a8e65694f0b2',qos_specs=None,replication_status=,reservations=['1a16d21f-d931-49d4-9cd3-4acbc8d3e43f','fb54ca1e-69a9-4576-bae5-64ae9a0f857c','5127b787-5a53-41f0-a0b1-3967b1c20378','c27c8c81-6fdf-47e4-8b9d-87a12aed57ff'],size=1,snapshot_id=None,source_replicaid=,source_volid=None,status='creating',user_id='6e4dc524f8334b33ac20e786d90b9b6f',volume_type_id=985af90c-1b6a-4973-bdaa-4616ff61e1d7)}' {{(pid=100202) _task_receiver /usr/local/lib/python3.8/dist-packages/taskflow/listeners/logging.py:178}}
Aug 10 14:22:55.025954 dv-cinder-799668-5-iscsi devstack@c-api.service[100202]: DEBUG cinder.volume.api [None req-af40e529-190c-48a6-924b-be605c012daf tempest-SnapshotMetadataTestJSON-1200693795 tempest-SnapshotMetadataTestJSON-1200693795-project] Task 'cinder.volume.flows.api.create_volume.VolumeCastTask;volume:create' (e3037969-c697-40ac-a659-7ccc05b3c0c5) transitioned into state 'RUNNING' from state 'PENDING' {{(pid=100202) _task_receiver /usr/local/lib/python3.8/dist-packages/taskflow/listeners/logging.py:190}}
Aug 10 14:22:55.064610 dv-cinder-799668-5-iscsi devstack@c-api.service[100202]: DEBUG cinder.volume.api [None req-af40e529-190c-48a6-924b-be605c012daf tempest-SnapshotMetadataTestJSON-1200693795 tempest-SnapshotMetadataTestJSON-1200693795-project] Task 'cinder.volume.flows.api.create_volume.VolumeCastTask;volume:create' (e3037969-c697-40ac-a659-7ccc05b3c0c5) transitioned into state 'SUCCESS' from state 'RUNNING' with result 'None' {{(pid=100202) _task_receiver /usr/local/lib/python3.8/dist-packages/taskflow/listeners/logging.py:178}}
Aug 10 14:22:55.067759 dv-cinder-799668-5-iscsi devstack@c-api.service[100202]: DEBUG cinder.volume.api [None req-af40e529-190c-48a6-924b-be605c012daf tempest-SnapshotMetadataTestJSON-1200693795 tempest-SnapshotMetadataTestJSON-1200693795-project] Flow 'volume_create_api' (ab4d634e-2422-4c19-aba5-035bc2732c13) transitioned into state 'SUCCESS' from state 'RUNNING' {{(pid=100202) _flow_receiver /usr/local/lib/python3.8/dist-packages/taskflow/listeners/logging.py:141}}
Aug 10 14:22:55.070606 dv-cinder-799668-5-iscsi devstack@c-api.service[100202]: INFO cinder.volume.api [None req-af40e529-190c-48a6-924b-be605c012daf tempest-SnapshotMetadataTestJSON-1200693795 tempest-SnapshotMetadataTestJSON-1200693795-project] Create volume request issued successfully.
Aug 10 14:22:55.098736 dv-cinder-799668-5-iscsi devstack@c-api.service[100202]: INFO cinder.api.openstack.wsgi [None req-af40e529-190c-48a6-924b-be605c012daf tempest-SnapshotMetadataTestJSON-1200693795 tempest-SnapshotMetadataTestJSON-1200693795-project] http://10.222.0.44/volume/v3/1c63b38a48114fcaa0d3a8e65694f0b2/volumes returned with HTTP 202
Aug 10 14:22:55.110688 dv-cinder-799668-5-iscsi devstack@c-api.service[100202]: [pid: 100202|app: 0|req: 64/130] 10.222.0.44 () {60 vars in 1235 bytes} [Tue Aug 10 14:22:54 2021] POST /volume/v3/1c63b38a48114fcaa0d3a8e65694f0b2/volumes => generated 824 bytes in 737 msecs (HTTP/1.1 202) 7 headers in 291 bytes (1 switches on core 0)
Aug 10 14:22:55.114266 dv-cinder-799668-5-iscsi devstack@c-api.service[100201]: INFO cinder.api.openstack.wsgi [None req-06ee14ae-59eb-4294-b39e-109d06d32ae7 tempest-SnapshotMetadataTestJSON-1200693795 tempest-SnapshotMetadataTestJSON-1200693795-project] GET http://10.222.0.44/volume/v3/1c63b38a48114fcaa0d3a8e65694f0b2/volumes/2f72e0b9-4b29-43c5-9640-990533d07d7d
Aug 10 14:22:55.115213 dv-cinder-799668-5-iscsi devstack@c-api.service[100201]: DEBUG cinder.api.openstack.wsgi [None req-06ee14ae-59eb-4294-b39e-109d06d32ae7 tempest-SnapshotMetadataTestJSON-1200693795 tempest-SnapshotMetadataTestJSON-1200693795-project] Empty body provided in request {{(pid=100201) get_body /opt/stack/cinder/cinder/api/openstack/wsgi.py:703}}
Aug 10 14:22:55.115213 dv-cinder-799668-5-iscsi devstack@c-api.service[100201]: /usr/local/lib/python3.8/dist-packages/webob/acceptparse.py:1047: DeprecationWarning: The behavior of AcceptValidHeader.best_match is currently being maintained for backward compatibility, but it will be deprecated in the future, as it does not conform to the RFC.
Aug 10 14:22:55.115213 dv-cinder-799668-5-iscsi devstack@c-api.service[100201]: warnings.warn(
Aug 10 14:22:55.115487 dv-cinder-799668-5-iscsi devstack@c-api.service[100201]: DEBUG cinder.api.openstack.wsgi [None req-06ee14ae-59eb-4294-b39e-109d06d32ae7 tempest-SnapshotMetadataTestJSON-1200693795 tempest-SnapshotMetadataTestJSON-1200693795-project] Calling method 'show' {{(pid=100201) _process_stack /opt/stack/cinder/cinder/api/openstack/wsgi.py:856}}
Aug 10 14:22:55.143192 dv-cinder-799668-5-iscsi devstack@c-api.service[100201]: /usr/local/lib/python3.8/dist-packages/oslo_context/context.py:105: DeprecationWarning: Policy enforcement is depending on the value of is_admin. This key is deprecated. Please update your policy file to use the standard policy values.
Aug 10 14:22:55.143192 dv-cinder-799668-5-iscsi devstack@c-api.service[100201]: warnings.warn('Policy enforcement is depending on the value of '
Aug 10 14:22:55.164555 dv-cinder-799668-5-iscsi devstack@c-api.service[100201]: INFO cinder.volume.api [None req-06ee14ae-59eb-4294-b39e-109d06d32ae7 tempest-SnapshotMetadataTestJSON-1200693795 tempest-SnapshotMetadataTestJSON-1200693795-project] Volume info retrieved successfully.
Aug 10 14:22:55.227501 dv-cinder-799668-5-iscsi devstack@c-api.service[100201]: INFO cinder.api.openstack.wsgi [None req-06ee14ae-59eb-4294-b39e-109d06d32ae7 tempest-SnapshotMetadataTestJSON-1200693795 tempest-SnapshotMetadataTestJSON-1200693795-project] http://10.222.0.44/volume/v3/1c63b38a48114fcaa0d3a8e65694f0b2/volumes/2f72e0b9-4b29-43c5-9640-990533d07d7d returned with HTTP 200
Aug 10 14:22:55.228883 dv-cinder-799668-5-iscsi devstack@c-api.service[100201]: [pid: 100201|app: 0|req: 67/131] 10.222.0.44 () {58 vars in 1325 bytes} [Tue Aug 10 14:22:55 2021] GET /volume/v3/1c63b38a48114fcaa0d3a8e65694f0b2/volumes/2f72e0b9-4b29-43c5-9640-990533d07d7d => generated 892 bytes in 118 msecs (HTTP/1.1 200) 7 headers in 285 bytes (1 switches on core 0)
Aug 10 14:22:55.307822 dv-cinder-799668-5-iscsi devstack@c-api.service[100202]: INFO cinder.api.openstack.wsgi [req-89bfd227-da8e-47be-8c50-9edbe4fcd72d req-3119dbfe-ce04-4ced-8962-bcb3c85eeae9 tempest-VolumesTestJSON-188078883 tempest-VolumesTestJSON-188078883-project] GET http://10.222.0.44/volume/v3/d0cb2584377042848076488147020f19/volumes/detail
Aug 10 14:22:55.308362 dv-cinder-799668-5-iscsi devstack@c-api.service[100202]: DEBUG cinder.api.openstack.wsgi [req-89bfd227-da8e-47be-8c50-9edbe4fcd72d req-3119dbfe-ce04-4ced-8962-bcb3c85eeae9 tempest-VolumesTestJSON-188078883 tempest-VolumesTestJSON-188078883-project] Empty body provided in request {{(pid=100202) get_body /opt/stack/cinder/cinder/api/openstack/wsgi.py:703}}
Aug 10 14:22:55.308773 dv-cinder-799668-5-iscsi devstack@c-api.service[100202]: /usr/local/lib/python3.8/dist-packages/webob/acceptparse.py:1047: DeprecationWarning: The behavior of AcceptValidHeader.best_match is currently being maintained for backward compatibility, but it will be deprecated in the future, as it does not conform to the RFC.
Aug 10 14:22:55.308773 dv-cinder-799668-5-iscsi devstack@c-api.service[100202]: warnings.warn(
Aug 10 14:22:55.309336 dv-cinder-799668-5-iscsi devstack@c-api.service[100202]: DEBUG cinder.api.openstack.wsgi [req-89bfd227-da8e-47be-8c50-9edbe4fcd72d req-3119dbfe-ce04-4ced-8962-bcb3c85eeae9 tempest-VolumesTestJSON-188078883 tempest-VolumesTestJSON-188078883-project] Calling method 'detail' {{(pid=100202) _process_stack /opt/stack/cinder/cinder/api/openstack/wsgi.py:856}}
Aug 10 14:22:55.310504 dv-cinder-799668-5-iscsi devstack@c-api.service[100202]: DEBUG cinder.api.api_utils [req-89bfd227-da8e-47be-8c50-9edbe4fcd72d req-3119dbfe-ce04-4ced-8962-bcb3c85eeae9 tempest-VolumesTestJSON-188078883 tempest-VolumesTestJSON-188078883-project] Removing options '' from query. {{(pid=100202) remove_invalid_filter_options /opt/stack/cinder/cinder/api/api_utils.py:73}}
Aug 10 14:22:55.311775 dv-cinder-799668-5-iscsi devstack@c-api.service[100202]: /usr/local/lib/python3.8/dist-packages/oslo_context/context.py:105: DeprecationWarning: Policy enforcement is depending on the value of is_admin. This key is deprecated. Please update your policy file to use the standard policy values.
Aug 10 14:22:55.311775 dv-cinder-799668-5-iscsi devstack@c-api.service[100202]: warnings.warn('Policy enforcement is depending on the value of '
Aug 10 14:22:55.313579 dv-cinder-799668-5-iscsi devstack@c-api.service[100202]: DEBUG cinder.volume.api [req-89bfd227-da8e-47be-8c50-9edbe4fcd72d req-3119dbfe-ce04-4ced-8962-bcb3c85eeae9 tempest-VolumesTestJSON-188078883 tempest-VolumesTestJSON-188078883-project] Searching by: MultiDict([('no_migration_targets', True)]). {{(pid=100202) get_all /opt/stack/cinder/cinder/volume/api.py:619}}
Aug 10 14:22:55.376919 dv-cinder-799668-5-iscsi devstack@c-api.service[100202]: INFO cinder.volume.api [req-89bfd227-da8e-47be-8c50-9edbe4fcd72d req-3119dbfe-ce04-4ced-8962-bcb3c85eeae9 tempest-VolumesTestJSON-188078883 tempest-VolumesTestJSON-188078883-project] Get all volumes completed successfully.
Aug 10 14:22:55.379386 dv-cinder-799668-5-iscsi devstack@c-api.service[100202]: /usr/local/lib/python3.8/dist-packages/oslo_context/context.py:105: DeprecationWarning: Policy enforcement is depending on the value of is_admin. This key is deprecated. Please update your policy file to use the standard policy values.
Aug 10 14:22:55.379386 dv-cinder-799668-5-iscsi devstack@c-api.service[100202]: warnings.warn('Policy enforcement is depending on the value of '
Aug 10 14:22:55.391106 dv-cinder-799668-5-iscsi devstack@c-api.service[100202]: INFO cinder.api.openstack.wsgi [req-89bfd227-da8e-47be-8c50-9edbe4fcd72d req-3119dbfe-ce04-4ced-8962-bcb3c85eeae9 tempest-VolumesTestJSON-188078883 tempest-VolumesTestJSON-188078883-project] http://10.222.0.44/volume/v3/d0cb2584377042848076488147020f19/volumes/detail returned with HTTP 200
Aug 10 14:22:55.392444 dv-cinder-799668-5-iscsi devstack@c-api.service[100202]: [pid: 100202|app: 0|req: 65/132] 10.222.0.44 () {60 vars in 1489 bytes} [Tue Aug 10 14:22:55 2021] GET /volume/v3/d0cb2584377042848076488147020f19/volumes/detail => generated 2747 bytes in 96 msecs (HTTP/1.1 200) 7 headers in 286 bytes (2 switches on core 0)
Aug 10 14:22:55.520249 dv-cinder-799668-5-iscsi devstack@c-api.service[100202]: INFO cinder.api.openstack.wsgi [req-2c6ddbe2-c9ce-4121-afb0-734e9285a481 req-efb10a62-7d94-4f89-8842-ac47bc5fb042 tempest-VolumesTestJSON-188078883 tempest-VolumesTestJSON-188078883-project] GET http://10.222.0.44/volume/v3/d0cb2584377042848076488147020f19/volumes/detail
Aug 10 14:22:55.520931 dv-cinder-799668-5-iscsi devstack@c-api.service[100202]: DEBUG cinder.api.openstack.wsgi [req-2c6ddbe2-c9ce-4121-afb0-734e9285a481 req-efb10a62-7d94-4f89-8842-ac47bc5fb042 tempest-VolumesTestJSON-188078883 tempest-VolumesTestJSON-188078883-project] Empty body provided in request {{(pid=100202) get_body /opt/stack/cinder/cinder/api/openstack/wsgi.py:703}}
Aug 10 14:22:55.521115 dv-cinder-799668-5-iscsi devstack@c-api.service[100202]: /usr/local/lib/python3.8/dist-packages/webob/acceptparse.py:1047: DeprecationWarning: The behavior of AcceptValidHeader.best_match is currently being maintained for backward compatibility, but it will be deprecated in the future, as it does not conform to the RFC.
Aug 10 14:22:55.521115 dv-cinder-799668-5-iscsi devstack@c-api.service[100202]: warnings.warn(
Aug 10 14:22:55.521417 dv-cinder-799668-5-iscsi devstack@c-api.service[100202]: DEBUG cinder.api.openstack.wsgi [req-2c6ddbe2-c9ce-4121-afb0-734e9285a481 req-efb10a62-7d94-4f89-8842-ac47bc5fb042 tempest-VolumesTestJSON-188078883 tempest-VolumesTestJSON-188078883-project] Calling method 'detail' {{(pid=100202) _process_stack /opt/stack/cinder/cinder/api/openstack/wsgi.py:856}}
Aug 10 14:22:55.522182 dv-cinder-799668-5-iscsi devstack@c-api.service[100202]: DEBUG cinder.api.api_utils [req-2c6ddbe2-c9ce-4121-afb0-734e9285a481 req-efb10a62-7d94-4f89-8842-ac47bc5fb042 tempest-VolumesTestJSON-188078883 tempest-VolumesTestJSON-188078883-project] Removing options '' from query. {{(pid=100202) remove_invalid_filter_options /opt/stack/cinder/cinder/api/api_utils.py:73}}
Aug 10 14:22:55.524826 dv-cinder-799668-5-iscsi devstack@c-api.service[100202]: DEBUG cinder.volume.api [req-2c6ddbe2-c9ce-4121-afb0-734e9285a481 req-efb10a62-7d94-4f89-8842-ac47bc5fb042 tempest-VolumesTestJSON-188078883 tempest-VolumesTestJSON-188078883-project] Searching by: MultiDict([('no_migration_targets', True)]). {{(pid=100202) get_all /opt/stack/cinder/cinder/volume/api.py:619}}
Aug 10 14:22:55.599342 dv-cinder-799668-5-iscsi devstack@c-api.service[100202]: INFO cinder.volume.api [req-2c6ddbe2-c9ce-4121-afb0-734e9285a481 req-efb10a62-7d94-4f89-8842-ac47bc5fb042 tempest-VolumesTestJSON-188078883 tempest-VolumesTestJSON-188078883-project] Get all volumes completed successfully.
Aug 10 14:22:55.609927 dv-cinder-799668-5-iscsi devstack@c-api.service[100201]: INFO cinder.api.openstack.wsgi [None req-09e85e26-618d-4c24-9154-137b6fa2c6cf tempest-GroupsV320Test-115929585 tempest-GroupsV320Test-115929585-project-admin] POST http://10.222.0.44/volume/v3/5aa4dfc939944d9db06ecd7f867235b8/types
Aug 10 14:22:55.610746 dv-cinder-799668-5-iscsi devstack@c-api.service[100201]: /usr/local/lib/python3.8/dist-packages/webob/acceptparse.py:1047: DeprecationWarning: The behavior of AcceptValidHeader.best_match is currently being maintained for backward compatibility, but it will be deprecated in the future, as it does not conform to the RFC.
Aug 10 14:22:55.610746 dv-cinder-799668-5-iscsi devstack@c-api.service[100201]: warnings.warn(
Aug 10 14:22:55.611135 dv-cinder-799668-5-iscsi devstack@c-api.service[100201]: DEBUG cinder.api.openstack.wsgi [None req-09e85e26-618d-4c24-9154-137b6fa2c6cf tempest-GroupsV320Test-115929585 tempest-GroupsV320Test-115929585-project-admin] Action: 'create', calling method: _create, body: {"volume_type": {"name": "tempest-GroupsV320Test-volume-type-18988977"}} {{(pid=100201) _process_stack /opt/stack/cinder/cinder/api/openstack/wsgi.py:854}}
Aug 10 14:22:55.614744 dv-cinder-799668-5-iscsi devstack@c-api.service[100202]: /usr/local/lib/python3.8/dist-packages/oslo_context/context.py:105: DeprecationWarning: Policy enforcement is depending on the value of is_admin. This key is deprecated. Please update your policy file to use the standard policy values.
Aug 10 14:22:55.614744 dv-cinder-799668-5-iscsi devstack@c-api.service[100202]: warnings.warn('Policy enforcement is depending on the value of '
Aug 10 14:22:55.642793 dv-cinder-799668-5-iscsi devstack@c-api.service[100202]: INFO cinder.api.openstack.wsgi [req-2c6ddbe2-c9ce-4121-afb0-734e9285a481 req-efb10a62-7d94-4f89-8842-ac47bc5fb042 tempest-VolumesTestJSON-188078883 tempest-VolumesTestJSON-188078883-project] http://10.222.0.44/volume/v3/d0cb2584377042848076488147020f19/volumes/detail returned with HTTP 200
Aug 10 14:22:55.650701 dv-cinder-799668-5-iscsi devstack@c-api.service[100202]: [pid: 100202|app: 0|req: 66/133] 10.222.0.44 () {60 vars in 1489 bytes} [Tue Aug 10 14:22:55 2021] GET /volume/v3/d0cb2584377042848076488147020f19/volumes/detail => generated 2747 bytes in 134 msecs (HTTP/1.1 200) 7 headers in 286 bytes (1 switches on core 0)
Aug 10 14:22:55.673645 dv-cinder-799668-5-iscsi devstack@c-api.service[100201]: INFO cinder.api.openstack.wsgi [None req-09e85e26-618d-4c24-9154-137b6fa2c6cf tempest-GroupsV320Test-115929585 tempest-GroupsV320Test-115929585-project-admin] http://10.222.0.44/volume/v3/5aa4dfc939944d9db06ecd7f867235b8/types returned with HTTP 200
Aug 10 14:22:55.683626 dv-cinder-799668-5-iscsi devstack@c-api.service[100201]: [pid: 100201|app: 0|req: 68/134] 10.222.0.44 () {60 vars in 1229 bytes} [Tue Aug 10 14:22:55 2021] POST /volume/v3/5aa4dfc939944d9db06ecd7f867235b8/types => generated 218 bytes in 258 msecs (HTTP/1.1 200) 7 headers in 285 bytes (1 switches on core 0)
Aug 10 14:22:55.690705 dv-cinder-799668-5-iscsi devstack@c-api.service[100202]: INFO cinder.api.openstack.wsgi [None req-7e813afa-7239-44a3-93e1-40409dcda078 tempest-GroupsV320Test-115929585 tempest-GroupsV320Test-115929585-project-admin] POST http://10.222.0.44/volume/v3/5aa4dfc939944d9db06ecd7f867235b8/group_types
Aug 10 14:22:55.691335 dv-cinder-799668-5-iscsi devstack@c-api.service[100202]: /usr/local/lib/python3.8/dist-packages/webob/acceptparse.py:1047: DeprecationWarning: The behavior of AcceptValidHeader.best_match is currently being maintained for backward compatibility, but it will be deprecated in the future, as it does not conform to the RFC.
Aug 10 14:22:55.691335 dv-cinder-799668-5-iscsi devstack@c-api.service[100202]: warnings.warn(
Aug 10 14:22:55.691693 dv-cinder-799668-5-iscsi devstack@c-api.service[100202]: DEBUG cinder.api.openstack.wsgi [None req-7e813afa-7239-44a3-93e1-40409dcda078 tempest-GroupsV320Test-115929585 tempest-GroupsV320Test-115929585-project-admin] Action: 'create', calling method: version_select, body: {"group_type": {"name": "tempest-GroupsV320Test-group-type-1258493291"}} {{(pid=100202) _process_stack /opt/stack/cinder/cinder/api/openstack/wsgi.py:854}}
Aug 10 14:22:55.706995 dv-cinder-799668-5-iscsi devstack@c-api.service[100201]: INFO cinder.api.openstack.wsgi [req-e931c0df-0b96-4e0e-86dc-f8c019696609 req-1157fece-df9e-4509-99c4-4d52d1a2d355 tempest-VolumesTestJSON-188078883 tempest-VolumesTestJSON-188078883-project] GET http://10.222.0.44/volume/v3/d0cb2584377042848076488147020f19/volumes/detail
Aug 10 14:22:55.707504 dv-cinder-799668-5-iscsi devstack@c-api.service[100201]: DEBUG cinder.api.openstack.wsgi [req-e931c0df-0b96-4e0e-86dc-f8c019696609 req-1157fece-df9e-4509-99c4-4d52d1a2d355 tempest-VolumesTestJSON-188078883 tempest-VolumesTestJSON-188078883-project] Empty body provided in request {{(pid=100201) get_body /opt/stack/cinder/cinder/api/openstack/wsgi.py:703}}
Aug 10 14:22:55.707922 dv-cinder-799668-5-iscsi devstack@c-api.service[100201]: DEBUG cinder.api.openstack.wsgi [req-e931c0df-0b96-4e0e-86dc-f8c019696609 req-1157fece-df9e-4509-99c4-4d52d1a2d355 tempest-VolumesTestJSON-188078883 tempest-VolumesTestJSON-188078883-project] Calling method 'detail' {{(pid=100201) _process_stack /opt/stack/cinder/cinder/api/openstack/wsgi.py:856}}
Aug 10 14:22:55.708489 dv-cinder-799668-5-iscsi devstack@c-api.service[100201]: DEBUG cinder.api.api_utils [req-e931c0df-0b96-4e0e-86dc-f8c019696609 req-1157fece-df9e-4509-99c4-4d52d1a2d355 tempest-VolumesTestJSON-188078883 tempest-VolumesTestJSON-188078883-project] Removing options '' from query. {{(pid=100201) remove_invalid_filter_options /opt/stack/cinder/cinder/api/api_utils.py:73}}
Aug 10 14:22:55.710243 dv-cinder-799668-5-iscsi devstack@c-api.service[100201]: DEBUG cinder.volume.api [req-e931c0df-0b96-4e0e-86dc-f8c019696609 req-1157fece-df9e-4509-99c4-4d52d1a2d355 tempest-VolumesTestJSON-188078883 tempest-VolumesTestJSON-188078883-project] Searching by: MultiDict([('no_migration_targets', True)]). {{(pid=100201) get_all /opt/stack/cinder/cinder/volume/api.py:619}}
Aug 10 14:22:55.780852 dv-cinder-799668-5-iscsi devstack@c-api.service[100202]: INFO cinder.api.openstack.wsgi [None req-7e813afa-7239-44a3-93e1-40409dcda078 tempest-GroupsV320Test-115929585 tempest-GroupsV320Test-115929585-project-admin] http://10.222.0.44/volume/v3/5aa4dfc939944d9db06ecd7f867235b8/group_types returned with HTTP 202
Aug 10 14:22:55.782800 dv-cinder-799668-5-iscsi devstack@c-api.service[100202]: [pid: 100202|app: 0|req: 67/135] 10.222.0.44 () {62 vars in 1288 bytes} [Tue Aug 10 14:22:55 2021] POST /volume/v3/5aa4dfc939944d9db06ecd7f867235b8/group_types => generated 177 bytes in 99 msecs (HTTP/1.1 202) 7 headers in 292 bytes (2 switches on core 0)
Aug 10 14:22:55.813263 dv-cinder-799668-5-iscsi devstack@c-api.service[100201]: INFO cinder.volume.api [req-e931c0df-0b96-4e0e-86dc-f8c019696609 req-1157fece-df9e-4509-99c4-4d52d1a2d355 tempest-VolumesTestJSON-188078883 tempest-VolumesTestJSON-188078883-project] Get all volumes completed successfully.
Aug 10 14:22:55.815896 dv-cinder-799668-5-iscsi devstack@c-api.service[100201]: /usr/local/lib/python3.8/dist-packages/oslo_context/context.py:105: DeprecationWarning: Policy enforcement is depending on the value of is_admin. This key is deprecated. Please update your policy file to use the standard policy values.
Aug 10 14:22:55.815896 dv-cinder-799668-5-iscsi devstack@c-api.service[100201]: warnings.warn('Policy enforcement is depending on the value of '
Aug 10 14:22:55.828670 dv-cinder-799668-5-iscsi devstack@c-api.service[100201]: INFO cinder.api.openstack.wsgi [req-e931c0df-0b96-4e0e-86dc-f8c019696609 req-1157fece-df9e-4509-99c4-4d52d1a2d355 tempest-VolumesTestJSON-188078883 tempest-VolumesTestJSON-188078883-project] http://10.222.0.44/volume/v3/d0cb2584377042848076488147020f19/volumes/detail returned with HTTP 200
Aug 10 14:22:55.842192 dv-cinder-799668-5-iscsi devstack@c-api.service[100201]: [pid: 100201|app: 0|req: 69/136] 10.222.0.44 () {60 vars in 1489 bytes} [Tue Aug 10 14:22:55 2021] GET /volume/v3/d0cb2584377042848076488147020f19/volumes/detail => generated 2747 bytes in 143 msecs (HTTP/1.1 200) 7 headers in 286 bytes (2 switches on core 0)
Aug 10 14:22:56.084200 dv-cinder-799668-5-iscsi devstack@c-api.service[100202]: INFO cinder.api.openstack.wsgi [None req-32f5cf7f-d1e4-44a4-b23e-c93f35b5319f tempest-GroupsV320Test-2126272467 tempest-GroupsV320Test-2126272467-project] POST http://10.222.0.44/volume/v3/04c33149711f48f995fb7f6b444e2c87/groups
Aug 10 14:22:56.086497 dv-cinder-799668-5-iscsi devstack@c-api.service[100202]: DEBUG cinder.api.openstack.wsgi [None req-32f5cf7f-d1e4-44a4-b23e-c93f35b5319f tempest-GroupsV320Test-2126272467 tempest-GroupsV320Test-2126272467-project] Action: 'create', calling method: version_select, body: {"group": {"group_type": "0512c2c2-5349-4280-8c0b-df6a0c405a13", "volume_types": ["01ef6c48-9b77-4cd5-ba4e-4ad52171ea1a"], "name": "tempest-GroupsV320Test-Group-876698264"}} {{(pid=100202) _process_stack /opt/stack/cinder/cinder/api/openstack/wsgi.py:854}}
Aug 10 14:22:56.087927 dv-cinder-799668-5-iscsi devstack@c-api.service[100202]: DEBUG cinder.api.v3.groups [None req-32f5cf7f-d1e4-44a4-b23e-c93f35b5319f tempest-GroupsV320Test-2126272467 tempest-GroupsV320Test-2126272467-project] Creating new group {'group': {'group_type': '0512c2c2-5349-4280-8c0b-df6a0c405a13', 'volume_types': ['01ef6c48-9b77-4cd5-ba4e-4ad52171ea1a'], 'name': 'tempest-GroupsV320Test-Group-876698264'}} {{(pid=100202) create /opt/stack/cinder/cinder/api/v3/groups.py:190}}
Aug 10 14:22:56.102207 dv-cinder-799668-5-iscsi devstack@c-api.service[100202]: INFO cinder.api.v3.groups [None req-32f5cf7f-d1e4-44a4-b23e-c93f35b5319f tempest-GroupsV320Test-2126272467 tempest-GroupsV320Test-2126272467-project] Creating group tempest-GroupsV320Test-Group-876698264.
Aug 10 14:22:56.245457 dv-cinder-799668-5-iscsi devstack@c-api.service[100201]: INFO cinder.api.openstack.wsgi [None req-aada7e40-02b2-40a4-ac15-9f6178cfd188 tempest-SnapshotMetadataTestJSON-1200693795 tempest-SnapshotMetadataTestJSON-1200693795-project] GET http://10.222.0.44/volume/v3/1c63b38a48114fcaa0d3a8e65694f0b2/volumes/2f72e0b9-4b29-43c5-9640-990533d07d7d
Aug 10 14:22:56.246040 dv-cinder-799668-5-iscsi devstack@c-api.service[100201]: DEBUG cinder.api.openstack.wsgi [None req-aada7e40-02b2-40a4-ac15-9f6178cfd188 tempest-SnapshotMetadataTestJSON-1200693795 tempest-SnapshotMetadataTestJSON-1200693795-project] Empty body provided in request {{(pid=100201) get_body /opt/stack/cinder/cinder/api/openstack/wsgi.py:703}}
Aug 10 14:22:56.246040 dv-cinder-799668-5-iscsi devstack@c-api.service[100201]: /usr/local/lib/python3.8/dist-packages/webob/acceptparse.py:1047: DeprecationWarning: The behavior of AcceptValidHeader.best_match is currently being maintained for backward compatibility, but it will be deprecated in the future, as it does not conform to the RFC.
Aug 10 14:22:56.246040 dv-cinder-799668-5-iscsi devstack@c-api.service[100201]: warnings.warn(
Aug 10 14:22:56.246317 dv-cinder-799668-5-iscsi devstack@c-api.service[100201]: DEBUG cinder.api.openstack.wsgi [None req-aada7e40-02b2-40a4-ac15-9f6178cfd188 tempest-SnapshotMetadataTestJSON-1200693795 tempest-SnapshotMetadataTestJSON-1200693795-project] Calling method 'show' {{(pid=100201) _process_stack /opt/stack/cinder/cinder/api/openstack/wsgi.py:856}}
Aug 10 14:22:56.264753 dv-cinder-799668-5-iscsi devstack@c-api.service[100202]: DEBUG cinder.volume.api [None req-32f5cf7f-d1e4-44a4-b23e-c93f35b5319f tempest-GroupsV320Test-2126272467 tempest-GroupsV320Test-2126272467-project] Availability zone cache updated, next update will occur around 2021-08-10 15:22:56.263786. {{(pid=100202) list_availability_zones /opt/stack/cinder/cinder/volume/api.py:148}}
Aug 10 14:22:56.265180 dv-cinder-799668-5-iscsi devstack@c-api.service[100202]: INFO cinder.volume.api [None req-32f5cf7f-d1e4-44a4-b23e-c93f35b5319f tempest-GroupsV320Test-2126272467 tempest-GroupsV320Test-2126272467-project] Availability Zones retrieved successfully.
Aug 10 14:22:56.267261 dv-cinder-799668-5-iscsi devstack@c-api.service[100201]: /usr/local/lib/python3.8/dist-packages/oslo_context/context.py:105: DeprecationWarning: Policy enforcement is depending on the value of is_admin. This key is deprecated. Please update your policy file to use the standard policy values.
Aug 10 14:22:56.267261 dv-cinder-799668-5-iscsi devstack@c-api.service[100201]: warnings.warn('Policy enforcement is depending on the value of '
Aug 10 14:22:56.283466 dv-cinder-799668-5-iscsi devstack@c-api.service[100201]: INFO cinder.volume.api [None req-aada7e40-02b2-40a4-ac15-9f6178cfd188 tempest-SnapshotMetadataTestJSON-1200693795 tempest-SnapshotMetadataTestJSON-1200693795-project] Volume info retrieved successfully.
Aug 10 14:22:56.310987 dv-cinder-799668-5-iscsi devstack@c-api.service[100201]: INFO cinder.api.openstack.wsgi [None req-aada7e40-02b2-40a4-ac15-9f6178cfd188 tempest-SnapshotMetadataTestJSON-1200693795 tempest-SnapshotMetadataTestJSON-1200693795-project] http://10.222.0.44/volume/v3/1c63b38a48114fcaa0d3a8e65694f0b2/volumes/2f72e0b9-4b29-43c5-9640-990533d07d7d returned with HTTP 200
Aug 10 14:22:56.314152 dv-cinder-799668-5-iscsi devstack@c-api.service[100201]: [pid: 100201|app: 0|req: 70/137] 10.222.0.44 () {58 vars in 1325 bytes} [Tue Aug 10 14:22:56 2021] GET /volume/v3/1c63b38a48114fcaa0d3a8e65694f0b2/volumes/2f72e0b9-4b29-43c5-9640-990533d07d7d => generated 917 bytes in 73 msecs (HTTP/1.1 200) 7 headers in 285 bytes (1 switches on core 0)
Aug 10 14:22:56.325819 dv-cinder-799668-5-iscsi devstack@c-api.service[100201]: INFO cinder.api.openstack.wsgi [req-f237955c-7e06-4bf9-b275-5b85e6b2d70a req-34c32647-f857-4b39-9a2d-8f5ba19eb590 tempest-VolumesTestJSON-188078883 tempest-VolumesTestJSON-188078883-project] GET http://10.222.0.44/volume/v3/d0cb2584377042848076488147020f19/volumes/detail
Aug 10 14:22:56.326323 dv-cinder-799668-5-iscsi devstack@c-api.service[100201]: DEBUG cinder.api.openstack.wsgi [req-f237955c-7e06-4bf9-b275-5b85e6b2d70a req-34c32647-f857-4b39-9a2d-8f5ba19eb590 tempest-VolumesTestJSON-188078883 tempest-VolumesTestJSON-188078883-project] Empty body provided in request {{(pid=100201) get_body /opt/stack/cinder/cinder/api/openstack/wsgi.py:703}}
Aug 10 14:22:56.326481 dv-cinder-799668-5-iscsi devstack@c-api.service[100201]: /usr/local/lib/python3.8/dist-packages/webob/acceptparse.py:1047: DeprecationWarning: The behavior of AcceptValidHeader.best_match is currently being maintained for backward compatibility, but it will be deprecated in the future, as it does not conform to the RFC.
Aug 10 14:22:56.326481 dv-cinder-799668-5-iscsi devstack@c-api.service[100201]: warnings.warn(
Aug 10 14:22:56.327081 dv-cinder-799668-5-iscsi devstack@c-api.service[100201]: DEBUG cinder.api.openstack.wsgi [req-f237955c-7e06-4bf9-b275-5b85e6b2d70a req-34c32647-f857-4b39-9a2d-8f5ba19eb590 tempest-VolumesTestJSON-188078883 tempest-VolumesTestJSON-188078883-project] Calling method 'detail' {{(pid=100201) _process_stack /opt/stack/cinder/cinder/api/openstack/wsgi.py:856}}
Aug 10 14:22:56.327831 dv-cinder-799668-5-iscsi devstack@c-api.service[100201]: DEBUG cinder.api.api_utils [req-f237955c-7e06-4bf9-b275-5b85e6b2d70a req-34c32647-f857-4b39-9a2d-8f5ba19eb590 tempest-VolumesTestJSON-188078883 tempest-VolumesTestJSON-188078883-project] Removing options '' from query. {{(pid=100201) remove_invalid_filter_options /opt/stack/cinder/cinder/api/api_utils.py:73}}
Aug 10 14:22:56.329524 dv-cinder-799668-5-iscsi devstack@c-api.service[100201]: DEBUG cinder.volume.api [req-f237955c-7e06-4bf9-b275-5b85e6b2d70a req-34c32647-f857-4b39-9a2d-8f5ba19eb590 tempest-VolumesTestJSON-188078883 tempest-VolumesTestJSON-188078883-project] Searching by: MultiDict([('no_migration_targets', True)]). {{(pid=100201) get_all /opt/stack/cinder/cinder/volume/api.py:619}}
Aug 10 14:22:56.335078 dv-cinder-799668-5-iscsi devstack@c-api.service[100202]: DEBUG cinder.quota [None req-32f5cf7f-d1e4-44a4-b23e-c93f35b5319f tempest-GroupsV320Test-2126272467 tempest-GroupsV320Test-2126272467-project] Created reservations ['74806394-82d6-4e31-9181-fbbb42f8163d'] {{(pid=100202) reserve /opt/stack/cinder/cinder/quota.py:755}}
Aug 10 14:22:56.429203 dv-cinder-799668-5-iscsi devstack@c-api.service[100201]: INFO cinder.volume.api [req-f237955c-7e06-4bf9-b275-5b85e6b2d70a req-34c32647-f857-4b39-9a2d-8f5ba19eb590 tempest-VolumesTestJSON-188078883 tempest-VolumesTestJSON-188078883-project] Get all volumes completed successfully.
Aug 10 14:22:56.432366 dv-cinder-799668-5-iscsi devstack@c-api.service[100201]: /usr/local/lib/python3.8/dist-packages/oslo_context/context.py:105: DeprecationWarning: Policy enforcement is depending on the value of is_admin. This key is deprecated. Please update your policy file to use the standard policy values.
Aug 10 14:22:56.432366 dv-cinder-799668-5-iscsi devstack@c-api.service[100201]: warnings.warn('Policy enforcement is depending on the value of '
Aug 10 14:22:56.434282 dv-cinder-799668-5-iscsi devstack@c-api.service[100202]: INFO cinder.api.openstack.wsgi [None req-32f5cf7f-d1e4-44a4-b23e-c93f35b5319f tempest-GroupsV320Test-2126272467 tempest-GroupsV320Test-2126272467-project] http://10.222.0.44/volume/v3/04c33149711f48f995fb7f6b444e2c87/groups returned with HTTP 202
Aug 10 14:22:56.446621 dv-cinder-799668-5-iscsi devstack@c-api.service[100201]: INFO cinder.api.openstack.wsgi [req-f237955c-7e06-4bf9-b275-5b85e6b2d70a req-34c32647-f857-4b39-9a2d-8f5ba19eb590 tempest-VolumesTestJSON-188078883 tempest-VolumesTestJSON-188078883-project] http://10.222.0.44/volume/v3/d0cb2584377042848076488147020f19/volumes/detail returned with HTTP 200
Aug 10 14:22:56.449345 dv-cinder-799668-5-iscsi devstack@c-api.service[100201]: [pid: 100201|app: 0|req: 71/138] 10.222.0.44 () {60 vars in 1489 bytes} [Tue Aug 10 14:22:56 2021] GET /volume/v3/d0cb2584377042848076488147020f19/volumes/detail => generated 2747 bytes in 127 msecs (HTTP/1.1 200) 7 headers in 286 bytes (2 switches on core 0)
Aug 10 14:22:56.454583 dv-cinder-799668-5-iscsi devstack@c-api.service[100201]: INFO cinder.api.openstack.wsgi [None req-7ece873c-491c-495c-afa9-837fd1dff8b5 tempest-SnapshotMetadataTestJSON-1200693795 tempest-SnapshotMetadataTestJSON-1200693795-project] POST http://10.222.0.44/volume/v3/1c63b38a48114fcaa0d3a8e65694f0b2/snapshots
Aug 10 14:22:56.455181 dv-cinder-799668-5-iscsi devstack@c-api.service[100201]: /usr/local/lib/python3.8/dist-packages/webob/acceptparse.py:1047: DeprecationWarning: The behavior of AcceptValidHeader.best_match is currently being maintained for backward compatibility, but it will be deprecated in the future, as it does not conform to the RFC.
Aug 10 14:22:56.455181 dv-cinder-799668-5-iscsi devstack@c-api.service[100201]: warnings.warn(
Aug 10 14:22:56.455950 dv-cinder-799668-5-iscsi devstack@c-api.service[100201]: DEBUG cinder.api.openstack.wsgi [None req-7ece873c-491c-495c-afa9-837fd1dff8b5 tempest-SnapshotMetadataTestJSON-1200693795 tempest-SnapshotMetadataTestJSON-1200693795-project] Action: 'create', calling method: create, body: {"snapshot": {"volume_id": "2f72e0b9-4b29-43c5-9640-990533d07d7d", "name": "tempest-SnapshotMetadataTestJSON-Snapshot-180024865"}} {{(pid=100201) _process_stack /opt/stack/cinder/cinder/api/openstack/wsgi.py:854}}
Aug 10 14:22:56.464566 dv-cinder-799668-5-iscsi devstack@c-api.service[100202]: [pid: 100202|app: 0|req: 68/139] 10.222.0.44 () {62 vars in 1274 bytes} [Tue Aug 10 14:22:55 2021] POST /volume/v3/04c33149711f48f995fb7f6b444e2c87/groups => generated 107 bytes in 674 msecs (HTTP/1.1 202) 7 headers in 292 bytes (1 switches on core 0)
Aug 10 14:22:56.473535 dv-cinder-799668-5-iscsi devstack@c-api.service[100202]: INFO cinder.api.openstack.wsgi [None req-38f130c3-8fe4-4961-9691-65f6a6c568f8 tempest-GroupsV320Test-2126272467 tempest-GroupsV320Test-2126272467-project] GET http://10.222.0.44/volume/v3/04c33149711f48f995fb7f6b444e2c87/groups/f330b265-66cf-41aa-b772-f8380b8bcd9f
Aug 10 14:22:56.478172 dv-cinder-799668-5-iscsi devstack@c-api.service[100201]: /usr/local/lib/python3.8/dist-packages/oslo_context/context.py:105: DeprecationWarning: Policy enforcement is depending on the value of is_admin. This key is deprecated. Please update your policy file to use the standard policy values.
Aug 10 14:22:56.478172 dv-cinder-799668-5-iscsi devstack@c-api.service[100201]: warnings.warn('Policy enforcement is depending on the value of '
Aug 10 14:22:56.480094 dv-cinder-799668-5-iscsi devstack@c-api.service[100201]: INFO cinder.volume.api [None req-7ece873c-491c-495c-afa9-837fd1dff8b5 tempest-SnapshotMetadataTestJSON-1200693795 tempest-SnapshotMetadataTestJSON-1200693795-project] Volume info retrieved successfully.
Aug 10 14:22:56.480706 dv-cinder-799668-5-iscsi devstack@c-api.service[100201]: INFO cinder.api.v2.snapshots [None req-7ece873c-491c-495c-afa9-837fd1dff8b5 tempest-SnapshotMetadataTestJSON-1200693795 tempest-SnapshotMetadataTestJSON-1200693795-project] Create snapshot from volume 2f72e0b9-4b29-43c5-9640-990533d07d7d
Aug 10 14:22:56.485812 dv-cinder-799668-5-iscsi devstack@c-api.service[100202]: DEBUG cinder.api.openstack.wsgi [None req-38f130c3-8fe4-4961-9691-65f6a6c568f8 tempest-GroupsV320Test-2126272467 tempest-GroupsV320Test-2126272467-project] Empty body provided in request {{(pid=100202) get_body /opt/stack/cinder/cinder/api/openstack/wsgi.py:703}}
Aug 10 14:22:56.495191 dv-cinder-799668-5-iscsi devstack@c-api.service[100202]: /usr/local/lib/python3.8/dist-packages/webob/acceptparse.py:1047: DeprecationWarning: The behavior of AcceptValidHeader.best_match is currently being maintained for backward compatibility, but it will be deprecated in the future, as it does not conform to the RFC.
Aug 10 14:22:56.495191 dv-cinder-799668-5-iscsi devstack@c-api.service[100202]: warnings.warn(
Aug 10 14:22:56.495656 dv-cinder-799668-5-iscsi devstack@c-api.service[100202]: DEBUG cinder.api.openstack.wsgi [None req-38f130c3-8fe4-4961-9691-65f6a6c568f8 tempest-GroupsV320Test-2126272467 tempest-GroupsV320Test-2126272467-project] Calling method 'version_select' {{(pid=100202) _process_stack /opt/stack/cinder/cinder/api/openstack/wsgi.py:856}}
Aug 10 14:22:56.496025 dv-cinder-799668-5-iscsi devstack@c-api.service[100202]: DEBUG cinder.api.v3.groups [None req-38f130c3-8fe4-4961-9691-65f6a6c568f8 tempest-GroupsV320Test-2126272467 tempest-GroupsV320Test-2126272467-project] show called for member f330b265-66cf-41aa-b772-f8380b8bcd9f {{(pid=100202) show /opt/stack/cinder/cinder/api/v3/groups.py:58}}
Aug 10 14:22:56.509109 dv-cinder-799668-5-iscsi devstack@c-api.service[100202]: /usr/local/lib/python3.8/dist-packages/oslo_context/context.py:105: DeprecationWarning: Policy enforcement is depending on the value of is_admin. This key is deprecated. Please update your policy file to use the standard policy values.
Aug 10 14:22:56.509109 dv-cinder-799668-5-iscsi devstack@c-api.service[100202]: warnings.warn('Policy enforcement is depending on the value of '
