Sep 03 03:36:04.722868 dv-cinder-799663-12-smb devstack@keystone.service[87939]: DEBUG keystone.server.flask.request_processing.req_logging [None req-282ce160-9624-4a2d-96b1-dbf014c16a71 None admin] PATH_INFO: `/v3/roles` {{(pid=87939) log_request_info /opt/stack/keystone/keystone/server/flask/request_processing/req_logging.py:29}}
Sep 03 03:36:04.723524 dv-cinder-799663-12-smb devstack@keystone.service[87939]: DEBUG keystone.common.rbac_enforcer.enforcer [None req-282ce160-9624-4a2d-96b1-dbf014c16a71 None admin] RBAC: Adding query filter params (name=admin) {{(pid=87939) _extract_filter_values /opt/stack/keystone/keystone/common/rbac_enforcer/enforcer.py:167}}
Sep 03 03:36:04.723823 dv-cinder-799663-12-smb devstack@keystone.service[87939]: DEBUG keystone.common.rbac_enforcer.enforcer [None req-282ce160-9624-4a2d-96b1-dbf014c16a71 None admin] RBAC: Authorizing `identity:list_roles()` {{(pid=87939) enforce_call /opt/stack/keystone/keystone/common/rbac_enforcer/enforcer.py:449}}
Sep 03 03:36:04.725248 dv-cinder-799663-12-smb devstack@keystone.service[87939]: DEBUG keystone.common.rbac_enforcer.enforcer [None req-282ce160-9624-4a2d-96b1-dbf014c16a71 None admin] RBAC: Authorization granted {{(pid=87939) enforce_call /opt/stack/keystone/keystone/common/rbac_enforcer/enforcer.py:457}}
Sep 03 03:36:04.733350 dv-cinder-799663-12-smb devstack@keystone.service[87939]: [pid: 87939|app: 0|req: 98/189] 10.222.0.13 () {56 vars in 1099 bytes} [Sat Sep 3 03:36:04 2022] GET /identity/v3/roles?name=admin => generated 339 bytes in 168 msecs (HTTP/1.1 200) 5 headers in 177 bytes (1 switches on core 0)
Sep 03 03:36:04.733935 dv-cinder-799663-12-smb devstack@keystone.service[87939]: DEBUG keystone.server.flask.request_processing.middleware.auth_context [None req-282ce160-9624-4a2d-96b1-dbf014c16a71 None admin] Authenticating user token {{(pid=87939) process_request /usr/local/lib/python3.8/dist-packages/keystonemiddleware/auth_token/__init__.py:407}}
Sep 03 03:36:04.742934 dv-cinder-799663-12-smb devstack@keystone.service[87938]: DEBUG keystone.server.flask.request_processing.middleware.auth_context [None req-4a1bf118-ec40-48a7-94b4-e6342ab023bb None admin] Validating token access rules against request {{(pid=87938) validate_allowed_request /usr/local/lib/python3.8/dist-packages/keystonemiddleware/auth_token/__init__.py:545}}
Sep 03 03:36:04.771136 dv-cinder-799663-12-smb devstack@keystone.service[87938]: DEBUG dbcounter [-] [87938] Writing DB stats keystone:SELECT=100 {{(pid=87938) stat_writer /usr/local/lib/python3.8/dist-packages/dbcounter.py:114}}
Sep 03 03:36:04.779139 dv-cinder-799663-12-smb devstack@keystone.service[87938]: DEBUG keystone.server.flask.request_processing.middleware.auth_context [None req-d2bb5036-0694-4412-8e45-25b40ea282a8 None admin] RBAC: auth_context: {'token': , 'domain_id': None, 'trust_id': None, 'trustor_id': None, 'trustee_id': None, 'domain_name': None, 'group_ids': [], 'user_id': '5c585d4ca5124180a1443dfe66cd6371', 'user_domain_id': 'default', 'system_scope': 'all', 'project_id': None, 'project_domain_id': None, 'roles': ['admin', 'member', 'reader'], 'is_admin_project': True, 'service_user_id': None, 'service_user_domain_id': None, 'service_project_id': None, 'service_project_domain_id': None, 'service_roles': []} {{(pid=87938) fill_context /opt/stack/keystone/keystone/server/flask/request_processing/middleware/auth_context.py:478}}
Sep 03 03:36:04.779750 dv-cinder-799663-12-smb devstack@keystone.service[87938]: DEBUG keystone.server.flask.request_processing.req_logging [None req-d2bb5036-0694-4412-8e45-25b40ea282a8 None admin] REQUEST_METHOD: `GET` {{(pid=87938) log_request_info /opt/stack/keystone/keystone/server/flask/request_processing/req_logging.py:27}}
Sep 03 03:36:04.780032 dv-cinder-799663-12-smb devstack@keystone.service[87938]: DEBUG keystone.server.flask.request_processing.req_logging [None req-d2bb5036-0694-4412-8e45-25b40ea282a8 None admin] SCRIPT_NAME: `/identity` {{(pid=87938) log_request_info /opt/stack/keystone/keystone/server/flask/request_processing/req_logging.py:28}}
Sep 03 03:36:04.780308 dv-cinder-799663-12-smb devstack@keystone.service[87938]: DEBUG keystone.server.flask.request_processing.req_logging [None req-d2bb5036-0694-4412-8e45-25b40ea282a8 None admin] PATH_INFO: `/v3/role_assignments` {{(pid=87938) log_request_info /opt/stack/keystone/keystone/server/flask/request_processing/req_logging.py:29}}
Sep 03 03:36:04.781087 dv-cinder-799663-12-smb devstack@keystone.service[87938]: DEBUG keystone.common.rbac_enforcer.enforcer [None req-d2bb5036-0694-4412-8e45-25b40ea282a8 None admin] RBAC: Adding query filter params (role.id=a98e3463183b4ff2930adefe3a8b45a4, scope.project.id=1fe42e1edb77415999b8e4fed6094dce, user.id=3b4cd934abbd4b7bb59c7d168dacd9af) {{(pid=87938) _extract_filter_values /opt/stack/keystone/keystone/common/rbac_enforcer/enforcer.py:167}}
Sep 03 03:36:04.781399 dv-cinder-799663-12-smb devstack@keystone.service[87938]: DEBUG keystone.common.rbac_enforcer.enforcer [None req-d2bb5036-0694-4412-8e45-25b40ea282a8 None admin] RBAC: Authorizing `identity:list_role_assignments()` {{(pid=87938) enforce_call /opt/stack/keystone/keystone/common/rbac_enforcer/enforcer.py:449}}
Sep 03 03:36:04.782849 dv-cinder-799663-12-smb devstack@keystone.service[87938]: DEBUG keystone.common.rbac_enforcer.enforcer [None req-d2bb5036-0694-4412-8e45-25b40ea282a8 None admin] RBAC: Authorization granted {{(pid=87938) enforce_call /opt/stack/keystone/keystone/common/rbac_enforcer/enforcer.py:457}}
Sep 03 03:36:04.788607 dv-cinder-799663-12-smb devstack@keystone.service[87938]: [pid: 87938|app: 0|req: 92/190] 10.222.0.13 () {56 vars in 1374 bytes} [Sat Sep 3 03:36:04 2022] GET /identity/v3/role_assignments?user.id=3b4cd934abbd4b7bb59c7d168dacd9af&scope.project.id=1fe42e1edb77415999b8e4fed6094dce&role.id=a98e3463183b4ff2930adefe3a8b45a4 => generated 608 bytes in 158 msecs (HTTP/1.1 200) 5 headers in 177 bytes (1 switches on core 0)
Sep 03 03:36:04.789439 dv-cinder-799663-12-smb devstack@keystone.service[87938]: DEBUG keystone.server.flask.request_processing.middleware.auth_context [None req-d2bb5036-0694-4412-8e45-25b40ea282a8 None admin] Authenticating user token {{(pid=87938) process_request /usr/local/lib/python3.8/dist-packages/keystonemiddleware/auth_token/__init__.py:407}}
Sep 03 03:36:04.854927 dv-cinder-799663-12-smb devstack@keystone.service[87939]: DEBUG keystone.server.flask.request_processing.middleware.auth_context [None req-282ce160-9624-4a2d-96b1-dbf014c16a71 None admin] Validating token access rules against request {{(pid=87939) validate_allowed_request /usr/local/lib/python3.8/dist-packages/keystonemiddleware/auth_token/__init__.py:545}}
Sep 03 03:36:04.896374 dv-cinder-799663-12-smb devstack@keystone.service[87939]: DEBUG keystone.server.flask.request_processing.middleware.auth_context [None req-baf8e224-2413-476a-bc68-43aefa42c4b1 None admin] RBAC: auth_context: {'token': , 'domain_id': None, 'trust_id': None, 'trustor_id': None, 'trustee_id': None, 'domain_name': None, 'group_ids': [], 'user_id': '5c585d4ca5124180a1443dfe66cd6371', 'user_domain_id': 'default', 'system_scope': 'all', 'project_id': None, 'project_domain_id': None, 'roles': ['admin', 'member', 'reader'], 'is_admin_project': True, 'service_user_id': None, 'service_user_domain_id': None, 'service_project_id': None, 'service_project_domain_id': None, 'service_roles': []} {{(pid=87939) fill_context /opt/stack/keystone/keystone/server/flask/request_processing/middleware/auth_context.py:478}}
Sep 03 03:36:04.897070 dv-cinder-799663-12-smb devstack@keystone.service[87939]: DEBUG keystone.server.flask.request_processing.req_logging [None req-baf8e224-2413-476a-bc68-43aefa42c4b1 None admin] REQUEST_METHOD: `GET` {{(pid=87939) log_request_info /opt/stack/keystone/keystone/server/flask/request_processing/req_logging.py:27}}
Sep 03 03:36:04.897356 dv-cinder-799663-12-smb devstack@keystone.service[87939]: DEBUG keystone.server.flask.request_processing.req_logging [None req-baf8e224-2413-476a-bc68-43aefa42c4b1 None admin] SCRIPT_NAME: `/identity` {{(pid=87939) log_request_info /opt/stack/keystone/keystone/server/flask/request_processing/req_logging.py:28}}
Sep 03 03:36:04.897696 dv-cinder-799663-12-smb devstack@keystone.service[87939]: DEBUG keystone.server.flask.request_processing.req_logging [None req-baf8e224-2413-476a-bc68-43aefa42c4b1 None admin] PATH_INFO: `/v3/roles/reader` {{(pid=87939) log_request_info /opt/stack/keystone/keystone/server/flask/request_processing/req_logging.py:29}}
Sep 03 03:36:04.912736 dv-cinder-799663-12-smb devstack@keystone.service[87938]: DEBUG keystone.server.flask.request_processing.middleware.auth_context [None req-d2bb5036-0694-4412-8e45-25b40ea282a8 None admin] Validating token access rules against request {{(pid=87938) validate_allowed_request /usr/local/lib/python3.8/dist-packages/keystonemiddleware/auth_token/__init__.py:545}}
Sep 03 03:36:04.913525 dv-cinder-799663-12-smb devstack@keystone.service[87939]: DEBUG keystone.common.rbac_enforcer.enforcer [None req-baf8e224-2413-476a-bc68-43aefa42c4b1 None admin] Extracting inferred target data resulted in "NOT FOUND (404)". {{(pid=87939) enforce_call /opt/stack/keystone/keystone/common/rbac_enforcer/enforcer.py:409}}
Sep 03 03:36:04.921258 dv-cinder-799663-12-smb devstack@keystone.service[87939]: ERROR keystone.server.flask.application [None req-baf8e224-2413-476a-bc68-43aefa42c4b1 None admin] Could not find role: reader.: keystone.exception.RoleNotFound: Could not find role: reader.
Sep 03 03:36:04.921258 dv-cinder-799663-12-smb devstack@keystone.service[87939]: ERROR keystone.server.flask.application
Traceback (most recent call last):
Sep 03 03:36:04.921258 dv-cinder-799663-12-smb devstack@keystone.service[87939]: ERROR keystone.server.flask.application
File "/usr/local/lib/python3.8/dist-packages/flask/app.py", line 1820, in full_dispatch_request
Sep 03 03:36:04.921258 dv-cinder-799663-12-smb devstack@keystone.service[87939]: ERROR keystone.server.flask.application rv = self.dispatch_request()
Sep 03 03:36:04.921258 dv-cinder-799663-12-smb devstack@keystone.service[87939]: ERROR keystone.server.flask.application
File "/usr/local/lib/python3.8/dist-packages/flask/app.py", line 1796, in dispatch_request
Sep 03 03:36:04.921258 dv-cinder-799663-12-smb devstack@keystone.service[87939]: ERROR keystone.server.flask.application return self.ensure_sync(self.view_functions[rule.endpoint])(**view_args)
Sep 03 03:36:04.921258 dv-cinder-799663-12-smb devstack@keystone.service[87939]: ERROR keystone.server.flask.application
File "/usr/local/lib/python3.8/dist-packages/flask_restful/__init__.py", line 467, in wrapper
Sep 03 03:36:04.921258 dv-cinder-799663-12-smb devstack@keystone.service[87939]: ERROR keystone.server.flask.application resp = resource(*args, **kwargs)
Sep 03 03:36:04.921258 dv-cinder-799663-12-smb devstack@keystone.service[87939]: ERROR keystone.server.flask.application
File "/usr/local/lib/python3.8/dist-packages/flask/views.py", line 107, in view
Sep 03 03:36:04.921258 dv-cinder-799663-12-smb devstack@keystone.service[87939]: ERROR keystone.server.flask.application return current_app.ensure_sync(self.dispatch_request)(**kwargs)
Sep 03 03:36:04.921258 dv-cinder-799663-12-smb devstack@keystone.service[87939]: ERROR keystone.server.flask.application
File "/usr/local/lib/python3.8/dist-packages/flask_restful/__init__.py", line 582, in dispatch_request
Sep 03 03:36:04.921258 dv-cinder-799663-12-smb devstack@keystone.service[87939]: ERROR keystone.server.flask.application resp = meth(*args, **kwargs)
Sep 03 03:36:04.921258 dv-cinder-799663-12-smb devstack@keystone.service[87939]: ERROR keystone.server.flask.application
File "/opt/stack/keystone/keystone/api/roles.py", line 50, in get
Sep 03 03:36:04.921258 dv-cinder-799663-12-smb devstack@keystone.service[87939]: ERROR keystone.server.flask.application return self._get_role(role_id)
Sep 03 03:36:04.921258 dv-cinder-799663-12-smb devstack@keystone.service[87939]: ERROR keystone.server.flask.application
File "/opt/stack/keystone/keystone/api/roles.py", line 70, in _get_role
Sep 03 03:36:04.921258 dv-cinder-799663-12-smb devstack@keystone.service[87939]: ERROR keystone.server.flask.application ENFORCER.enforce_call(action='identity:get_role')
Sep 03 03:36:04.922203 dv-cinder-799663-12-smb devstack@keystone.service[87939]: ERROR keystone.server.flask.application
File "/opt/stack/keystone/keystone/common/rbac_enforcer/enforcer.py", line 402, in enforce_call
Sep 03 03:36:04.922203 dv-cinder-799663-12-smb devstack@keystone.service[87939]: ERROR keystone.server.flask.application policy_dict.update(cls._extract_member_target_data(
Sep 03 03:36:04.922203 dv-cinder-799663-12-smb devstack@keystone.service[87939]: ERROR keystone.server.flask.application
File "/opt/stack/keystone/keystone/common/rbac_enforcer/enforcer.py", line 234, in _extract_member_target_data
Sep 03 03:36:04.922203 dv-cinder-799663-12-smb devstack@keystone.service[87939]: ERROR keystone.server.flask.application member_name: func(flask.request.view_args[key])
Sep 03 03:36:04.922203 dv-cinder-799663-12-smb devstack@keystone.service[87939]: ERROR keystone.server.flask.application
File "/opt/stack/keystone/keystone/common/manager.py", line 115, in wrapped
Sep 03 03:36:04.922203 dv-cinder-799663-12-smb devstack@keystone.service[87939]: ERROR keystone.server.flask.application __ret_val = __f(*args, **kwargs)
Sep 03 03:36:04.922203 dv-cinder-799663-12-smb devstack@keystone.service[87939]: ERROR keystone.server.flask.application
File "/usr/local/lib/python3.8/dist-packages/decorator.py", line 232, in fun
Sep 03 03:36:04.922203 dv-cinder-799663-12-smb devstack@keystone.service[87939]: ERROR keystone.server.flask.application return caller(func, *(extras + args), **kw)
Sep 03 03:36:04.922203 dv-cinder-799663-12-smb devstack@keystone.service[87939]: ERROR keystone.server.flask.application
File "/usr/local/lib/python3.8/dist-packages/dogpile/cache/region.py", line 1577, in get_or_create_for_user_func
Sep 03 03:36:04.922203 dv-cinder-799663-12-smb devstack@keystone.service[87939]: ERROR keystone.server.flask.application return self.get_or_create(
Sep 03 03:36:04.922203 dv-cinder-799663-12-smb devstack@keystone.service[87939]: ERROR keystone.server.flask.application
File "/usr/local/lib/python3.8/dist-packages/dogpile/cache/region.py", line 1042, in get_or_create
Sep 03 03:36:04.922203 dv-cinder-799663-12-smb devstack@keystone.service[87939]: ERROR keystone.server.flask.application with Lock(
Sep 03 03:36:04.922203 dv-cinder-799663-12-smb devstack@keystone.service[87939]: ERROR keystone.server.flask.application
File "/usr/local/lib/python3.8/dist-packages/dogpile/lock.py", line 185, in __enter__
Sep 03 03:36:04.922203 dv-cinder-799663-12-smb devstack@keystone.service[87939]: ERROR keystone.server.flask.application return self._enter()
Sep 03 03:36:04.922203 dv-cinder-799663-12-smb devstack@keystone.service[87939]: ERROR keystone.server.flask.application
File "/usr/local/lib/python3.8/dist-packages/dogpile/lock.py", line 94, in _enter
Sep 03 03:36:04.922203 dv-cinder-799663-12-smb devstack@keystone.service[87939]: ERROR keystone.server.flask.application generated = self._enter_create(value, createdtime)
Sep 03 03:36:04.923484 dv-cinder-799663-12-smb devstack@keystone.service[87939]: ERROR keystone.server.flask.application
File "/usr/local/lib/python3.8/dist-packages/dogpile/lock.py", line 178, in _enter_create
Sep 03 03:36:04.923484 dv-cinder-799663-12-smb devstack@keystone.service[87939]: ERROR keystone.server.flask.application return self.creator()
Sep 03 03:36:04.923484 dv-cinder-799663-12-smb devstack@keystone.service[87939]: ERROR keystone.server.flask.application
File "/usr/local/lib/python3.8/dist-packages/dogpile/cache/region.py", line 995, in gen_value
Sep 03 03:36:04.923484 dv-cinder-799663-12-smb devstack@keystone.service[87939]: ERROR keystone.server.flask.application created_value = creator(
Sep 03 03:36:04.923484 dv-cinder-799663-12-smb devstack@keystone.service[87939]: ERROR keystone.server.flask.application
File "/opt/stack/keystone/keystone/assignment/core.py", line 1276, in get_role
Sep 03 03:36:04.923484 dv-cinder-799663-12-smb devstack@keystone.service[87939]: ERROR keystone.server.flask.application return self.driver.get_role(role_id)
Sep 03 03:36:04.923484 dv-cinder-799663-12-smb devstack@keystone.service[87939]: ERROR keystone.server.flask.application
File "/opt/stack/keystone/keystone/assignment/role_backends/sql.py", line 70, in get_role
Sep 03 03:36:04.923484 dv-cinder-799663-12-smb devstack@keystone.service[87939]: ERROR keystone.server.flask.application return self._get_role(session, role_id).to_dict()
Sep 03 03:36:04.923484 dv-cinder-799663-12-smb devstack@keystone.service[87939]: ERROR keystone.server.flask.application
File "/opt/stack/keystone/keystone/assignment/role_backends/sql.py", line 65, in _get_role
Sep 03 03:36:04.923484 dv-cinder-799663-12-smb devstack@keystone.service[87939]: ERROR keystone.server.flask.application raise exception.RoleNotFound(role_id=role_id)
Sep 03 03:36:04.923484 dv-cinder-799663-12-smb devstack@keystone.service[87939]: ERROR keystone.server.flask.application keystone.exception.RoleNotFound: Could not find role: reader.
Sep 03 03:36:04.923484 dv-cinder-799663-12-smb devstack@keystone.service[87939]: ERROR keystone.server.flask.application
Sep 03 03:36:04.923484 dv-cinder-799663-12-smb devstack@keystone.service[87939]: [pid: 87939|app: 0|req: 99/191] 10.222.0.13 () {56 vars in 1099 bytes} [Sat Sep 3 03:36:04 2022] GET /identity/v3/roles/reader => generated 84 bytes in 189 msecs (HTTP/1.1 404) 5 headers in 183 bytes (1 switches on core 0)
Sep 03 03:36:04.924147 dv-cinder-799663-12-smb devstack@keystone.service[87939]: DEBUG keystone.server.flask.request_processing.middleware.auth_context [None req-baf8e224-2413-476a-bc68-43aefa42c4b1 None admin] Authenticating user token {{(pid=87939) process_request /usr/local/lib/python3.8/dist-packages/keystonemiddleware/auth_token/__init__.py:407}}
Sep 03 03:36:04.953656 dv-cinder-799663-12-smb devstack@keystone.service[87938]: DEBUG keystone.server.flask.request_processing.middleware.auth_context [None req-252c541c-8f86-4c27-a559-8c4a79ccc0f3 None admin] RBAC: auth_context: {'token': , 'domain_id': None, 'trust_id': None, 'trustor_id': None, 'trustee_id': None, 'domain_name': None, 'group_ids': [], 'user_id': '5c585d4ca5124180a1443dfe66cd6371', 'user_domain_id': 'default', 'system_scope': 'all', 'project_id': None, 'project_domain_id': None, 'roles': ['admin', 'member', 'reader'], 'is_admin_project': True, 'service_user_id': None, 'service_user_domain_id': None, 'service_project_id': None, 'service_project_domain_id': None, 'service_roles': []} {{(pid=87938) fill_context /opt/stack/keystone/keystone/server/flask/request_processing/middleware/auth_context.py:478}}
Sep 03 03:36:04.954659 dv-cinder-799663-12-smb devstack@keystone.service[87938]: DEBUG keystone.server.flask.request_processing.req_logging [None req-252c541c-8f86-4c27-a559-8c4a79ccc0f3 None admin] REQUEST_METHOD: `GET` {{(pid=87938) log_request_info /opt/stack/keystone/keystone/server/flask/request_processing/req_logging.py:27}}
Sep 03 03:36:04.954940 dv-cinder-799663-12-smb devstack@keystone.service[87938]: DEBUG keystone.server.flask.request_processing.req_logging [None req-252c541c-8f86-4c27-a559-8c4a79ccc0f3 None admin] SCRIPT_NAME: `/identity` {{(pid=87938) log_request_info /opt/stack/keystone/keystone/server/flask/request_processing/req_logging.py:28}}
Sep 03 03:36:04.955211 dv-cinder-799663-12-smb devstack@keystone.service[87938]: DEBUG keystone.server.flask.request_processing.req_logging [None req-252c541c-8f86-4c27-a559-8c4a79ccc0f3 None admin] PATH_INFO: `/v3/roles` {{(pid=87938) log_request_info /opt/stack/keystone/keystone/server/flask/request_processing/req_logging.py:29}}
Sep 03 03:36:04.955884 dv-cinder-799663-12-smb devstack@keystone.service[87938]: DEBUG keystone.common.rbac_enforcer.enforcer [None req-252c541c-8f86-4c27-a559-8c4a79ccc0f3 None admin] RBAC: Adding query filter params (name=anotherrole) {{(pid=87938) _extract_filter_values /opt/stack/keystone/keystone/common/rbac_enforcer/enforcer.py:167}}
Sep 03 03:36:04.956415 dv-cinder-799663-12-smb devstack@keystone.service[87938]: DEBUG keystone.common.rbac_enforcer.enforcer [None req-252c541c-8f86-4c27-a559-8c4a79ccc0f3 None admin] RBAC: Authorizing `identity:list_roles()` {{(pid=87938) enforce_call /opt/stack/keystone/keystone/common/rbac_enforcer/enforcer.py:449}}
Sep 03 03:36:04.958307 dv-cinder-799663-12-smb devstack@keystone.service[87938]: DEBUG keystone.common.rbac_enforcer.enforcer [None req-252c541c-8f86-4c27-a559-8c4a79ccc0f3 None admin] RBAC: Authorization granted {{(pid=87938) enforce_call /opt/stack/keystone/keystone/common/rbac_enforcer/enforcer.py:457}}
Sep 03 03:36:04.963356 dv-cinder-799663-12-smb devstack@keystone.service[87939]: DEBUG dbcounter [-] [87939] Writing DB stats keystone:SELECT=100 {{(pid=87939) stat_writer /usr/local/lib/python3.8/dist-packages/dbcounter.py:114}}
Sep 03 03:36:04.967440 dv-cinder-799663-12-smb devstack@keystone.service[87938]: [pid: 87938|app: 0|req: 93/192] 10.222.0.13 () {56 vars in 1111 bytes} [Sat Sep 3 03:36:04 2022] GET /identity/v3/roles?name=anotherrole => generated 334 bytes in 178 msecs (HTTP/1.1 200) 5 headers in 177 bytes (1 switches on core 0)
Sep 03 03:36:04.968278 dv-cinder-799663-12-smb devstack@keystone.service[87938]: DEBUG keystone.server.flask.request_processing.middleware.auth_context [None req-252c541c-8f86-4c27-a559-8c4a79ccc0f3 None admin] Authenticating user token {{(pid=87938) process_request /usr/local/lib/python3.8/dist-packages/keystonemiddleware/auth_token/__init__.py:407}}
Sep 03 03:36:05.037861 dv-cinder-799663-12-smb devstack@keystone.service[87938]: DEBUG dbcounter [-] [87938] Writing DB stats keystone:SELECT=100 {{(pid=87938) stat_writer /usr/local/lib/python3.8/dist-packages/dbcounter.py:114}}
Sep 03 03:36:05.042014 dv-cinder-799663-12-smb devstack@keystone.service[87939]: DEBUG keystone.server.flask.request_processing.middleware.auth_context [None req-baf8e224-2413-476a-bc68-43aefa42c4b1 None admin] Validating token access rules against request {{(pid=87939) validate_allowed_request /usr/local/lib/python3.8/dist-packages/keystonemiddleware/auth_token/__init__.py:545}}
Sep 03 03:36:05.079963 dv-cinder-799663-12-smb devstack@keystone.service[87939]: DEBUG keystone.server.flask.request_processing.middleware.auth_context [None req-d444b6b5-c887-491b-b065-30927d2bfdee None admin] RBAC: auth_context: {'token': , 'domain_id': None, 'trust_id': None, 'trustor_id': None, 'trustee_id': None, 'domain_name': None, 'group_ids': [], 'user_id': '5c585d4ca5124180a1443dfe66cd6371', 'user_domain_id': 'default', 'system_scope': 'all', 'project_id': None, 'project_domain_id': None, 'roles': ['admin', 'member', 'reader'], 'is_admin_project': True, 'service_user_id': None, 'service_user_domain_id': None, 'service_project_id': None, 'service_project_domain_id': None, 'service_roles': []} {{(pid=87939) fill_context /opt/stack/keystone/keystone/server/flask/request_processing/middleware/auth_context.py:478}}
Sep 03 03:36:05.080602 dv-cinder-799663-12-smb devstack@keystone.service[87939]: DEBUG keystone.server.flask.request_processing.req_logging [None req-d444b6b5-c887-491b-b065-30927d2bfdee None admin] REQUEST_METHOD: `GET` {{(pid=87939) log_request_info /opt/stack/keystone/keystone/server/flask/request_processing/req_logging.py:27}}
Sep 03 03:36:05.080876 dv-cinder-799663-12-smb devstack@keystone.service[87939]: DEBUG keystone.server.flask.request_processing.req_logging [None req-d444b6b5-c887-491b-b065-30927d2bfdee None admin] SCRIPT_NAME: `/identity` {{(pid=87939) log_request_info /opt/stack/keystone/keystone/server/flask/request_processing/req_logging.py:28}}
Sep 03 03:36:05.081184 dv-cinder-799663-12-smb devstack@keystone.service[87939]: DEBUG keystone.server.flask.request_processing.req_logging [None req-d444b6b5-c887-491b-b065-30927d2bfdee None admin] PATH_INFO: `/v3/domains/default` {{(pid=87939) log_request_info /opt/stack/keystone/keystone/server/flask/request_processing/req_logging.py:29}}
Sep 03 03:36:05.082307 dv-cinder-799663-12-smb devstack@keystone.service[87939]: DEBUG keystone.common.rbac_enforcer.enforcer [None req-d444b6b5-c887-491b-b065-30927d2bfdee None admin] RBAC: Authorizing `identity:get_domain(domain_id=default)` {{(pid=87939) enforce_call /opt/stack/keystone/keystone/common/rbac_enforcer/enforcer.py:449}}
Sep 03 03:36:05.083807 dv-cinder-799663-12-smb devstack@keystone.service[87939]: DEBUG keystone.common.rbac_enforcer.enforcer [None req-d444b6b5-c887-491b-b065-30927d2bfdee None admin] RBAC: Authorization granted {{(pid=87939) enforce_call /opt/stack/keystone/keystone/common/rbac_enforcer/enforcer.py:457}}
Sep 03 03:36:05.084106 dv-cinder-799663-12-smb devstack@keystone.service[87938]: DEBUG keystone.server.flask.request_processing.middleware.auth_context [None req-252c541c-8f86-4c27-a559-8c4a79ccc0f3 None admin] Validating token access rules against request {{(pid=87938) validate_allowed_request /usr/local/lib/python3.8/dist-packages/keystonemiddleware/auth_token/__init__.py:545}}
Sep 03 03:36:05.085456 dv-cinder-799663-12-smb devstack@keystone.service[87939]: [pid: 87939|app: 0|req: 100/193] 10.222.0.13 () {56 vars in 1108 bytes} [Sat Sep 3 03:36:04 2022] GET /identity/v3/domains/default => generated 199 bytes in 162 msecs (HTTP/1.1 200) 5 headers in 177 bytes (1 switches on core 0)
Sep 03 03:36:05.090265 dv-cinder-799663-12-smb devstack@keystone.service[87939]: DEBUG keystone.server.flask.request_processing.middleware.auth_context [None req-d444b6b5-c887-491b-b065-30927d2bfdee None admin] Authenticating user token {{(pid=87939) process_request /usr/local/lib/python3.8/dist-packages/keystonemiddleware/auth_token/__init__.py:407}}
Sep 03 03:36:05.125207 dv-cinder-799663-12-smb devstack@keystone.service[87938]: DEBUG keystone.server.flask.request_processing.middleware.auth_context [None req-b3b55b1a-a43f-480b-a4a2-b0576683fc1d None admin] RBAC: auth_context: {'token': , 'domain_id': None, 'trust_id': None, 'trustor_id': None, 'trustee_id': None, 'domain_name': None, 'group_ids': [], 'user_id': '5c585d4ca5124180a1443dfe66cd6371', 'user_domain_id': 'default', 'system_scope': 'all', 'project_id': None, 'project_domain_id': None, 'roles': ['admin', 'member', 'reader'], 'is_admin_project': True, 'service_user_id': None, 'service_user_domain_id': None, 'service_project_id': None, 'service_project_domain_id': None, 'service_roles': []} {{(pid=87938) fill_context /opt/stack/keystone/keystone/server/flask/request_processing/middleware/auth_context.py:478}}
Sep 03 03:36:05.125817 dv-cinder-799663-12-smb devstack@keystone.service[87938]: DEBUG keystone.server.flask.request_processing.req_logging [None req-b3b55b1a-a43f-480b-a4a2-b0576683fc1d None admin] REQUEST_METHOD: `GET` {{(pid=87938) log_request_info /opt/stack/keystone/keystone/server/flask/request_processing/req_logging.py:27}}
Sep 03 03:36:05.126094 dv-cinder-799663-12-smb devstack@keystone.service[87938]: DEBUG keystone.server.flask.request_processing.req_logging [None req-b3b55b1a-a43f-480b-a4a2-b0576683fc1d None admin] SCRIPT_NAME: `/identity` {{(pid=87938) log_request_info /opt/stack/keystone/keystone/server/flask/request_processing/req_logging.py:28}}
Sep 03 03:36:05.126356 dv-cinder-799663-12-smb devstack@keystone.service[87938]: DEBUG keystone.server.flask.request_processing.req_logging [None req-b3b55b1a-a43f-480b-a4a2-b0576683fc1d None admin] PATH_INFO: `/v3/role_assignments` {{(pid=87938) log_request_info /opt/stack/keystone/keystone/server/flask/request_processing/req_logging.py:29}}
Sep 03 03:36:05.127148 dv-cinder-799663-12-smb devstack@keystone.service[87938]: DEBUG keystone.common.rbac_enforcer.enforcer [None req-b3b55b1a-a43f-480b-a4a2-b0576683fc1d None admin] RBAC: Adding query filter params (role.id=ad683698d38f4826b4af8e1069955c8e, scope.project.id=1fe42e1edb77415999b8e4fed6094dce, user.id=3b4cd934abbd4b7bb59c7d168dacd9af) {{(pid=87938) _extract_filter_values /opt/stack/keystone/keystone/common/rbac_enforcer/enforcer.py:167}}
Sep 03 03:36:05.127456 dv-cinder-799663-12-smb devstack@keystone.service[87938]: DEBUG keystone.common.rbac_enforcer.enforcer [None req-b3b55b1a-a43f-480b-a4a2-b0576683fc1d None admin] RBAC: Authorizing `identity:list_role_assignments()` {{(pid=87938) enforce_call /opt/stack/keystone/keystone/common/rbac_enforcer/enforcer.py:449}}
Sep 03 03:36:05.128937 dv-cinder-799663-12-smb devstack@keystone.service[87938]: DEBUG keystone.common.rbac_enforcer.enforcer [None req-b3b55b1a-a43f-480b-a4a2-b0576683fc1d None admin] RBAC: Authorization granted {{(pid=87938) enforce_call /opt/stack/keystone/keystone/common/rbac_enforcer/enforcer.py:457}}
Sep 03 03:36:05.135205 dv-cinder-799663-12-smb devstack@keystone.service[87938]: [pid: 87938|app: 0|req: 94/194] 10.222.0.13 () {56 vars in 1374 bytes} [Sat Sep 3 03:36:04 2022] GET /identity/v3/role_assignments?user.id=3b4cd934abbd4b7bb59c7d168dacd9af&scope.project.id=1fe42e1edb77415999b8e4fed6094dce&role.id=ad683698d38f4826b4af8e1069955c8e => generated 608 bytes in 167 msecs (HTTP/1.1 200) 5 headers in 177 bytes (1 switches on core 0)
Sep 03 03:36:05.136023 dv-cinder-799663-12-smb devstack@keystone.service[87938]: DEBUG keystone.server.flask.request_processing.middleware.auth_context [None req-b3b55b1a-a43f-480b-a4a2-b0576683fc1d None admin] Authenticating user token {{(pid=87938) process_request /usr/local/lib/python3.8/dist-packages/keystonemiddleware/auth_token/__init__.py:407}}
Sep 03 03:36:05.211813 dv-cinder-799663-12-smb devstack@keystone.service[87939]: DEBUG dbcounter [-] [87939] Writing DB stats keystone:SELECT=100 {{(pid=87939) stat_writer /usr/local/lib/python3.8/dist-packages/dbcounter.py:114}}
Sep 03 03:36:05.216062 dv-cinder-799663-12-smb devstack@keystone.service[87939]: DEBUG keystone.server.flask.request_processing.middleware.auth_context [None req-d444b6b5-c887-491b-b065-30927d2bfdee None admin] Validating token access rules against request {{(pid=87939) validate_allowed_request /usr/local/lib/python3.8/dist-packages/keystonemiddleware/auth_token/__init__.py:545}}
Sep 03 03:36:05.257898 dv-cinder-799663-12-smb devstack@keystone.service[87939]: DEBUG keystone.server.flask.request_processing.middleware.auth_context [None req-85fd4bdd-2de0-48ce-ba66-3f65ca002387 None admin] RBAC: auth_context: {'token': , 'domain_id': None, 'trust_id': None, 'trustor_id': None, 'trustee_id': None, 'domain_name': None, 'group_ids': [], 'user_id': '5c585d4ca5124180a1443dfe66cd6371', 'user_domain_id': 'default', 'system_scope': 'all', 'project_id': None, 'project_domain_id': None, 'roles': ['admin', 'member', 'reader'], 'is_admin_project': True, 'service_user_id': None, 'service_user_domain_id': None, 'service_project_id': None, 'service_project_domain_id': None, 'service_roles': []} {{(pid=87939) fill_context /opt/stack/keystone/keystone/server/flask/request_processing/middleware/auth_context.py:478}}
Sep 03 03:36:05.258603 dv-cinder-799663-12-smb devstack@keystone.service[87939]: DEBUG keystone.server.flask.request_processing.req_logging [None req-85fd4bdd-2de0-48ce-ba66-3f65ca002387 None admin] REQUEST_METHOD: `GET` {{(pid=87939) log_request_info /opt/stack/keystone/keystone/server/flask/request_processing/req_logging.py:27}}
Sep 03 03:36:05.259333 dv-cinder-799663-12-smb devstack@keystone.service[87939]: DEBUG keystone.server.flask.request_processing.req_logging [None req-85fd4bdd-2de0-48ce-ba66-3f65ca002387 None admin] SCRIPT_NAME: `/identity` {{(pid=87939) log_request_info /opt/stack/keystone/keystone/server/flask/request_processing/req_logging.py:28}}
Sep 03 03:36:05.259333 dv-cinder-799663-12-smb devstack@keystone.service[87939]: DEBUG keystone.server.flask.request_processing.req_logging [None req-85fd4bdd-2de0-48ce-ba66-3f65ca002387 None admin] PATH_INFO: `/v3/users/5aad84384cc24f179f7f941ba4d41df9` {{(pid=87939) log_request_info /opt/stack/keystone/keystone/server/flask/request_processing/req_logging.py:29}}
Sep 03 03:36:05.265023 dv-cinder-799663-12-smb devstack@keystone.service[87938]: DEBUG keystone.server.flask.request_processing.middleware.auth_context [None req-b3b55b1a-a43f-480b-a4a2-b0576683fc1d None admin] Validating token access rules against request {{(pid=87938) validate_allowed_request /usr/local/lib/python3.8/dist-packages/keystonemiddleware/auth_token/__init__.py:545}}
Sep 03 03:36:05.278928 dv-cinder-799663-12-smb devstack@keystone.service[87939]: DEBUG keystone.common.rbac_enforcer.enforcer [None req-85fd4bdd-2de0-48ce-ba66-3f65ca002387 None admin] RBAC: Authorizing `identity:get_user(user_id=5aad84384cc24f179f7f941ba4d41df9)` {{(pid=87939) enforce_call /opt/stack/keystone/keystone/common/rbac_enforcer/enforcer.py:449}}
Sep 03 03:36:05.280561 dv-cinder-799663-12-smb devstack@keystone.service[87939]: DEBUG keystone.common.rbac_enforcer.enforcer [None req-85fd4bdd-2de0-48ce-ba66-3f65ca002387 None admin] RBAC: Authorization granted {{(pid=87939) enforce_call /opt/stack/keystone/keystone/common/rbac_enforcer/enforcer.py:457}}
Sep 03 03:36:05.283014 dv-cinder-799663-12-smb devstack@keystone.service[87939]: [pid: 87939|app: 0|req: 101/195] 10.222.0.13 () {56 vars in 1177 bytes} [Sat Sep 3 03:36:05 2022] GET /identity/v3/users/5aad84384cc24f179f7f941ba4d41df9 => generated 283 bytes in 197 msecs (HTTP/1.1 200) 5 headers in 177 bytes (1 switches on core 0)
Sep 03 03:36:05.283795 dv-cinder-799663-12-smb devstack@keystone.service[87939]: DEBUG keystone.server.flask.request_processing.middleware.auth_context [None req-85fd4bdd-2de0-48ce-ba66-3f65ca002387 None admin] Authenticating user token {{(pid=87939) process_request /usr/local/lib/python3.8/dist-packages/keystonemiddleware/auth_token/__init__.py:407}}
Sep 03 03:36:05.286826 dv-cinder-799663-12-smb devstack@keystone.service[87938]: DEBUG dbcounter [-] [87938] Writing DB stats keystone:SELECT=100 {{(pid=87938) stat_writer /usr/local/lib/python3.8/dist-packages/dbcounter.py:114}}
Sep 03 03:36:05.308633 dv-cinder-799663-12-smb devstack@keystone.service[87938]: DEBUG keystone.server.flask.request_processing.middleware.auth_context [None req-a40d572d-0bf2-44f6-96dd-32be5687b0f4 None admin] RBAC: auth_context: {'token': , 'domain_id': None, 'trust_id': None, 'trustor_id': None, 'trustee_id': None, 'domain_name': None, 'group_ids': [], 'user_id': '5c585d4ca5124180a1443dfe66cd6371', 'user_domain_id': 'default', 'system_scope': 'all', 'project_id': None, 'project_domain_id': None, 'roles': ['admin', 'member', 'reader'], 'is_admin_project': True, 'service_user_id': None, 'service_user_domain_id': None, 'service_project_id': None, 'service_project_domain_id': None, 'service_roles': []} {{(pid=87938) fill_context /opt/stack/keystone/keystone/server/flask/request_processing/middleware/auth_context.py:478}}
Sep 03 03:36:05.309276 dv-cinder-799663-12-smb devstack@keystone.service[87938]: DEBUG keystone.server.flask.request_processing.req_logging [None req-a40d572d-0bf2-44f6-96dd-32be5687b0f4 None admin] REQUEST_METHOD: `GET` {{(pid=87938) log_request_info /opt/stack/keystone/keystone/server/flask/request_processing/req_logging.py:27}}
Sep 03 03:36:05.309555 dv-cinder-799663-12-smb devstack@keystone.service[87938]: DEBUG keystone.server.flask.request_processing.req_logging [None req-a40d572d-0bf2-44f6-96dd-32be5687b0f4 None admin] SCRIPT_NAME: `/identity` {{(pid=87938) log_request_info /opt/stack/keystone/keystone/server/flask/request_processing/req_logging.py:28}}
Sep 03 03:36:05.309830 dv-cinder-799663-12-smb devstack@keystone.service[87938]: DEBUG keystone.server.flask.request_processing.req_logging [None req-a40d572d-0bf2-44f6-96dd-32be5687b0f4 None admin] PATH_INFO: `/v3/roles` {{(pid=87938) log_request_info /opt/stack/keystone/keystone/server/flask/request_processing/req_logging.py:29}}
Sep 03 03:36:05.310499 dv-cinder-799663-12-smb devstack@keystone.service[87938]: DEBUG keystone.common.rbac_enforcer.enforcer [None req-a40d572d-0bf2-44f6-96dd-32be5687b0f4 None admin] RBAC: Adding query filter params (name=reader) {{(pid=87938) _extract_filter_values /opt/stack/keystone/keystone/common/rbac_enforcer/enforcer.py:167}}
Sep 03 03:36:05.310816 dv-cinder-799663-12-smb devstack@keystone.service[87938]: DEBUG keystone.common.rbac_enforcer.enforcer [None req-a40d572d-0bf2-44f6-96dd-32be5687b0f4 None admin] RBAC: Authorizing `identity:list_roles()` {{(pid=87938) enforce_call /opt/stack/keystone/keystone/common/rbac_enforcer/enforcer.py:449}}
Sep 03 03:36:05.312178 dv-cinder-799663-12-smb devstack@keystone.service[87938]: DEBUG keystone.common.rbac_enforcer.enforcer [None req-a40d572d-0bf2-44f6-96dd-32be5687b0f4 None admin] RBAC: Authorization granted {{(pid=87938) enforce_call /opt/stack/keystone/keystone/common/rbac_enforcer/enforcer.py:457}}
Sep 03 03:36:05.326562 dv-cinder-799663-12-smb devstack@keystone.service[87938]: [pid: 87938|app: 0|req: 95/196] 10.222.0.13 () {56 vars in 1101 bytes} [Sat Sep 3 03:36:05 2022] GET /identity/v3/roles?name=reader => generated 341 bytes in 186 msecs (HTTP/1.1 200) 5 headers in 177 bytes (1 switches on core 0)
Sep 03 03:36:05.326562 dv-cinder-799663-12-smb devstack@keystone.service[87938]: DEBUG keystone.server.flask.request_processing.middleware.auth_context [None req-a40d572d-0bf2-44f6-96dd-32be5687b0f4 None admin] Authenticating user token {{(pid=87938) process_request /usr/local/lib/python3.8/dist-packages/keystonemiddleware/auth_token/__init__.py:407}}
Sep 03 03:36:05.396047 dv-cinder-799663-12-smb devstack@keystone.service[87939]: DEBUG keystone.server.flask.request_processing.middleware.auth_context [None req-85fd4bdd-2de0-48ce-ba66-3f65ca002387 None admin] Validating token access rules against request {{(pid=87939) validate_allowed_request /usr/local/lib/python3.8/dist-packages/keystonemiddleware/auth_token/__init__.py:545}}
Sep 03 03:36:05.431198 dv-cinder-799663-12-smb devstack@keystone.service[87939]: DEBUG keystone.server.flask.request_processing.middleware.auth_context [None req-0f218bc1-27ed-4d32-9f9f-2a5e640249d5 None admin] RBAC: auth_context: {'token': , 'domain_id': None, 'trust_id': None, 'trustor_id': None, 'trustee_id': None, 'domain_name': None, 'group_ids': [], 'user_id': '5c585d4ca5124180a1443dfe66cd6371', 'user_domain_id': 'default', 'system_scope': 'all', 'project_id': None, 'project_domain_id': None, 'roles': ['admin', 'member', 'reader'], 'is_admin_project': True, 'service_user_id': None, 'service_user_domain_id': None, 'service_project_id': None, 'service_project_domain_id': None, 'service_roles': []} {{(pid=87939) fill_context /opt/stack/keystone/keystone/server/flask/request_processing/middleware/auth_context.py:478}}
Sep 03 03:36:05.431808 dv-cinder-799663-12-smb devstack@keystone.service[87939]: DEBUG keystone.server.flask.request_processing.req_logging [None req-0f218bc1-27ed-4d32-9f9f-2a5e640249d5 None admin] REQUEST_METHOD: `GET` {{(pid=87939) log_request_info /opt/stack/keystone/keystone/server/flask/request_processing/req_logging.py:27}}
Sep 03 03:36:05.432083 dv-cinder-799663-12-smb devstack@keystone.service[87939]: DEBUG keystone.server.flask.request_processing.req_logging [None req-0f218bc1-27ed-4d32-9f9f-2a5e640249d5 None admin] SCRIPT_NAME: `/identity` {{(pid=87939) log_request_info /opt/stack/keystone/keystone/server/flask/request_processing/req_logging.py:28}}
Sep 03 03:36:05.432346 dv-cinder-799663-12-smb devstack@keystone.service[87939]: DEBUG keystone.server.flask.request_processing.req_logging [None req-0f218bc1-27ed-4d32-9f9f-2a5e640249d5 None admin] PATH_INFO: `/v3/users/5aad84384cc24f179f7f941ba4d41df9` {{(pid=87939) log_request_info /opt/stack/keystone/keystone/server/flask/request_processing/req_logging.py:29}}
Sep 03 03:36:05.433477 dv-cinder-799663-12-smb devstack@keystone.service[87939]: DEBUG keystone.common.rbac_enforcer.enforcer [None req-0f218bc1-27ed-4d32-9f9f-2a5e640249d5 None admin] RBAC: Authorizing `identity:get_user(user_id=5aad84384cc24f179f7f941ba4d41df9)` {{(pid=87939) enforce_call /opt/stack/keystone/keystone/common/rbac_enforcer/enforcer.py:449}}
Sep 03 03:36:05.434944 dv-cinder-799663-12-smb devstack@keystone.service[87939]: DEBUG keystone.common.rbac_enforcer.enforcer [None req-0f218bc1-27ed-4d32-9f9f-2a5e640249d5 None admin] RBAC: Authorization granted {{(pid=87939) enforce_call /opt/stack/keystone/keystone/common/rbac_enforcer/enforcer.py:457}}
Sep 03 03:36:05.435292 dv-cinder-799663-12-smb devstack@keystone.service[87938]: DEBUG keystone.server.flask.request_processing.middleware.auth_context [None req-a40d572d-0bf2-44f6-96dd-32be5687b0f4 None admin] Validating token access rules against request {{(pid=87938) validate_allowed_request /usr/local/lib/python3.8/dist-packages/keystonemiddleware/auth_token/__init__.py:545}}
Sep 03 03:36:05.436550 dv-cinder-799663-12-smb devstack@keystone.service[87939]: [pid: 87939|app: 0|req: 102/197] 10.222.0.13 () {56 vars in 1177 bytes} [Sat Sep 3 03:36:05 2022] GET /identity/v3/users/5aad84384cc24f179f7f941ba4d41df9 => generated 283 bytes in 153 msecs (HTTP/1.1 200) 5 headers in 177 bytes (1 switches on core 0)
Sep 03 03:36:05.437333 dv-cinder-799663-12-smb devstack@keystone.service[87939]: DEBUG keystone.server.flask.request_processing.middleware.auth_context [None req-0f218bc1-27ed-4d32-9f9f-2a5e640249d5 None admin] Authenticating user token {{(pid=87939) process_request /usr/local/lib/python3.8/dist-packages/keystonemiddleware/auth_token/__init__.py:407}}
Sep 03 03:36:05.465768 dv-cinder-799663-12-smb devstack@keystone.service[87939]: DEBUG dbcounter [-] [87939] Writing DB stats keystone:SELECT=100 {{(pid=87939) stat_writer /usr/local/lib/python3.8/dist-packages/dbcounter.py:114}}
Sep 03 03:36:05.475274 dv-cinder-799663-12-smb devstack@keystone.service[87938]: DEBUG keystone.server.flask.request_processing.middleware.auth_context [None req-74d0b6ec-88ef-4cd9-8bb0-eea2c3097e19 None admin] RBAC: auth_context: {'token': , 'domain_id': None, 'trust_id': None, 'trustor_id': None, 'trustee_id': None, 'domain_name': None, 'group_ids': [], 'user_id': '5c585d4ca5124180a1443dfe66cd6371', 'user_domain_id': 'default', 'system_scope': 'all', 'project_id': None, 'project_domain_id': None, 'roles': ['admin', 'member', 'reader'], 'is_admin_project': True, 'service_user_id': None, 'service_user_domain_id': None, 'service_project_id': None, 'service_project_domain_id': None, 'service_roles': []} {{(pid=87938) fill_context /opt/stack/keystone/keystone/server/flask/request_processing/middleware/auth_context.py:478}}
Sep 03 03:36:05.475890 dv-cinder-799663-12-smb devstack@keystone.service[87938]: DEBUG keystone.server.flask.request_processing.req_logging [None req-74d0b6ec-88ef-4cd9-8bb0-eea2c3097e19 None admin] REQUEST_METHOD: `POST` {{(pid=87938) log_request_info /opt/stack/keystone/keystone/server/flask/request_processing/req_logging.py:27}}
Sep 03 03:36:05.476194 dv-cinder-799663-12-smb devstack@keystone.service[87938]: DEBUG keystone.server.flask.request_processing.req_logging [None req-74d0b6ec-88ef-4cd9-8bb0-eea2c3097e19 None admin] SCRIPT_NAME: `/identity` {{(pid=87938) log_request_info /opt/stack/keystone/keystone/server/flask/request_processing/req_logging.py:28}}
Sep 03 03:36:05.476448 dv-cinder-799663-12-smb devstack@keystone.service[87938]: DEBUG keystone.server.flask.request_processing.req_logging [None req-74d0b6ec-88ef-4cd9-8bb0-eea2c3097e19 None admin] PATH_INFO: `/v3/users` {{(pid=87938) log_request_info /opt/stack/keystone/keystone/server/flask/request_processing/req_logging.py:29}}
Sep 03 03:36:05.477143 dv-cinder-799663-12-smb devstack@keystone.service[87938]: DEBUG keystone.common.rbac_enforcer.enforcer [None req-74d0b6ec-88ef-4cd9-8bb0-eea2c3097e19 None admin] RBAC: Authorizing `identity:create_user()` {{(pid=87938) enforce_call /opt/stack/keystone/keystone/common/rbac_enforcer/enforcer.py:449}}
Sep 03 03:36:05.478910 dv-cinder-799663-12-smb devstack@keystone.service[87938]: DEBUG keystone.common.rbac_enforcer.enforcer [None req-74d0b6ec-88ef-4cd9-8bb0-eea2c3097e19 None admin] RBAC: Authorization granted {{(pid=87938) enforce_call /opt/stack/keystone/keystone/common/rbac_enforcer/enforcer.py:457}}
Sep 03 03:36:05.506778 dv-cinder-799663-12-smb devstack@keystone.service[87938]: [pid: 87938|app: 0|req: 96/198] 10.222.0.13 () {60 vars in 1132 bytes} [Sat Sep 3 03:36:05 2022] POST /identity/v3/users => generated 297 bytes in 181 msecs (HTTP/1.1 201) 5 headers in 182 bytes (1 switches on core 0)
Sep 03 03:36:05.507595 dv-cinder-799663-12-smb devstack@keystone.service[87938]: DEBUG keystone.server.flask.request_processing.middleware.auth_context [None req-74d0b6ec-88ef-4cd9-8bb0-eea2c3097e19 None admin] Authenticating user token {{(pid=87938) process_request /usr/local/lib/python3.8/dist-packages/keystonemiddleware/auth_token/__init__.py:407}}
Sep 03 03:36:05.553352 dv-cinder-799663-12-smb devstack@keystone.service[87939]: DEBUG keystone.server.flask.request_processing.middleware.auth_context [None req-0f218bc1-27ed-4d32-9f9f-2a5e640249d5 None admin] Validating token access rules against request {{(pid=87939) validate_allowed_request /usr/local/lib/python3.8/dist-packages/keystonemiddleware/auth_token/__init__.py:545}}
Sep 03 03:36:05.560110 dv-cinder-799663-12-smb devstack@keystone.service[87938]: DEBUG dbcounter [-] [87938] Writing DB stats keystone:SELECT=97,keystone:INSERT=3 {{(pid=87938) stat_writer /usr/local/lib/python3.8/dist-packages/dbcounter.py:114}}
Sep 03 03:36:05.597887 dv-cinder-799663-12-smb devstack@keystone.service[87939]: DEBUG keystone.server.flask.request_processing.middleware.auth_context [None req-d9ea85f5-cc45-4a8b-a3be-f56b0dc57132 None admin] RBAC: auth_context: {'token': , 'domain_id': None, 'trust_id': None, 'trustor_id': None, 'trustee_id': None, 'domain_name': None, 'group_ids': [], 'user_id': '5c585d4ca5124180a1443dfe66cd6371', 'user_domain_id': 'default', 'system_scope': 'all', 'project_id': None, 'project_domain_id': None, 'roles': ['admin', 'member', 'reader'], 'is_admin_project': True, 'service_user_id': None, 'service_user_domain_id': None, 'service_project_id': None, 'service_project_domain_id': None, 'service_roles': []} {{(pid=87939) fill_context /opt/stack/keystone/keystone/server/flask/request_processing/middleware/auth_context.py:478}}
Sep 03 03:36:05.598545 dv-cinder-799663-12-smb devstack@keystone.service[87939]: DEBUG keystone.server.flask.request_processing.req_logging [None req-d9ea85f5-cc45-4a8b-a3be-f56b0dc57132 None admin] REQUEST_METHOD: `GET` {{(pid=87939) log_request_info /opt/stack/keystone/keystone/server/flask/request_processing/req_logging.py:27}}
Sep 03 03:36:05.598836 dv-cinder-799663-12-smb devstack@keystone.service[87939]: DEBUG keystone.server.flask.request_processing.req_logging [None req-d9ea85f5-cc45-4a8b-a3be-f56b0dc57132 None admin] SCRIPT_NAME: `/identity` {{(pid=87939) log_request_info /opt/stack/keystone/keystone/server/flask/request_processing/req_logging.py:28}}
Sep 03 03:36:05.599105 dv-cinder-799663-12-smb devstack@keystone.service[87939]: DEBUG keystone.server.flask.request_processing.req_logging [None req-d9ea85f5-cc45-4a8b-a3be-f56b0dc57132 None admin] PATH_INFO: `/v3/auth/tokens` {{(pid=87939) log_request_info /opt/stack/keystone/keystone/server/flask/request_processing/req_logging.py:29}}
Sep 03 03:36:05.639678 dv-cinder-799663-12-smb devstack@keystone.service[87938]: DEBUG keystone.server.flask.request_processing.middleware.auth_context [None req-74d0b6ec-88ef-4cd9-8bb0-eea2c3097e19 None admin] Validating token access rules against request {{(pid=87938) validate_allowed_request /usr/local/lib/python3.8/dist-packages/keystonemiddleware/auth_token/__init__.py:545}}
Sep 03 03:36:05.675162 dv-cinder-799663-12-smb devstack@keystone.service[87939]: DEBUG keystone.common.rbac_enforcer.enforcer [None req-d9ea85f5-cc45-4a8b-a3be-f56b0dc57132 None admin] RBAC: Authorizing `identity:validate_token()` {{(pid=87939) enforce_call /opt/stack/keystone/keystone/common/rbac_enforcer/enforcer.py:449}}
Sep 03 03:36:05.676635 dv-cinder-799663-12-smb devstack@keystone.service[87939]: DEBUG keystone.common.rbac_enforcer.enforcer [None req-d9ea85f5-cc45-4a8b-a3be-f56b0dc57132 None admin] RBAC: Authorization granted {{(pid=87939) enforce_call /opt/stack/keystone/keystone/common/rbac_enforcer/enforcer.py:457}}
Sep 03 03:36:05.687133 dv-cinder-799663-12-smb devstack@keystone.service[87938]: DEBUG keystone.server.flask.request_processing.middleware.auth_context [None req-279020ed-e30b-4f57-8db6-fbf6058248a4 None admin] RBAC: auth_context: {'token': , 'domain_id': None, 'trust_id': None, 'trustor_id': None, 'trustee_id': None, 'domain_name': None, 'group_ids': [], 'user_id': '5c585d4ca5124180a1443dfe66cd6371', 'user_domain_id': 'default', 'system_scope': 'all', 'project_id': None, 'project_domain_id': None, 'roles': ['admin', 'member', 'reader'], 'is_admin_project': True, 'service_user_id': None, 'service_user_domain_id': None, 'service_project_id': None, 'service_project_domain_id': None, 'service_roles': []} {{(pid=87938) fill_context /opt/stack/keystone/keystone/server/flask/request_processing/middleware/auth_context.py:478}}
Sep 03 03:36:05.688135 dv-cinder-799663-12-smb devstack@keystone.service[87938]: DEBUG keystone.server.flask.request_processing.req_logging [None req-279020ed-e30b-4f57-8db6-fbf6058248a4 None admin] REQUEST_METHOD: `GET` {{(pid=87938) log_request_info /opt/stack/keystone/keystone/server/flask/request_processing/req_logging.py:27}}
Sep 03 03:36:05.688418 dv-cinder-799663-12-smb devstack@keystone.service[87938]: DEBUG keystone.server.flask.request_processing.req_logging [None req-279020ed-e30b-4f57-8db6-fbf6058248a4 None admin] SCRIPT_NAME: `/identity` {{(pid=87938) log_request_info /opt/stack/keystone/keystone/server/flask/request_processing/req_logging.py:28}}
