Sep 03 03:49:33.861718 dv-cinder-799663-12-smb devstack@c-api.service[119759]: DEBUG cinder.api.openstack.wsgi [req-c6a4a973-b6e6-4182-9132-683ec139062c req-6c374e37-2258-4a62-84b5-09804f23e8aa tempest-VolumesSnapshotsTestJSON-141816303 tempest-VolumesSnapshotsTestJSON-141816303-project] Empty body provided in request {{(pid=119759) get_body /opt/stack/cinder/cinder/api/openstack/wsgi.py:715}}
Sep 03 03:49:33.862916 dv-cinder-799663-12-smb devstack@c-api.service[119759]: DEBUG cinder.api.openstack.wsgi [req-c6a4a973-b6e6-4182-9132-683ec139062c req-6c374e37-2258-4a62-84b5-09804f23e8aa tempest-VolumesSnapshotsTestJSON-141816303 tempest-VolumesSnapshotsTestJSON-141816303-project] Calling method 'show' {{(pid=119759) _process_stack /opt/stack/cinder/cinder/api/openstack/wsgi.py:868}}
Sep 03 03:49:33.900200 dv-cinder-799663-12-smb devstack@c-api.service[119759]: INFO cinder.api.openstack.wsgi [req-c6a4a973-b6e6-4182-9132-683ec139062c req-6c374e37-2258-4a62-84b5-09804f23e8aa tempest-VolumesSnapshotsTestJSON-141816303 tempest-VolumesSnapshotsTestJSON-141816303-project] http://10.222.0.13/volume/v3/ee7ec7906b3a4e8f81b975b95df1a1e4/volumes/4a1aa960-25cb-4d63-8668-e3dc54b4828b returned with HTTP 404
Sep 03 03:49:33.902672 dv-cinder-799663-12-smb devstack@c-api.service[119759]: [pid: 119759|app: 0|req: 25/58] 10.222.0.13 () {60 vars in 1578 bytes} [Sat Sep 3 03:49:33 2022] GET /volume/v3/ee7ec7906b3a4e8f81b975b95df1a1e4/volumes/4a1aa960-25cb-4d63-8668-e3dc54b4828b => generated 109 bytes in 56 msecs (HTTP/1.1 404) 7 headers in 292 bytes (1 switches on core 0)
Sep 03 03:49:33.911200 dv-cinder-799663-12-smb devstack@c-api.service[119758]: INFO cinder.volume.api [req-35d878a1-6651-4e73-8f7d-1f9122e1c207 req-7660a1cd-37b4-4890-b2e0-594ab95b0fc3 tempest-VolumesTestJSON-1159115535 tempest-VolumesTestJSON-1159115535-project] Get all volumes completed successfully.
Sep 03 03:49:33.915875 dv-cinder-799663-12-smb devstack@c-api.service[119759]: DEBUG cinder.api.middleware.request_id [None req-28f40181-d7b8-40bd-81c7-5c5262c4e13c None None] RequestId filter calling following filter/app {{(pid=119759) _context_setter /opt/stack/cinder/cinder/api/middleware/request_id.py:62}}
Sep 03 03:49:33.921161 dv-cinder-799663-12-smb devstack@c-api.service[119758]: /usr/local/lib/python3.8/dist-packages/oslo_context/context.py:100: DeprecationWarning: Policy enforcement is depending on the value of is_admin. This key is deprecated. Please update your policy file to use the standard policy values.
Sep 03 03:49:33.921161 dv-cinder-799663-12-smb devstack@c-api.service[119758]: warnings.warn('Policy enforcement is depending on the value of '
Sep 03 03:49:33.923187 dv-cinder-799663-12-smb devstack@c-api.service[119759]: INFO cinder.api.openstack.wsgi [None req-28f40181-d7b8-40bd-81c7-5c5262c4e13c tempest-GroupSnapshotsTest-1362559378 tempest-GroupSnapshotsTest-1362559378-project] GET http://10.222.0.13/volume/v3/224826ad62114cb4a7f1a328ada88f4e/volumes/detail
Sep 03 03:49:33.926082 dv-cinder-799663-12-smb devstack@c-api.service[119759]: DEBUG cinder.api.openstack.wsgi [None req-28f40181-d7b8-40bd-81c7-5c5262c4e13c tempest-GroupSnapshotsTest-1362559378 tempest-GroupSnapshotsTest-1362559378-project] Empty body provided in request {{(pid=119759) get_body /opt/stack/cinder/cinder/api/openstack/wsgi.py:715}}
Sep 03 03:49:33.926567 dv-cinder-799663-12-smb devstack@c-api.service[119759]: DEBUG cinder.api.openstack.wsgi [None req-28f40181-d7b8-40bd-81c7-5c5262c4e13c tempest-GroupSnapshotsTest-1362559378 tempest-GroupSnapshotsTest-1362559378-project] Calling method 'detail' {{(pid=119759) _process_stack /opt/stack/cinder/cinder/api/openstack/wsgi.py:868}}
Sep 03 03:49:33.927425 dv-cinder-799663-12-smb devstack@c-api.service[119759]: DEBUG cinder.api.api_utils [None req-28f40181-d7b8-40bd-81c7-5c5262c4e13c tempest-GroupSnapshotsTest-1362559378 tempest-GroupSnapshotsTest-1362559378-project] Removing options '' from query. {{(pid=119759) remove_invalid_filter_options /opt/stack/cinder/cinder/api/api_utils.py:83}}
Sep 03 03:49:33.929884 dv-cinder-799663-12-smb devstack@c-api.service[119759]: /usr/local/lib/python3.8/dist-packages/oslo_context/context.py:100: DeprecationWarning: Policy enforcement is depending on the value of is_admin. This key is deprecated. Please update your policy file to use the standard policy values.
Sep 03 03:49:33.929884 dv-cinder-799663-12-smb devstack@c-api.service[119759]: warnings.warn('Policy enforcement is depending on the value of '
Sep 03 03:49:33.934626 dv-cinder-799663-12-smb devstack@c-api.service[119759]: DEBUG cinder.volume.api [None req-28f40181-d7b8-40bd-81c7-5c5262c4e13c tempest-GroupSnapshotsTest-1362559378 tempest-GroupSnapshotsTest-1362559378-project] Searching by: MultiDict([('no_migration_targets', True)]). {{(pid=119759) get_all /opt/stack/cinder/cinder/volume/api.py:664}}
Sep 03 03:49:33.939457 dv-cinder-799663-12-smb devstack@c-api.service[119758]: INFO cinder.api.openstack.wsgi [req-35d878a1-6651-4e73-8f7d-1f9122e1c207 req-7660a1cd-37b4-4890-b2e0-594ab95b0fc3 tempest-VolumesTestJSON-1159115535 tempest-VolumesTestJSON-1159115535-project] http://10.222.0.13/volume/v3/cf73661dc0e2415385485014aa8dc32b/volumes/detail returned with HTTP 200
Sep 03 03:49:33.942130 dv-cinder-799663-12-smb devstack@c-api.service[119758]: [pid: 119758|app: 0|req: 34/59] 10.222.0.13 () {60 vars in 1488 bytes} [Sat Sep 3 03:49:33 2022] GET /volume/v3/cf73661dc0e2415385485014aa8dc32b/volumes/detail => generated 2747 bytes in 232 msecs (HTTP/1.1 200) 7 headers in 286 bytes (1 switches on core 0)
Sep 03 03:49:33.970663 dv-cinder-799663-12-smb devstack@c-api.service[119758]: DEBUG cinder.api.middleware.request_id [req-c91045d5-a400-420b-ae8b-b7610ba265fc req-b0a287f0-3517-479d-a0ed-7aaf5ade86cd None None] RequestId filter calling following filter/app {{(pid=119758) _context_setter /opt/stack/cinder/cinder/api/middleware/request_id.py:62}}
Sep 03 03:49:33.975107 dv-cinder-799663-12-smb devstack@c-api.service[119758]: INFO cinder.api.openstack.wsgi [req-c91045d5-a400-420b-ae8b-b7610ba265fc req-b0a287f0-3517-479d-a0ed-7aaf5ade86cd tempest-VolumesTestJSON-1159115535 tempest-VolumesTestJSON-1159115535-project] GET http://10.222.0.13/volume/v3/cf73661dc0e2415385485014aa8dc32b/volumes/detail
Sep 03 03:49:33.975565 dv-cinder-799663-12-smb devstack@c-api.service[119758]: DEBUG cinder.api.openstack.wsgi [req-c91045d5-a400-420b-ae8b-b7610ba265fc req-b0a287f0-3517-479d-a0ed-7aaf5ade86cd tempest-VolumesTestJSON-1159115535 tempest-VolumesTestJSON-1159115535-project] Empty body provided in request {{(pid=119758) get_body /opt/stack/cinder/cinder/api/openstack/wsgi.py:715}}
Sep 03 03:49:33.976024 dv-cinder-799663-12-smb devstack@c-api.service[119758]: DEBUG cinder.api.openstack.wsgi [req-c91045d5-a400-420b-ae8b-b7610ba265fc req-b0a287f0-3517-479d-a0ed-7aaf5ade86cd tempest-VolumesTestJSON-1159115535 tempest-VolumesTestJSON-1159115535-project] Calling method 'detail' {{(pid=119758) _process_stack /opt/stack/cinder/cinder/api/openstack/wsgi.py:868}}
Sep 03 03:49:33.976618 dv-cinder-799663-12-smb devstack@c-api.service[119758]: DEBUG cinder.api.api_utils [req-c91045d5-a400-420b-ae8b-b7610ba265fc req-b0a287f0-3517-479d-a0ed-7aaf5ade86cd tempest-VolumesTestJSON-1159115535 tempest-VolumesTestJSON-1159115535-project] Removing options '' from query. {{(pid=119758) remove_invalid_filter_options /opt/stack/cinder/cinder/api/api_utils.py:83}}
Sep 03 03:49:33.978988 dv-cinder-799663-12-smb devstack@c-api.service[119758]: DEBUG cinder.volume.api [req-c91045d5-a400-420b-ae8b-b7610ba265fc req-b0a287f0-3517-479d-a0ed-7aaf5ade86cd tempest-VolumesTestJSON-1159115535 tempest-VolumesTestJSON-1159115535-project] Searching by: MultiDict([('no_migration_targets', True)]). {{(pid=119758) get_all /opt/stack/cinder/cinder/volume/api.py:664}}
Sep 03 03:49:34.119680 dv-cinder-799663-12-smb devstack@c-api.service[119759]: INFO cinder.volume.api [None req-28f40181-d7b8-40bd-81c7-5c5262c4e13c tempest-GroupSnapshotsTest-1362559378 tempest-GroupSnapshotsTest-1362559378-project] Get all volumes completed successfully.
Sep 03 03:49:34.121686 dv-cinder-799663-12-smb devstack@c-api.service[119759]: WARNING stevedore.named [None req-28f40181-d7b8-40bd-81c7-5c5262c4e13c tempest-GroupSnapshotsTest-1362559378 tempest-GroupSnapshotsTest-1362559378-project] Could not load cinder.keymgr.conf_key_mgr.ConfKeyManager
Sep 03 03:49:34.122220 dv-cinder-799663-12-smb devstack@c-api.service[119759]: WARNING castellan.key_manager [None req-28f40181-d7b8-40bd-81c7-5c5262c4e13c tempest-GroupSnapshotsTest-1362559378 tempest-GroupSnapshotsTest-1362559378-project] Deprecation Warning : cinder.keymgr.conf_key_mgr.ConfKeyManager is not a stevedore based driver, trying to load it as a class: stevedore.exception.NoMatches: No 'castellan.drivers' driver found, looking for 'cinder.keymgr.conf_key_mgr.ConfKeyManager'
Sep 03 03:49:34.140689 dv-cinder-799663-12-smb devstack@c-api.service[119759]: DEBUG oslo_db.sqlalchemy.engines [None req-28f40181-d7b8-40bd-81c7-5c5262c4e13c tempest-GroupSnapshotsTest-1362559378 tempest-GroupSnapshotsTest-1362559378-project] MySQL server mode set to STRICT_TRANS_TABLES,STRICT_ALL_TABLES,NO_ZERO_IN_DATE,NO_ZERO_DATE,ERROR_FOR_DIVISION_BY_ZERO,TRADITIONAL,NO_ENGINE_SUBSTITUTION {{(pid=119759) _check_effective_sql_mode /usr/local/lib/python3.8/dist-packages/oslo_db/sqlalchemy/engines.py:314}}
Sep 03 03:49:34.156508 dv-cinder-799663-12-smb devstack@c-api.service[119759]: /usr/local/lib/python3.8/dist-packages/oslo_context/context.py:100: DeprecationWarning: Policy enforcement is depending on the value of is_admin. This key is deprecated. Please update your policy file to use the standard policy values.
Sep 03 03:49:34.156508 dv-cinder-799663-12-smb devstack@c-api.service[119759]: warnings.warn('Policy enforcement is depending on the value of '
Sep 03 03:49:34.162138 dv-cinder-799663-12-smb devstack@c-api.service[119758]: INFO cinder.volume.api [req-c91045d5-a400-420b-ae8b-b7610ba265fc req-b0a287f0-3517-479d-a0ed-7aaf5ade86cd tempest-VolumesTestJSON-1159115535 tempest-VolumesTestJSON-1159115535-project] Get all volumes completed successfully.
Sep 03 03:49:34.173619 dv-cinder-799663-12-smb devstack@c-api.service[119758]: /usr/local/lib/python3.8/dist-packages/oslo_context/context.py:100: DeprecationWarning: Policy enforcement is depending on the value of is_admin. This key is deprecated. Please update your policy file to use the standard policy values.
Sep 03 03:49:34.173619 dv-cinder-799663-12-smb devstack@c-api.service[119758]: warnings.warn('Policy enforcement is depending on the value of '
Sep 03 03:49:34.179014 dv-cinder-799663-12-smb devstack@c-api.service[119759]: WARNING stevedore.named [None req-28f40181-d7b8-40bd-81c7-5c5262c4e13c tempest-GroupSnapshotsTest-1362559378 tempest-GroupSnapshotsTest-1362559378-project] Could not load cinder.keymgr.conf_key_mgr.ConfKeyManager
Sep 03 03:49:34.179417 dv-cinder-799663-12-smb devstack@c-api.service[119759]: WARNING castellan.key_manager [None req-28f40181-d7b8-40bd-81c7-5c5262c4e13c tempest-GroupSnapshotsTest-1362559378 tempest-GroupSnapshotsTest-1362559378-project] Deprecation Warning : cinder.keymgr.conf_key_mgr.ConfKeyManager is not a stevedore based driver, trying to load it as a class: stevedore.exception.NoMatches: No 'castellan.drivers' driver found, looking for 'cinder.keymgr.conf_key_mgr.ConfKeyManager'
Sep 03 03:49:34.193184 dv-cinder-799663-12-smb devstack@c-api.service[119758]: INFO cinder.api.openstack.wsgi [req-c91045d5-a400-420b-ae8b-b7610ba265fc req-b0a287f0-3517-479d-a0ed-7aaf5ade86cd tempest-VolumesTestJSON-1159115535 tempest-VolumesTestJSON-1159115535-project] http://10.222.0.13/volume/v3/cf73661dc0e2415385485014aa8dc32b/volumes/detail returned with HTTP 200
Sep 03 03:49:34.217305 dv-cinder-799663-12-smb devstack@c-api.service[119759]: DEBUG oslo_db.sqlalchemy.engines [None req-28f40181-d7b8-40bd-81c7-5c5262c4e13c tempest-GroupSnapshotsTest-1362559378 tempest-GroupSnapshotsTest-1362559378-project] MySQL server mode set to STRICT_TRANS_TABLES,STRICT_ALL_TABLES,NO_ZERO_IN_DATE,NO_ZERO_DATE,ERROR_FOR_DIVISION_BY_ZERO,TRADITIONAL,NO_ENGINE_SUBSTITUTION {{(pid=119759) _check_effective_sql_mode /usr/local/lib/python3.8/dist-packages/oslo_db/sqlalchemy/engines.py:314}}
Sep 03 03:49:34.223070 dv-cinder-799663-12-smb devstack@c-api.service[119758]: [pid: 119758|app: 0|req: 35/60] 10.222.0.13 () {60 vars in 1488 bytes} [Sat Sep 3 03:49:33 2022] GET /volume/v3/cf73661dc0e2415385485014aa8dc32b/volumes/detail => generated 2747 bytes in 254 msecs (HTTP/1.1 200) 7 headers in 286 bytes (2 switches on core 0)
Sep 03 03:49:34.244683 dv-cinder-799663-12-smb devstack@c-api.service[119759]: /usr/local/lib/python3.8/dist-packages/oslo_context/context.py:100: DeprecationWarning: Policy enforcement is depending on the value of is_admin. This key is deprecated. Please update your policy file to use the standard policy values.
Sep 03 03:49:34.244683 dv-cinder-799663-12-smb devstack@c-api.service[119759]: warnings.warn('Policy enforcement is depending on the value of '
Sep 03 03:49:34.258332 dv-cinder-799663-12-smb devstack@c-api.service[119758]: DEBUG cinder.api.middleware.request_id [req-9abb53fe-e2d6-4b80-afe7-e3d9f8e5a5ae req-8f1a837a-9805-4201-a9fb-07c53d6202d9 None None] RequestId filter calling following filter/app {{(pid=119758) _context_setter /opt/stack/cinder/cinder/api/middleware/request_id.py:62}}
Sep 03 03:49:34.262414 dv-cinder-799663-12-smb devstack@c-api.service[119758]: INFO cinder.api.openstack.wsgi [req-9abb53fe-e2d6-4b80-afe7-e3d9f8e5a5ae req-8f1a837a-9805-4201-a9fb-07c53d6202d9 tempest-VolumesTestJSON-1159115535 tempest-VolumesTestJSON-1159115535-project] GET http://10.222.0.13/volume/v3/cf73661dc0e2415385485014aa8dc32b/volumes/detail
Sep 03 03:49:34.262866 dv-cinder-799663-12-smb devstack@c-api.service[119758]: DEBUG cinder.api.openstack.wsgi [req-9abb53fe-e2d6-4b80-afe7-e3d9f8e5a5ae req-8f1a837a-9805-4201-a9fb-07c53d6202d9 tempest-VolumesTestJSON-1159115535 tempest-VolumesTestJSON-1159115535-project] Empty body provided in request {{(pid=119758) get_body /opt/stack/cinder/cinder/api/openstack/wsgi.py:715}}
Sep 03 03:49:34.263328 dv-cinder-799663-12-smb devstack@c-api.service[119758]: DEBUG cinder.api.openstack.wsgi [req-9abb53fe-e2d6-4b80-afe7-e3d9f8e5a5ae req-8f1a837a-9805-4201-a9fb-07c53d6202d9 tempest-VolumesTestJSON-1159115535 tempest-VolumesTestJSON-1159115535-project] Calling method 'detail' {{(pid=119758) _process_stack /opt/stack/cinder/cinder/api/openstack/wsgi.py:868}}
Sep 03 03:49:34.263914 dv-cinder-799663-12-smb devstack@c-api.service[119758]: DEBUG cinder.api.api_utils [req-9abb53fe-e2d6-4b80-afe7-e3d9f8e5a5ae req-8f1a837a-9805-4201-a9fb-07c53d6202d9 tempest-VolumesTestJSON-1159115535 tempest-VolumesTestJSON-1159115535-project] Removing options '' from query. {{(pid=119758) remove_invalid_filter_options /opt/stack/cinder/cinder/api/api_utils.py:83}}
Sep 03 03:49:34.277936 dv-cinder-799663-12-smb devstack@c-api.service[119758]: DEBUG cinder.volume.api [req-9abb53fe-e2d6-4b80-afe7-e3d9f8e5a5ae req-8f1a837a-9805-4201-a9fb-07c53d6202d9 tempest-VolumesTestJSON-1159115535 tempest-VolumesTestJSON-1159115535-project] Searching by: MultiDict([('no_migration_targets', True)]). {{(pid=119758) get_all /opt/stack/cinder/cinder/volume/api.py:664}}
Sep 03 03:49:34.312374 dv-cinder-799663-12-smb devstack@c-api.service[119759]: INFO cinder.api.openstack.wsgi [None req-28f40181-d7b8-40bd-81c7-5c5262c4e13c tempest-GroupSnapshotsTest-1362559378 tempest-GroupSnapshotsTest-1362559378-project] http://10.222.0.13/volume/v3/224826ad62114cb4a7f1a328ada88f4e/volumes/detail returned with HTTP 200
Sep 03 03:49:34.313302 dv-cinder-799663-12-smb devstack@c-api.service[119759]: [pid: 119759|app: 0|req: 26/61] 10.222.0.13 () {60 vars in 1276 bytes} [Sat Sep 3 03:49:33 2022] GET /volume/v3/224826ad62114cb4a7f1a328ada88f4e/volumes/detail => generated 1985 bytes in 401 msecs (HTTP/1.1 200) 7 headers in 287 bytes (1 switches on core 0)
Sep 03 03:49:34.341572 dv-cinder-799663-12-smb devstack@c-api.service[119759]: DEBUG cinder.api.middleware.request_id [None req-da04602d-c881-47f5-8117-a4948eab9a0d None None] RequestId filter calling following filter/app {{(pid=119759) _context_setter /opt/stack/cinder/cinder/api/middleware/request_id.py:62}}
Sep 03 03:49:34.352792 dv-cinder-799663-12-smb devstack@c-api.service[119759]: INFO cinder.api.openstack.wsgi [None req-da04602d-c881-47f5-8117-a4948eab9a0d tempest-GroupSnapshotsTest-1362559378 tempest-GroupSnapshotsTest-1362559378-project] GET http://10.222.0.13/volume/v3/224826ad62114cb4a7f1a328ada88f4e/volumes/9450ca3c-2060-4d3c-8763-9685643dc962
Sep 03 03:49:34.353465 dv-cinder-799663-12-smb devstack@c-api.service[119759]: DEBUG cinder.api.openstack.wsgi [None req-da04602d-c881-47f5-8117-a4948eab9a0d tempest-GroupSnapshotsTest-1362559378 tempest-GroupSnapshotsTest-1362559378-project] Empty body provided in request {{(pid=119759) get_body /opt/stack/cinder/cinder/api/openstack/wsgi.py:715}}
Sep 03 03:49:34.354108 dv-cinder-799663-12-smb devstack@c-api.service[119759]: DEBUG cinder.api.openstack.wsgi [None req-da04602d-c881-47f5-8117-a4948eab9a0d tempest-GroupSnapshotsTest-1362559378 tempest-GroupSnapshotsTest-1362559378-project] Calling method 'show' {{(pid=119759) _process_stack /opt/stack/cinder/cinder/api/openstack/wsgi.py:868}}
Sep 03 03:49:34.368068 dv-cinder-799663-12-smb devstack@c-api.service[119759]: DEBUG dbcounter [-] [119759] Writing DB stats cinder:SELECT=84,cinder:INSERT=6,cinder:UPDATE=10 {{(pid=119759) stat_writer /usr/local/lib/python3.8/dist-packages/dbcounter.py:114}}
Sep 03 03:49:34.406839 dv-cinder-799663-12-smb devstack@c-api.service[119759]: /usr/local/lib/python3.8/dist-packages/oslo_context/context.py:100: DeprecationWarning: Policy enforcement is depending on the value of is_admin. This key is deprecated. Please update your policy file to use the standard policy values.
Sep 03 03:49:34.406839 dv-cinder-799663-12-smb devstack@c-api.service[119759]: warnings.warn('Policy enforcement is depending on the value of '
Sep 03 03:49:34.416801 dv-cinder-799663-12-smb devstack@c-api.service[119759]: INFO cinder.volume.api [None req-da04602d-c881-47f5-8117-a4948eab9a0d tempest-GroupSnapshotsTest-1362559378 tempest-GroupSnapshotsTest-1362559378-project] Volume info retrieved successfully.
Sep 03 03:49:34.423846 dv-cinder-799663-12-smb devstack@c-api.service[119759]: WARNING stevedore.named [None req-da04602d-c881-47f5-8117-a4948eab9a0d tempest-GroupSnapshotsTest-1362559378 tempest-GroupSnapshotsTest-1362559378-project] Could not load cinder.keymgr.conf_key_mgr.ConfKeyManager
Sep 03 03:49:34.424939 dv-cinder-799663-12-smb devstack@c-api.service[119759]: WARNING castellan.key_manager [None req-da04602d-c881-47f5-8117-a4948eab9a0d tempest-GroupSnapshotsTest-1362559378 tempest-GroupSnapshotsTest-1362559378-project] Deprecation Warning : cinder.keymgr.conf_key_mgr.ConfKeyManager is not a stevedore based driver, trying to load it as a class: stevedore.exception.NoMatches: No 'castellan.drivers' driver found, looking for 'cinder.keymgr.conf_key_mgr.ConfKeyManager'
Sep 03 03:49:34.435834 dv-cinder-799663-12-smb devstack@c-api.service[119759]: DEBUG oslo_db.sqlalchemy.engines [None req-da04602d-c881-47f5-8117-a4948eab9a0d tempest-GroupSnapshotsTest-1362559378 tempest-GroupSnapshotsTest-1362559378-project] MySQL server mode set to STRICT_TRANS_TABLES,STRICT_ALL_TABLES,NO_ZERO_IN_DATE,NO_ZERO_DATE,ERROR_FOR_DIVISION_BY_ZERO,TRADITIONAL,NO_ENGINE_SUBSTITUTION {{(pid=119759) _check_effective_sql_mode /usr/local/lib/python3.8/dist-packages/oslo_db/sqlalchemy/engines.py:314}}
Sep 03 03:49:34.446332 dv-cinder-799663-12-smb devstack@c-api.service[119759]: /usr/local/lib/python3.8/dist-packages/oslo_context/context.py:100: DeprecationWarning: Policy enforcement is depending on the value of is_admin. This key is deprecated. Please update your policy file to use the standard policy values.
Sep 03 03:49:34.446332 dv-cinder-799663-12-smb devstack@c-api.service[119759]: warnings.warn('Policy enforcement is depending on the value of '
Sep 03 03:49:34.474339 dv-cinder-799663-12-smb devstack@c-api.service[119759]: INFO cinder.api.openstack.wsgi [None req-da04602d-c881-47f5-8117-a4948eab9a0d tempest-GroupSnapshotsTest-1362559378 tempest-GroupSnapshotsTest-1362559378-project] http://10.222.0.13/volume/v3/224826ad62114cb4a7f1a328ada88f4e/volumes/9450ca3c-2060-4d3c-8763-9685643dc962 returned with HTTP 200
Sep 03 03:49:34.475717 dv-cinder-799663-12-smb devstack@c-api.service[119759]: [pid: 119759|app: 0|req: 27/62] 10.222.0.13 () {60 vars in 1366 bytes} [Sat Sep 3 03:49:34 2022] GET /volume/v3/224826ad62114cb4a7f1a328ada88f4e/volumes/9450ca3c-2060-4d3c-8763-9685643dc962 => generated 992 bytes in 137 msecs (HTTP/1.1 200) 7 headers in 286 bytes (1 switches on core 0)
Sep 03 03:49:34.480256 dv-cinder-799663-12-smb devstack@c-api.service[119758]: INFO cinder.volume.api [req-9abb53fe-e2d6-4b80-afe7-e3d9f8e5a5ae req-8f1a837a-9805-4201-a9fb-07c53d6202d9 tempest-VolumesTestJSON-1159115535 tempest-VolumesTestJSON-1159115535-project] Get all volumes completed successfully.
Sep 03 03:49:34.487399 dv-cinder-799663-12-smb devstack@c-api.service[119758]: /usr/local/lib/python3.8/dist-packages/oslo_context/context.py:100: DeprecationWarning: Policy enforcement is depending on the value of is_admin. This key is deprecated. Please update your policy file to use the standard policy values.
Sep 03 03:49:34.487399 dv-cinder-799663-12-smb devstack@c-api.service[119758]: warnings.warn('Policy enforcement is depending on the value of '
Sep 03 03:49:34.510741 dv-cinder-799663-12-smb devstack@c-api.service[119758]: INFO cinder.api.openstack.wsgi [req-9abb53fe-e2d6-4b80-afe7-e3d9f8e5a5ae req-8f1a837a-9805-4201-a9fb-07c53d6202d9 tempest-VolumesTestJSON-1159115535 tempest-VolumesTestJSON-1159115535-project] http://10.222.0.13/volume/v3/cf73661dc0e2415385485014aa8dc32b/volumes/detail returned with HTTP 200
Sep 03 03:49:34.517085 dv-cinder-799663-12-smb devstack@c-api.service[119758]: [pid: 119758|app: 0|req: 36/63] 10.222.0.13 () {60 vars in 1488 bytes} [Sat Sep 3 03:49:34 2022] GET /volume/v3/cf73661dc0e2415385485014aa8dc32b/volumes/detail => generated 2747 bytes in 260 msecs (HTTP/1.1 200) 7 headers in 286 bytes (1 switches on core 0)
Sep 03 03:49:34.549029 dv-cinder-799663-12-smb devstack@c-api.service[119759]: DEBUG cinder.api.middleware.request_id [None req-558d36ed-7037-4cd9-a754-e1fd025d62c4 None None] RequestId filter calling following filter/app {{(pid=119759) _context_setter /opt/stack/cinder/cinder/api/middleware/request_id.py:62}}
Sep 03 03:49:34.555779 dv-cinder-799663-12-smb devstack@c-api.service[119759]: INFO cinder.api.openstack.wsgi [None req-558d36ed-7037-4cd9-a754-e1fd025d62c4 tempest-VolumesTestJSON-1159115535 tempest-VolumesTestJSON-1159115535-project] DELETE http://10.222.0.13/volume/v3/cf73661dc0e2415385485014aa8dc32b/volumes/1e37d6e6-cf11-45b2-8d54-dfdd5a270383
Sep 03 03:49:34.556295 dv-cinder-799663-12-smb devstack@c-api.service[119759]: DEBUG cinder.api.openstack.wsgi [None req-558d36ed-7037-4cd9-a754-e1fd025d62c4 tempest-VolumesTestJSON-1159115535 tempest-VolumesTestJSON-1159115535-project] Empty body provided in request {{(pid=119759) get_body /opt/stack/cinder/cinder/api/openstack/wsgi.py:715}}
Sep 03 03:49:34.556946 dv-cinder-799663-12-smb devstack@c-api.service[119759]: DEBUG cinder.api.openstack.wsgi [None req-558d36ed-7037-4cd9-a754-e1fd025d62c4 tempest-VolumesTestJSON-1159115535 tempest-VolumesTestJSON-1159115535-project] Calling method 'delete' {{(pid=119759) _process_stack /opt/stack/cinder/cinder/api/openstack/wsgi.py:868}}
Sep 03 03:49:34.557353 dv-cinder-799663-12-smb devstack@c-api.service[119759]: INFO cinder.api.v3.volumes [None req-558d36ed-7037-4cd9-a754-e1fd025d62c4 tempest-VolumesTestJSON-1159115535 tempest-VolumesTestJSON-1159115535-project] Delete volume with id: 1e37d6e6-cf11-45b2-8d54-dfdd5a270383
Sep 03 03:49:34.617950 dv-cinder-799663-12-smb devstack@c-api.service[119759]: /usr/local/lib/python3.8/dist-packages/oslo_context/context.py:100: DeprecationWarning: Policy enforcement is depending on the value of is_admin. This key is deprecated. Please update your policy file to use the standard policy values.
Sep 03 03:49:34.617950 dv-cinder-799663-12-smb devstack@c-api.service[119759]: warnings.warn('Policy enforcement is depending on the value of '
Sep 03 03:49:34.621243 dv-cinder-799663-12-smb devstack@c-api.service[119759]: INFO cinder.volume.api [None req-558d36ed-7037-4cd9-a754-e1fd025d62c4 tempest-VolumesTestJSON-1159115535 tempest-VolumesTestJSON-1159115535-project] Volume info retrieved successfully.
Sep 03 03:49:34.700725 dv-cinder-799663-12-smb devstack@c-api.service[119759]: INFO cinder.volume.api [None req-558d36ed-7037-4cd9-a754-e1fd025d62c4 tempest-VolumesTestJSON-1159115535 tempest-VolumesTestJSON-1159115535-project] Delete volume request issued successfully.
Sep 03 03:49:34.706013 dv-cinder-799663-12-smb devstack@c-api.service[119759]: INFO cinder.api.openstack.wsgi [None req-558d36ed-7037-4cd9-a754-e1fd025d62c4 tempest-VolumesTestJSON-1159115535 tempest-VolumesTestJSON-1159115535-project] http://10.222.0.13/volume/v3/cf73661dc0e2415385485014aa8dc32b/volumes/1e37d6e6-cf11-45b2-8d54-dfdd5a270383 returned with HTTP 202
Sep 03 03:49:34.707009 dv-cinder-799663-12-smb devstack@c-api.service[119759]: [pid: 119759|app: 0|req: 28/64] 10.222.0.13 () {58 vars in 1328 bytes} [Sat Sep 3 03:49:34 2022] DELETE /volume/v3/cf73661dc0e2415385485014aa8dc32b/volumes/1e37d6e6-cf11-45b2-8d54-dfdd5a270383 => generated 0 bytes in 160 msecs (HTTP/1.1 202) 6 headers in 233 bytes (1 switches on core 0)
Sep 03 03:49:34.711736 dv-cinder-799663-12-smb devstack@c-api.service[119758]: DEBUG cinder.api.middleware.request_id [None req-4f00e6c5-0dd3-4fac-b724-cebf8c908413 None None] RequestId filter calling following filter/app {{(pid=119758) _context_setter /opt/stack/cinder/cinder/api/middleware/request_id.py:62}}
Sep 03 03:49:34.717425 dv-cinder-799663-12-smb devstack@c-api.service[119758]: INFO cinder.api.openstack.wsgi [None req-4f00e6c5-0dd3-4fac-b724-cebf8c908413 tempest-VolumesTestJSON-1159115535 tempest-VolumesTestJSON-1159115535-project] GET http://10.222.0.13/volume/v3/cf73661dc0e2415385485014aa8dc32b/volumes/1e37d6e6-cf11-45b2-8d54-dfdd5a270383
Sep 03 03:49:34.726953 dv-cinder-799663-12-smb devstack@c-api.service[119758]: DEBUG cinder.api.openstack.wsgi [None req-4f00e6c5-0dd3-4fac-b724-cebf8c908413 tempest-VolumesTestJSON-1159115535 tempest-VolumesTestJSON-1159115535-project] Empty body provided in request {{(pid=119758) get_body /opt/stack/cinder/cinder/api/openstack/wsgi.py:715}}
Sep 03 03:49:34.727997 dv-cinder-799663-12-smb devstack@c-api.service[119758]: DEBUG cinder.api.openstack.wsgi [None req-4f00e6c5-0dd3-4fac-b724-cebf8c908413 tempest-VolumesTestJSON-1159115535 tempest-VolumesTestJSON-1159115535-project] Calling method 'show' {{(pid=119758) _process_stack /opt/stack/cinder/cinder/api/openstack/wsgi.py:868}}
Sep 03 03:49:34.763847 dv-cinder-799663-12-smb devstack@c-api.service[119758]: /usr/local/lib/python3.8/dist-packages/oslo_context/context.py:100: DeprecationWarning: Policy enforcement is depending on the value of is_admin. This key is deprecated. Please update your policy file to use the standard policy values.
Sep 03 03:49:34.763847 dv-cinder-799663-12-smb devstack@c-api.service[119758]: warnings.warn('Policy enforcement is depending on the value of '
Sep 03 03:49:34.790772 dv-cinder-799663-12-smb devstack@c-api.service[119758]: INFO cinder.volume.api [None req-4f00e6c5-0dd3-4fac-b724-cebf8c908413 tempest-VolumesTestJSON-1159115535 tempest-VolumesTestJSON-1159115535-project] Volume info retrieved successfully.
Sep 03 03:49:34.829988 dv-cinder-799663-12-smb devstack@c-api.service[119758]: INFO cinder.api.openstack.wsgi [None req-4f00e6c5-0dd3-4fac-b724-cebf8c908413 tempest-VolumesTestJSON-1159115535 tempest-VolumesTestJSON-1159115535-project] http://10.222.0.13/volume/v3/cf73661dc0e2415385485014aa8dc32b/volumes/1e37d6e6-cf11-45b2-8d54-dfdd5a270383 returned with HTTP 200
Sep 03 03:49:34.847092 dv-cinder-799663-12-smb devstack@c-api.service[119758]: [pid: 119758|app: 0|req: 37/65] 10.222.0.13 () {58 vars in 1325 bytes} [Sat Sep 3 03:49:34 2022] GET /volume/v3/cf73661dc0e2415385485014aa8dc32b/volumes/1e37d6e6-cf11-45b2-8d54-dfdd5a270383 => generated 921 bytes in 122 msecs (HTTP/1.1 200) 7 headers in 285 bytes (1 switches on core 0)
Sep 03 03:49:35.495697 dv-cinder-799663-12-smb devstack@c-api.service[119759]: DEBUG cinder.api.middleware.request_id [None req-da5a5bf8-9659-49b2-bab3-f00d08313b85 None None] RequestId filter calling following filter/app {{(pid=119759) _context_setter /opt/stack/cinder/cinder/api/middleware/request_id.py:62}}
Sep 03 03:49:35.499373 dv-cinder-799663-12-smb devstack@c-api.service[119759]: INFO cinder.api.openstack.wsgi [None req-da5a5bf8-9659-49b2-bab3-f00d08313b85 tempest-GroupSnapshotsTest-1362559378 tempest-GroupSnapshotsTest-1362559378-project] GET http://10.222.0.13/volume/v3/224826ad62114cb4a7f1a328ada88f4e/volumes/9450ca3c-2060-4d3c-8763-9685643dc962
Sep 03 03:49:35.499881 dv-cinder-799663-12-smb devstack@c-api.service[119759]: DEBUG cinder.api.openstack.wsgi [None req-da5a5bf8-9659-49b2-bab3-f00d08313b85 tempest-GroupSnapshotsTest-1362559378 tempest-GroupSnapshotsTest-1362559378-project] Empty body provided in request {{(pid=119759) get_body /opt/stack/cinder/cinder/api/openstack/wsgi.py:715}}
Sep 03 03:49:35.500443 dv-cinder-799663-12-smb devstack@c-api.service[119759]: DEBUG cinder.api.openstack.wsgi [None req-da5a5bf8-9659-49b2-bab3-f00d08313b85 tempest-GroupSnapshotsTest-1362559378 tempest-GroupSnapshotsTest-1362559378-project] Calling method 'show' {{(pid=119759) _process_stack /opt/stack/cinder/cinder/api/openstack/wsgi.py:868}}
Sep 03 03:49:35.524040 dv-cinder-799663-12-smb devstack@c-api.service[119759]: /usr/local/lib/python3.8/dist-packages/oslo_context/context.py:100: DeprecationWarning: Policy enforcement is depending on the value of is_admin. This key is deprecated. Please update your policy file to use the standard policy values.
Sep 03 03:49:35.524040 dv-cinder-799663-12-smb devstack@c-api.service[119759]: warnings.warn('Policy enforcement is depending on the value of '
Sep 03 03:49:35.547169 dv-cinder-799663-12-smb devstack@c-api.service[119759]: INFO cinder.volume.api [None req-da5a5bf8-9659-49b2-bab3-f00d08313b85 tempest-GroupSnapshotsTest-1362559378 tempest-GroupSnapshotsTest-1362559378-project] Volume info retrieved successfully.
Sep 03 03:49:35.550387 dv-cinder-799663-12-smb devstack@c-api.service[119759]: WARNING stevedore.named [None req-da5a5bf8-9659-49b2-bab3-f00d08313b85 tempest-GroupSnapshotsTest-1362559378 tempest-GroupSnapshotsTest-1362559378-project] Could not load cinder.keymgr.conf_key_mgr.ConfKeyManager
Sep 03 03:49:35.550788 dv-cinder-799663-12-smb devstack@c-api.service[119759]: WARNING castellan.key_manager [None req-da5a5bf8-9659-49b2-bab3-f00d08313b85 tempest-GroupSnapshotsTest-1362559378 tempest-GroupSnapshotsTest-1362559378-project] Deprecation Warning : cinder.keymgr.conf_key_mgr.ConfKeyManager is not a stevedore based driver, trying to load it as a class: stevedore.exception.NoMatches: No 'castellan.drivers' driver found, looking for 'cinder.keymgr.conf_key_mgr.ConfKeyManager'
Sep 03 03:49:35.561946 dv-cinder-799663-12-smb devstack@c-api.service[119759]: DEBUG oslo_db.sqlalchemy.engines [None req-da5a5bf8-9659-49b2-bab3-f00d08313b85 tempest-GroupSnapshotsTest-1362559378 tempest-GroupSnapshotsTest-1362559378-project] MySQL server mode set to STRICT_TRANS_TABLES,STRICT_ALL_TABLES,NO_ZERO_IN_DATE,NO_ZERO_DATE,ERROR_FOR_DIVISION_BY_ZERO,TRADITIONAL,NO_ENGINE_SUBSTITUTION {{(pid=119759) _check_effective_sql_mode /usr/local/lib/python3.8/dist-packages/oslo_db/sqlalchemy/engines.py:314}}
Sep 03 03:49:35.576055 dv-cinder-799663-12-smb devstack@c-api.service[119759]: /usr/local/lib/python3.8/dist-packages/oslo_context/context.py:100: DeprecationWarning: Policy enforcement is depending on the value of is_admin. This key is deprecated. Please update your policy file to use the standard policy values.
Sep 03 03:49:35.576055 dv-cinder-799663-12-smb devstack@c-api.service[119759]: warnings.warn('Policy enforcement is depending on the value of '
Sep 03 03:49:35.614480 dv-cinder-799663-12-smb devstack@c-api.service[119759]: INFO cinder.api.openstack.wsgi [None req-da5a5bf8-9659-49b2-bab3-f00d08313b85 tempest-GroupSnapshotsTest-1362559378 tempest-GroupSnapshotsTest-1362559378-project] http://10.222.0.13/volume/v3/224826ad62114cb4a7f1a328ada88f4e/volumes/9450ca3c-2060-4d3c-8763-9685643dc962 returned with HTTP 200
Sep 03 03:49:35.629782 dv-cinder-799663-12-smb devstack@c-api.service[119759]: [pid: 119759|app: 0|req: 29/66] 10.222.0.13 () {60 vars in 1366 bytes} [Sat Sep 3 03:49:35 2022] GET /volume/v3/224826ad62114cb4a7f1a328ada88f4e/volumes/9450ca3c-2060-4d3c-8763-9685643dc962 => generated 993 bytes in 135 msecs (HTTP/1.1 200) 7 headers in 286 bytes (1 switches on core 0)
Sep 03 03:49:35.636220 dv-cinder-799663-12-smb devstack@c-api.service[119758]: DEBUG cinder.api.middleware.request_id [None req-a5ff8a6d-f0c9-4130-b82d-68a6849db509 None None] RequestId filter calling following filter/app {{(pid=119758) _context_setter /opt/stack/cinder/cinder/api/middleware/request_id.py:62}}
Sep 03 03:49:35.641448 dv-cinder-799663-12-smb devstack@c-api.service[119758]: INFO cinder.api.openstack.wsgi [None req-a5ff8a6d-f0c9-4130-b82d-68a6849db509 tempest-GroupSnapshotsTest-1362559378 tempest-GroupSnapshotsTest-1362559378-project] GET http://10.222.0.13/volume/v3/224826ad62114cb4a7f1a328ada88f4e/groups/48d66b13-b5ce-4bc8-985e-c78bef5fbd16
Sep 03 03:49:35.642123 dv-cinder-799663-12-smb devstack@c-api.service[119758]: DEBUG cinder.api.openstack.wsgi [None req-a5ff8a6d-f0c9-4130-b82d-68a6849db509 tempest-GroupSnapshotsTest-1362559378 tempest-GroupSnapshotsTest-1362559378-project] Empty body provided in request {{(pid=119758) get_body /opt/stack/cinder/cinder/api/openstack/wsgi.py:715}}
Sep 03 03:49:35.642709 dv-cinder-799663-12-smb devstack@c-api.service[119758]: DEBUG cinder.api.openstack.wsgi [None req-a5ff8a6d-f0c9-4130-b82d-68a6849db509 tempest-GroupSnapshotsTest-1362559378 tempest-GroupSnapshotsTest-1362559378-project] Calling method 'version_select' {{(pid=119758) _process_stack /opt/stack/cinder/cinder/api/openstack/wsgi.py:868}}
Sep 03 03:49:35.643240 dv-cinder-799663-12-smb devstack@c-api.service[119758]: DEBUG cinder.api.v3.groups [None req-a5ff8a6d-f0c9-4130-b82d-68a6849db509 tempest-GroupSnapshotsTest-1362559378 tempest-GroupSnapshotsTest-1362559378-project] show called for member 48d66b13-b5ce-4bc8-985e-c78bef5fbd16 {{(pid=119758) show /opt/stack/cinder/cinder/api/v3/groups.py:58}}
Sep 03 03:49:35.659070 dv-cinder-799663-12-smb devstack@c-api.service[119758]: /usr/local/lib/python3.8/dist-packages/oslo_context/context.py:100: DeprecationWarning: Policy enforcement is depending on the value of is_admin. This key is deprecated. Please update your policy file to use the standard policy values.
Sep 03 03:49:35.659070 dv-cinder-799663-12-smb devstack@c-api.service[119758]: warnings.warn('Policy enforcement is depending on the value of '
Sep 03 03:49:35.685994 dv-cinder-799663-12-smb devstack@c-api.service[119758]: DEBUG dbcounter [-] [119758] Writing DB stats cinder:INSERT=7,cinder:SELECT=80,cinder:UPDATE=13 {{(pid=119758) stat_writer /usr/local/lib/python3.8/dist-packages/dbcounter.py:114}}
Sep 03 03:49:35.741443 dv-cinder-799663-12-smb devstack@c-api.service[119758]: INFO cinder.api.openstack.wsgi [None req-a5ff8a6d-f0c9-4130-b82d-68a6849db509 tempest-GroupSnapshotsTest-1362559378 tempest-GroupSnapshotsTest-1362559378-project] http://10.222.0.13/volume/v3/224826ad62114cb4a7f1a328ada88f4e/groups/48d66b13-b5ce-4bc8-985e-c78bef5fbd16 returned with HTTP 200
Sep 03 03:49:35.747897 dv-cinder-799663-12-smb devstack@c-api.service[119758]: [pid: 119758|app: 0|req: 38/67] 10.222.0.13 () {60 vars in 1363 bytes} [Sat Sep 3 03:49:35 2022] GET /volume/v3/224826ad62114cb4a7f1a328ada88f4e/groups/48d66b13-b5ce-4bc8-985e-c78bef5fbd16 => generated 417 bytes in 111 msecs (HTTP/1.1 200) 7 headers in 286 bytes (1 switches on core 0)
Sep 03 03:49:35.753917 dv-cinder-799663-12-smb devstack@c-api.service[119759]: DEBUG cinder.api.middleware.request_id [None req-04a52f85-37c8-405e-a7d1-c2d1efdeabf6 None None] RequestId filter calling following filter/app {{(pid=119759) _context_setter /opt/stack/cinder/cinder/api/middleware/request_id.py:62}}
Sep 03 03:49:35.757806 dv-cinder-799663-12-smb devstack@c-api.service[119759]: INFO cinder.api.openstack.wsgi [None req-04a52f85-37c8-405e-a7d1-c2d1efdeabf6 tempest-GroupSnapshotsTest-1362559378 tempest-GroupSnapshotsTest-1362559378-project] GET http://10.222.0.13/volume/v3/224826ad62114cb4a7f1a328ada88f4e/volumes/detail
Sep 03 03:49:35.758309 dv-cinder-799663-12-smb devstack@c-api.service[119759]: DEBUG cinder.api.openstack.wsgi [None req-04a52f85-37c8-405e-a7d1-c2d1efdeabf6 tempest-GroupSnapshotsTest-1362559378 tempest-GroupSnapshotsTest-1362559378-project] Empty body provided in request {{(pid=119759) get_body /opt/stack/cinder/cinder/api/openstack/wsgi.py:715}}
Sep 03 03:49:35.758762 dv-cinder-799663-12-smb devstack@c-api.service[119759]: DEBUG cinder.api.openstack.wsgi [None req-04a52f85-37c8-405e-a7d1-c2d1efdeabf6 tempest-GroupSnapshotsTest-1362559378 tempest-GroupSnapshotsTest-1362559378-project] Calling method 'detail' {{(pid=119759) _process_stack /opt/stack/cinder/cinder/api/openstack/wsgi.py:868}}
Sep 03 03:49:35.759579 dv-cinder-799663-12-smb devstack@c-api.service[119759]: DEBUG cinder.api.api_utils [None req-04a52f85-37c8-405e-a7d1-c2d1efdeabf6 tempest-GroupSnapshotsTest-1362559378 tempest-GroupSnapshotsTest-1362559378-project] Removing options '' from query. {{(pid=119759) remove_invalid_filter_options /opt/stack/cinder/cinder/api/api_utils.py:83}}
Sep 03 03:49:35.766940 dv-cinder-799663-12-smb devstack@c-api.service[119759]: DEBUG cinder.volume.api [None req-04a52f85-37c8-405e-a7d1-c2d1efdeabf6 tempest-GroupSnapshotsTest-1362559378 tempest-GroupSnapshotsTest-1362559378-project] Searching by: MultiDict([('no_migration_targets', True)]). {{(pid=119759) get_all /opt/stack/cinder/cinder/volume/api.py:664}}
Sep 03 03:49:35.851805 dv-cinder-799663-12-smb devstack@c-api.service[119758]: DEBUG cinder.api.middleware.request_id [None req-b4f3596e-1f44-478e-8f84-d99f2ef479dc None None] RequestId filter calling following filter/app {{(pid=119758) _context_setter /opt/stack/cinder/cinder/api/middleware/request_id.py:62}}
Sep 03 03:49:35.863334 dv-cinder-799663-12-smb devstack@c-api.service[119758]: INFO cinder.api.openstack.wsgi [None req-b4f3596e-1f44-478e-8f84-d99f2ef479dc tempest-VolumesTestJSON-1159115535 tempest-VolumesTestJSON-1159115535-project] GET http://10.222.0.13/volume/v3/cf73661dc0e2415385485014aa8dc32b/volumes/1e37d6e6-cf11-45b2-8d54-dfdd5a270383
Sep 03 03:49:35.864449 dv-cinder-799663-12-smb devstack@c-api.service[119758]: DEBUG cinder.api.openstack.wsgi [None req-b4f3596e-1f44-478e-8f84-d99f2ef479dc tempest-VolumesTestJSON-1159115535 tempest-VolumesTestJSON-1159115535-project] Empty body provided in request {{(pid=119758) get_body /opt/stack/cinder/cinder/api/openstack/wsgi.py:715}}
Sep 03 03:49:35.864965 dv-cinder-799663-12-smb devstack@c-api.service[119758]: DEBUG cinder.api.openstack.wsgi [None req-b4f3596e-1f44-478e-8f84-d99f2ef479dc tempest-VolumesTestJSON-1159115535 tempest-VolumesTestJSON-1159115535-project] Calling method 'show' {{(pid=119758) _process_stack /opt/stack/cinder/cinder/api/openstack/wsgi.py:868}}
Sep 03 03:49:35.890285 dv-cinder-799663-12-smb devstack@c-api.service[119758]: INFO cinder.api.openstack.wsgi [None req-b4f3596e-1f44-478e-8f84-d99f2ef479dc tempest-VolumesTestJSON-1159115535 tempest-VolumesTestJSON-1159115535-project] http://10.222.0.13/volume/v3/cf73661dc0e2415385485014aa8dc32b/volumes/1e37d6e6-cf11-45b2-8d54-dfdd5a270383 returned with HTTP 404
Sep 03 03:49:35.892097 dv-cinder-799663-12-smb devstack@c-api.service[119758]: [pid: 119758|app: 0|req: 39/68] 10.222.0.13 () {58 vars in 1325 bytes} [Sat Sep 3 03:49:35 2022] GET /volume/v3/cf73661dc0e2415385485014aa8dc32b/volumes/1e37d6e6-cf11-45b2-8d54-dfdd5a270383 => generated 109 bytes in 41 msecs (HTTP/1.1 404) 7 headers in 292 bytes (2 switches on core 0)
Sep 03 03:49:35.896875 dv-cinder-799663-12-smb devstack@c-api.service[119759]: INFO cinder.volume.api [None req-04a52f85-37c8-405e-a7d1-c2d1efdeabf6 tempest-GroupSnapshotsTest-1362559378 tempest-GroupSnapshotsTest-1362559378-project] Get all volumes completed successfully.
Sep 03 03:49:35.897921 dv-cinder-799663-12-smb devstack@c-api.service[119758]: DEBUG cinder.api.middleware.request_id [None req-e78aa19f-cebe-4ca5-aea5-84a84497078c None None] RequestId filter calling following filter/app {{(pid=119758) _context_setter /opt/stack/cinder/cinder/api/middleware/request_id.py:62}}
Sep 03 03:49:35.898433 dv-cinder-799663-12-smb devstack@c-api.service[119759]: WARNING stevedore.named [None req-04a52f85-37c8-405e-a7d1-c2d1efdeabf6 tempest-GroupSnapshotsTest-1362559378 tempest-GroupSnapshotsTest-1362559378-project] Could not load cinder.keymgr.conf_key_mgr.ConfKeyManager
Sep 03 03:49:35.898820 dv-cinder-799663-12-smb devstack@c-api.service[119759]: WARNING castellan.key_manager [None req-04a52f85-37c8-405e-a7d1-c2d1efdeabf6 tempest-GroupSnapshotsTest-1362559378 tempest-GroupSnapshotsTest-1362559378-project] Deprecation Warning : cinder.keymgr.conf_key_mgr.ConfKeyManager is not a stevedore based driver, trying to load it as a class: stevedore.exception.NoMatches: No 'castellan.drivers' driver found, looking for 'cinder.keymgr.conf_key_mgr.ConfKeyManager'
Sep 03 03:49:35.910749 dv-cinder-799663-12-smb devstack@c-api.service[119758]: INFO cinder.api.openstack.wsgi [None req-e78aa19f-cebe-4ca5-aea5-84a84497078c tempest-VolumesTestJSON-1159115535 tempest-VolumesTestJSON-1159115535-project] DELETE http://10.222.0.13/volume/v3/cf73661dc0e2415385485014aa8dc32b/volumes/dac84798-4ec8-4d80-82e6-50d87c64b240
Sep 03 03:49:35.912385 dv-cinder-799663-12-smb devstack@c-api.service[119758]: DEBUG cinder.api.openstack.wsgi [None req-e78aa19f-cebe-4ca5-aea5-84a84497078c tempest-VolumesTestJSON-1159115535 tempest-VolumesTestJSON-1159115535-project] Empty body provided in request {{(pid=119758) get_body /opt/stack/cinder/cinder/api/openstack/wsgi.py:715}}
Sep 03 03:49:35.912888 dv-cinder-799663-12-smb devstack@c-api.service[119758]: DEBUG cinder.api.openstack.wsgi [None req-e78aa19f-cebe-4ca5-aea5-84a84497078c tempest-VolumesTestJSON-1159115535 tempest-VolumesTestJSON-1159115535-project] Calling method 'delete' {{(pid=119758) _process_stack /opt/stack/cinder/cinder/api/openstack/wsgi.py:868}}
Sep 03 03:49:35.918822 dv-cinder-799663-12-smb devstack@c-api.service[119758]: INFO cinder.api.v3.volumes [None req-e78aa19f-cebe-4ca5-aea5-84a84497078c tempest-VolumesTestJSON-1159115535 tempest-VolumesTestJSON-1159115535-project] Delete volume with id: dac84798-4ec8-4d80-82e6-50d87c64b240
Sep 03 03:49:35.921612 dv-cinder-799663-12-smb devstack@c-api.service[119759]: DEBUG oslo_db.sqlalchemy.engines [None req-04a52f85-37c8-405e-a7d1-c2d1efdeabf6 tempest-GroupSnapshotsTest-1362559378 tempest-GroupSnapshotsTest-1362559378-project] MySQL server mode set to STRICT_TRANS_TABLES,STRICT_ALL_TABLES,NO_ZERO_IN_DATE,NO_ZERO_DATE,ERROR_FOR_DIVISION_BY_ZERO,TRADITIONAL,NO_ENGINE_SUBSTITUTION {{(pid=119759) _check_effective_sql_mode /usr/local/lib/python3.8/dist-packages/oslo_db/sqlalchemy/engines.py:314}}
Sep 03 03:49:35.933681 dv-cinder-799663-12-smb devstack@c-api.service[119759]: /usr/local/lib/python3.8/dist-packages/oslo_context/context.py:100: DeprecationWarning: Policy enforcement is depending on the value of is_admin. This key is deprecated. Please update your policy file to use the standard policy values.
Sep 03 03:49:35.933681 dv-cinder-799663-12-smb devstack@c-api.service[119759]: warnings.warn('Policy enforcement is depending on the value of '
Sep 03 03:49:35.951736 dv-cinder-799663-12-smb devstack@c-api.service[119759]: WARNING stevedore.named [None req-04a52f85-37c8-405e-a7d1-c2d1efdeabf6 tempest-GroupSnapshotsTest-1362559378 tempest-GroupSnapshotsTest-1362559378-project] Could not load cinder.keymgr.conf_key_mgr.ConfKeyManager
Sep 03 03:49:35.952015 dv-cinder-799663-12-smb devstack@c-api.service[119758]: /usr/local/lib/python3.8/dist-packages/oslo_context/context.py:100: DeprecationWarning: Policy enforcement is depending on the value of is_admin. This key is deprecated. Please update your policy file to use the standard policy values.
Sep 03 03:49:35.952015 dv-cinder-799663-12-smb devstack@c-api.service[119758]: warnings.warn('Policy enforcement is depending on the value of '
Sep 03 03:49:35.953225 dv-cinder-799663-12-smb devstack@c-api.service[119758]: INFO cinder.volume.api [None req-e78aa19f-cebe-4ca5-aea5-84a84497078c tempest-VolumesTestJSON-1159115535 tempest-VolumesTestJSON-1159115535-project] Volume info retrieved successfully.
Sep 03 03:49:35.954029 dv-cinder-799663-12-smb devstack@c-api.service[119759]: WARNING castellan.key_manager [None req-04a52f85-37c8-405e-a7d1-c2d1efdeabf6 tempest-GroupSnapshotsTest-1362559378 tempest-GroupSnapshotsTest-1362559378-project] Deprecation Warning : cinder.keymgr.conf_key_mgr.ConfKeyManager is not a stevedore based driver, trying to load it as a class: stevedore.exception.NoMatches: No 'castellan.drivers' driver found, looking for 'cinder.keymgr.conf_key_mgr.ConfKeyManager'
Sep 03 03:49:35.970357 dv-cinder-799663-12-smb devstack@c-api.service[119759]: DEBUG oslo_db.sqlalchemy.engines [None req-04a52f85-37c8-405e-a7d1-c2d1efdeabf6 tempest-GroupSnapshotsTest-1362559378 tempest-GroupSnapshotsTest-1362559378-project] MySQL server mode set to STRICT_TRANS_TABLES,STRICT_ALL_TABLES,NO_ZERO_IN_DATE,NO_ZERO_DATE,ERROR_FOR_DIVISION_BY_ZERO,TRADITIONAL,NO_ENGINE_SUBSTITUTION {{(pid=119759) _check_effective_sql_mode /usr/local/lib/python3.8/dist-packages/oslo_db/sqlalchemy/engines.py:314}}
Sep 03 03:49:35.983569 dv-cinder-799663-12-smb devstack@c-api.service[119759]: /usr/local/lib/python3.8/dist-packages/oslo_context/context.py:100: DeprecationWarning: Policy enforcement is depending on the value of is_admin. This key is deprecated. Please update your policy file to use the standard policy values.
Sep 03 03:49:35.983569 dv-cinder-799663-12-smb devstack@c-api.service[119759]: warnings.warn('Policy enforcement is depending on the value of '
Sep 03 03:49:36.008549 dv-cinder-799663-12-smb devstack@c-api.service[119759]: INFO cinder.api.openstack.wsgi [None req-04a52f85-37c8-405e-a7d1-c2d1efdeabf6 tempest-GroupSnapshotsTest-1362559378 tempest-GroupSnapshotsTest-1362559378-project] http://10.222.0.13/volume/v3/224826ad62114cb4a7f1a328ada88f4e/volumes/detail returned with HTTP 200
Sep 03 03:49:36.010282 dv-cinder-799663-12-smb devstack@c-api.service[119759]: [pid: 119759|app: 0|req: 30/69] 10.222.0.13 () {60 vars in 1276 bytes} [Sat Sep 3 03:49:35 2022] GET /volume/v3/224826ad62114cb4a7f1a328ada88f4e/volumes/detail => generated 1986 bytes in 257 msecs (HTTP/1.1 200) 7 headers in 287 bytes (1 switches on core 0)
Sep 03 03:49:36.011968 dv-cinder-799663-12-smb devstack@c-api.service[119759]: DEBUG cinder.api.middleware.request_id [None req-f8ad48d0-3cc8-4f5d-b6d1-d74c4417570d None None] RequestId filter calling following filter/app {{(pid=119759) _context_setter /opt/stack/cinder/cinder/api/middleware/request_id.py:62}}
Sep 03 03:49:36.058761 dv-cinder-799663-12-smb devstack@c-api.service[119758]: INFO cinder.volume.api [None req-e78aa19f-cebe-4ca5-aea5-84a84497078c tempest-VolumesTestJSON-1159115535 tempest-VolumesTestJSON-1159115535-project] Delete volume request issued successfully.
Sep 03 03:49:36.059190 dv-cinder-799663-12-smb devstack@c-api.service[119758]: INFO cinder.api.openstack.wsgi [None req-e78aa19f-cebe-4ca5-aea5-84a84497078c tempest-VolumesTestJSON-1159115535 tempest-VolumesTestJSON-1159115535-project] http://10.222.0.13/volume/v3/cf73661dc0e2415385485014aa8dc32b/volumes/dac84798-4ec8-4d80-82e6-50d87c64b240 returned with HTTP 202
Sep 03 03:49:36.063487 dv-cinder-799663-12-smb devstack@c-api.service[119758]: [pid: 119758|app: 0|req: 40/70] 10.222.0.13 () {58 vars in 1328 bytes} [Sat Sep 3 03:49:35 2022] DELETE /volume/v3/cf73661dc0e2415385485014aa8dc32b/volumes/dac84798-4ec8-4d80-82e6-50d87c64b240 => generated 0 bytes in 168 msecs (HTTP/1.1 202) 6 headers in 233 bytes (1 switches on core 0)
Sep 03 03:49:36.065001 dv-cinder-799663-12-smb devstack@c-api.service[119758]: DEBUG cinder.api.middleware.request_id [None req-d306b47e-1c6f-4c58-b769-451c66a4ae9b None None] RequestId filter calling following filter/app {{(pid=119758) _context_setter /opt/stack/cinder/cinder/api/middleware/request_id.py:62}}
Sep 03 03:49:36.084505 dv-cinder-799663-12-smb devstack@c-api.service[119758]: INFO cinder.api.openstack.wsgi [None req-d306b47e-1c6f-4c58-b769-451c66a4ae9b tempest-GroupSnapshotsTest-1362559378 tempest-GroupSnapshotsTest-1362559378-project] POST http://10.222.0.13/volume/v3/224826ad62114cb4a7f1a328ada88f4e/groups/48d66b13-b5ce-4bc8-985e-c78bef5fbd16/action
Sep 03 03:49:36.085679 dv-cinder-799663-12-smb devstack@c-api.service[119758]: DEBUG cinder.api.openstack.wsgi [None req-d306b47e-1c6f-4c58-b769-451c66a4ae9b tempest-GroupSnapshotsTest-1362559378 tempest-GroupSnapshotsTest-1362559378-project] Action body: b'{"delete": {"delete-volumes": true}}' {{(pid=119758) get_method /opt/stack/cinder/cinder/api/openstack/wsgi.py:983}}
