Feb 13 23:07:44.529511 dv-cinder-799663-11-iscsi devstack@c-api.service[109428]: /usr/local/lib/python3.8/dist-packages/oslo_policy/policy.py:809: UserWarning: Policy "volume:delete":"rule:admin_or_owner" was deprecated in X in favor of "volume:delete":"rule:xena_system_admin_or_project_member". Reason: Default policies now support the three Keystone default roles, namely 'admin', 'member', and 'reader' to implement three Cinder "personas". See "Policy Personas and Permissions" in the "Cinder Service Configuration" documentation (Xena release) for details.. Either ensure your deployment is ready for the new default or copy/paste the deprecated policy into your policy file and maintain it manually.
Feb 13 23:07:44.529511 dv-cinder-799663-11-iscsi devstack@c-api.service[109428]: warnings.warn(deprecated_msg)
Feb 13 23:07:44.529511 dv-cinder-799663-11-iscsi devstack@c-api.service[109428]: /usr/local/lib/python3.8/dist-packages/oslo_policy/policy.py:809: UserWarning: Policy "volume_extension:volume_tenant_attribute":"rule:admin_or_owner" was deprecated in X in favor of "volume_extension:volume_tenant_attribute":"rule:xena_system_admin_or_project_reader". Reason: Default policies now support the three Keystone default roles, namely 'admin', 'member', and 'reader' to implement three Cinder "personas". See "Policy Personas and Permissions" in the "Cinder Service Configuration" documentation (Xena release) for details.. Either ensure your deployment is ready for the new default or copy/paste the deprecated policy into your policy file and maintain it manually.
Feb 13 23:07:44.529511 dv-cinder-799663-11-iscsi devstack@c-api.service[109428]: warnings.warn(deprecated_msg)
Feb 13 23:07:44.530295 dv-cinder-799663-11-iscsi devstack@c-api.service[109428]: /usr/local/lib/python3.8/dist-packages/oslo_policy/policy.py:809: UserWarning: Policy "volume_extension:volume_encryption_metadata":"rule:admin_or_owner" was deprecated in X in favor of "volume_extension:volume_encryption_metadata":"rule:xena_system_admin_or_project_reader". Reason: Default policies now support the three Keystone default roles, namely 'admin', 'member', and 'reader' to implement three Cinder "personas". See "Policy Personas and Permissions" in the "Cinder Service Configuration" documentation (Xena release) for details.. Either ensure your deployment is ready for the new default or copy/paste the deprecated policy into your policy file and maintain it manually.
Feb 13 23:07:44.530295 dv-cinder-799663-11-iscsi devstack@c-api.service[109428]: warnings.warn(deprecated_msg)
Feb 13 23:07:44.530295 dv-cinder-799663-11-iscsi devstack@c-api.service[109428]: /usr/local/lib/python3.8/dist-packages/oslo_policy/policy.py:809: UserWarning: Policy "volume:multiattach":"rule:admin_or_owner" was deprecated in X in favor of "volume:multiattach":"rule:xena_system_admin_or_project_member". Reason: Default policies now support the three Keystone default roles, namely 'admin', 'member', and 'reader' to implement three Cinder "personas". See "Policy Personas and Permissions" in the "Cinder Service Configuration" documentation (Xena release) for details.. Either ensure your deployment is ready for the new default or copy/paste the deprecated policy into your policy file and maintain it manually.
Feb 13 23:07:44.530295 dv-cinder-799663-11-iscsi devstack@c-api.service[109428]: warnings.warn(deprecated_msg)
Feb 13 23:07:44.530825 dv-cinder-799663-11-iscsi devstack@c-api.service[109428]: /usr/local/lib/python3.8/dist-packages/oslo_policy/policy.py:809: UserWarning: Policy "volume_extension:default_set_or_update":"rule:system_or_domain_or_project_admin" was deprecated in X in favor of "volume_extension:default_set_or_update":"rule:admin_api". Reason: Default policies now support the three Keystone default roles, namely 'admin', 'member', and 'reader' to implement three Cinder "personas". See "Policy Personas and Permissions" in the "Cinder Service Configuration" documentation (Xena release) for details.. Either ensure your deployment is ready for the new default or copy/paste the deprecated policy into your policy file and maintain it manually.
Feb 13 23:07:44.530825 dv-cinder-799663-11-iscsi devstack@c-api.service[109428]: warnings.warn(deprecated_msg)
Feb 13 23:07:44.530825 dv-cinder-799663-11-iscsi devstack@c-api.service[109428]: /usr/local/lib/python3.8/dist-packages/oslo_policy/policy.py:809: UserWarning: Policy "volume_extension:default_get":"rule:system_or_domain_or_project_admin" was deprecated in X in favor of "volume_extension:default_get":"rule:admin_api". Reason: Default policies now support the three Keystone default roles, namely 'admin', 'member', and 'reader' to implement three Cinder "personas". See "Policy Personas and Permissions" in the "Cinder Service Configuration" documentation (Xena release) for details.. Either ensure your deployment is ready for the new default or copy/paste the deprecated policy into your policy file and maintain it manually.
Feb 13 23:07:44.530825 dv-cinder-799663-11-iscsi devstack@c-api.service[109428]: warnings.warn(deprecated_msg)
Feb 13 23:07:44.530825 dv-cinder-799663-11-iscsi devstack@c-api.service[109428]: /usr/local/lib/python3.8/dist-packages/oslo_policy/policy.py:809: UserWarning: Policy "volume_extension:default_get_all":"role:admin and system_scope:all" was deprecated in X in favor of "volume_extension:default_get_all":"rule:admin_api". Reason: Default policies now support the three Keystone default roles, namely 'admin', 'member', and 'reader' to implement three Cinder "personas". See "Policy Personas and Permissions" in the "Cinder Service Configuration" documentation (Xena release) for details.. Either ensure your deployment is ready for the new default or copy/paste the deprecated policy into your policy file and maintain it manually.
Feb 13 23:07:44.531485 dv-cinder-799663-11-iscsi devstack@c-api.service[109428]: warnings.warn(deprecated_msg)
Feb 13 23:07:44.531485 dv-cinder-799663-11-iscsi devstack@c-api.service[109428]: /usr/local/lib/python3.8/dist-packages/oslo_policy/policy.py:809: UserWarning: Policy "volume_extension:default_unset":"rule:system_or_domain_or_project_admin" was deprecated in X in favor of "volume_extension:default_unset":"rule:admin_api". Reason: Default policies now support the three Keystone default roles, namely 'admin', 'member', and 'reader' to implement three Cinder "personas". See "Policy Personas and Permissions" in the "Cinder Service Configuration" documentation (Xena release) for details.. Either ensure your deployment is ready for the new default or copy/paste the deprecated policy into your policy file and maintain it manually.
Feb 13 23:07:44.531485 dv-cinder-799663-11-iscsi devstack@c-api.service[109428]: warnings.warn(deprecated_msg)
Feb 13 23:07:44.844350 dv-cinder-799663-11-iscsi devstack@c-api.service[109428]: INFO cinder.api.openstack.wsgi [req-b4ba1bc3-3cae-4d1b-b7be-4ad86cb9150b req-0555c9b6-135d-495a-acda-51ef048a8d1b admin admin] POST http://10.222.0.43/volume/v3/16569d2af753412bb63594cd537cbc41/types/f32c89c9-0bb9-4022-8d7f-a3e539570d82/extra_specs
Feb 13 23:07:44.845254 dv-cinder-799663-11-iscsi devstack@c-api.service[109428]: DEBUG cinder.api.openstack.wsgi [req-b4ba1bc3-3cae-4d1b-b7be-4ad86cb9150b req-0555c9b6-135d-495a-acda-51ef048a8d1b admin admin] Action: 'create', calling method: create, body: {"extra_specs": {"volume_backend_name": "lvmdriver-1"}} {{(pid=109428) _process_stack /opt/stack/cinder/cinder/api/openstack/wsgi.py:866}}
Feb 13 23:07:44.847263 dv-cinder-799663-11-iscsi devstack@c-api.service[109428]: /usr/local/lib/python3.8/dist-packages/oslo_context/context.py:105: DeprecationWarning: Policy enforcement is depending on the value of is_admin. This key is deprecated. Please update your policy file to use the standard policy values.
Feb 13 23:07:44.847263 dv-cinder-799663-11-iscsi devstack@c-api.service[109428]: warnings.warn('Policy enforcement is depending on the value of '
Feb 13 23:07:44.854892 dv-cinder-799663-11-iscsi devstack@c-api.service[109428]: DEBUG oslo_db.sqlalchemy.engines [req-b4ba1bc3-3cae-4d1b-b7be-4ad86cb9150b req-0555c9b6-135d-495a-acda-51ef048a8d1b admin admin] MySQL server mode set to STRICT_TRANS_TABLES,STRICT_ALL_TABLES,NO_ZERO_IN_DATE,NO_ZERO_DATE,ERROR_FOR_DIVISION_BY_ZERO,TRADITIONAL,NO_ENGINE_SUBSTITUTION {{(pid=109428) _check_effective_sql_mode /usr/local/lib/python3.8/dist-packages/oslo_db/sqlalchemy/engines.py:314}}
Feb 13 23:07:44.974097 dv-cinder-799663-11-iscsi devstack@c-api.service[109428]: INFO cinder.api.openstack.wsgi [req-b4ba1bc3-3cae-4d1b-b7be-4ad86cb9150b req-0555c9b6-135d-495a-acda-51ef048a8d1b admin admin] http://10.222.0.43/volume/v3/16569d2af753412bb63594cd537cbc41/types/f32c89c9-0bb9-4022-8d7f-a3e539570d82/extra_specs returned with HTTP 200
Feb 13 23:07:44.974812 dv-cinder-799663-11-iscsi devstack@c-api.service[109428]: [pid: 109428|app: 0|req: 1/3] 10.222.0.43 () {62 vars in 1454 bytes} [Sun Feb 13 23:07:44 2022] POST /volume/v3/16569d2af753412bb63594cd537cbc41/types/f32c89c9-0bb9-4022-8d7f-a3e539570d82/extra_specs => generated 55 bytes in 490 msecs (HTTP/1.1 200) 7 headers in 284 bytes (1 switches on core 0)
Feb 13 23:08:22.408067 dv-cinder-799663-11-iscsi devstack@c-api.service[109427]: INFO cinder.api.openstack.wsgi [None req-b4ba1bc3-3cae-4d1b-b7be-4ad86cb9150b admin admin] GET http://10.222.0.43/volume//
Feb 13 23:08:22.408590 dv-cinder-799663-11-iscsi devstack@c-api.service[109427]: DEBUG cinder.api.openstack.wsgi [None req-b4ba1bc3-3cae-4d1b-b7be-4ad86cb9150b admin admin] Empty body provided in request {{(pid=109427) get_body /opt/stack/cinder/cinder/api/openstack/wsgi.py:715}}
Feb 13 23:08:22.408954 dv-cinder-799663-11-iscsi devstack@c-api.service[109427]: DEBUG cinder.api.openstack.wsgi [None req-b4ba1bc3-3cae-4d1b-b7be-4ad86cb9150b admin admin] Calling method 'all' {{(pid=109427) _process_stack /opt/stack/cinder/cinder/api/openstack/wsgi.py:868}}
Feb 13 23:08:22.410106 dv-cinder-799663-11-iscsi devstack@c-api.service[109427]: INFO cinder.api.openstack.wsgi [None req-b4ba1bc3-3cae-4d1b-b7be-4ad86cb9150b admin admin] http://10.222.0.43/volume// returned with HTTP 300
Feb 13 23:08:22.410617 dv-cinder-799663-11-iscsi devstack@c-api.service[109427]: [pid: 109427|app: 0|req: 3/4] 10.222.0.43 () {56 vars in 1098 bytes} [Sun Feb 13 23:08:22 2022] GET /volume/ => generated 386 bytes in 4 msecs (HTTP/1.1 300) 5 headers in 169 bytes (1 switches on core 0)
Feb 13 23:10:51.087185 dv-cinder-799663-11-iscsi devstack@c-api.service[109428]: INFO cinder.api.openstack.wsgi [None req-9a37c33e-08f6-4387-a075-3422fb9a6da7 tempest-verify_tempest_config-698544056 tempest-verify_tempest_config-698544056-project] GET http://10.222.0.43/volume/v3/15264d931edc4f5e943f24cfb04fca80/extensions
Feb 13 23:10:51.087704 dv-cinder-799663-11-iscsi devstack@c-api.service[109428]: DEBUG cinder.api.openstack.wsgi [None req-9a37c33e-08f6-4387-a075-3422fb9a6da7 tempest-verify_tempest_config-698544056 tempest-verify_tempest_config-698544056-project] Empty body provided in request {{(pid=109428) get_body /opt/stack/cinder/cinder/api/openstack/wsgi.py:715}}
Feb 13 23:10:51.088064 dv-cinder-799663-11-iscsi devstack@c-api.service[109428]: DEBUG cinder.api.openstack.wsgi [None req-9a37c33e-08f6-4387-a075-3422fb9a6da7 tempest-verify_tempest_config-698544056 tempest-verify_tempest_config-698544056-project] Calling method 'index' {{(pid=109428) _process_stack /opt/stack/cinder/cinder/api/openstack/wsgi.py:868}}
Feb 13 23:10:51.088796 dv-cinder-799663-11-iscsi devstack@c-api.service[109428]: INFO cinder.api.openstack.wsgi [None req-9a37c33e-08f6-4387-a075-3422fb9a6da7 tempest-verify_tempest_config-698544056 tempest-verify_tempest_config-698544056-project] http://10.222.0.43/volume/v3/15264d931edc4f5e943f24cfb04fca80/extensions returned with HTTP 200
Feb 13 23:10:51.089510 dv-cinder-799663-11-iscsi devstack@c-api.service[109428]: [pid: 109428|app: 0|req: 2/5] 10.222.0.43 () {58 vars in 1222 bytes} [Sun Feb 13 23:10:51 2022] GET /volume/v3/15264d931edc4f5e943f24cfb04fca80/extensions => generated 5245 bytes in 8 msecs (HTTP/1.1 200) 7 headers in 286 bytes (1 switches on core 0)
Feb 13 23:12:47.553784 dv-cinder-799663-11-iscsi devstack@c-api.service[109427]: INFO cinder.api.openstack.wsgi [None req-e3d7383d-e6fe-4189-806e-009e0e99bcba admin admin] GET http://10.222.0.43/volume/v3/16569d2af753412bb63594cd537cbc41/os-services
Feb 13 23:12:47.554310 dv-cinder-799663-11-iscsi devstack@c-api.service[109427]: DEBUG cinder.api.openstack.wsgi [None req-e3d7383d-e6fe-4189-806e-009e0e99bcba admin admin] Empty body provided in request {{(pid=109427) get_body /opt/stack/cinder/cinder/api/openstack/wsgi.py:715}}
Feb 13 23:12:47.555050 dv-cinder-799663-11-iscsi devstack@c-api.service[109427]: DEBUG cinder.api.openstack.wsgi [None req-e3d7383d-e6fe-4189-806e-009e0e99bcba admin admin] Calling method 'index' {{(pid=109427) _process_stack /opt/stack/cinder/cinder/api/openstack/wsgi.py:868}}
Feb 13 23:12:47.564090 dv-cinder-799663-11-iscsi devstack@c-api.service[109427]: INFO cinder.api.openstack.wsgi [None req-e3d7383d-e6fe-4189-806e-009e0e99bcba admin admin] http://10.222.0.43/volume/v3/16569d2af753412bb63594cd537cbc41/os-services returned with HTTP 200
Feb 13 23:12:47.564771 dv-cinder-799663-11-iscsi devstack@c-api.service[109427]: [pid: 109427|app: 0|req: 4/6] 10.222.0.43 () {56 vars in 1201 bytes} [Sun Feb 13 23:12:47 2022] GET /volume/v3/16569d2af753412bb63594cd537cbc41/os-services => generated 643 bytes in 105 msecs (HTTP/1.1 200) 7 headers in 285 bytes (1 switches on core 0)
Feb 13 23:12:50.146952 dv-cinder-799663-11-iscsi devstack@c-api.service[109428]: INFO cinder.api.openstack.wsgi [None req-aee0f558-1a4f-4dc2-9424-7b9cbfcd7a82 admin admin] GET http://10.222.0.43/volume/v3/16569d2af753412bb63594cd537cbc41/os-services
Feb 13 23:12:50.147489 dv-cinder-799663-11-iscsi devstack@c-api.service[109428]: DEBUG cinder.api.openstack.wsgi [None req-aee0f558-1a4f-4dc2-9424-7b9cbfcd7a82 admin admin] Empty body provided in request {{(pid=109428) get_body /opt/stack/cinder/cinder/api/openstack/wsgi.py:715}}
Feb 13 23:12:50.147842 dv-cinder-799663-11-iscsi devstack@c-api.service[109428]: DEBUG cinder.api.openstack.wsgi [None req-aee0f558-1a4f-4dc2-9424-7b9cbfcd7a82 admin admin] Calling method 'index' {{(pid=109428) _process_stack /opt/stack/cinder/cinder/api/openstack/wsgi.py:868}}
Feb 13 23:12:50.156687 dv-cinder-799663-11-iscsi devstack@c-api.service[109428]: INFO cinder.api.openstack.wsgi [None req-aee0f558-1a4f-4dc2-9424-7b9cbfcd7a82 admin admin] http://10.222.0.43/volume/v3/16569d2af753412bb63594cd537cbc41/os-services returned with HTTP 200
Feb 13 23:12:50.157960 dv-cinder-799663-11-iscsi devstack@c-api.service[109428]: [pid: 109428|app: 0|req: 3/7] 10.222.0.43 () {56 vars in 1201 bytes} [Sun Feb 13 23:12:50 2022] GET /volume/v3/16569d2af753412bb63594cd537cbc41/os-services => generated 643 bytes in 98 msecs (HTTP/1.1 200) 7 headers in 285 bytes (1 switches on core 0)
Feb 13 23:14:15.250401 dv-cinder-799663-11-iscsi devstack@c-api.service[109427]: WARNING keystonemiddleware.auth_token [None req-e3d7383d-e6fe-4189-806e-009e0e99bcba admin admin] A valid token was submitted as a service token, but it was not a valid service token. This is incorrect but backwards compatible behaviour. This will be removed in future releases.
Feb 13 23:14:15.254143 dv-cinder-799663-11-iscsi devstack@c-api.service[109427]: INFO cinder.api.openstack.wsgi [req-7e7e7d68-5b76-438f-a3c7-3d12aa5496f3 req-49a67d6c-fffe-4074-bd7d-8dab65ee52ab tempest-VolumesNegativeTest-152776870 tempest-VolumesNegativeTest-152776870-project] DELETE http://10.222.0.43/volume/v3/4b88718209894ba4afcb4a97d90e5214/volumes/tempest-invalid-1953338621
Feb 13 23:14:15.254545 dv-cinder-799663-11-iscsi devstack@c-api.service[109427]: DEBUG cinder.api.openstack.wsgi [req-7e7e7d68-5b76-438f-a3c7-3d12aa5496f3 req-49a67d6c-fffe-4074-bd7d-8dab65ee52ab tempest-VolumesNegativeTest-152776870 tempest-VolumesNegativeTest-152776870-project] Empty body provided in request {{(pid=109427) get_body /opt/stack/cinder/cinder/api/openstack/wsgi.py:715}}
Feb 13 23:14:15.255144 dv-cinder-799663-11-iscsi devstack@c-api.service[109427]: DEBUG cinder.api.openstack.wsgi [req-7e7e7d68-5b76-438f-a3c7-3d12aa5496f3 req-49a67d6c-fffe-4074-bd7d-8dab65ee52ab tempest-VolumesNegativeTest-152776870 tempest-VolumesNegativeTest-152776870-project] Calling method 'delete' {{(pid=109427) _process_stack /opt/stack/cinder/cinder/api/openstack/wsgi.py:868}}
Feb 13 23:14:15.255556 dv-cinder-799663-11-iscsi devstack@c-api.service[109427]: INFO cinder.api.v3.volumes [req-7e7e7d68-5b76-438f-a3c7-3d12aa5496f3 req-49a67d6c-fffe-4074-bd7d-8dab65ee52ab tempest-VolumesNegativeTest-152776870 tempest-VolumesNegativeTest-152776870-project] Delete volume with id: tempest-invalid-1953338621
Feb 13 23:14:15.350319 dv-cinder-799663-11-iscsi devstack@c-api.service[109428]: INFO cinder.api.openstack.wsgi [None req-7c7f1fb2-c9af-4b7f-826d-2c256f27a24a tempest-VolumeServicesNegativeTest-1351584398 tempest-VolumeServicesNegativeTest-1351584398-project-admin] GET http://10.222.0.43/volume/v3/291f513b20a64a4bb817d7c692d02f38/os-services
Feb 13 23:14:15.351544 dv-cinder-799663-11-iscsi devstack@c-api.service[109428]: DEBUG cinder.api.openstack.wsgi [None req-7c7f1fb2-c9af-4b7f-826d-2c256f27a24a tempest-VolumeServicesNegativeTest-1351584398 tempest-VolumeServicesNegativeTest-1351584398-project-admin] Empty body provided in request {{(pid=109428) get_body /opt/stack/cinder/cinder/api/openstack/wsgi.py:715}}
Feb 13 23:14:15.352147 dv-cinder-799663-11-iscsi devstack@c-api.service[109428]: DEBUG cinder.api.openstack.wsgi [None req-7c7f1fb2-c9af-4b7f-826d-2c256f27a24a tempest-VolumeServicesNegativeTest-1351584398 tempest-VolumeServicesNegativeTest-1351584398-project-admin] Calling method 'index' {{(pid=109428) _process_stack /opt/stack/cinder/cinder/api/openstack/wsgi.py:868}}
Feb 13 23:14:15.358026 dv-cinder-799663-11-iscsi devstack@c-api.service[109427]: INFO cinder.api.openstack.wsgi [req-7e7e7d68-5b76-438f-a3c7-3d12aa5496f3 req-49a67d6c-fffe-4074-bd7d-8dab65ee52ab tempest-VolumesNegativeTest-152776870 tempest-VolumesNegativeTest-152776870-project] http://10.222.0.43/volume/v3/4b88718209894ba4afcb4a97d90e5214/volumes/tempest-invalid-1953338621 returned with HTTP 404
Feb 13 23:14:15.359545 dv-cinder-799663-11-iscsi devstack@c-api.service[109427]: [pid: 109427|app: 0|req: 5/8] 10.222.0.43 () {62 vars in 1570 bytes} [Sun Feb 13 23:14:14 2022] DELETE /volume/v3/4b88718209894ba4afcb4a97d90e5214/volumes/tempest-invalid-1953338621 => generated 99 bytes in 380 msecs (HTTP/1.1 404) 7 headers in 291 bytes (1 switches on core 0)
Feb 13 23:14:15.364927 dv-cinder-799663-11-iscsi devstack@c-api.service[109428]: INFO cinder.api.openstack.wsgi [None req-7c7f1fb2-c9af-4b7f-826d-2c256f27a24a tempest-VolumeServicesNegativeTest-1351584398 tempest-VolumeServicesNegativeTest-1351584398-project-admin] http://10.222.0.43/volume/v3/291f513b20a64a4bb817d7c692d02f38/os-services returned with HTTP 200
Feb 13 23:14:15.369939 dv-cinder-799663-11-iscsi devstack@c-api.service[109428]: [pid: 109428|app: 0|req: 4/9] 10.222.0.43 () {58 vars in 1225 bytes} [Sun Feb 13 23:14:15 2022] GET /volume/v3/291f513b20a64a4bb817d7c692d02f38/os-services => generated 643 bytes in 250 msecs (HTTP/1.1 200) 7 headers in 285 bytes (2 switches on core 0)
Feb 13 23:14:15.381580 dv-cinder-799663-11-iscsi devstack@c-api.service[109427]: INFO cinder.api.openstack.wsgi [None req-df038675-4697-4cf3-a2a5-356c7cea495a tempest-VolumeServicesNegativeTest-1351584398 tempest-VolumeServicesNegativeTest-1351584398-project-admin] PUT http://10.222.0.43/volume/v3/291f513b20a64a4bb817d7c692d02f38/os-services/disable-log-reason
Feb 13 23:14:15.382605 dv-cinder-799663-11-iscsi devstack@c-api.service[109427]: DEBUG cinder.api.openstack.wsgi [None req-df038675-4697-4cf3-a2a5-356c7cea495a tempest-VolumeServicesNegativeTest-1351584398 tempest-VolumeServicesNegativeTest-1351584398-project-admin] Action: 'update', calling method: update, body: {"host": "dv-cinder-799663-11-iscsi", "binary": "cinder-scheduler", "disabled_reason": null} {{(pid=109427) _process_stack /opt/stack/cinder/cinder/api/openstack/wsgi.py:866}}
Feb 13 23:14:15.385793 dv-cinder-799663-11-iscsi devstack@c-api.service[109427]: INFO cinder.api.openstack.wsgi [None req-df038675-4697-4cf3-a2a5-356c7cea495a tempest-VolumeServicesNegativeTest-1351584398 tempest-VolumeServicesNegativeTest-1351584398-project-admin] http://10.222.0.43/volume/v3/291f513b20a64a4bb817d7c692d02f38/os-services/disable-log-reason returned with HTTP 400
Feb 13 23:14:15.387100 dv-cinder-799663-11-iscsi devstack@c-api.service[109427]: [pid: 109427|app: 0|req: 6/10] 10.222.0.43 () {60 vars in 1302 bytes} [Sun Feb 13 23:14:15 2022] PUT /volume/v3/291f513b20a64a4bb817d7c692d02f38/os-services/disable-log-reason => generated 136 bytes in 13 msecs (HTTP/1.1 400) 7 headers in 294 bytes (1 switches on core 0)
Feb 13 23:14:15.399125 dv-cinder-799663-11-iscsi devstack@c-api.service[109428]: INFO cinder.api.openstack.wsgi [None req-1189cea7-b858-482a-ae56-dcb218d1d91f tempest-VolumeServicesNegativeTest-1351584398 tempest-VolumeServicesNegativeTest-1351584398-project-admin] PUT http://10.222.0.43/volume/v3/291f513b20a64a4bb817d7c692d02f38/os-services/disable
Feb 13 23:14:15.404711 dv-cinder-799663-11-iscsi devstack@c-api.service[109428]: DEBUG cinder.api.openstack.wsgi [None req-1189cea7-b858-482a-ae56-dcb218d1d91f tempest-VolumeServicesNegativeTest-1351584398 tempest-VolumeServicesNegativeTest-1351584398-project-admin] Action: 'update', calling method: update, body: {"host": "dv-cinder-799663-11-iscsi", "binary": "invalid_binary"} {{(pid=109428) _process_stack /opt/stack/cinder/cinder/api/openstack/wsgi.py:866}}
Feb 13 23:14:15.432694 dv-cinder-799663-11-iscsi devstack@c-api.service[109428]: INFO cinder.api.openstack.wsgi [None req-1189cea7-b858-482a-ae56-dcb218d1d91f tempest-VolumeServicesNegativeTest-1351584398 tempest-VolumeServicesNegativeTest-1351584398-project-admin] http://10.222.0.43/volume/v3/291f513b20a64a4bb817d7c692d02f38/os-services/disable returned with HTTP 404
Feb 13 23:14:15.433626 dv-cinder-799663-11-iscsi devstack@c-api.service[109427]: INFO cinder.api.openstack.wsgi [req-2bc3e0a4-8f6f-4749-8a10-31c850f2c3e3 req-e61ba5b9-7eb1-467b-b5e3-7d8215cdf616 tempest-VolumesNegativeTest-152776870 tempest-VolumesNegativeTest-152776870-project] DELETE http://10.222.0.43/volume/v3/4b88718209894ba4afcb4a97d90e5214/volumes/e461f35a-f141-4fcb-b60f-085a4f92af7f
Feb 13 23:14:15.434899 dv-cinder-799663-11-iscsi devstack@c-api.service[109427]: DEBUG cinder.api.openstack.wsgi [req-2bc3e0a4-8f6f-4749-8a10-31c850f2c3e3 req-e61ba5b9-7eb1-467b-b5e3-7d8215cdf616 tempest-VolumesNegativeTest-152776870 tempest-VolumesNegativeTest-152776870-project] Empty body provided in request {{(pid=109427) get_body /opt/stack/cinder/cinder/api/openstack/wsgi.py:715}}
Feb 13 23:14:15.437815 dv-cinder-799663-11-iscsi devstack@c-api.service[109428]: [pid: 109428|app: 0|req: 5/11] 10.222.0.43 () {60 vars in 1269 bytes} [Sun Feb 13 23:14:15 2022] PUT /volume/v3/291f513b20a64a4bb817d7c692d02f38/os-services/disable => generated 122 bytes in 41 msecs (HTTP/1.1 404) 7 headers in 292 bytes (1 switches on core 0)
Feb 13 23:14:15.443996 dv-cinder-799663-11-iscsi devstack@c-api.service[109427]: DEBUG cinder.api.openstack.wsgi [req-2bc3e0a4-8f6f-4749-8a10-31c850f2c3e3 req-e61ba5b9-7eb1-467b-b5e3-7d8215cdf616 tempest-VolumesNegativeTest-152776870 tempest-VolumesNegativeTest-152776870-project] Calling method 'delete' {{(pid=109427) _process_stack /opt/stack/cinder/cinder/api/openstack/wsgi.py:868}}
Feb 13 23:14:15.445070 dv-cinder-799663-11-iscsi devstack@c-api.service[109427]: INFO cinder.api.v3.volumes [req-2bc3e0a4-8f6f-4749-8a10-31c850f2c3e3 req-e61ba5b9-7eb1-467b-b5e3-7d8215cdf616 tempest-VolumesNegativeTest-152776870 tempest-VolumesNegativeTest-152776870-project] Delete volume with id: e461f35a-f141-4fcb-b60f-085a4f92af7f
Feb 13 23:14:15.452326 dv-cinder-799663-11-iscsi devstack@c-api.service[109428]: INFO cinder.api.openstack.wsgi [None req-cb72a5d4-adca-4ffb-8bb2-466ea5445a50 tempest-VolumeServicesNegativeTest-1351584398 tempest-VolumeServicesNegativeTest-1351584398-project-admin] PUT http://10.222.0.43/volume/v3/291f513b20a64a4bb817d7c692d02f38/os-services/enable
Feb 13 23:14:15.453068 dv-cinder-799663-11-iscsi devstack@c-api.service[109428]: DEBUG cinder.api.openstack.wsgi [None req-cb72a5d4-adca-4ffb-8bb2-466ea5445a50 tempest-VolumeServicesNegativeTest-1351584398 tempest-VolumeServicesNegativeTest-1351584398-project-admin] Action: 'update', calling method: update, body: {"host": "invalid_host", "binary": "cinder-scheduler"} {{(pid=109428) _process_stack /opt/stack/cinder/cinder/api/openstack/wsgi.py:866}}
Feb 13 23:14:15.461710 dv-cinder-799663-11-iscsi devstack@c-api.service[109427]: INFO cinder.api.openstack.wsgi [req-2bc3e0a4-8f6f-4749-8a10-31c850f2c3e3 req-e61ba5b9-7eb1-467b-b5e3-7d8215cdf616 tempest-VolumesNegativeTest-152776870 tempest-VolumesNegativeTest-152776870-project] http://10.222.0.43/volume/v3/4b88718209894ba4afcb4a97d90e5214/volumes/e461f35a-f141-4fcb-b60f-085a4f92af7f returned with HTTP 404
Feb 13 23:14:15.463674 dv-cinder-799663-11-iscsi devstack@c-api.service[109427]: [pid: 109427|app: 0|req: 7/12] 10.222.0.43 () {62 vars in 1600 bytes} [Sun Feb 13 23:14:15 2022] DELETE /volume/v3/4b88718209894ba4afcb4a97d90e5214/volumes/e461f35a-f141-4fcb-b60f-085a4f92af7f => generated 109 bytes in 36 msecs (HTTP/1.1 404) 7 headers in 292 bytes (2 switches on core 0)
Feb 13 23:14:15.481320 dv-cinder-799663-11-iscsi devstack@c-api.service[109428]: INFO cinder.api.openstack.wsgi [None req-cb72a5d4-adca-4ffb-8bb2-466ea5445a50 tempest-VolumeServicesNegativeTest-1351584398 tempest-VolumeServicesNegativeTest-1351584398-project-admin] http://10.222.0.43/volume/v3/291f513b20a64a4bb817d7c692d02f38/os-services/enable returned with HTTP 404
Feb 13 23:14:15.483840 dv-cinder-799663-11-iscsi devstack@c-api.service[109428]: [pid: 109428|app: 0|req: 6/13] 10.222.0.43 () {60 vars in 1266 bytes} [Sun Feb 13 23:14:15 2022] PUT /volume/v3/291f513b20a64a4bb817d7c692d02f38/os-services/enable => generated 111 bytes in 42 msecs (HTTP/1.1 404) 7 headers in 292 bytes (1 switches on core 0)
Feb 13 23:14:15.494744 dv-cinder-799663-11-iscsi devstack@c-api.service[109427]: INFO cinder.api.openstack.wsgi [req-41f26e53-0628-4d56-81ed-f0b969e63c85 req-dd3e32c3-9be5-4544-8d0a-9c0a61513321 tempest-VolumesNegativeTest-152776870 tempest-VolumesNegativeTest-152776870-project] GET http://10.222.0.43/volume/v3/4b88718209894ba4afcb4a97d90e5214/volumes/f96f1c88-86f3-410e-89cb-e0319070922f
Feb 13 23:14:15.495480 dv-cinder-799663-11-iscsi devstack@c-api.service[109427]: DEBUG cinder.api.openstack.wsgi [req-41f26e53-0628-4d56-81ed-f0b969e63c85 req-dd3e32c3-9be5-4544-8d0a-9c0a61513321 tempest-VolumesNegativeTest-152776870 tempest-VolumesNegativeTest-152776870-project] Empty body provided in request {{(pid=109427) get_body /opt/stack/cinder/cinder/api/openstack/wsgi.py:715}}
Feb 13 23:14:15.497027 dv-cinder-799663-11-iscsi devstack@c-api.service[109427]: DEBUG cinder.api.openstack.wsgi [req-41f26e53-0628-4d56-81ed-f0b969e63c85 req-dd3e32c3-9be5-4544-8d0a-9c0a61513321 tempest-VolumesNegativeTest-152776870 tempest-VolumesNegativeTest-152776870-project] Calling method 'show' {{(pid=109427) _process_stack /opt/stack/cinder/cinder/api/openstack/wsgi.py:868}}
Feb 13 23:14:15.500051 dv-cinder-799663-11-iscsi devstack@c-api.service[109428]: INFO cinder.api.openstack.wsgi [None req-9e545278-df7e-44c5-bce2-d70faff8a608 tempest-VolumeServicesNegativeTest-1351584398 tempest-VolumeServicesNegativeTest-1351584398-project-admin] PUT http://10.222.0.43/volume/v3/291f513b20a64a4bb817d7c692d02f38/os-services/freeze
Feb 13 23:14:15.506279 dv-cinder-799663-11-iscsi devstack@c-api.service[109428]: DEBUG cinder.api.openstack.wsgi [None req-9e545278-df7e-44c5-bce2-d70faff8a608 tempest-VolumeServicesNegativeTest-1351584398 tempest-VolumeServicesNegativeTest-1351584398-project-admin] Action: 'update', calling method: update, body: {"host": "invalid_host"} {{(pid=109428) _process_stack /opt/stack/cinder/cinder/api/openstack/wsgi.py:866}}
Feb 13 23:14:15.527945 dv-cinder-799663-11-iscsi devstack@c-api.service[109427]: INFO cinder.api.openstack.wsgi [req-41f26e53-0628-4d56-81ed-f0b969e63c85 req-dd3e32c3-9be5-4544-8d0a-9c0a61513321 tempest-VolumesNegativeTest-152776870 tempest-VolumesNegativeTest-152776870-project] http://10.222.0.43/volume/v3/4b88718209894ba4afcb4a97d90e5214/volumes/f96f1c88-86f3-410e-89cb-e0319070922f returned with HTTP 404
Feb 13 23:14:15.533076 dv-cinder-799663-11-iscsi devstack@c-api.service[109427]: [pid: 109427|app: 0|req: 8/14] 10.222.0.43 () {60 vars in 1578 bytes} [Sun Feb 13 23:14:15 2022] GET /volume/v3/4b88718209894ba4afcb4a97d90e5214/volumes/f96f1c88-86f3-410e-89cb-e0319070922f => generated 109 bytes in 46 msecs (HTTP/1.1 404) 7 headers in 292 bytes (1 switches on core 0)
Feb 13 23:14:15.545539 dv-cinder-799663-11-iscsi devstack@c-api.service[109428]: INFO cinder.api.openstack.wsgi [None req-9e545278-df7e-44c5-bce2-d70faff8a608 tempest-VolumeServicesNegativeTest-1351584398 tempest-VolumeServicesNegativeTest-1351584398-project-admin] http://10.222.0.43/volume/v3/291f513b20a64a4bb817d7c692d02f38/os-services/freeze returned with HTTP 400
Feb 13 23:14:15.547044 dv-cinder-799663-11-iscsi devstack@c-api.service[109428]: [pid: 109428|app: 0|req: 7/15] 10.222.0.43 () {60 vars in 1266 bytes} [Sun Feb 13 23:14:15 2022] PUT /volume/v3/291f513b20a64a4bb817d7c692d02f38/os-services/freeze => generated 83 bytes in 59 msecs (HTTP/1.1 400) 7 headers in 293 bytes (1 switches on core 0)
Feb 13 23:14:15.559605 dv-cinder-799663-11-iscsi devstack@c-api.service[109427]: INFO cinder.api.openstack.wsgi [None req-d67c2f34-6876-4047-800d-095c08c9311a tempest-VolumeServicesNegativeTest-1351584398 tempest-VolumeServicesNegativeTest-1351584398-project-admin] PUT http://10.222.0.43/volume/v3/291f513b20a64a4bb817d7c692d02f38/os-services/thaw
Feb 13 23:14:15.561032 dv-cinder-799663-11-iscsi devstack@c-api.service[109427]: DEBUG cinder.api.openstack.wsgi [None req-d67c2f34-6876-4047-800d-095c08c9311a tempest-VolumeServicesNegativeTest-1351584398 tempest-VolumeServicesNegativeTest-1351584398-project-admin] Action: 'update', calling method: update, body: {"host": "invalid_host"} {{(pid=109427) _process_stack /opt/stack/cinder/cinder/api/openstack/wsgi.py:866}}
Feb 13 23:14:15.576503 dv-cinder-799663-11-iscsi devstack@c-api.service[109427]: INFO cinder.api.openstack.wsgi [None req-d67c2f34-6876-4047-800d-095c08c9311a tempest-VolumeServicesNegativeTest-1351584398 tempest-VolumeServicesNegativeTest-1351584398-project-admin] http://10.222.0.43/volume/v3/291f513b20a64a4bb817d7c692d02f38/os-services/thaw returned with HTTP 400
Feb 13 23:14:15.578460 dv-cinder-799663-11-iscsi devstack@c-api.service[109427]: [pid: 109427|app: 0|req: 9/16] 10.222.0.43 () {60 vars in 1260 bytes} [Sun Feb 13 23:14:15 2022] PUT /volume/v3/291f513b20a64a4bb817d7c692d02f38/os-services/thaw => generated 83 bytes in 26 msecs (HTTP/1.1 400) 7 headers in 293 bytes (1 switches on core 0)
Feb 13 23:14:16.503942 dv-cinder-799663-11-iscsi devstack@c-api.service[109427]: INFO cinder.api.openstack.wsgi [req-53b4dd76-377e-4c2f-8ad0-1b21b9f44e76 req-e86f8105-7855-4db7-b816-30df37eaae0b tempest-VolumesGetTestJSON-1711649833 tempest-VolumesGetTestJSON-1711649833-project] POST http://10.222.0.43/volume/v3/ed2d9e5a339d44e9b60e48044a7c65f5/volumes
Feb 13 23:14:16.505597 dv-cinder-799663-11-iscsi devstack@c-api.service[109427]: DEBUG cinder.api.openstack.wsgi [req-53b4dd76-377e-4c2f-8ad0-1b21b9f44e76 req-e86f8105-7855-4db7-b816-30df37eaae0b tempest-VolumesGetTestJSON-1711649833 tempest-VolumesGetTestJSON-1711649833-project] Action: 'create', calling method: create, body: {"volume": {"size": 1, "consistencygroup_id": null, "snapshot_id": null, "name": "tempest-VolumesGetTestJSON-Volume-1975335013", "description": null, "volume_type": null, "availability_zone": null, "metadata": {"Type": "work"}, "imageRef": null, "source_volid": null, "backup_id": null}} {{(pid=109427) _process_stack /opt/stack/cinder/cinder/api/openstack/wsgi.py:866}}
Feb 13 23:14:16.507767 dv-cinder-799663-11-iscsi devstack@c-api.service[109427]: DEBUG cinder.api.v3.volumes [req-53b4dd76-377e-4c2f-8ad0-1b21b9f44e76 req-e86f8105-7855-4db7-b816-30df37eaae0b tempest-VolumesGetTestJSON-1711649833 tempest-VolumesGetTestJSON-1711649833-project] Create volume request body: {'volume': {'size': 1, 'consistencygroup_id': None, 'snapshot_id': None, 'name': 'tempest-VolumesGetTestJSON-Volume-1975335013', 'description': None, 'volume_type': None, 'availability_zone': None, 'metadata': {'Type': 'work'}, 'imageRef': None, 'source_volid': None, 'backup_id': None}} {{(pid=109427) create /opt/stack/cinder/cinder/api/v3/volumes.py:298}}
Feb 13 23:14:16.508513 dv-cinder-799663-11-iscsi devstack@c-api.service[109427]: INFO cinder.api.v3.volumes [req-53b4dd76-377e-4c2f-8ad0-1b21b9f44e76 req-e86f8105-7855-4db7-b816-30df37eaae0b tempest-VolumesGetTestJSON-1711649833 tempest-VolumesGetTestJSON-1711649833-project] Create volume of 1 GB
Feb 13 23:14:16.527929 dv-cinder-799663-11-iscsi devstack@c-api.service[109427]: DEBUG cinder.volume.api [req-53b4dd76-377e-4c2f-8ad0-1b21b9f44e76 req-e86f8105-7855-4db7-b816-30df37eaae0b tempest-VolumesGetTestJSON-1711649833 tempest-VolumesGetTestJSON-1711649833-project] Availability zone cache updated, next update will occur around 2022-02-14 00:14:16.526160. {{(pid=109427) list_availability_zones /opt/stack/cinder/cinder/volume/api.py:151}}
Feb 13 23:14:16.528626 dv-cinder-799663-11-iscsi devstack@c-api.service[109427]: INFO cinder.volume.api [req-53b4dd76-377e-4c2f-8ad0-1b21b9f44e76 req-e86f8105-7855-4db7-b816-30df37eaae0b tempest-VolumesGetTestJSON-1711649833 tempest-VolumesGetTestJSON-1711649833-project] Availability Zones retrieved successfully.
Feb 13 23:14:16.630270 dv-cinder-799663-11-iscsi devstack@c-api.service[109428]: INFO cinder.api.openstack.wsgi [None req-b2d51e92-3489-4462-93fe-665cfd8cce00 tempest-GroupsV314Test-453321876 tempest-GroupsV314Test-453321876-project-admin] POST http://10.222.0.43/volume/v3/0ade276c8f774decb1b3d3598fdb6885/types
Feb 13 23:14:16.631999 dv-cinder-799663-11-iscsi devstack@c-api.service[109428]: DEBUG cinder.api.openstack.wsgi [None req-b2d51e92-3489-4462-93fe-665cfd8cce00 tempest-GroupsV314Test-453321876 tempest-GroupsV314Test-453321876-project-admin] Action: 'create', calling method: _create, body: {"volume_type": {"name": "tempest-GroupsV314Test-volume-type-407916535"}} {{(pid=109428) _process_stack /opt/stack/cinder/cinder/api/openstack/wsgi.py:866}}
Feb 13 23:14:16.641396 dv-cinder-799663-11-iscsi devstack@c-api.service[109427]: DEBUG cinder.volume.api [req-53b4dd76-377e-4c2f-8ad0-1b21b9f44e76 req-e86f8105-7855-4db7-b816-30df37eaae0b tempest-VolumesGetTestJSON-1711649833 tempest-VolumesGetTestJSON-1711649833-project] Flow 'volume_create_api' (ea689551-0b30-4330-8dc1-7d58c7a50ef1) transitioned into state 'RUNNING' from state 'PENDING' {{(pid=109427) _flow_receiver /usr/local/lib/python3.8/dist-packages/taskflow/listeners/logging.py:141}}
Feb 13 23:14:16.655251 dv-cinder-799663-11-iscsi devstack@c-api.service[109427]: DEBUG cinder.volume.api [req-53b4dd76-377e-4c2f-8ad0-1b21b9f44e76 req-e86f8105-7855-4db7-b816-30df37eaae0b tempest-VolumesGetTestJSON-1711649833 tempest-VolumesGetTestJSON-1711649833-project] Task 'cinder.volume.flows.api.create_volume.ExtractVolumeRequestTask;volume:create' (a91a5ddf-ef90-4462-b5c1-d52be67451e4) transitioned into state 'RUNNING' from state 'PENDING' {{(pid=109427) _task_receiver /usr/local/lib/python3.8/dist-packages/taskflow/listeners/logging.py:190}}
Feb 13 23:14:16.657779 dv-cinder-799663-11-iscsi devstack@c-api.service[109427]: DEBUG cinder.volume.flows.api.create_volume [req-53b4dd76-377e-4c2f-8ad0-1b21b9f44e76 req-e86f8105-7855-4db7-b816-30df37eaae0b tempest-VolumesGetTestJSON-1711649833 tempest-VolumesGetTestJSON-1711649833-project] Validating volume size '1' using validate_int {{(pid=109427) _extract_size /opt/stack/cinder/cinder/volume/flows/api/create_volume.py:225}}
Feb 13 23:14:16.699346 dv-cinder-799663-11-iscsi devstack@c-api.service[109428]: INFO cinder.api.openstack.wsgi [None req-b2d51e92-3489-4462-93fe-665cfd8cce00 tempest-GroupsV314Test-453321876 tempest-GroupsV314Test-453321876-project-admin] http://10.222.0.43/volume/v3/0ade276c8f774decb1b3d3598fdb6885/types returned with HTTP 200
Feb 13 23:14:16.700737 dv-cinder-799663-11-iscsi devstack@c-api.service[109428]: [pid: 109428|app: 0|req: 8/17] 10.222.0.43 () {60 vars in 1228 bytes} [Sun Feb 13 23:14:16 2022] POST /volume/v3/0ade276c8f774decb1b3d3598fdb6885/types => generated 219 bytes in 477 msecs (HTTP/1.1 200) 7 headers in 285 bytes (1 switches on core 0)
Feb 13 23:14:16.719514 dv-cinder-799663-11-iscsi devstack@c-api.service[109428]: INFO cinder.api.openstack.wsgi [None req-b1004151-a3ff-4762-947b-1a24da178792 tempest-GroupsV314Test-453321876 tempest-GroupsV314Test-453321876-project-admin] POST http://10.222.0.43/volume/v3/0ade276c8f774decb1b3d3598fdb6885/group_types
Feb 13 23:14:16.721640 dv-cinder-799663-11-iscsi devstack@c-api.service[109428]: DEBUG cinder.api.openstack.wsgi [None req-b1004151-a3ff-4762-947b-1a24da178792 tempest-GroupsV314Test-453321876 tempest-GroupsV314Test-453321876-project-admin] Action: 'create', calling method: version_select, body: {"group_type": {"name": "tempest-GroupsV314Test-group-type-1452208484"}} {{(pid=109428) _process_stack /opt/stack/cinder/cinder/api/openstack/wsgi.py:866}}
Feb 13 23:14:16.762269 dv-cinder-799663-11-iscsi devstack@c-api.service[109427]: DEBUG cinder.volume.api [req-53b4dd76-377e-4c2f-8ad0-1b21b9f44e76 req-e86f8105-7855-4db7-b816-30df37eaae0b tempest-VolumesGetTestJSON-1711649833 tempest-VolumesGetTestJSON-1711649833-project] Task 'cinder.volume.flows.api.create_volume.ExtractVolumeRequestTask;volume:create' (a91a5ddf-ef90-4462-b5c1-d52be67451e4) transitioned into state 'SUCCESS' from state 'RUNNING' with result '{'size': 1, 'snapshot_id': None, 'source_volid': None, 'volume_type': VolumeType(created_at=2022-02-13T23:05:10Z,deleted=False,deleted_at=None,description='Default Volume Type',extra_specs={},id=a6c9b9b2-5b4f-459c-afa0-22183c9bf51a,is_public=True,name='__DEFAULT__',projects=[],qos_specs=,qos_specs_id=None,updated_at=2022-02-13T23:05:10Z), 'volume_type_id': 'a6c9b9b2-5b4f-459c-afa0-22183c9bf51a', 'encryption_key_id': None, 'qos_specs': None, 'consistencygroup_id': None, 'cgsnapshot_id': None, 'group_id': None, 'replication_status': 'disabled', 'refresh_az': False, 'backup_id': None, 'multiattach': False, 'availability_zones': ['nova']}' {{(pid=109427) _task_receiver /usr/local/lib/python3.8/dist-packages/taskflow/listeners/logging.py:178}}
Feb 13 23:14:16.764816 dv-cinder-799663-11-iscsi devstack@c-api.service[109427]: DEBUG cinder.volume.api [req-53b4dd76-377e-4c2f-8ad0-1b21b9f44e76 req-e86f8105-7855-4db7-b816-30df37eaae0b tempest-VolumesGetTestJSON-1711649833 tempest-VolumesGetTestJSON-1711649833-project] Task 'cinder.volume.flows.api.create_volume.QuotaReserveTask;volume:create' (2a28ec6a-256f-4816-873e-60da4acc6245) transitioned into state 'RUNNING' from state 'PENDING' {{(pid=109427) _task_receiver /usr/local/lib/python3.8/dist-packages/taskflow/listeners/logging.py:190}}
Feb 13 23:14:16.794600 dv-cinder-799663-11-iscsi devstack@c-api.service[109428]: INFO cinder.api.openstack.wsgi [None req-b1004151-a3ff-4762-947b-1a24da178792 tempest-GroupsV314Test-453321876 tempest-GroupsV314Test-453321876-project-admin] http://10.222.0.43/volume/v3/0ade276c8f774decb1b3d3598fdb6885/group_types returned with HTTP 202
Feb 13 23:14:16.796290 dv-cinder-799663-11-iscsi devstack@c-api.service[109428]: [pid: 109428|app: 0|req: 9/18] 10.222.0.43 () {62 vars in 1287 bytes} [Sun Feb 13 23:14:16 2022] POST /volume/v3/0ade276c8f774decb1b3d3598fdb6885/group_types => generated 177 bytes in 86 msecs (HTTP/1.1 202) 7 headers in 292 bytes (1 switches on core 0)
Feb 13 23:14:16.845551 dv-cinder-799663-11-iscsi devstack@c-api.service[109427]: WARNING cinder.quota [req-53b4dd76-377e-4c2f-8ad0-1b21b9f44e76 req-e86f8105-7855-4db7-b816-30df37eaae0b tempest-VolumesGetTestJSON-1711649833 tempest-VolumesGetTestJSON-1711649833-project] Deprecated: Default quota for resource: volumes___DEFAULT__ is set by the default quota flag: quota_volumes___DEFAULT__, it is now deprecated. Please use the default quota class for default quota.
Feb 13 23:14:16.846534 dv-cinder-799663-11-iscsi devstack@c-api.service[109427]: WARNING cinder.quota [req-53b4dd76-377e-4c2f-8ad0-1b21b9f44e76 req-e86f8105-7855-4db7-b816-30df37eaae0b tempest-VolumesGetTestJSON-1711649833 tempest-VolumesGetTestJSON-1711649833-project] Deprecated: Default quota for resource: gigabytes___DEFAULT__ is set by the default quota flag: quota_gigabytes___DEFAULT__, it is now deprecated. Please use the default quota class for default quota.
Feb 13 23:14:16.957352 dv-cinder-799663-11-iscsi devstack@c-api.service[109427]: DEBUG cinder.quota [req-53b4dd76-377e-4c2f-8ad0-1b21b9f44e76 req-e86f8105-7855-4db7-b816-30df37eaae0b tempest-VolumesGetTestJSON-1711649833 tempest-VolumesGetTestJSON-1711649833-project] Created reservations ['300d4ce6-93c0-4924-9e24-54c6e4bb84f4', 'a39328ac-b07a-46f6-b449-1f9d0b536e95', '85c6955f-845c-4288-b410-afada5b7e74d', '7b74bb82-e616-4bf0-83f2-1975ca3de0a5'] {{(pid=109427) reserve /opt/stack/cinder/cinder/quota.py:755}}
Feb 13 23:14:16.959776 dv-cinder-799663-11-iscsi devstack@c-api.service[109427]: DEBUG cinder.volume.api [req-53b4dd76-377e-4c2f-8ad0-1b21b9f44e76 req-e86f8105-7855-4db7-b816-30df37eaae0b tempest-VolumesGetTestJSON-1711649833 tempest-VolumesGetTestJSON-1711649833-project] Task 'cinder.volume.flows.api.create_volume.QuotaReserveTask;volume:create' (2a28ec6a-256f-4816-873e-60da4acc6245) transitioned into state 'SUCCESS' from state 'RUNNING' with result '{'reservations': ['300d4ce6-93c0-4924-9e24-54c6e4bb84f4', 'a39328ac-b07a-46f6-b449-1f9d0b536e95', '85c6955f-845c-4288-b410-afada5b7e74d', '7b74bb82-e616-4bf0-83f2-1975ca3de0a5']}' {{(pid=109427) _task_receiver /usr/local/lib/python3.8/dist-packages/taskflow/listeners/logging.py:178}}
Feb 13 23:14:16.961868 dv-cinder-799663-11-iscsi devstack@c-api.service[109427]: DEBUG cinder.volume.api [req-53b4dd76-377e-4c2f-8ad0-1b21b9f44e76 req-e86f8105-7855-4db7-b816-30df37eaae0b tempest-VolumesGetTestJSON-1711649833 tempest-VolumesGetTestJSON-1711649833-project] Task 'cinder.volume.flows.api.create_volume.EntryCreateTask;volume:create' (48ed055f-c4a7-41af-99a1-a14d40f88d52) transitioned into state 'RUNNING' from state 'PENDING' {{(pid=109427) _task_receiver /usr/local/lib/python3.8/dist-packages/taskflow/listeners/logging.py:190}}
Feb 13 23:14:17.001806 dv-cinder-799663-11-iscsi devstack@c-api.service[109428]: INFO cinder.api.openstack.wsgi [None req-c4b0ca77-78a9-416e-93f6-4609d06b9152 tempest-GroupsV314Test-1105638875 tempest-GroupsV314Test-1105638875-project] POST http://10.222.0.43/volume/v3/e59a9d7f15ef45d7822699a991746c28/groups
Feb 13 23:14:17.004165 dv-cinder-799663-11-iscsi devstack@c-api.service[109428]: DEBUG cinder.api.openstack.wsgi [None req-c4b0ca77-78a9-416e-93f6-4609d06b9152 tempest-GroupsV314Test-1105638875 tempest-GroupsV314Test-1105638875-project] Action: 'create', calling method: version_select, body: {"group": {"group_type": "a3ec708f-78aa-4252-a5a0-e0b90865978f", "volume_types": ["b99314f6-8574-41a6-a95a-74f04c036813"], "name": "tempest-GroupsV314Test-Group-1234019563"}} {{(pid=109428) _process_stack /opt/stack/cinder/cinder/api/openstack/wsgi.py:866}}
Feb 13 23:14:17.005236 dv-cinder-799663-11-iscsi devstack@c-api.service[109428]: DEBUG cinder.api.v3.groups [None req-c4b0ca77-78a9-416e-93f6-4609d06b9152 tempest-GroupsV314Test-1105638875 tempest-GroupsV314Test-1105638875-project] Creating new group {'group': {'group_type': 'a3ec708f-78aa-4252-a5a0-e0b90865978f', 'volume_types': ['b99314f6-8574-41a6-a95a-74f04c036813'], 'name': 'tempest-GroupsV314Test-Group-1234019563'}} {{(pid=109428) create /opt/stack/cinder/cinder/api/v3/groups.py:190}}
Feb 13 23:14:17.017202 dv-cinder-799663-11-iscsi devstack@c-api.service[109428]: INFO cinder.api.v3.groups [None req-c4b0ca77-78a9-416e-93f6-4609d06b9152 tempest-GroupsV314Test-1105638875 tempest-GroupsV314Test-1105638875-project] Creating group tempest-GroupsV314Test-Group-1234019563.
Feb 13 23:14:17.032700 dv-cinder-799663-11-iscsi devstack@c-api.service[109427]: DEBUG cinder.volume.api [req-53b4dd76-377e-4c2f-8ad0-1b21b9f44e76 req-e86f8105-7855-4db7-b816-30df37eaae0b tempest-VolumesGetTestJSON-1711649833 tempest-VolumesGetTestJSON-1711649833-project] Task 'cinder.volume.flows.api.create_volume.EntryCreateTask;volume:create' (48ed055f-c4a7-41af-99a1-a14d40f88d52) transitioned into state 'SUCCESS' from state 'RUNNING' with result '{'volume_id': '7e22dd1f-d89a-405c-a29b-7aba8236253b', 'volume_properties': VolumeProperties(attach_status='detached',availability_zone='nova',cgsnapshot_id=None,consistencygroup_id=None,display_description=None,display_name='tempest-VolumesGetTestJSON-Volume-1975335013',encryption_key_id=None,group_id=None,group_type_id=,metadata={Type='work'},multiattach=False,project_id='ed2d9e5a339d44e9b60e48044a7c65f5',qos_specs=None,replication_status=,reservations=['300d4ce6-93c0-4924-9e24-54c6e4bb84f4','a39328ac-b07a-46f6-b449-1f9d0b536e95','85c6955f-845c-4288-b410-afada5b7e74d','7b74bb82-e616-4bf0-83f2-1975ca3de0a5'],size=1,snapshot_id=None,source_replicaid=,source_volid=None,status='creating',user_id='c3890cc948e5425085b3216aac5ae6fe',volume_type_id=a6c9b9b2-5b4f-459c-afa0-22183c9bf51a), 'volume': Volume(_name_id=None,admin_metadata=,attach_status='detached',availability_zone='nova',bootable=False,cluster=,cluster_name=None,consistencygroup=,consistencygroup_id=None,created_at=2022-02-13T23:14:16Z,deleted=False,deleted_at=None,display_description=None,display_name='tempest-VolumesGetTestJSON-Volume-1975335013',ec2_id=None,encryption_key_id=None,glance_metadata=,group=,group_id=None,host=None,id=7e22dd1f-d89a-405c-a29b-7aba8236253b,launched_at=None,metadata={Type='work'},migration_status=None,multiattach=False,previous_status=None,project_id='ed2d9e5a339d44e9b60e48044a7c65f5',provider_auth=None,provider_geometry=None,provider_id=None,provider_location=None,replication_driver_data=None,replication_extended_status=None,replication_status=None,scheduled_at=None,service_uuid=None,shared_targets=True,size=1,snapshot_id=None,snapshots=,source_volid=None,status='creating',terminated_at=None,updated_at=None,use_quota=True,user_id='c3890cc948e5425085b3216aac5ae6fe',volume_attachment=VolumeAttachmentList,volume_type=VolumeType(a6c9b9b2-5b4f-459c-afa0-22183c9bf51a),volume_type_id=a6c9b9b2-5b4f-459c-afa0-22183c9bf51a)}' {{(pid=109427) _task_receiver /usr/local/lib/python3.8/dist-packages/taskflow/listeners/logging.py:178}}
Feb 13 23:14:17.034707 dv-cinder-799663-11-iscsi devstack@c-api.service[109427]: DEBUG cinder.volume.api [req-53b4dd76-377e-4c2f-8ad0-1b21b9f44e76 req-e86f8105-7855-4db7-b816-30df37eaae0b tempest-VolumesGetTestJSON-1711649833 tempest-VolumesGetTestJSON-1711649833-project] Task 'cinder.volume.flows.api.create_volume.QuotaCommitTask;volume:create' (55d76e82-1103-4d59-9d30-e0ba675ca708) transitioned into state 'RUNNING' from state 'PENDING' {{(pid=109427) _task_receiver /usr/local/lib/python3.8/dist-packages/taskflow/listeners/logging.py:190}}
Feb 13 23:14:17.100607 dv-cinder-799663-11-iscsi devstack@c-api.service[109428]: DEBUG cinder.volume.api [None req-c4b0ca77-78a9-416e-93f6-4609d06b9152 tempest-GroupsV314Test-1105638875 tempest-GroupsV314Test-1105638875-project] Availability zone cache updated, next update will occur around 2022-02-14 00:14:17.075024. {{(pid=109428) list_availability_zones /opt/stack/cinder/cinder/volume/api.py:151}}
Feb 13 23:14:17.100607 dv-cinder-799663-11-iscsi devstack@c-api.service[109428]: INFO cinder.volume.api [None req-c4b0ca77-78a9-416e-93f6-4609d06b9152 tempest-GroupsV314Test-1105638875 tempest-GroupsV314Test-1105638875-project] Availability Zones retrieved successfully.
Feb 13 23:14:17.142135 dv-cinder-799663-11-iscsi devstack@c-api.service[109427]: DEBUG cinder.volume.api [req-53b4dd76-377e-4c2f-8ad0-1b21b9f44e76 req-e86f8105-7855-4db7-b816-30df37eaae0b tempest-VolumesGetTestJSON-1711649833 tempest-VolumesGetTestJSON-1711649833-project] Task 'cinder.volume.flows.api.create_volume.QuotaCommitTask;volume:create' (55d76e82-1103-4d59-9d30-e0ba675ca708) transitioned into state 'SUCCESS' from state 'RUNNING' with result '{'volume_properties': VolumeProperties(attach_status='detached',availability_zone='nova',cgsnapshot_id=None,consistencygroup_id=None,display_description=None,display_name='tempest-VolumesGetTestJSON-Volume-1975335013',encryption_key_id=None,group_id=None,group_type_id=,metadata={Type='work'},multiattach=False,project_id='ed2d9e5a339d44e9b60e48044a7c65f5',qos_specs=None,replication_status=,reservations=['300d4ce6-93c0-4924-9e24-54c6e4bb84f4','a39328ac-b07a-46f6-b449-1f9d0b536e95','85c6955f-845c-4288-b410-afada5b7e74d','7b74bb82-e616-4bf0-83f2-1975ca3de0a5'],size=1,snapshot_id=None,source_replicaid=,source_volid=None,status='creating',user_id='c3890cc948e5425085b3216aac5ae6fe',volume_type_id=a6c9b9b2-5b4f-459c-afa0-22183c9bf51a)}' {{(pid=109427) _task_receiver /usr/local/lib/python3.8/dist-packages/taskflow/listeners/logging.py:178}}
