Feb 13 23:14:51.460862 dv-cinder-799663-11-iscsi devstack@c-api.service[109428]: INFO cinder.api.openstack.wsgi [None req-92cf0be5-b2bf-43f4-a1a2-3c220e127798 tempest-VolumeTypesTest-1743596559 tempest-VolumeTypesTest-1743596559-project-admin] http://10.222.0.43/volume/v3/7e73f22dde04454485d542d8b9ec7faa/types/d14c4016-ccfd-4589-8a8a-18ba68086ecf/encryption/cipher returned with HTTP 200
Feb 13 23:14:51.461881 dv-cinder-799663-11-iscsi devstack@c-api.service[109428]: [pid: 109428|app: 0|req: 89/181] 10.222.0.43 () {58 vars in 1372 bytes} [Sun Feb 13 23:14:51 2022] GET /volume/v3/7e73f22dde04454485d542d8b9ec7faa/types/d14c4016-ccfd-4589-8a8a-18ba68086ecf/encryption/cipher => generated 29 bytes in 24 msecs (HTTP/1.1 200) 7 headers in 284 bytes (1 switches on core 0)
Feb 13 23:14:51.472403 dv-cinder-799663-11-iscsi devstack@c-api.service[109428]: INFO cinder.api.openstack.wsgi [None req-5d81474c-7b03-44b8-9fd2-e98f3af9f5db tempest-VolumeTypesTest-1743596559 tempest-VolumeTypesTest-1743596559-project-admin] DELETE http://10.222.0.43/volume/v3/7e73f22dde04454485d542d8b9ec7faa/types/d14c4016-ccfd-4589-8a8a-18ba68086ecf/encryption/provider
Feb 13 23:14:51.472841 dv-cinder-799663-11-iscsi devstack@c-api.service[109428]: DEBUG cinder.api.openstack.wsgi [None req-5d81474c-7b03-44b8-9fd2-e98f3af9f5db tempest-VolumeTypesTest-1743596559 tempest-VolumeTypesTest-1743596559-project-admin] Empty body provided in request {{(pid=109428) get_body /opt/stack/cinder/cinder/api/openstack/wsgi.py:715}}
Feb 13 23:14:51.473411 dv-cinder-799663-11-iscsi devstack@c-api.service[109428]: DEBUG cinder.api.openstack.wsgi [None req-5d81474c-7b03-44b8-9fd2-e98f3af9f5db tempest-VolumeTypesTest-1743596559 tempest-VolumeTypesTest-1743596559-project-admin] Calling method 'delete' {{(pid=109428) _process_stack /opt/stack/cinder/cinder/api/openstack/wsgi.py:868}}
Feb 13 23:14:51.476436 dv-cinder-799663-11-iscsi devstack@c-api.service[109427]: INFO cinder.volume.api [None req-8efa5b32-c3b1-466e-b548-58cba65e43f5 tempest-VolumesDeleteCascade-521396227 tempest-VolumesDeleteCascade-521396227-project] Delete volume request issued successfully.
Feb 13 23:14:51.476920 dv-cinder-799663-11-iscsi devstack@c-api.service[109427]: INFO cinder.api.openstack.wsgi [None req-8efa5b32-c3b1-466e-b548-58cba65e43f5 tempest-VolumesDeleteCascade-521396227 tempest-VolumesDeleteCascade-521396227-project] http://10.222.0.43/volume/v3/929c2ef167bf4ed9aa8058e846a52e1d/volumes/7f2f5ff4-753c-4815-9ff3-c69e7682c311?cascade=True returned with HTTP 202
Feb 13 23:14:51.478060 dv-cinder-799663-11-iscsi devstack@c-api.service[109427]: [pid: 109427|app: 0|req: 93/182] 10.222.0.43 () {58 vars in 1352 bytes} [Sun Feb 13 23:14:51 2022] DELETE /volume/v3/929c2ef167bf4ed9aa8058e846a52e1d/volumes/7f2f5ff4-753c-4815-9ff3-c69e7682c311?cascade=True => generated 0 bytes in 93 msecs (HTTP/1.1 202) 6 headers in 233 bytes (1 switches on core 0)
Feb 13 23:14:51.485024 dv-cinder-799663-11-iscsi devstack@c-api.service[109427]: INFO cinder.api.openstack.wsgi [None req-bc83d0c0-8175-4a1b-8387-f571843084bb tempest-VolumesDeleteCascade-521396227 tempest-VolumesDeleteCascade-521396227-project] GET http://10.222.0.43/volume/v3/929c2ef167bf4ed9aa8058e846a52e1d/volumes/7f2f5ff4-753c-4815-9ff3-c69e7682c311
Feb 13 23:14:51.485630 dv-cinder-799663-11-iscsi devstack@c-api.service[109427]: DEBUG cinder.api.openstack.wsgi [None req-bc83d0c0-8175-4a1b-8387-f571843084bb tempest-VolumesDeleteCascade-521396227 tempest-VolumesDeleteCascade-521396227-project] Empty body provided in request {{(pid=109427) get_body /opt/stack/cinder/cinder/api/openstack/wsgi.py:715}}
Feb 13 23:14:51.486240 dv-cinder-799663-11-iscsi devstack@c-api.service[109427]: DEBUG cinder.api.openstack.wsgi [None req-bc83d0c0-8175-4a1b-8387-f571843084bb tempest-VolumesDeleteCascade-521396227 tempest-VolumesDeleteCascade-521396227-project] Calling method 'show' {{(pid=109427) _process_stack /opt/stack/cinder/cinder/api/openstack/wsgi.py:868}}
Feb 13 23:14:51.501377 dv-cinder-799663-11-iscsi devstack@c-api.service[109427]: /usr/local/lib/python3.8/dist-packages/oslo_context/context.py:105: DeprecationWarning: Policy enforcement is depending on the value of is_admin. This key is deprecated. Please update your policy file to use the standard policy values.
Feb 13 23:14:51.501377 dv-cinder-799663-11-iscsi devstack@c-api.service[109427]: warnings.warn('Policy enforcement is depending on the value of '
Feb 13 23:14:51.510657 dv-cinder-799663-11-iscsi devstack@c-api.service[109427]: INFO cinder.volume.api [None req-bc83d0c0-8175-4a1b-8387-f571843084bb tempest-VolumesDeleteCascade-521396227 tempest-VolumesDeleteCascade-521396227-project] Volume info retrieved successfully.
Feb 13 23:14:51.517652 dv-cinder-799663-11-iscsi devstack@c-api.service[109428]: INFO cinder.api.openstack.wsgi [None req-5d81474c-7b03-44b8-9fd2-e98f3af9f5db tempest-VolumeTypesTest-1743596559 tempest-VolumeTypesTest-1743596559-project-admin] http://10.222.0.43/volume/v3/7e73f22dde04454485d542d8b9ec7faa/types/d14c4016-ccfd-4589-8a8a-18ba68086ecf/encryption/provider returned with HTTP 202
Feb 13 23:14:51.521716 dv-cinder-799663-11-iscsi devstack@c-api.service[109427]: INFO cinder.api.openstack.wsgi [None req-bc83d0c0-8175-4a1b-8387-f571843084bb tempest-VolumesDeleteCascade-521396227 tempest-VolumesDeleteCascade-521396227-project] http://10.222.0.43/volume/v3/929c2ef167bf4ed9aa8058e846a52e1d/volumes/7f2f5ff4-753c-4815-9ff3-c69e7682c311 returned with HTTP 200
Feb 13 23:14:51.522503 dv-cinder-799663-11-iscsi devstack@c-api.service[109428]: [pid: 109428|app: 0|req: 90/183] 10.222.0.43 () {58 vars in 1381 bytes} [Sun Feb 13 23:14:51 2022] DELETE /volume/v3/7e73f22dde04454485d542d8b9ec7faa/types/d14c4016-ccfd-4589-8a8a-18ba68086ecf/encryption/provider => generated 0 bytes in 56 msecs (HTTP/1.1 202) 6 headers in 233 bytes (1 switches on core 0)
Feb 13 23:14:51.522946 dv-cinder-799663-11-iscsi devstack@c-api.service[109427]: [pid: 109427|app: 0|req: 94/184] 10.222.0.43 () {58 vars in 1324 bytes} [Sun Feb 13 23:14:51 2022] GET /volume/v3/929c2ef167bf4ed9aa8058e846a52e1d/volumes/7f2f5ff4-753c-4815-9ff3-c69e7682c311 => generated 912 bytes in 41 msecs (HTTP/1.1 200) 7 headers in 285 bytes (1 switches on core 0)
Feb 13 23:14:51.532987 dv-cinder-799663-11-iscsi devstack@c-api.service[109428]: INFO cinder.api.openstack.wsgi [None req-b6206cb7-04f4-403c-b22b-588e9212eddb tempest-VolumeTypesTest-1743596559 tempest-VolumeTypesTest-1743596559-project-admin] GET http://10.222.0.43/volume/v3/7e73f22dde04454485d542d8b9ec7faa/types/d14c4016-ccfd-4589-8a8a-18ba68086ecf/encryption
Feb 13 23:14:51.533731 dv-cinder-799663-11-iscsi devstack@c-api.service[109428]: DEBUG cinder.api.openstack.wsgi [None req-b6206cb7-04f4-403c-b22b-588e9212eddb tempest-VolumeTypesTest-1743596559 tempest-VolumeTypesTest-1743596559-project-admin] Empty body provided in request {{(pid=109428) get_body /opt/stack/cinder/cinder/api/openstack/wsgi.py:715}}
Feb 13 23:14:51.534277 dv-cinder-799663-11-iscsi devstack@c-api.service[109428]: DEBUG cinder.api.openstack.wsgi [None req-b6206cb7-04f4-403c-b22b-588e9212eddb tempest-VolumeTypesTest-1743596559 tempest-VolumeTypesTest-1743596559-project-admin] Calling method 'index' {{(pid=109428) _process_stack /opt/stack/cinder/cinder/api/openstack/wsgi.py:868}}
Feb 13 23:14:51.546679 dv-cinder-799663-11-iscsi devstack@c-api.service[109428]: INFO cinder.api.openstack.wsgi [None req-b6206cb7-04f4-403c-b22b-588e9212eddb tempest-VolumeTypesTest-1743596559 tempest-VolumeTypesTest-1743596559-project-admin] http://10.222.0.43/volume/v3/7e73f22dde04454485d542d8b9ec7faa/types/d14c4016-ccfd-4589-8a8a-18ba68086ecf/encryption returned with HTTP 200
Feb 13 23:14:51.547425 dv-cinder-799663-11-iscsi devstack@c-api.service[109428]: [pid: 109428|app: 0|req: 91/185] 10.222.0.43 () {58 vars in 1351 bytes} [Sun Feb 13 23:14:51 2022] GET /volume/v3/7e73f22dde04454485d542d8b9ec7faa/types/d14c4016-ccfd-4589-8a8a-18ba68086ecf/encryption => generated 2 bytes in 24 msecs (HTTP/1.1 200) 7 headers in 283 bytes (1 switches on core 0)
Feb 13 23:14:51.557632 dv-cinder-799663-11-iscsi devstack@c-api.service[109427]: INFO cinder.api.openstack.wsgi [None req-fa50990e-15ba-474b-a8f1-e7988dbcebd2 tempest-VolumeTypesTest-1743596559 tempest-VolumeTypesTest-1743596559-project-admin] GET http://10.222.0.43/volume/v3/7e73f22dde04454485d542d8b9ec7faa/types/d14c4016-ccfd-4589-8a8a-18ba68086ecf/encryption
Feb 13 23:14:51.558163 dv-cinder-799663-11-iscsi devstack@c-api.service[109427]: DEBUG cinder.api.openstack.wsgi [None req-fa50990e-15ba-474b-a8f1-e7988dbcebd2 tempest-VolumeTypesTest-1743596559 tempest-VolumeTypesTest-1743596559-project-admin] Empty body provided in request {{(pid=109427) get_body /opt/stack/cinder/cinder/api/openstack/wsgi.py:715}}
Feb 13 23:14:51.558701 dv-cinder-799663-11-iscsi devstack@c-api.service[109427]: DEBUG cinder.api.openstack.wsgi [None req-fa50990e-15ba-474b-a8f1-e7988dbcebd2 tempest-VolumeTypesTest-1743596559 tempest-VolumeTypesTest-1743596559-project-admin] Calling method 'index' {{(pid=109427) _process_stack /opt/stack/cinder/cinder/api/openstack/wsgi.py:868}}
Feb 13 23:14:51.568957 dv-cinder-799663-11-iscsi devstack@c-api.service[109427]: INFO cinder.api.openstack.wsgi [None req-fa50990e-15ba-474b-a8f1-e7988dbcebd2 tempest-VolumeTypesTest-1743596559 tempest-VolumeTypesTest-1743596559-project-admin] http://10.222.0.43/volume/v3/7e73f22dde04454485d542d8b9ec7faa/types/d14c4016-ccfd-4589-8a8a-18ba68086ecf/encryption returned with HTTP 200
Feb 13 23:14:51.569928 dv-cinder-799663-11-iscsi devstack@c-api.service[109427]: [pid: 109427|app: 0|req: 95/186] 10.222.0.43 () {58 vars in 1351 bytes} [Sun Feb 13 23:14:51 2022] GET /volume/v3/7e73f22dde04454485d542d8b9ec7faa/types/d14c4016-ccfd-4589-8a8a-18ba68086ecf/encryption => generated 2 bytes in 17 msecs (HTTP/1.1 200) 7 headers in 283 bytes (1 switches on core 0)
Feb 13 23:14:51.580005 dv-cinder-799663-11-iscsi devstack@c-api.service[109428]: INFO cinder.api.openstack.wsgi [None req-f7cccfa6-a9a3-4068-99b7-02d54944f44a tempest-VolumeTypesTest-1743596559 tempest-VolumeTypesTest-1743596559-project-admin] GET http://10.222.0.43/volume/v3/7e73f22dde04454485d542d8b9ec7faa/types
Feb 13 23:14:51.580575 dv-cinder-799663-11-iscsi devstack@c-api.service[109428]: DEBUG cinder.api.openstack.wsgi [None req-f7cccfa6-a9a3-4068-99b7-02d54944f44a tempest-VolumeTypesTest-1743596559 tempest-VolumeTypesTest-1743596559-project-admin] Empty body provided in request {{(pid=109428) get_body /opt/stack/cinder/cinder/api/openstack/wsgi.py:715}}
Feb 13 23:14:51.581125 dv-cinder-799663-11-iscsi devstack@c-api.service[109428]: DEBUG cinder.api.openstack.wsgi [None req-f7cccfa6-a9a3-4068-99b7-02d54944f44a tempest-VolumeTypesTest-1743596559 tempest-VolumeTypesTest-1743596559-project-admin] Calling method 'index' {{(pid=109428) _process_stack /opt/stack/cinder/cinder/api/openstack/wsgi.py:868}}
Feb 13 23:14:51.619157 dv-cinder-799663-11-iscsi devstack@c-api.service[109428]: INFO cinder.api.openstack.wsgi [None req-f7cccfa6-a9a3-4068-99b7-02d54944f44a tempest-VolumeTypesTest-1743596559 tempest-VolumeTypesTest-1743596559-project-admin] http://10.222.0.43/volume/v3/7e73f22dde04454485d542d8b9ec7faa/types returned with HTTP 200
Feb 13 23:14:51.619914 dv-cinder-799663-11-iscsi devstack@c-api.service[109428]: [pid: 109428|app: 0|req: 92/187] 10.222.0.43 () {58 vars in 1207 bytes} [Sun Feb 13 23:14:51 2022] GET /volume/v3/7e73f22dde04454485d542d8b9ec7faa/types => generated 2013 bytes in 43 msecs (HTTP/1.1 200) 7 headers in 286 bytes (1 switches on core 0)
Feb 13 23:14:51.631637 dv-cinder-799663-11-iscsi devstack@c-api.service[109427]: INFO cinder.api.openstack.wsgi [None req-a61eb35d-f94c-427c-a22a-1cdd73088faf tempest-VolumeTypesTest-1743596559 tempest-VolumeTypesTest-1743596559-project-admin] POST http://10.222.0.43/volume/v3/7e73f22dde04454485d542d8b9ec7faa/types
Feb 13 23:14:51.632356 dv-cinder-799663-11-iscsi devstack@c-api.service[109427]: DEBUG cinder.api.openstack.wsgi [None req-a61eb35d-f94c-427c-a22a-1cdd73088faf tempest-VolumeTypesTest-1743596559 tempest-VolumeTypesTest-1743596559-project-admin] Action: 'create', calling method: _create, body: {"volume_type": {"name": "tempest-VolumeTypesTest-volume-type-1750333793"}} {{(pid=109427) _process_stack /opt/stack/cinder/cinder/api/openstack/wsgi.py:866}}
Feb 13 23:14:51.659386 dv-cinder-799663-11-iscsi devstack@c-api.service[109427]: INFO cinder.api.openstack.wsgi [None req-a61eb35d-f94c-427c-a22a-1cdd73088faf tempest-VolumeTypesTest-1743596559 tempest-VolumeTypesTest-1743596559-project-admin] http://10.222.0.43/volume/v3/7e73f22dde04454485d542d8b9ec7faa/types returned with HTTP 200
Feb 13 23:14:51.660441 dv-cinder-799663-11-iscsi devstack@c-api.service[109427]: [pid: 109427|app: 0|req: 96/188] 10.222.0.43 () {60 vars in 1228 bytes} [Sun Feb 13 23:14:51 2022] POST /volume/v3/7e73f22dde04454485d542d8b9ec7faa/types => generated 221 bytes in 32 msecs (HTTP/1.1 200) 7 headers in 285 bytes (1 switches on core 0)
Feb 13 23:14:51.670234 dv-cinder-799663-11-iscsi devstack@c-api.service[109428]: INFO cinder.api.openstack.wsgi [None req-46ab8dde-375e-463f-87c9-a73b923f6a8a tempest-VolumeTypesTest-1743596559 tempest-VolumeTypesTest-1743596559-project-admin] PUT http://10.222.0.43/volume/v3/7e73f22dde04454485d542d8b9ec7faa/types/da0cafff-cfa1-4208-b9f4-73109f073151
Feb 13 23:14:51.672104 dv-cinder-799663-11-iscsi devstack@c-api.service[109428]: DEBUG cinder.api.openstack.wsgi [None req-46ab8dde-375e-463f-87c9-a73b923f6a8a tempest-VolumeTypesTest-1743596559 tempest-VolumeTypesTest-1743596559-project-admin] Action: 'update', calling method: _update, body: {"volume_type": {"name": "tempest-volume-type-2138210190", "description": "tempest-volume-type-description-1743837660", "is_public": false}} {{(pid=109428) _process_stack /opt/stack/cinder/cinder/api/openstack/wsgi.py:866}}
Feb 13 23:14:51.745421 dv-cinder-799663-11-iscsi devstack@c-api.service[109428]: INFO cinder.api.openstack.wsgi [None req-46ab8dde-375e-463f-87c9-a73b923f6a8a tempest-VolumeTypesTest-1743596559 tempest-VolumeTypesTest-1743596559-project-admin] http://10.222.0.43/volume/v3/7e73f22dde04454485d542d8b9ec7faa/types/da0cafff-cfa1-4208-b9f4-73109f073151 returned with HTTP 200
Feb 13 23:14:51.746205 dv-cinder-799663-11-iscsi devstack@c-api.service[109428]: [pid: 109428|app: 0|req: 93/189] 10.222.0.43 () {60 vars in 1339 bytes} [Sun Feb 13 23:14:51 2022] PUT /volume/v3/7e73f22dde04454485d542d8b9ec7faa/types/da0cafff-cfa1-4208-b9f4-73109f073151 => generated 205 bytes in 80 msecs (HTTP/1.1 200) 7 headers in 285 bytes (1 switches on core 0)
Feb 13 23:14:51.755394 dv-cinder-799663-11-iscsi devstack@c-api.service[109427]: INFO cinder.api.openstack.wsgi [None req-04381d38-2abe-4be6-921b-551ad6967048 tempest-VolumeTypesTest-1743596559 tempest-VolumeTypesTest-1743596559-project-admin] GET http://10.222.0.43/volume/v3/7e73f22dde04454485d542d8b9ec7faa/types/da0cafff-cfa1-4208-b9f4-73109f073151
Feb 13 23:14:51.755837 dv-cinder-799663-11-iscsi devstack@c-api.service[109427]: DEBUG cinder.api.openstack.wsgi [None req-04381d38-2abe-4be6-921b-551ad6967048 tempest-VolumeTypesTest-1743596559 tempest-VolumeTypesTest-1743596559-project-admin] Empty body provided in request {{(pid=109427) get_body /opt/stack/cinder/cinder/api/openstack/wsgi.py:715}}
Feb 13 23:14:51.756286 dv-cinder-799663-11-iscsi devstack@c-api.service[109427]: DEBUG cinder.api.openstack.wsgi [None req-04381d38-2abe-4be6-921b-551ad6967048 tempest-VolumeTypesTest-1743596559 tempest-VolumeTypesTest-1743596559-project-admin] Calling method 'show' {{(pid=109427) _process_stack /opt/stack/cinder/cinder/api/openstack/wsgi.py:868}}
Feb 13 23:14:51.766018 dv-cinder-799663-11-iscsi devstack@c-api.service[109427]: INFO cinder.api.openstack.wsgi [None req-04381d38-2abe-4be6-921b-551ad6967048 tempest-VolumeTypesTest-1743596559 tempest-VolumeTypesTest-1743596559-project-admin] http://10.222.0.43/volume/v3/7e73f22dde04454485d542d8b9ec7faa/types/da0cafff-cfa1-4208-b9f4-73109f073151 returned with HTTP 200
Feb 13 23:14:51.766678 dv-cinder-799663-11-iscsi devstack@c-api.service[109427]: [pid: 109427|app: 0|req: 97/190] 10.222.0.43 () {58 vars in 1318 bytes} [Sun Feb 13 23:14:51 2022] GET /volume/v3/7e73f22dde04454485d542d8b9ec7faa/types/da0cafff-cfa1-4208-b9f4-73109f073151 => generated 269 bytes in 15 msecs (HTTP/1.1 200) 7 headers in 285 bytes (1 switches on core 0)
Feb 13 23:14:51.775724 dv-cinder-799663-11-iscsi devstack@c-api.service[109428]: INFO cinder.api.openstack.wsgi [None req-7198e944-574c-4bfe-9b34-04e6a7cbe034 tempest-VolumeTypesTest-1743596559 tempest-VolumeTypesTest-1743596559-project-admin] DELETE http://10.222.0.43/volume/v3/7e73f22dde04454485d542d8b9ec7faa/types/da0cafff-cfa1-4208-b9f4-73109f073151
Feb 13 23:14:51.776228 dv-cinder-799663-11-iscsi devstack@c-api.service[109428]: DEBUG cinder.api.openstack.wsgi [None req-7198e944-574c-4bfe-9b34-04e6a7cbe034 tempest-VolumeTypesTest-1743596559 tempest-VolumeTypesTest-1743596559-project-admin] Empty body provided in request {{(pid=109428) get_body /opt/stack/cinder/cinder/api/openstack/wsgi.py:715}}
Feb 13 23:14:51.776700 dv-cinder-799663-11-iscsi devstack@c-api.service[109428]: DEBUG cinder.api.openstack.wsgi [None req-7198e944-574c-4bfe-9b34-04e6a7cbe034 tempest-VolumeTypesTest-1743596559 tempest-VolumeTypesTest-1743596559-project-admin] Calling method '_delete' {{(pid=109428) _process_stack /opt/stack/cinder/cinder/api/openstack/wsgi.py:868}}
Feb 13 23:14:51.819572 dv-cinder-799663-11-iscsi devstack@c-api.service[109428]: INFO cinder.api.openstack.wsgi [None req-7198e944-574c-4bfe-9b34-04e6a7cbe034 tempest-VolumeTypesTest-1743596559 tempest-VolumeTypesTest-1743596559-project-admin] http://10.222.0.43/volume/v3/7e73f22dde04454485d542d8b9ec7faa/types/da0cafff-cfa1-4208-b9f4-73109f073151 returned with HTTP 202
Feb 13 23:14:51.820334 dv-cinder-799663-11-iscsi devstack@c-api.service[109428]: [pid: 109428|app: 0|req: 94/191] 10.222.0.43 () {58 vars in 1321 bytes} [Sun Feb 13 23:14:51 2022] DELETE /volume/v3/7e73f22dde04454485d542d8b9ec7faa/types/da0cafff-cfa1-4208-b9f4-73109f073151 => generated 0 bytes in 48 msecs (HTTP/1.1 202) 6 headers in 233 bytes (1 switches on core 0)
Feb 13 23:14:51.828038 dv-cinder-799663-11-iscsi devstack@c-api.service[109427]: INFO cinder.api.openstack.wsgi [None req-35079c69-3dc5-4ee4-b245-3494d68277c8 tempest-VolumeTypesTest-1743596559 tempest-VolumeTypesTest-1743596559-project-admin] GET http://10.222.0.43/volume/v3/7e73f22dde04454485d542d8b9ec7faa/types/da0cafff-cfa1-4208-b9f4-73109f073151
Feb 13 23:14:51.828500 dv-cinder-799663-11-iscsi devstack@c-api.service[109427]: DEBUG cinder.api.openstack.wsgi [None req-35079c69-3dc5-4ee4-b245-3494d68277c8 tempest-VolumeTypesTest-1743596559 tempest-VolumeTypesTest-1743596559-project-admin] Empty body provided in request {{(pid=109427) get_body /opt/stack/cinder/cinder/api/openstack/wsgi.py:715}}
Feb 13 23:14:51.828951 dv-cinder-799663-11-iscsi devstack@c-api.service[109427]: DEBUG cinder.api.openstack.wsgi [None req-35079c69-3dc5-4ee4-b245-3494d68277c8 tempest-VolumeTypesTest-1743596559 tempest-VolumeTypesTest-1743596559-project-admin] Calling method 'show' {{(pid=109427) _process_stack /opt/stack/cinder/cinder/api/openstack/wsgi.py:868}}
Feb 13 23:14:51.834013 dv-cinder-799663-11-iscsi devstack@c-api.service[109427]: INFO cinder.api.openstack.wsgi [None req-35079c69-3dc5-4ee4-b245-3494d68277c8 tempest-VolumeTypesTest-1743596559 tempest-VolumeTypesTest-1743596559-project-admin] http://10.222.0.43/volume/v3/7e73f22dde04454485d542d8b9ec7faa/types/da0cafff-cfa1-4208-b9f4-73109f073151 returned with HTTP 404
Feb 13 23:14:51.834838 dv-cinder-799663-11-iscsi devstack@c-api.service[109427]: [pid: 109427|app: 0|req: 98/192] 10.222.0.43 () {58 vars in 1318 bytes} [Sun Feb 13 23:14:51 2022] GET /volume/v3/7e73f22dde04454485d542d8b9ec7faa/types/da0cafff-cfa1-4208-b9f4-73109f073151 => generated 114 bytes in 11 msecs (HTTP/1.1 404) 7 headers in 292 bytes (1 switches on core 0)
Feb 13 23:14:51.841624 dv-cinder-799663-11-iscsi devstack@c-api.service[109428]: INFO cinder.api.openstack.wsgi [None req-bdbe043c-4f16-4a44-a377-16d1a5bf0aa8 tempest-VolumeTypesTest-1743596559 tempest-VolumeTypesTest-1743596559-project-admin] DELETE http://10.222.0.43/volume/v3/7e73f22dde04454485d542d8b9ec7faa/types/d14c4016-ccfd-4589-8a8a-18ba68086ecf
Feb 13 23:14:51.842062 dv-cinder-799663-11-iscsi devstack@c-api.service[109428]: DEBUG cinder.api.openstack.wsgi [None req-bdbe043c-4f16-4a44-a377-16d1a5bf0aa8 tempest-VolumeTypesTest-1743596559 tempest-VolumeTypesTest-1743596559-project-admin] Empty body provided in request {{(pid=109428) get_body /opt/stack/cinder/cinder/api/openstack/wsgi.py:715}}
Feb 13 23:14:51.842534 dv-cinder-799663-11-iscsi devstack@c-api.service[109428]: DEBUG cinder.api.openstack.wsgi [None req-bdbe043c-4f16-4a44-a377-16d1a5bf0aa8 tempest-VolumeTypesTest-1743596559 tempest-VolumeTypesTest-1743596559-project-admin] Calling method '_delete' {{(pid=109428) _process_stack /opt/stack/cinder/cinder/api/openstack/wsgi.py:868}}
Feb 13 23:14:51.883454 dv-cinder-799663-11-iscsi devstack@c-api.service[109428]: INFO cinder.api.openstack.wsgi [None req-bdbe043c-4f16-4a44-a377-16d1a5bf0aa8 tempest-VolumeTypesTest-1743596559 tempest-VolumeTypesTest-1743596559-project-admin] http://10.222.0.43/volume/v3/7e73f22dde04454485d542d8b9ec7faa/types/d14c4016-ccfd-4589-8a8a-18ba68086ecf returned with HTTP 202
Feb 13 23:14:51.884236 dv-cinder-799663-11-iscsi devstack@c-api.service[109428]: [pid: 109428|app: 0|req: 95/193] 10.222.0.43 () {58 vars in 1321 bytes} [Sun Feb 13 23:14:51 2022] DELETE /volume/v3/7e73f22dde04454485d542d8b9ec7faa/types/d14c4016-ccfd-4589-8a8a-18ba68086ecf => generated 0 bytes in 46 msecs (HTTP/1.1 202) 6 headers in 233 bytes (1 switches on core 0)
Feb 13 23:14:51.892135 dv-cinder-799663-11-iscsi devstack@c-api.service[109427]: INFO cinder.api.openstack.wsgi [None req-10e610eb-bf86-4c2a-beb6-b960f7999848 tempest-VolumeTypesTest-1743596559 tempest-VolumeTypesTest-1743596559-project-admin] GET http://10.222.0.43/volume/v3/7e73f22dde04454485d542d8b9ec7faa/types/d14c4016-ccfd-4589-8a8a-18ba68086ecf
Feb 13 23:14:51.892584 dv-cinder-799663-11-iscsi devstack@c-api.service[109427]: DEBUG cinder.api.openstack.wsgi [None req-10e610eb-bf86-4c2a-beb6-b960f7999848 tempest-VolumeTypesTest-1743596559 tempest-VolumeTypesTest-1743596559-project-admin] Empty body provided in request {{(pid=109427) get_body /opt/stack/cinder/cinder/api/openstack/wsgi.py:715}}
Feb 13 23:14:51.893037 dv-cinder-799663-11-iscsi devstack@c-api.service[109427]: DEBUG cinder.api.openstack.wsgi [None req-10e610eb-bf86-4c2a-beb6-b960f7999848 tempest-VolumeTypesTest-1743596559 tempest-VolumeTypesTest-1743596559-project-admin] Calling method 'show' {{(pid=109427) _process_stack /opt/stack/cinder/cinder/api/openstack/wsgi.py:868}}
Feb 13 23:14:51.897771 dv-cinder-799663-11-iscsi devstack@c-api.service[109427]: INFO cinder.api.openstack.wsgi [None req-10e610eb-bf86-4c2a-beb6-b960f7999848 tempest-VolumeTypesTest-1743596559 tempest-VolumeTypesTest-1743596559-project-admin] http://10.222.0.43/volume/v3/7e73f22dde04454485d542d8b9ec7faa/types/d14c4016-ccfd-4589-8a8a-18ba68086ecf returned with HTTP 404
Feb 13 23:14:51.898580 dv-cinder-799663-11-iscsi devstack@c-api.service[109427]: [pid: 109427|app: 0|req: 99/194] 10.222.0.43 () {58 vars in 1318 bytes} [Sun Feb 13 23:14:51 2022] GET /volume/v3/7e73f22dde04454485d542d8b9ec7faa/types/d14c4016-ccfd-4589-8a8a-18ba68086ecf => generated 114 bytes in 11 msecs (HTTP/1.1 404) 7 headers in 292 bytes (1 switches on core 0)
Feb 13 23:14:51.905320 dv-cinder-799663-11-iscsi devstack@c-api.service[109428]: INFO cinder.api.openstack.wsgi [None req-3bea02dd-5852-491c-b729-ab5deb23964a tempest-VolumeTypesTest-1743596559 tempest-VolumeTypesTest-1743596559-project-admin] DELETE http://10.222.0.43/volume/v3/7e73f22dde04454485d542d8b9ec7faa/types/161fb201-17b4-45c8-b0c4-523d02b36a0e
Feb 13 23:14:51.905757 dv-cinder-799663-11-iscsi devstack@c-api.service[109428]: DEBUG cinder.api.openstack.wsgi [None req-3bea02dd-5852-491c-b729-ab5deb23964a tempest-VolumeTypesTest-1743596559 tempest-VolumeTypesTest-1743596559-project-admin] Empty body provided in request {{(pid=109428) get_body /opt/stack/cinder/cinder/api/openstack/wsgi.py:715}}
Feb 13 23:14:51.906253 dv-cinder-799663-11-iscsi devstack@c-api.service[109428]: DEBUG cinder.api.openstack.wsgi [None req-3bea02dd-5852-491c-b729-ab5deb23964a tempest-VolumeTypesTest-1743596559 tempest-VolumeTypesTest-1743596559-project-admin] Calling method '_delete' {{(pid=109428) _process_stack /opt/stack/cinder/cinder/api/openstack/wsgi.py:868}}
Feb 13 23:14:51.949418 dv-cinder-799663-11-iscsi devstack@c-api.service[109428]: INFO cinder.api.openstack.wsgi [None req-3bea02dd-5852-491c-b729-ab5deb23964a tempest-VolumeTypesTest-1743596559 tempest-VolumeTypesTest-1743596559-project-admin] http://10.222.0.43/volume/v3/7e73f22dde04454485d542d8b9ec7faa/types/161fb201-17b4-45c8-b0c4-523d02b36a0e returned with HTTP 202
Feb 13 23:14:51.950735 dv-cinder-799663-11-iscsi devstack@c-api.service[109428]: [pid: 109428|app: 0|req: 96/195] 10.222.0.43 () {58 vars in 1321 bytes} [Sun Feb 13 23:14:51 2022] DELETE /volume/v3/7e73f22dde04454485d542d8b9ec7faa/types/161fb201-17b4-45c8-b0c4-523d02b36a0e => generated 0 bytes in 49 msecs (HTTP/1.1 202) 6 headers in 233 bytes (2 switches on core 0)
Feb 13 23:14:51.957990 dv-cinder-799663-11-iscsi devstack@c-api.service[109427]: INFO cinder.api.openstack.wsgi [None req-359c285c-47aa-4388-bc51-08c15d55d530 tempest-VolumeTypesTest-1743596559 tempest-VolumeTypesTest-1743596559-project-admin] GET http://10.222.0.43/volume/v3/7e73f22dde04454485d542d8b9ec7faa/types/161fb201-17b4-45c8-b0c4-523d02b36a0e
Feb 13 23:14:51.958521 dv-cinder-799663-11-iscsi devstack@c-api.service[109427]: DEBUG cinder.api.openstack.wsgi [None req-359c285c-47aa-4388-bc51-08c15d55d530 tempest-VolumeTypesTest-1743596559 tempest-VolumeTypesTest-1743596559-project-admin] Empty body provided in request {{(pid=109427) get_body /opt/stack/cinder/cinder/api/openstack/wsgi.py:715}}
Feb 13 23:14:51.958978 dv-cinder-799663-11-iscsi devstack@c-api.service[109427]: DEBUG cinder.api.openstack.wsgi [None req-359c285c-47aa-4388-bc51-08c15d55d530 tempest-VolumeTypesTest-1743596559 tempest-VolumeTypesTest-1743596559-project-admin] Calling method 'show' {{(pid=109427) _process_stack /opt/stack/cinder/cinder/api/openstack/wsgi.py:868}}
Feb 13 23:14:51.963574 dv-cinder-799663-11-iscsi devstack@c-api.service[109427]: INFO cinder.api.openstack.wsgi [None req-359c285c-47aa-4388-bc51-08c15d55d530 tempest-VolumeTypesTest-1743596559 tempest-VolumeTypesTest-1743596559-project-admin] http://10.222.0.43/volume/v3/7e73f22dde04454485d542d8b9ec7faa/types/161fb201-17b4-45c8-b0c4-523d02b36a0e returned with HTTP 404
Feb 13 23:14:51.964347 dv-cinder-799663-11-iscsi devstack@c-api.service[109427]: [pid: 109427|app: 0|req: 100/196] 10.222.0.43 () {58 vars in 1318 bytes} [Sun Feb 13 23:14:51 2022] GET /volume/v3/7e73f22dde04454485d542d8b9ec7faa/types/161fb201-17b4-45c8-b0c4-523d02b36a0e => generated 114 bytes in 10 msecs (HTTP/1.1 404) 7 headers in 292 bytes (1 switches on core 0)
Feb 13 23:14:51.971048 dv-cinder-799663-11-iscsi devstack@c-api.service[109428]: INFO cinder.api.openstack.wsgi [None req-2102bb3c-7de0-4507-84e2-506b56204aff tempest-VolumeTypesTest-1565223967 tempest-VolumeTypesTest-1565223967-project] DELETE http://10.222.0.43/volume/v3/a732060a67314d76a8fe817bbc79b716/volumes/4008ff85-f6d7-4ba1-b19e-ff7805b72caa
Feb 13 23:14:51.971491 dv-cinder-799663-11-iscsi devstack@c-api.service[109428]: DEBUG cinder.api.openstack.wsgi [None req-2102bb3c-7de0-4507-84e2-506b56204aff tempest-VolumeTypesTest-1565223967 tempest-VolumeTypesTest-1565223967-project] Empty body provided in request {{(pid=109428) get_body /opt/stack/cinder/cinder/api/openstack/wsgi.py:715}}
Feb 13 23:14:51.971953 dv-cinder-799663-11-iscsi devstack@c-api.service[109428]: DEBUG cinder.api.openstack.wsgi [None req-2102bb3c-7de0-4507-84e2-506b56204aff tempest-VolumeTypesTest-1565223967 tempest-VolumeTypesTest-1565223967-project] Calling method 'delete' {{(pid=109428) _process_stack /opt/stack/cinder/cinder/api/openstack/wsgi.py:868}}
Feb 13 23:14:51.972614 dv-cinder-799663-11-iscsi devstack@c-api.service[109428]: INFO cinder.api.v3.volumes [None req-2102bb3c-7de0-4507-84e2-506b56204aff tempest-VolumeTypesTest-1565223967 tempest-VolumeTypesTest-1565223967-project] Delete volume with id: 4008ff85-f6d7-4ba1-b19e-ff7805b72caa
Feb 13 23:14:51.987605 dv-cinder-799663-11-iscsi devstack@c-api.service[109428]: /usr/local/lib/python3.8/dist-packages/oslo_context/context.py:105: DeprecationWarning: Policy enforcement is depending on the value of is_admin. This key is deprecated. Please update your policy file to use the standard policy values.
Feb 13 23:14:51.987605 dv-cinder-799663-11-iscsi devstack@c-api.service[109428]: warnings.warn('Policy enforcement is depending on the value of '
Feb 13 23:14:51.988842 dv-cinder-799663-11-iscsi devstack@c-api.service[109428]: INFO cinder.volume.api [None req-2102bb3c-7de0-4507-84e2-506b56204aff tempest-VolumeTypesTest-1565223967 tempest-VolumeTypesTest-1565223967-project] Volume info retrieved successfully.
Feb 13 23:14:51.998040 dv-cinder-799663-11-iscsi devstack@c-api.service[109427]: INFO cinder.api.openstack.wsgi [None req-a48cc981-f024-4861-adaf-816d25693727 tempest-VolumeTypesAccessTest-1754878357 tempest-VolumeTypesAccessTest-1754878357-project] GET http://10.222.0.43/volume/v3/2d9d1161940e4723a946f923b8300df1/volumes/6cdaa743-ea8b-4b58-94f9-07b6511b78ab
Feb 13 23:14:51.998588 dv-cinder-799663-11-iscsi devstack@c-api.service[109427]: DEBUG cinder.api.openstack.wsgi [None req-a48cc981-f024-4861-adaf-816d25693727 tempest-VolumeTypesAccessTest-1754878357 tempest-VolumeTypesAccessTest-1754878357-project] Empty body provided in request {{(pid=109427) get_body /opt/stack/cinder/cinder/api/openstack/wsgi.py:715}}
Feb 13 23:14:51.999157 dv-cinder-799663-11-iscsi devstack@c-api.service[109427]: DEBUG cinder.api.openstack.wsgi [None req-a48cc981-f024-4861-adaf-816d25693727 tempest-VolumeTypesAccessTest-1754878357 tempest-VolumeTypesAccessTest-1754878357-project] Calling method 'show' {{(pid=109427) _process_stack /opt/stack/cinder/cinder/api/openstack/wsgi.py:868}}
Feb 13 23:14:52.010933 dv-cinder-799663-11-iscsi devstack@c-api.service[109427]: INFO cinder.api.openstack.wsgi [None req-a48cc981-f024-4861-adaf-816d25693727 tempest-VolumeTypesAccessTest-1754878357 tempest-VolumeTypesAccessTest-1754878357-project] http://10.222.0.43/volume/v3/2d9d1161940e4723a946f923b8300df1/volumes/6cdaa743-ea8b-4b58-94f9-07b6511b78ab returned with HTTP 404
Feb 13 23:14:52.015043 dv-cinder-799663-11-iscsi devstack@c-api.service[109427]: [pid: 109427|app: 0|req: 101/197] 10.222.0.43 () {58 vars in 1324 bytes} [Sun Feb 13 23:14:51 2022] GET /volume/v3/2d9d1161940e4723a946f923b8300df1/volumes/6cdaa743-ea8b-4b58-94f9-07b6511b78ab => generated 109 bytes in 20 msecs (HTTP/1.1 404) 7 headers in 292 bytes (2 switches on core 0)
Feb 13 23:14:52.018597 dv-cinder-799663-11-iscsi devstack@c-api.service[109428]: INFO cinder.volume.api [None req-2102bb3c-7de0-4507-84e2-506b56204aff tempest-VolumeTypesTest-1565223967 tempest-VolumeTypesTest-1565223967-project] Delete volume request issued successfully.
Feb 13 23:14:52.019007 dv-cinder-799663-11-iscsi devstack@c-api.service[109428]: INFO cinder.api.openstack.wsgi [None req-2102bb3c-7de0-4507-84e2-506b56204aff tempest-VolumeTypesTest-1565223967 tempest-VolumeTypesTest-1565223967-project] http://10.222.0.43/volume/v3/a732060a67314d76a8fe817bbc79b716/volumes/4008ff85-f6d7-4ba1-b19e-ff7805b72caa returned with HTTP 202
Feb 13 23:14:52.019638 dv-cinder-799663-11-iscsi devstack@c-api.service[109427]: INFO cinder.api.openstack.wsgi [None req-595572a3-d56a-4ae7-a840-39619c0ff91c tempest-VolumeTypesAccessTest-662636295 tempest-VolumeTypesAccessTest-662636295-project-admin] DELETE http://10.222.0.43/volume/v3/3c6dd286f4de468fb1c617634bc8a01e/types/370cf648-1bdc-418b-a6c9-d1396919162e
Feb 13 23:14:52.019735 dv-cinder-799663-11-iscsi devstack@c-api.service[109428]: [pid: 109428|app: 0|req: 97/198] 10.222.0.43 () {58 vars in 1327 bytes} [Sun Feb 13 23:14:51 2022] DELETE /volume/v3/a732060a67314d76a8fe817bbc79b716/volumes/4008ff85-f6d7-4ba1-b19e-ff7805b72caa => generated 0 bytes in 52 msecs (HTTP/1.1 202) 6 headers in 233 bytes (1 switches on core 0)
Feb 13 23:14:52.020161 dv-cinder-799663-11-iscsi devstack@c-api.service[109427]: DEBUG cinder.api.openstack.wsgi [None req-595572a3-d56a-4ae7-a840-39619c0ff91c tempest-VolumeTypesAccessTest-662636295 tempest-VolumeTypesAccessTest-662636295-project-admin] Empty body provided in request {{(pid=109427) get_body /opt/stack/cinder/cinder/api/openstack/wsgi.py:715}}
Feb 13 23:14:52.020689 dv-cinder-799663-11-iscsi devstack@c-api.service[109427]: DEBUG cinder.api.openstack.wsgi [None req-595572a3-d56a-4ae7-a840-39619c0ff91c tempest-VolumeTypesAccessTest-662636295 tempest-VolumeTypesAccessTest-662636295-project-admin] Calling method '_delete' {{(pid=109427) _process_stack /opt/stack/cinder/cinder/api/openstack/wsgi.py:868}}
Feb 13 23:14:52.026940 dv-cinder-799663-11-iscsi devstack@c-api.service[109428]: INFO cinder.api.openstack.wsgi [None req-86cb66c0-b5c9-489b-a03b-cfe0efde0f30 tempest-VolumeTypesTest-1565223967 tempest-VolumeTypesTest-1565223967-project] GET http://10.222.0.43/volume/v3/a732060a67314d76a8fe817bbc79b716/volumes/4008ff85-f6d7-4ba1-b19e-ff7805b72caa
Feb 13 23:14:52.027382 dv-cinder-799663-11-iscsi devstack@c-api.service[109428]: DEBUG cinder.api.openstack.wsgi [None req-86cb66c0-b5c9-489b-a03b-cfe0efde0f30 tempest-VolumeTypesTest-1565223967 tempest-VolumeTypesTest-1565223967-project] Empty body provided in request {{(pid=109428) get_body /opt/stack/cinder/cinder/api/openstack/wsgi.py:715}}
Feb 13 23:14:52.027912 dv-cinder-799663-11-iscsi devstack@c-api.service[109428]: DEBUG cinder.api.openstack.wsgi [None req-86cb66c0-b5c9-489b-a03b-cfe0efde0f30 tempest-VolumeTypesTest-1565223967 tempest-VolumeTypesTest-1565223967-project] Calling method 'show' {{(pid=109428) _process_stack /opt/stack/cinder/cinder/api/openstack/wsgi.py:868}}
Feb 13 23:14:52.042770 dv-cinder-799663-11-iscsi devstack@c-api.service[109428]: /usr/local/lib/python3.8/dist-packages/oslo_context/context.py:105: DeprecationWarning: Policy enforcement is depending on the value of is_admin. This key is deprecated. Please update your policy file to use the standard policy values.
Feb 13 23:14:52.042770 dv-cinder-799663-11-iscsi devstack@c-api.service[109428]: warnings.warn('Policy enforcement is depending on the value of '
Feb 13 23:14:52.050247 dv-cinder-799663-11-iscsi devstack@c-api.service[109428]: INFO cinder.volume.api [None req-86cb66c0-b5c9-489b-a03b-cfe0efde0f30 tempest-VolumeTypesTest-1565223967 tempest-VolumeTypesTest-1565223967-project] Volume info retrieved successfully.
Feb 13 23:14:52.058807 dv-cinder-799663-11-iscsi devstack@c-api.service[109428]: INFO cinder.api.openstack.wsgi [None req-86cb66c0-b5c9-489b-a03b-cfe0efde0f30 tempest-VolumeTypesTest-1565223967 tempest-VolumeTypesTest-1565223967-project] http://10.222.0.43/volume/v3/a732060a67314d76a8fe817bbc79b716/volumes/4008ff85-f6d7-4ba1-b19e-ff7805b72caa returned with HTTP 200
Feb 13 23:14:52.060263 dv-cinder-799663-11-iscsi devstack@c-api.service[109428]: [pid: 109428|app: 0|req: 98/199] 10.222.0.43 () {58 vars in 1324 bytes} [Sun Feb 13 23:14:52 2022] GET /volume/v3/a732060a67314d76a8fe817bbc79b716/volumes/4008ff85-f6d7-4ba1-b19e-ff7805b72caa => generated 941 bytes in 37 msecs (HTTP/1.1 200) 7 headers in 285 bytes (2 switches on core 0)
Feb 13 23:14:52.082072 dv-cinder-799663-11-iscsi devstack@c-api.service[109427]: INFO cinder.api.openstack.wsgi [None req-595572a3-d56a-4ae7-a840-39619c0ff91c tempest-VolumeTypesAccessTest-662636295 tempest-VolumeTypesAccessTest-662636295-project-admin] http://10.222.0.43/volume/v3/3c6dd286f4de468fb1c617634bc8a01e/types/370cf648-1bdc-418b-a6c9-d1396919162e returned with HTTP 202
Feb 13 23:14:52.082853 dv-cinder-799663-11-iscsi devstack@c-api.service[109427]: [pid: 109427|app: 0|req: 102/200] 10.222.0.43 () {58 vars in 1321 bytes} [Sun Feb 13 23:14:52 2022] DELETE /volume/v3/3c6dd286f4de468fb1c617634bc8a01e/types/370cf648-1bdc-418b-a6c9-d1396919162e => generated 0 bytes in 67 msecs (HTTP/1.1 202) 6 headers in 233 bytes (1 switches on core 0)
Feb 13 23:14:52.089655 dv-cinder-799663-11-iscsi devstack@c-api.service[109428]: INFO cinder.api.openstack.wsgi [None req-211802e4-4fe1-493b-83c6-2df0e03cd9b5 tempest-VolumeTypesAccessTest-662636295 tempest-VolumeTypesAccessTest-662636295-project-admin] GET http://10.222.0.43/volume/v3/3c6dd286f4de468fb1c617634bc8a01e/types/370cf648-1bdc-418b-a6c9-d1396919162e
Feb 13 23:14:52.090099 dv-cinder-799663-11-iscsi devstack@c-api.service[109428]: DEBUG cinder.api.openstack.wsgi [None req-211802e4-4fe1-493b-83c6-2df0e03cd9b5 tempest-VolumeTypesAccessTest-662636295 tempest-VolumeTypesAccessTest-662636295-project-admin] Empty body provided in request {{(pid=109428) get_body /opt/stack/cinder/cinder/api/openstack/wsgi.py:715}}
Feb 13 23:14:52.090575 dv-cinder-799663-11-iscsi devstack@c-api.service[109428]: DEBUG cinder.api.openstack.wsgi [None req-211802e4-4fe1-493b-83c6-2df0e03cd9b5 tempest-VolumeTypesAccessTest-662636295 tempest-VolumeTypesAccessTest-662636295-project-admin] Calling method 'show' {{(pid=109428) _process_stack /opt/stack/cinder/cinder/api/openstack/wsgi.py:868}}
Feb 13 23:14:52.095186 dv-cinder-799663-11-iscsi devstack@c-api.service[109428]: INFO cinder.api.openstack.wsgi [None req-211802e4-4fe1-493b-83c6-2df0e03cd9b5 tempest-VolumeTypesAccessTest-662636295 tempest-VolumeTypesAccessTest-662636295-project-admin] http://10.222.0.43/volume/v3/3c6dd286f4de468fb1c617634bc8a01e/types/370cf648-1bdc-418b-a6c9-d1396919162e returned with HTTP 404
Feb 13 23:14:52.096008 dv-cinder-799663-11-iscsi devstack@c-api.service[109428]: [pid: 109428|app: 0|req: 99/201] 10.222.0.43 () {58 vars in 1318 bytes} [Sun Feb 13 23:14:52 2022] GET /volume/v3/3c6dd286f4de468fb1c617634bc8a01e/types/370cf648-1bdc-418b-a6c9-d1396919162e => generated 114 bytes in 10 msecs (HTTP/1.1 404) 7 headers in 292 bytes (1 switches on core 0)
Feb 13 23:14:52.448491 dv-cinder-799663-11-iscsi devstack@c-api.service[109427]: INFO cinder.api.openstack.wsgi [None req-26da5481-5236-45ba-9edc-e2f30843f7bc tempest-GroupsTest-690010219 tempest-GroupsTest-690010219-project] GET http://10.222.0.43/volume/v3/d06c78de74c1401f8bf676796867a128/groups/768e93b6-9613-4823-b197-faf763d4616b
Feb 13 23:14:52.449904 dv-cinder-799663-11-iscsi devstack@c-api.service[109427]: DEBUG cinder.api.openstack.wsgi [None req-26da5481-5236-45ba-9edc-e2f30843f7bc tempest-GroupsTest-690010219 tempest-GroupsTest-690010219-project] Empty body provided in request {{(pid=109427) get_body /opt/stack/cinder/cinder/api/openstack/wsgi.py:715}}
Feb 13 23:14:52.450456 dv-cinder-799663-11-iscsi devstack@c-api.service[109427]: DEBUG cinder.api.openstack.wsgi [None req-26da5481-5236-45ba-9edc-e2f30843f7bc tempest-GroupsTest-690010219 tempest-GroupsTest-690010219-project] Calling method 'version_select' {{(pid=109427) _process_stack /opt/stack/cinder/cinder/api/openstack/wsgi.py:868}}
Feb 13 23:14:52.450898 dv-cinder-799663-11-iscsi devstack@c-api.service[109427]: DEBUG cinder.api.v3.groups [None req-26da5481-5236-45ba-9edc-e2f30843f7bc tempest-GroupsTest-690010219 tempest-GroupsTest-690010219-project] show called for member 768e93b6-9613-4823-b197-faf763d4616b {{(pid=109427) show /opt/stack/cinder/cinder/api/v3/groups.py:58}}
Feb 13 23:14:52.456422 dv-cinder-799663-11-iscsi devstack@c-api.service[109427]: /usr/local/lib/python3.8/dist-packages/oslo_context/context.py:105: DeprecationWarning: Policy enforcement is depending on the value of is_admin. This key is deprecated. Please update your policy file to use the standard policy values.
Feb 13 23:14:52.456422 dv-cinder-799663-11-iscsi devstack@c-api.service[109427]: warnings.warn('Policy enforcement is depending on the value of '
Feb 13 23:14:52.473708 dv-cinder-799663-11-iscsi devstack@c-api.service[109427]: INFO cinder.api.openstack.wsgi [None req-26da5481-5236-45ba-9edc-e2f30843f7bc tempest-GroupsTest-690010219 tempest-GroupsTest-690010219-project] http://10.222.0.43/volume/v3/d06c78de74c1401f8bf676796867a128/groups/768e93b6-9613-4823-b197-faf763d4616b returned with HTTP 200
Feb 13 23:14:52.474460 dv-cinder-799663-11-iscsi devstack@c-api.service[109427]: [pid: 109427|app: 0|req: 103/202] 10.222.0.43 () {60 vars in 1362 bytes} [Sun Feb 13 23:14:52 2022] GET /volume/v3/d06c78de74c1401f8bf676796867a128/groups/768e93b6-9613-4823-b197-faf763d4616b => generated 324 bytes in 30 msecs (HTTP/1.1 200) 7 headers in 286 bytes (1 switches on core 0)
Feb 13 23:14:52.484770 dv-cinder-799663-11-iscsi devstack@c-api.service[109428]: INFO cinder.api.openstack.wsgi [None req-572e4baa-942d-462f-8662-1c3cbbb4b113 tempest-GroupsTest-690010219 tempest-GroupsTest-690010219-project] GET http://10.222.0.43/volume/v3/d06c78de74c1401f8bf676796867a128/volumes/detail
Feb 13 23:14:52.485411 dv-cinder-799663-11-iscsi devstack@c-api.service[109428]: DEBUG cinder.api.openstack.wsgi [None req-572e4baa-942d-462f-8662-1c3cbbb4b113 tempest-GroupsTest-690010219 tempest-GroupsTest-690010219-project] Empty body provided in request {{(pid=109428) get_body /opt/stack/cinder/cinder/api/openstack/wsgi.py:715}}
Feb 13 23:14:52.485911 dv-cinder-799663-11-iscsi devstack@c-api.service[109428]: DEBUG cinder.api.openstack.wsgi [None req-572e4baa-942d-462f-8662-1c3cbbb4b113 tempest-GroupsTest-690010219 tempest-GroupsTest-690010219-project] Calling method 'detail' {{(pid=109428) _process_stack /opt/stack/cinder/cinder/api/openstack/wsgi.py:868}}
Feb 13 23:14:52.486484 dv-cinder-799663-11-iscsi devstack@c-api.service[109428]: DEBUG cinder.api.api_utils [None req-572e4baa-942d-462f-8662-1c3cbbb4b113 tempest-GroupsTest-690010219 tempest-GroupsTest-690010219-project] Removing options '' from query. {{(pid=109428) remove_invalid_filter_options /opt/stack/cinder/cinder/api/api_utils.py:73}}
Feb 13 23:14:52.489119 dv-cinder-799663-11-iscsi devstack@c-api.service[109428]: DEBUG cinder.volume.api [None req-572e4baa-942d-462f-8662-1c3cbbb4b113 tempest-GroupsTest-690010219 tempest-GroupsTest-690010219-project] Searching by: MultiDict([('no_migration_targets', True)]). {{(pid=109428) get_all /opt/stack/cinder/cinder/volume/api.py:661}}
Feb 13 23:14:52.539964 dv-cinder-799663-11-iscsi devstack@c-api.service[109428]: INFO cinder.volume.api [None req-572e4baa-942d-462f-8662-1c3cbbb4b113 tempest-GroupsTest-690010219 tempest-GroupsTest-690010219-project] Get all volumes completed successfully.
Feb 13 23:14:52.540431 dv-cinder-799663-11-iscsi devstack@c-api.service[109427]: INFO cinder.api.openstack.wsgi [None req-23dff9b8-0e73-4ed4-bd5b-9f90dc7175c7 tempest-VolumesDeleteCascade-521396227 tempest-VolumesDeleteCascade-521396227-project] GET http://10.222.0.43/volume/v3/929c2ef167bf4ed9aa8058e846a52e1d/volumes/7f2f5ff4-753c-4815-9ff3-c69e7682c311
Feb 13 23:14:52.541779 dv-cinder-799663-11-iscsi devstack@c-api.service[109428]: WARNING stevedore.named [None req-572e4baa-942d-462f-8662-1c3cbbb4b113 tempest-GroupsTest-690010219 tempest-GroupsTest-690010219-project] Could not load cinder.keymgr.conf_key_mgr.ConfKeyManager
Feb 13 23:14:52.542550 dv-cinder-799663-11-iscsi devstack@c-api.service[109428]: WARNING castellan.key_manager [None req-572e4baa-942d-462f-8662-1c3cbbb4b113 tempest-GroupsTest-690010219 tempest-GroupsTest-690010219-project] Deprecation Warning : cinder.keymgr.conf_key_mgr.ConfKeyManager is not a stevedore based driver, trying to load it as a class: stevedore.exception.NoMatches: No 'castellan.drivers' driver found, looking for 'cinder.keymgr.conf_key_mgr.ConfKeyManager'
Feb 13 23:14:52.544150 dv-cinder-799663-11-iscsi devstack@c-api.service[109427]: DEBUG cinder.api.openstack.wsgi [None req-23dff9b8-0e73-4ed4-bd5b-9f90dc7175c7 tempest-VolumesDeleteCascade-521396227 tempest-VolumesDeleteCascade-521396227-project] Empty body provided in request {{(pid=109427) get_body /opt/stack/cinder/cinder/api/openstack/wsgi.py:715}}
Feb 13 23:14:52.545157 dv-cinder-799663-11-iscsi devstack@c-api.service[109427]: DEBUG cinder.api.openstack.wsgi [None req-23dff9b8-0e73-4ed4-bd5b-9f90dc7175c7 tempest-VolumesDeleteCascade-521396227 tempest-VolumesDeleteCascade-521396227-project] Calling method 'show' {{(pid=109427) _process_stack /opt/stack/cinder/cinder/api/openstack/wsgi.py:868}}
Feb 13 23:14:52.552108 dv-cinder-799663-11-iscsi devstack@c-api.service[109428]: DEBUG oslo_db.sqlalchemy.engines [None req-572e4baa-942d-462f-8662-1c3cbbb4b113 tempest-GroupsTest-690010219 tempest-GroupsTest-690010219-project] MySQL server mode set to STRICT_TRANS_TABLES,STRICT_ALL_TABLES,NO_ZERO_IN_DATE,NO_ZERO_DATE,ERROR_FOR_DIVISION_BY_ZERO,TRADITIONAL,NO_ENGINE_SUBSTITUTION {{(pid=109428) _check_effective_sql_mode /usr/local/lib/python3.8/dist-packages/oslo_db/sqlalchemy/engines.py:314}}
Feb 13 23:14:52.565903 dv-cinder-799663-11-iscsi devstack@c-api.service[109427]: INFO cinder.api.openstack.wsgi [None req-23dff9b8-0e73-4ed4-bd5b-9f90dc7175c7 tempest-VolumesDeleteCascade-521396227 tempest-VolumesDeleteCascade-521396227-project] http://10.222.0.43/volume/v3/929c2ef167bf4ed9aa8058e846a52e1d/volumes/7f2f5ff4-753c-4815-9ff3-c69e7682c311 returned with HTTP 404
Feb 13 23:14:52.566812 dv-cinder-799663-11-iscsi devstack@c-api.service[109428]: /usr/local/lib/python3.8/dist-packages/oslo_context/context.py:105: DeprecationWarning: Policy enforcement is depending on the value of is_admin. This key is deprecated. Please update your policy file to use the standard policy values.
Feb 13 23:14:52.566812 dv-cinder-799663-11-iscsi devstack@c-api.service[109428]: warnings.warn('Policy enforcement is depending on the value of '
Feb 13 23:14:52.567838 dv-cinder-799663-11-iscsi devstack@c-api.service[109427]: [pid: 109427|app: 0|req: 104/203] 10.222.0.43 () {58 vars in 1324 bytes} [Sun Feb 13 23:14:52 2022] GET /volume/v3/929c2ef167bf4ed9aa8058e846a52e1d/volumes/7f2f5ff4-753c-4815-9ff3-c69e7682c311 => generated 109 bytes in 34 msecs (HTTP/1.1 404) 7 headers in 292 bytes (1 switches on core 0)
Feb 13 23:14:52.574937 dv-cinder-799663-11-iscsi devstack@c-api.service[109428]: WARNING stevedore.named [None req-572e4baa-942d-462f-8662-1c3cbbb4b113 tempest-GroupsTest-690010219 tempest-GroupsTest-690010219-project] Could not load cinder.keymgr.conf_key_mgr.ConfKeyManager
Feb 13 23:14:52.575541 dv-cinder-799663-11-iscsi devstack@c-api.service[109428]: WARNING castellan.key_manager [None req-572e4baa-942d-462f-8662-1c3cbbb4b113 tempest-GroupsTest-690010219 tempest-GroupsTest-690010219-project] Deprecation Warning : cinder.keymgr.conf_key_mgr.ConfKeyManager is not a stevedore based driver, trying to load it as a class: stevedore.exception.NoMatches: No 'castellan.drivers' driver found, looking for 'cinder.keymgr.conf_key_mgr.ConfKeyManager'
Feb 13 23:14:52.579639 dv-cinder-799663-11-iscsi devstack@c-api.service[109427]: INFO cinder.api.openstack.wsgi [None req-9ce11efd-ad58-4ebd-9e4a-e82c152cabee tempest-VolumesDeleteCascade-521396227 tempest-VolumesDeleteCascade-521396227-project] GET http://10.222.0.43/volume/v3/929c2ef167bf4ed9aa8058e846a52e1d/volumes
Feb 13 23:14:52.580561 dv-cinder-799663-11-iscsi devstack@c-api.service[109427]: DEBUG cinder.api.openstack.wsgi [None req-9ce11efd-ad58-4ebd-9e4a-e82c152cabee tempest-VolumesDeleteCascade-521396227 tempest-VolumesDeleteCascade-521396227-project] Empty body provided in request {{(pid=109427) get_body /opt/stack/cinder/cinder/api/openstack/wsgi.py:715}}
Feb 13 23:14:52.581269 dv-cinder-799663-11-iscsi devstack@c-api.service[109427]: DEBUG cinder.api.openstack.wsgi [None req-9ce11efd-ad58-4ebd-9e4a-e82c152cabee tempest-VolumesDeleteCascade-521396227 tempest-VolumesDeleteCascade-521396227-project] Calling method 'index' {{(pid=109427) _process_stack /opt/stack/cinder/cinder/api/openstack/wsgi.py:868}}
Feb 13 23:14:52.581955 dv-cinder-799663-11-iscsi devstack@c-api.service[109427]: DEBUG cinder.api.api_utils [None req-9ce11efd-ad58-4ebd-9e4a-e82c152cabee tempest-VolumesDeleteCascade-521396227 tempest-VolumesDeleteCascade-521396227-project] Removing options '' from query. {{(pid=109427) remove_invalid_filter_options /opt/stack/cinder/cinder/api/api_utils.py:73}}
Feb 13 23:14:52.582798 dv-cinder-799663-11-iscsi devstack@c-api.service[109427]: /usr/local/lib/python3.8/dist-packages/oslo_context/context.py:105: DeprecationWarning: Policy enforcement is depending on the value of is_admin. This key is deprecated. Please update your policy file to use the standard policy values.
Feb 13 23:14:52.582798 dv-cinder-799663-11-iscsi devstack@c-api.service[109427]: warnings.warn('Policy enforcement is depending on the value of '
Feb 13 23:14:52.583772 dv-cinder-799663-11-iscsi devstack@c-api.service[109427]: DEBUG cinder.volume.api [None req-9ce11efd-ad58-4ebd-9e4a-e82c152cabee tempest-VolumesDeleteCascade-521396227 tempest-VolumesDeleteCascade-521396227-project] Searching by: MultiDict([('no_migration_targets', True)]). {{(pid=109427) get_all /opt/stack/cinder/cinder/volume/api.py:661}}
Feb 13 23:14:52.584443 dv-cinder-799663-11-iscsi devstack@c-api.service[109428]: DEBUG oslo_db.sqlalchemy.engines [None req-572e4baa-942d-462f-8662-1c3cbbb4b113 tempest-GroupsTest-690010219 tempest-GroupsTest-690010219-project] MySQL server mode set to STRICT_TRANS_TABLES,STRICT_ALL_TABLES,NO_ZERO_IN_DATE,NO_ZERO_DATE,ERROR_FOR_DIVISION_BY_ZERO,TRADITIONAL,NO_ENGINE_SUBSTITUTION {{(pid=109428) _check_effective_sql_mode /usr/local/lib/python3.8/dist-packages/oslo_db/sqlalchemy/engines.py:314}}
