Jul 08 12:05:18.008360 dv-cinder-799631-5-smb devstack@c-api.service[99957]: DEBUG cinder.api.openstack.wsgi [None req-cdfe3c08-dd08-4162-b113-a0024639605c tempest-GroupSnapshotsTest-272330734 tempest-GroupSnapshotsTest-272330734-project] Calling method 'delete' {{(pid=99957) _process_stack /opt/stack/cinder/cinder/api/openstack/wsgi.py:866}}
Jul 08 12:05:18.008779 dv-cinder-799631-5-smb devstack@c-api.service[99958]: INFO cinder.api.openstack.wsgi [None req-50309a93-8594-45ee-bda2-97d08f7418d9 tempest-GroupsV320Test-2016473665 tempest-GroupsV320Test-2016473665-project-admin] POST http://10.222.0.78/volume/v3/bfdf9efb627e4202b0a79384be0a7572/groups/0a572009-1de3-4748-b456-df8f4a91a12f/action
Jul 08 12:05:18.008913 dv-cinder-799631-5-smb devstack@c-api.service[99957]: INFO cinder.api.v3.volumes [None req-cdfe3c08-dd08-4162-b113-a0024639605c tempest-GroupSnapshotsTest-272330734 tempest-GroupSnapshotsTest-272330734-project] Delete volume with id: 69470346-6cfb-4636-b646-74ba58aba90c
Jul 08 12:05:18.009379 dv-cinder-799631-5-smb devstack@c-api.service[99958]: /usr/local/lib/python3.8/dist-packages/webob/acceptparse.py:1047: DeprecationWarning: The behavior of AcceptValidHeader.best_match is currently being maintained for backward compatibility, but it will be deprecated in the future, as it does not conform to the RFC.
Jul 08 12:05:18.009379 dv-cinder-799631-5-smb devstack@c-api.service[99958]: warnings.warn(
Jul 08 12:05:18.009755 dv-cinder-799631-5-smb devstack@c-api.service[99958]: DEBUG cinder.api.openstack.wsgi [None req-50309a93-8594-45ee-bda2-97d08f7418d9 tempest-GroupsV320Test-2016473665 tempest-GroupsV320Test-2016473665-project-admin] Action body: b'{"reset_status": {"status": "available"}}' {{(pid=99958) get_method /opt/stack/cinder/cinder/api/openstack/wsgi.py:981}}
Jul 08 12:05:18.010081 dv-cinder-799631-5-smb devstack@c-api.service[99958]: DEBUG cinder.api.openstack.wsgi [None req-50309a93-8594-45ee-bda2-97d08f7418d9 tempest-GroupsV320Test-2016473665 tempest-GroupsV320Test-2016473665-project-admin] Action: 'action', calling method: reset_status, body: {"reset_status": {"status": "available"}} {{(pid=99958) _process_stack /opt/stack/cinder/cinder/api/openstack/wsgi.py:864}}
Jul 08 12:05:18.010907 dv-cinder-799631-5-smb devstack@c-api.service[99958]: DEBUG cinder.api.v3.groups [None req-50309a93-8594-45ee-bda2-97d08f7418d9 tempest-GroupsV320Test-2016473665 tempest-GroupsV320Test-2016473665-project-admin] Updating group '0a572009-1de3-4748-b456-df8f4a91a12f' with 'available' {{(pid=99958) _reset_status /opt/stack/cinder/cinder/api/v3/groups.py:82}}
Jul 08 12:05:18.016938 dv-cinder-799631-5-smb devstack@c-api.service[99958]: /usr/local/lib/python3.8/dist-packages/oslo_context/context.py:105: DeprecationWarning: Policy enforcement is depending on the value of is_admin. This key is deprecated. Please update your policy file to use the standard policy values.
Jul 08 12:05:18.016938 dv-cinder-799631-5-smb devstack@c-api.service[99958]: warnings.warn('Policy enforcement is depending on the value of '
Jul 08 12:05:18.033620 dv-cinder-799631-5-smb devstack@c-api.service[99957]: INFO cinder.api.openstack.wsgi [None req-cdfe3c08-dd08-4162-b113-a0024639605c tempest-GroupSnapshotsTest-272330734 tempest-GroupSnapshotsTest-272330734-project] http://10.222.0.78/volume/v3/d0a6735f11274e00aa6d1fe5ee80b5dd/volumes/69470346-6cfb-4636-b646-74ba58aba90c returned with HTTP 404
Jul 08 12:05:18.035288 dv-cinder-799631-5-smb devstack@c-api.service[99957]: [pid: 99957|app: 0|req: 130/254] 10.222.0.78 () {58 vars in 1328 bytes} [Thu Jul 8 12:05:17 2021] DELETE /volume/v3/d0a6735f11274e00aa6d1fe5ee80b5dd/volumes/69470346-6cfb-4636-b646-74ba58aba90c => generated 109 bytes in 38 msecs (HTTP/1.1 404) 7 headers in 292 bytes (2 switches on core 0)
Jul 08 12:05:18.042321 dv-cinder-799631-5-smb devstack@c-api.service[99958]: INFO cinder.api.openstack.wsgi [None req-50309a93-8594-45ee-bda2-97d08f7418d9 tempest-GroupsV320Test-2016473665 tempest-GroupsV320Test-2016473665-project-admin] http://10.222.0.78/volume/v3/bfdf9efb627e4202b0a79384be0a7572/groups/0a572009-1de3-4748-b456-df8f4a91a12f/action returned with HTTP 202
Jul 08 12:05:18.044142 dv-cinder-799631-5-smb devstack@c-api.service[99958]: [pid: 99958|app: 0|req: 125/255] 10.222.0.78 () {62 vars in 1405 bytes} [Thu Jul 8 12:05:18 2021] POST /volume/v3/bfdf9efb627e4202b0a79384be0a7572/groups/0a572009-1de3-4748-b456-df8f4a91a12f/action => generated 0 bytes in 40 msecs (HTTP/1.1 202) 6 headers in 234 bytes (1 switches on core 0)
Jul 08 12:05:18.049776 dv-cinder-799631-5-smb devstack@c-api.service[99957]: INFO cinder.api.openstack.wsgi [None req-e0184ceb-f0d2-456e-9e09-68370f799b7d tempest-GroupSnapshotsTest-1652003108 tempest-GroupSnapshotsTest-1652003108-project-admin] DELETE http://10.222.0.78/volume/v3/4f72318342264505b90dd371eb466f5a/types/afbb955b-30ba-4d14-b630-e43f8fabf228
Jul 08 12:05:18.050291 dv-cinder-799631-5-smb devstack@c-api.service[99957]: DEBUG cinder.api.openstack.wsgi [None req-e0184ceb-f0d2-456e-9e09-68370f799b7d tempest-GroupSnapshotsTest-1652003108 tempest-GroupSnapshotsTest-1652003108-project-admin] Empty body provided in request {{(pid=99957) get_body /opt/stack/cinder/cinder/api/openstack/wsgi.py:713}}
Jul 08 12:05:18.054885 dv-cinder-799631-5-smb devstack@c-api.service[99958]: INFO cinder.api.openstack.wsgi [None req-7b0db0e1-712f-4bb5-a18c-1a640080c5f3 tempest-GroupsV320Test-353324617 tempest-GroupsV320Test-353324617-project] GET http://10.222.0.78/volume/v3/f933b0f66ff04995b7a72c2a61e4a9a7/groups/0a572009-1de3-4748-b456-df8f4a91a12f
Jul 08 12:05:18.055271 dv-cinder-799631-5-smb devstack@c-api.service[99957]: DEBUG cinder.api.openstack.wsgi [None req-e0184ceb-f0d2-456e-9e09-68370f799b7d tempest-GroupSnapshotsTest-1652003108 tempest-GroupSnapshotsTest-1652003108-project-admin] Calling method '_delete' {{(pid=99957) _process_stack /opt/stack/cinder/cinder/api/openstack/wsgi.py:866}}
Jul 08 12:05:18.056216 dv-cinder-799631-5-smb devstack@c-api.service[99958]: DEBUG cinder.api.openstack.wsgi [None req-7b0db0e1-712f-4bb5-a18c-1a640080c5f3 tempest-GroupsV320Test-353324617 tempest-GroupsV320Test-353324617-project] Empty body provided in request {{(pid=99958) get_body /opt/stack/cinder/cinder/api/openstack/wsgi.py:713}}
Jul 08 12:05:18.056513 dv-cinder-799631-5-smb devstack@c-api.service[99958]: /usr/local/lib/python3.8/dist-packages/webob/acceptparse.py:1047: DeprecationWarning: The behavior of AcceptValidHeader.best_match is currently being maintained for backward compatibility, but it will be deprecated in the future, as it does not conform to the RFC.
Jul 08 12:05:18.056513 dv-cinder-799631-5-smb devstack@c-api.service[99958]: warnings.warn(
Jul 08 12:05:18.057167 dv-cinder-799631-5-smb devstack@c-api.service[99958]: DEBUG cinder.api.openstack.wsgi [None req-7b0db0e1-712f-4bb5-a18c-1a640080c5f3 tempest-GroupsV320Test-353324617 tempest-GroupsV320Test-353324617-project] Calling method 'version_select' {{(pid=99958) _process_stack /opt/stack/cinder/cinder/api/openstack/wsgi.py:866}}
Jul 08 12:05:18.057693 dv-cinder-799631-5-smb devstack@c-api.service[99958]: DEBUG cinder.api.v3.groups [None req-7b0db0e1-712f-4bb5-a18c-1a640080c5f3 tempest-GroupsV320Test-353324617 tempest-GroupsV320Test-353324617-project] show called for member 0a572009-1de3-4748-b456-df8f4a91a12f {{(pid=99958) show /opt/stack/cinder/cinder/api/v3/groups.py:58}}
Jul 08 12:05:18.071478 dv-cinder-799631-5-smb devstack@c-api.service[99958]: /usr/local/lib/python3.8/dist-packages/oslo_context/context.py:105: DeprecationWarning: Policy enforcement is depending on the value of is_admin. This key is deprecated. Please update your policy file to use the standard policy values.
Jul 08 12:05:18.071478 dv-cinder-799631-5-smb devstack@c-api.service[99958]: warnings.warn('Policy enforcement is depending on the value of '
Jul 08 12:05:18.114167 dv-cinder-799631-5-smb devstack@c-api.service[99958]: INFO cinder.api.openstack.wsgi [None req-7b0db0e1-712f-4bb5-a18c-1a640080c5f3 tempest-GroupsV320Test-353324617 tempest-GroupsV320Test-353324617-project] http://10.222.0.78/volume/v3/f933b0f66ff04995b7a72c2a61e4a9a7/groups/0a572009-1de3-4748-b456-df8f4a91a12f returned with HTTP 200
Jul 08 12:05:18.123864 dv-cinder-799631-5-smb devstack@c-api.service[99958]: [pid: 99958|app: 0|req: 126/256] 10.222.0.78 () {60 vars in 1363 bytes} [Thu Jul 8 12:05:18 2021] GET /volume/v3/f933b0f66ff04995b7a72c2a61e4a9a7/groups/0a572009-1de3-4748-b456-df8f4a91a12f => generated 389 bytes in 71 msecs (HTTP/1.1 200) 7 headers in 286 bytes (1 switches on core 0)
Jul 08 12:05:18.131798 dv-cinder-799631-5-smb devstack@c-api.service[99958]: INFO cinder.api.openstack.wsgi [None req-d5108798-cdaf-424f-8403-6af21bd4aee9 tempest-GroupsV320Test-353324617 tempest-GroupsV320Test-353324617-project] GET http://10.222.0.78/volume/v3/f933b0f66ff04995b7a72c2a61e4a9a7/volumes/detail
Jul 08 12:05:18.134117 dv-cinder-799631-5-smb devstack@c-api.service[99958]: DEBUG cinder.api.openstack.wsgi [None req-d5108798-cdaf-424f-8403-6af21bd4aee9 tempest-GroupsV320Test-353324617 tempest-GroupsV320Test-353324617-project] Empty body provided in request {{(pid=99958) get_body /opt/stack/cinder/cinder/api/openstack/wsgi.py:713}}
Jul 08 12:05:18.134379 dv-cinder-799631-5-smb devstack@c-api.service[99958]: /usr/local/lib/python3.8/dist-packages/webob/acceptparse.py:1047: DeprecationWarning: The behavior of AcceptValidHeader.best_match is currently being maintained for backward compatibility, but it will be deprecated in the future, as it does not conform to the RFC.
Jul 08 12:05:18.134379 dv-cinder-799631-5-smb devstack@c-api.service[99958]: warnings.warn(
Jul 08 12:05:18.135028 dv-cinder-799631-5-smb devstack@c-api.service[99958]: DEBUG cinder.api.openstack.wsgi [None req-d5108798-cdaf-424f-8403-6af21bd4aee9 tempest-GroupsV320Test-353324617 tempest-GroupsV320Test-353324617-project] Calling method 'detail' {{(pid=99958) _process_stack /opt/stack/cinder/cinder/api/openstack/wsgi.py:866}}
Jul 08 12:05:18.135908 dv-cinder-799631-5-smb devstack@c-api.service[99958]: DEBUG cinder.api.api_utils [None req-d5108798-cdaf-424f-8403-6af21bd4aee9 tempest-GroupsV320Test-353324617 tempest-GroupsV320Test-353324617-project] Removing options '' from query. {{(pid=99958) remove_invalid_filter_options /opt/stack/cinder/cinder/api/api_utils.py:73}}
Jul 08 12:05:18.138260 dv-cinder-799631-5-smb devstack@c-api.service[99958]: /usr/local/lib/python3.8/dist-packages/oslo_context/context.py:105: DeprecationWarning: Policy enforcement is depending on the value of is_admin. This key is deprecated. Please update your policy file to use the standard policy values.
Jul 08 12:05:18.138260 dv-cinder-799631-5-smb devstack@c-api.service[99958]: warnings.warn('Policy enforcement is depending on the value of '
Jul 08 12:05:18.140414 dv-cinder-799631-5-smb devstack@c-api.service[99958]: DEBUG cinder.volume.api [None req-d5108798-cdaf-424f-8403-6af21bd4aee9 tempest-GroupsV320Test-353324617 tempest-GroupsV320Test-353324617-project] Searching by: MultiDict([('no_migration_targets', True)]). {{(pid=99958) get_all /opt/stack/cinder/cinder/volume/api.py:617}}
Jul 08 12:05:18.174022 dv-cinder-799631-5-smb devstack@c-api.service[99957]: INFO cinder.api.openstack.wsgi [None req-e0184ceb-f0d2-456e-9e09-68370f799b7d tempest-GroupSnapshotsTest-1652003108 tempest-GroupSnapshotsTest-1652003108-project-admin] http://10.222.0.78/volume/v3/4f72318342264505b90dd371eb466f5a/types/afbb955b-30ba-4d14-b630-e43f8fabf228 returned with HTTP 202
Jul 08 12:05:18.175300 dv-cinder-799631-5-smb devstack@c-api.service[99957]: [pid: 99957|app: 0|req: 131/257] 10.222.0.78 () {58 vars in 1322 bytes} [Thu Jul 8 12:05:18 2021] DELETE /volume/v3/4f72318342264505b90dd371eb466f5a/types/afbb955b-30ba-4d14-b630-e43f8fabf228 => generated 0 bytes in 137 msecs (HTTP/1.1 202) 6 headers in 233 bytes (1 switches on core 0)
Jul 08 12:05:18.182245 dv-cinder-799631-5-smb devstack@c-api.service[99957]: INFO cinder.api.openstack.wsgi [None req-5d90232d-bfd7-4d54-9fd0-ab5eac79cd50 tempest-GroupSnapshotsTest-1652003108 tempest-GroupSnapshotsTest-1652003108-project-admin] GET http://10.222.0.78/volume/v3/4f72318342264505b90dd371eb466f5a/types/afbb955b-30ba-4d14-b630-e43f8fabf228
Jul 08 12:05:18.182695 dv-cinder-799631-5-smb devstack@c-api.service[99957]: DEBUG cinder.api.openstack.wsgi [None req-5d90232d-bfd7-4d54-9fd0-ab5eac79cd50 tempest-GroupSnapshotsTest-1652003108 tempest-GroupSnapshotsTest-1652003108-project-admin] Empty body provided in request {{(pid=99957) get_body /opt/stack/cinder/cinder/api/openstack/wsgi.py:713}}
Jul 08 12:05:18.183366 dv-cinder-799631-5-smb devstack@c-api.service[99957]: DEBUG cinder.api.openstack.wsgi [None req-5d90232d-bfd7-4d54-9fd0-ab5eac79cd50 tempest-GroupSnapshotsTest-1652003108 tempest-GroupSnapshotsTest-1652003108-project-admin] Calling method 'show' {{(pid=99957) _process_stack /opt/stack/cinder/cinder/api/openstack/wsgi.py:866}}
Jul 08 12:05:18.201896 dv-cinder-799631-5-smb devstack@c-api.service[99957]: INFO cinder.api.openstack.wsgi [None req-5d90232d-bfd7-4d54-9fd0-ab5eac79cd50 tempest-GroupSnapshotsTest-1652003108 tempest-GroupSnapshotsTest-1652003108-project-admin] http://10.222.0.78/volume/v3/4f72318342264505b90dd371eb466f5a/types/afbb955b-30ba-4d14-b630-e43f8fabf228 returned with HTTP 404
Jul 08 12:05:18.203237 dv-cinder-799631-5-smb devstack@c-api.service[99957]: [pid: 99957|app: 0|req: 132/258] 10.222.0.78 () {58 vars in 1319 bytes} [Thu Jul 8 12:05:18 2021] GET /volume/v3/4f72318342264505b90dd371eb466f5a/types/afbb955b-30ba-4d14-b630-e43f8fabf228 => generated 114 bytes in 25 msecs (HTTP/1.1 404) 7 headers in 292 bytes (2 switches on core 0)
Jul 08 12:05:18.212462 dv-cinder-799631-5-smb devstack@c-api.service[99957]: INFO cinder.api.openstack.wsgi [None req-d8dfeb74-3bc1-40d3-826d-3bf34cf971f7 tempest-GroupSnapshotsTest-272330734 tempest-GroupSnapshotsTest-272330734-project] DELETE http://10.222.0.78/volume/v3/d0a6735f11274e00aa6d1fe5ee80b5dd/volumes/90d28345-c0a9-4c33-abf5-66b9e92ed239
Jul 08 12:05:18.213904 dv-cinder-799631-5-smb devstack@c-api.service[99957]: DEBUG cinder.api.openstack.wsgi [None req-d8dfeb74-3bc1-40d3-826d-3bf34cf971f7 tempest-GroupSnapshotsTest-272330734 tempest-GroupSnapshotsTest-272330734-project] Empty body provided in request {{(pid=99957) get_body /opt/stack/cinder/cinder/api/openstack/wsgi.py:713}}
Jul 08 12:05:18.214723 dv-cinder-799631-5-smb devstack@c-api.service[99957]: DEBUG cinder.api.openstack.wsgi [None req-d8dfeb74-3bc1-40d3-826d-3bf34cf971f7 tempest-GroupSnapshotsTest-272330734 tempest-GroupSnapshotsTest-272330734-project] Calling method 'delete' {{(pid=99957) _process_stack /opt/stack/cinder/cinder/api/openstack/wsgi.py:866}}
Jul 08 12:05:18.215386 dv-cinder-799631-5-smb devstack@c-api.service[99957]: INFO cinder.api.v3.volumes [None req-d8dfeb74-3bc1-40d3-826d-3bf34cf971f7 tempest-GroupSnapshotsTest-272330734 tempest-GroupSnapshotsTest-272330734-project] Delete volume with id: 90d28345-c0a9-4c33-abf5-66b9e92ed239
Jul 08 12:05:18.234731 dv-cinder-799631-5-smb devstack@c-api.service[99957]: INFO cinder.api.openstack.wsgi [None req-d8dfeb74-3bc1-40d3-826d-3bf34cf971f7 tempest-GroupSnapshotsTest-272330734 tempest-GroupSnapshotsTest-272330734-project] http://10.222.0.78/volume/v3/d0a6735f11274e00aa6d1fe5ee80b5dd/volumes/90d28345-c0a9-4c33-abf5-66b9e92ed239 returned with HTTP 404
Jul 08 12:05:18.237086 dv-cinder-799631-5-smb devstack@c-api.service[99957]: [pid: 99957|app: 0|req: 133/259] 10.222.0.78 () {58 vars in 1328 bytes} [Thu Jul 8 12:05:18 2021] DELETE /volume/v3/d0a6735f11274e00aa6d1fe5ee80b5dd/volumes/90d28345-c0a9-4c33-abf5-66b9e92ed239 => generated 109 bytes in 30 msecs (HTTP/1.1 404) 7 headers in 292 bytes (2 switches on core 0)
Jul 08 12:05:18.246077 dv-cinder-799631-5-smb devstack@c-api.service[99958]: INFO cinder.volume.api [None req-d5108798-cdaf-424f-8403-6af21bd4aee9 tempest-GroupsV320Test-353324617 tempest-GroupsV320Test-353324617-project] Get all volumes completed successfully.
Jul 08 12:05:18.250444 dv-cinder-799631-5-smb devstack@c-api.service[99957]: INFO cinder.api.openstack.wsgi [None req-67ffc252-bea0-4c44-b8e6-77cd45e2d050 tempest-GroupSnapshotsTest-1652003108 tempest-GroupSnapshotsTest-1652003108-project-admin] DELETE http://10.222.0.78/volume/v3/4f72318342264505b90dd371eb466f5a/types/3a5d8f2d-1a57-4609-a9be-78ef55840535
Jul 08 12:05:18.250940 dv-cinder-799631-5-smb devstack@c-api.service[99958]: INFO cinder.api.openstack.wsgi [None req-d5108798-cdaf-424f-8403-6af21bd4aee9 tempest-GroupsV320Test-353324617 tempest-GroupsV320Test-353324617-project] http://10.222.0.78/volume/v3/f933b0f66ff04995b7a72c2a61e4a9a7/volumes/detail returned with HTTP 200
Jul 08 12:05:18.252034 dv-cinder-799631-5-smb devstack@c-api.service[99958]: [pid: 99958|app: 0|req: 127/260] 10.222.0.78 () {60 vars in 1276 bytes} [Thu Jul 8 12:05:18 2021] GET /volume/v3/f933b0f66ff04995b7a72c2a61e4a9a7/volumes/detail => generated 15 bytes in 127 msecs (HTTP/1.1 200) 7 headers in 285 bytes (2 switches on core 0)
Jul 08 12:05:18.252519 dv-cinder-799631-5-smb devstack@c-api.service[99957]: DEBUG cinder.api.openstack.wsgi [None req-67ffc252-bea0-4c44-b8e6-77cd45e2d050 tempest-GroupSnapshotsTest-1652003108 tempest-GroupSnapshotsTest-1652003108-project-admin] Empty body provided in request {{(pid=99957) get_body /opt/stack/cinder/cinder/api/openstack/wsgi.py:713}}
Jul 08 12:05:18.253242 dv-cinder-799631-5-smb devstack@c-api.service[99957]: DEBUG cinder.api.openstack.wsgi [None req-67ffc252-bea0-4c44-b8e6-77cd45e2d050 tempest-GroupSnapshotsTest-1652003108 tempest-GroupSnapshotsTest-1652003108-project-admin] Calling method '_delete' {{(pid=99957) _process_stack /opt/stack/cinder/cinder/api/openstack/wsgi.py:866}}
Jul 08 12:05:18.265770 dv-cinder-799631-5-smb devstack@c-api.service[99958]: INFO cinder.api.openstack.wsgi [None req-533186e4-7b2e-4854-8143-fd829add834b tempest-GroupsV320Test-353324617 tempest-GroupsV320Test-353324617-project] POST http://10.222.0.78/volume/v3/f933b0f66ff04995b7a72c2a61e4a9a7/groups/0a572009-1de3-4748-b456-df8f4a91a12f/action
Jul 08 12:05:18.266499 dv-cinder-799631-5-smb devstack@c-api.service[99958]: DEBUG cinder.api.openstack.wsgi [None req-533186e4-7b2e-4854-8143-fd829add834b tempest-GroupsV320Test-353324617 tempest-GroupsV320Test-353324617-project] Action body: b'{"delete": {"delete-volumes": true}}' {{(pid=99958) get_method /opt/stack/cinder/cinder/api/openstack/wsgi.py:981}}
Jul 08 12:05:18.266838 dv-cinder-799631-5-smb devstack@c-api.service[99958]: DEBUG cinder.api.openstack.wsgi [None req-533186e4-7b2e-4854-8143-fd829add834b tempest-GroupsV320Test-353324617 tempest-GroupsV320Test-353324617-project] Action: 'action', calling method: delete_group, body: {"delete": {"delete-volumes": true}} {{(pid=99958) _process_stack /opt/stack/cinder/cinder/api/openstack/wsgi.py:864}}
Jul 08 12:05:18.267760 dv-cinder-799631-5-smb devstack@c-api.service[99958]: DEBUG cinder.api.v3.groups [None req-533186e4-7b2e-4854-8143-fd829add834b tempest-GroupsV320Test-353324617 tempest-GroupsV320Test-353324617-project] delete called for group 0a572009-1de3-4748-b456-df8f4a91a12f {{(pid=99958) _delete /opt/stack/cinder/cinder/api/v3/groups.py:117}}
Jul 08 12:05:18.268059 dv-cinder-799631-5-smb devstack@c-api.service[99958]: INFO cinder.api.v3.groups [None req-533186e4-7b2e-4854-8143-fd829add834b tempest-GroupsV320Test-353324617 tempest-GroupsV320Test-353324617-project] Delete group with id: 0a572009-1de3-4748-b456-df8f4a91a12f
Jul 08 12:05:18.283837 dv-cinder-799631-5-smb devstack@c-api.service[99958]: /usr/local/lib/python3.8/dist-packages/oslo_context/context.py:105: DeprecationWarning: Policy enforcement is depending on the value of is_admin. This key is deprecated. Please update your policy file to use the standard policy values.
Jul 08 12:05:18.283837 dv-cinder-799631-5-smb devstack@c-api.service[99958]: warnings.warn('Policy enforcement is depending on the value of '
Jul 08 12:05:18.324098 dv-cinder-799631-5-smb devstack@c-api.service[99957]: INFO cinder.api.openstack.wsgi [None req-67ffc252-bea0-4c44-b8e6-77cd45e2d050 tempest-GroupSnapshotsTest-1652003108 tempest-GroupSnapshotsTest-1652003108-project-admin] http://10.222.0.78/volume/v3/4f72318342264505b90dd371eb466f5a/types/3a5d8f2d-1a57-4609-a9be-78ef55840535 returned with HTTP 202
Jul 08 12:05:18.328829 dv-cinder-799631-5-smb devstack@c-api.service[99957]: [pid: 99957|app: 0|req: 134/261] 10.222.0.78 () {58 vars in 1322 bytes} [Thu Jul 8 12:05:18 2021] DELETE /volume/v3/4f72318342264505b90dd371eb466f5a/types/3a5d8f2d-1a57-4609-a9be-78ef55840535 => generated 0 bytes in 86 msecs (HTTP/1.1 202) 6 headers in 233 bytes (1 switches on core 0)
Jul 08 12:05:18.335180 dv-cinder-799631-5-smb devstack@c-api.service[99957]: INFO cinder.api.openstack.wsgi [None req-9c2eb8b0-e23f-4a46-be44-632d8aabbd4f tempest-GroupSnapshotsTest-1652003108 tempest-GroupSnapshotsTest-1652003108-project-admin] GET http://10.222.0.78/volume/v3/4f72318342264505b90dd371eb466f5a/types/3a5d8f2d-1a57-4609-a9be-78ef55840535
Jul 08 12:05:18.335990 dv-cinder-799631-5-smb devstack@c-api.service[99957]: DEBUG cinder.api.openstack.wsgi [None req-9c2eb8b0-e23f-4a46-be44-632d8aabbd4f tempest-GroupSnapshotsTest-1652003108 tempest-GroupSnapshotsTest-1652003108-project-admin] Empty body provided in request {{(pid=99957) get_body /opt/stack/cinder/cinder/api/openstack/wsgi.py:713}}
Jul 08 12:05:18.336812 dv-cinder-799631-5-smb devstack@c-api.service[99957]: DEBUG cinder.api.openstack.wsgi [None req-9c2eb8b0-e23f-4a46-be44-632d8aabbd4f tempest-GroupSnapshotsTest-1652003108 tempest-GroupSnapshotsTest-1652003108-project-admin] Calling method 'show' {{(pid=99957) _process_stack /opt/stack/cinder/cinder/api/openstack/wsgi.py:866}}
Jul 08 12:05:18.345835 dv-cinder-799631-5-smb devstack@c-api.service[99957]: INFO cinder.api.openstack.wsgi [None req-9c2eb8b0-e23f-4a46-be44-632d8aabbd4f tempest-GroupSnapshotsTest-1652003108 tempest-GroupSnapshotsTest-1652003108-project-admin] http://10.222.0.78/volume/v3/4f72318342264505b90dd371eb466f5a/types/3a5d8f2d-1a57-4609-a9be-78ef55840535 returned with HTTP 404
Jul 08 12:05:18.350658 dv-cinder-799631-5-smb devstack@c-api.service[99957]: [pid: 99957|app: 0|req: 135/262] 10.222.0.78 () {58 vars in 1319 bytes} [Thu Jul 8 12:05:18 2021] GET /volume/v3/4f72318342264505b90dd371eb466f5a/types/3a5d8f2d-1a57-4609-a9be-78ef55840535 => generated 114 bytes in 21 msecs (HTTP/1.1 404) 7 headers in 292 bytes (1 switches on core 0)
Jul 08 12:05:18.358095 dv-cinder-799631-5-smb devstack@c-api.service[99958]: INFO cinder.api.openstack.wsgi [None req-533186e4-7b2e-4854-8143-fd829add834b tempest-GroupsV320Test-353324617 tempest-GroupsV320Test-353324617-project] http://10.222.0.78/volume/v3/f933b0f66ff04995b7a72c2a61e4a9a7/groups/0a572009-1de3-4748-b456-df8f4a91a12f/action returned with HTTP 202
Jul 08 12:05:18.362058 dv-cinder-799631-5-smb devstack@c-api.service[99958]: [pid: 99958|app: 0|req: 128/263] 10.222.0.78 () {62 vars in 1405 bytes} [Thu Jul 8 12:05:18 2021] POST /volume/v3/f933b0f66ff04995b7a72c2a61e4a9a7/groups/0a572009-1de3-4748-b456-df8f4a91a12f/action => generated 0 bytes in 97 msecs (HTTP/1.1 202) 6 headers in 234 bytes (2 switches on core 0)
Jul 08 12:05:18.370593 dv-cinder-799631-5-smb devstack@c-api.service[99957]: INFO cinder.api.openstack.wsgi [None req-b867dbcf-593f-44b6-b4e5-994c02162116 tempest-GroupsV320Test-353324617 tempest-GroupsV320Test-353324617-project] GET http://10.222.0.78/volume/v3/f933b0f66ff04995b7a72c2a61e4a9a7/groups/0a572009-1de3-4748-b456-df8f4a91a12f
Jul 08 12:05:18.371785 dv-cinder-799631-5-smb devstack@c-api.service[99957]: DEBUG cinder.api.openstack.wsgi [None req-b867dbcf-593f-44b6-b4e5-994c02162116 tempest-GroupsV320Test-353324617 tempest-GroupsV320Test-353324617-project] Empty body provided in request {{(pid=99957) get_body /opt/stack/cinder/cinder/api/openstack/wsgi.py:713}}
Jul 08 12:05:18.372485 dv-cinder-799631-5-smb devstack@c-api.service[99957]: DEBUG cinder.api.openstack.wsgi [None req-b867dbcf-593f-44b6-b4e5-994c02162116 tempest-GroupsV320Test-353324617 tempest-GroupsV320Test-353324617-project] Calling method 'version_select' {{(pid=99957) _process_stack /opt/stack/cinder/cinder/api/openstack/wsgi.py:866}}
Jul 08 12:05:18.373164 dv-cinder-799631-5-smb devstack@c-api.service[99957]: DEBUG cinder.api.v3.groups [None req-b867dbcf-593f-44b6-b4e5-994c02162116 tempest-GroupsV320Test-353324617 tempest-GroupsV320Test-353324617-project] show called for member 0a572009-1de3-4748-b456-df8f4a91a12f {{(pid=99957) show /opt/stack/cinder/cinder/api/v3/groups.py:58}}
Jul 08 12:05:18.383526 dv-cinder-799631-5-smb devstack@c-api.service[99957]: /usr/local/lib/python3.8/dist-packages/oslo_context/context.py:105: DeprecationWarning: Policy enforcement is depending on the value of is_admin. This key is deprecated. Please update your policy file to use the standard policy values.
Jul 08 12:05:18.383526 dv-cinder-799631-5-smb devstack@c-api.service[99957]: warnings.warn('Policy enforcement is depending on the value of '
Jul 08 12:05:18.410922 dv-cinder-799631-5-smb devstack@c-api.service[99957]: INFO cinder.api.openstack.wsgi [None req-b867dbcf-593f-44b6-b4e5-994c02162116 tempest-GroupsV320Test-353324617 tempest-GroupsV320Test-353324617-project] http://10.222.0.78/volume/v3/f933b0f66ff04995b7a72c2a61e4a9a7/groups/0a572009-1de3-4748-b456-df8f4a91a12f returned with HTTP 200
Jul 08 12:05:18.411817 dv-cinder-799631-5-smb devstack@c-api.service[99957]: [pid: 99957|app: 0|req: 136/264] 10.222.0.78 () {60 vars in 1363 bytes} [Thu Jul 8 12:05:18 2021] GET /volume/v3/f933b0f66ff04995b7a72c2a61e4a9a7/groups/0a572009-1de3-4748-b456-df8f4a91a12f => generated 388 bytes in 47 msecs (HTTP/1.1 200) 7 headers in 286 bytes (1 switches on core 0)
Jul 08 12:05:18.844922 dv-cinder-799631-5-smb devstack@c-api.service[99958]: INFO cinder.api.openstack.wsgi [None req-f2148700-d2f0-4797-bc4f-7f4062cfe358 tempest-SnapshotsActionsTest-1726641647 tempest-SnapshotsActionsTest-1726641647-project] GET http://10.222.0.78/volume/v3/c16b16b2535146ea81ce50ebab65016b/volumes/6e42875f-90a0-4181-9afb-c0128d101f28
Jul 08 12:05:18.846125 dv-cinder-799631-5-smb devstack@c-api.service[99958]: DEBUG cinder.api.openstack.wsgi [None req-f2148700-d2f0-4797-bc4f-7f4062cfe358 tempest-SnapshotsActionsTest-1726641647 tempest-SnapshotsActionsTest-1726641647-project] Empty body provided in request {{(pid=99958) get_body /opt/stack/cinder/cinder/api/openstack/wsgi.py:713}}
Jul 08 12:05:18.847057 dv-cinder-799631-5-smb devstack@c-api.service[99958]: /usr/local/lib/python3.8/dist-packages/webob/acceptparse.py:1047: DeprecationWarning: The behavior of AcceptValidHeader.best_match is currently being maintained for backward compatibility, but it will be deprecated in the future, as it does not conform to the RFC.
Jul 08 12:05:18.847057 dv-cinder-799631-5-smb devstack@c-api.service[99958]: warnings.warn(
Jul 08 12:05:18.847601 dv-cinder-799631-5-smb devstack@c-api.service[99958]: DEBUG cinder.api.openstack.wsgi [None req-f2148700-d2f0-4797-bc4f-7f4062cfe358 tempest-SnapshotsActionsTest-1726641647 tempest-SnapshotsActionsTest-1726641647-project] Calling method 'show' {{(pid=99958) _process_stack /opt/stack/cinder/cinder/api/openstack/wsgi.py:866}}
Jul 08 12:05:18.863666 dv-cinder-799631-5-smb devstack@c-api.service[99958]: INFO cinder.api.openstack.wsgi [None req-f2148700-d2f0-4797-bc4f-7f4062cfe358 tempest-SnapshotsActionsTest-1726641647 tempest-SnapshotsActionsTest-1726641647-project] http://10.222.0.78/volume/v3/c16b16b2535146ea81ce50ebab65016b/volumes/6e42875f-90a0-4181-9afb-c0128d101f28 returned with HTTP 404
Jul 08 12:05:18.865174 dv-cinder-799631-5-smb devstack@c-api.service[99958]: [pid: 99958|app: 0|req: 129/265] 10.222.0.78 () {58 vars in 1325 bytes} [Thu Jul 8 12:05:18 2021] GET /volume/v3/c16b16b2535146ea81ce50ebab65016b/volumes/6e42875f-90a0-4181-9afb-c0128d101f28 => generated 109 bytes in 28 msecs (HTTP/1.1 404) 7 headers in 292 bytes (1 switches on core 0)
Jul 08 12:05:19.424785 dv-cinder-799631-5-smb devstack@c-api.service[99957]: INFO cinder.api.openstack.wsgi [None req-8e0a5cff-0962-42c3-8ab9-879d6d8c5c85 tempest-GroupsV320Test-353324617 tempest-GroupsV320Test-353324617-project] GET http://10.222.0.78/volume/v3/f933b0f66ff04995b7a72c2a61e4a9a7/groups/0a572009-1de3-4748-b456-df8f4a91a12f
Jul 08 12:05:19.426273 dv-cinder-799631-5-smb devstack@c-api.service[99957]: DEBUG cinder.api.openstack.wsgi [None req-8e0a5cff-0962-42c3-8ab9-879d6d8c5c85 tempest-GroupsV320Test-353324617 tempest-GroupsV320Test-353324617-project] Empty body provided in request {{(pid=99957) get_body /opt/stack/cinder/cinder/api/openstack/wsgi.py:713}}
Jul 08 12:05:19.426636 dv-cinder-799631-5-smb devstack@c-api.service[99957]: /usr/local/lib/python3.8/dist-packages/webob/acceptparse.py:1047: DeprecationWarning: The behavior of AcceptValidHeader.best_match is currently being maintained for backward compatibility, but it will be deprecated in the future, as it does not conform to the RFC.
Jul 08 12:05:19.426636 dv-cinder-799631-5-smb devstack@c-api.service[99957]: warnings.warn(
Jul 08 12:05:19.427665 dv-cinder-799631-5-smb devstack@c-api.service[99957]: DEBUG cinder.api.openstack.wsgi [None req-8e0a5cff-0962-42c3-8ab9-879d6d8c5c85 tempest-GroupsV320Test-353324617 tempest-GroupsV320Test-353324617-project] Calling method 'version_select' {{(pid=99957) _process_stack /opt/stack/cinder/cinder/api/openstack/wsgi.py:866}}
Jul 08 12:05:19.428273 dv-cinder-799631-5-smb devstack@c-api.service[99957]: DEBUG cinder.api.v3.groups [None req-8e0a5cff-0962-42c3-8ab9-879d6d8c5c85 tempest-GroupsV320Test-353324617 tempest-GroupsV320Test-353324617-project] show called for member 0a572009-1de3-4748-b456-df8f4a91a12f {{(pid=99957) show /opt/stack/cinder/cinder/api/v3/groups.py:58}}
Jul 08 12:05:19.435545 dv-cinder-799631-5-smb devstack@c-api.service[99957]: INFO cinder.api.openstack.wsgi [None req-8e0a5cff-0962-42c3-8ab9-879d6d8c5c85 tempest-GroupsV320Test-353324617 tempest-GroupsV320Test-353324617-project] http://10.222.0.78/volume/v3/f933b0f66ff04995b7a72c2a61e4a9a7/groups/0a572009-1de3-4748-b456-df8f4a91a12f returned with HTTP 404
Jul 08 12:05:19.437777 dv-cinder-799631-5-smb devstack@c-api.service[99957]: [pid: 99957|app: 0|req: 137/266] 10.222.0.78 () {60 vars in 1363 bytes} [Thu Jul 8 12:05:19 2021] GET /volume/v3/f933b0f66ff04995b7a72c2a61e4a9a7/groups/0a572009-1de3-4748-b456-df8f4a91a12f => generated 108 bytes in 18 msecs (HTTP/1.1 404) 7 headers in 293 bytes (1 switches on core 0)
Jul 08 12:05:19.446941 dv-cinder-799631-5-smb devstack@c-api.service[99958]: INFO cinder.api.openstack.wsgi [None req-2dec74c8-acce-49c7-8022-acb2808dee72 tempest-GroupsV320Test-2016473665 tempest-GroupsV320Test-2016473665-project-admin] DELETE http://10.222.0.78/volume/v3/bfdf9efb627e4202b0a79384be0a7572/group_types/3649f21c-834f-4b45-b85f-79efcbd50710
Jul 08 12:05:19.447915 dv-cinder-799631-5-smb devstack@c-api.service[99958]: DEBUG cinder.api.openstack.wsgi [None req-2dec74c8-acce-49c7-8022-acb2808dee72 tempest-GroupsV320Test-2016473665 tempest-GroupsV320Test-2016473665-project-admin] Empty body provided in request {{(pid=99958) get_body /opt/stack/cinder/cinder/api/openstack/wsgi.py:713}}
Jul 08 12:05:19.448604 dv-cinder-799631-5-smb devstack@c-api.service[99958]: DEBUG cinder.api.openstack.wsgi [None req-2dec74c8-acce-49c7-8022-acb2808dee72 tempest-GroupsV320Test-2016473665 tempest-GroupsV320Test-2016473665-project-admin] Calling method 'version_select' {{(pid=99958) _process_stack /opt/stack/cinder/cinder/api/openstack/wsgi.py:866}}
Jul 08 12:05:19.505542 dv-cinder-799631-5-smb devstack@c-api.service[99958]: INFO cinder.api.openstack.wsgi [None req-2dec74c8-acce-49c7-8022-acb2808dee72 tempest-GroupsV320Test-2016473665 tempest-GroupsV320Test-2016473665-project-admin] http://10.222.0.78/volume/v3/bfdf9efb627e4202b0a79384be0a7572/group_types/3649f21c-834f-4b45-b85f-79efcbd50710 returned with HTTP 202
Jul 08 12:05:19.507508 dv-cinder-799631-5-smb devstack@c-api.service[99958]: [pid: 99958|app: 0|req: 130/267] 10.222.0.78 () {60 vars in 1381 bytes} [Thu Jul 8 12:05:19 2021] DELETE /volume/v3/bfdf9efb627e4202b0a79384be0a7572/group_types/3649f21c-834f-4b45-b85f-79efcbd50710 => generated 0 bytes in 66 msecs (HTTP/1.1 202) 6 headers in 234 bytes (1 switches on core 0)
Jul 08 12:05:19.517266 dv-cinder-799631-5-smb devstack@c-api.service[99957]: INFO cinder.api.openstack.wsgi [None req-e4bb9f1b-3f4b-4973-86c1-42a819587597 tempest-GroupsV320Test-2016473665 tempest-GroupsV320Test-2016473665-project-admin] DELETE http://10.222.0.78/volume/v3/bfdf9efb627e4202b0a79384be0a7572/types/73578507-3944-4b23-ae72-d359b03a7559
Jul 08 12:05:19.518240 dv-cinder-799631-5-smb devstack@c-api.service[99957]: DEBUG cinder.api.openstack.wsgi [None req-e4bb9f1b-3f4b-4973-86c1-42a819587597 tempest-GroupsV320Test-2016473665 tempest-GroupsV320Test-2016473665-project-admin] Empty body provided in request {{(pid=99957) get_body /opt/stack/cinder/cinder/api/openstack/wsgi.py:713}}
Jul 08 12:05:19.518944 dv-cinder-799631-5-smb devstack@c-api.service[99957]: DEBUG cinder.api.openstack.wsgi [None req-e4bb9f1b-3f4b-4973-86c1-42a819587597 tempest-GroupsV320Test-2016473665 tempest-GroupsV320Test-2016473665-project-admin] Calling method '_delete' {{(pid=99957) _process_stack /opt/stack/cinder/cinder/api/openstack/wsgi.py:866}}
Jul 08 12:05:19.520000 dv-cinder-799631-5-smb devstack@c-api.service[99957]: /usr/local/lib/python3.8/dist-packages/oslo_context/context.py:105: DeprecationWarning: Policy enforcement is depending on the value of is_admin. This key is deprecated. Please update your policy file to use the standard policy values.
Jul 08 12:05:19.520000 dv-cinder-799631-5-smb devstack@c-api.service[99957]: warnings.warn('Policy enforcement is depending on the value of '
Jul 08 12:05:19.599336 dv-cinder-799631-5-smb devstack@c-api.service[99957]: INFO cinder.api.openstack.wsgi [None req-e4bb9f1b-3f4b-4973-86c1-42a819587597 tempest-GroupsV320Test-2016473665 tempest-GroupsV320Test-2016473665-project-admin] http://10.222.0.78/volume/v3/bfdf9efb627e4202b0a79384be0a7572/types/73578507-3944-4b23-ae72-d359b03a7559 returned with HTTP 202
Jul 08 12:05:19.601438 dv-cinder-799631-5-smb devstack@c-api.service[99957]: [pid: 99957|app: 0|req: 138/268] 10.222.0.78 () {58 vars in 1322 bytes} [Thu Jul 8 12:05:19 2021] DELETE /volume/v3/bfdf9efb627e4202b0a79384be0a7572/types/73578507-3944-4b23-ae72-d359b03a7559 => generated 0 bytes in 88 msecs (HTTP/1.1 202) 6 headers in 233 bytes (2 switches on core 0)
Jul 08 12:05:19.612876 dv-cinder-799631-5-smb devstack@c-api.service[99958]: INFO cinder.api.openstack.wsgi [None req-87543f97-8777-428f-bc45-a751702aa6dd tempest-GroupsV320Test-2016473665 tempest-GroupsV320Test-2016473665-project-admin] GET http://10.222.0.78/volume/v3/bfdf9efb627e4202b0a79384be0a7572/types/73578507-3944-4b23-ae72-d359b03a7559
Jul 08 12:05:19.614712 dv-cinder-799631-5-smb devstack@c-api.service[99958]: DEBUG cinder.api.openstack.wsgi [None req-87543f97-8777-428f-bc45-a751702aa6dd tempest-GroupsV320Test-2016473665 tempest-GroupsV320Test-2016473665-project-admin] Empty body provided in request {{(pid=99958) get_body /opt/stack/cinder/cinder/api/openstack/wsgi.py:713}}
Jul 08 12:05:19.615781 dv-cinder-799631-5-smb devstack@c-api.service[99958]: DEBUG cinder.api.openstack.wsgi [None req-87543f97-8777-428f-bc45-a751702aa6dd tempest-GroupsV320Test-2016473665 tempest-GroupsV320Test-2016473665-project-admin] Calling method 'show' {{(pid=99958) _process_stack /opt/stack/cinder/cinder/api/openstack/wsgi.py:866}}
Jul 08 12:05:19.624393 dv-cinder-799631-5-smb devstack@c-api.service[99958]: INFO cinder.api.openstack.wsgi [None req-87543f97-8777-428f-bc45-a751702aa6dd tempest-GroupsV320Test-2016473665 tempest-GroupsV320Test-2016473665-project-admin] http://10.222.0.78/volume/v3/bfdf9efb627e4202b0a79384be0a7572/types/73578507-3944-4b23-ae72-d359b03a7559 returned with HTTP 404
Jul 08 12:05:19.626106 dv-cinder-799631-5-smb devstack@c-api.service[99958]: [pid: 99958|app: 0|req: 131/269] 10.222.0.78 () {58 vars in 1319 bytes} [Thu Jul 8 12:05:19 2021] GET /volume/v3/bfdf9efb627e4202b0a79384be0a7572/types/73578507-3944-4b23-ae72-d359b03a7559 => generated 114 bytes in 21 msecs (HTTP/1.1 404) 7 headers in 292 bytes (1 switches on core 0)
Jul 08 12:05:21.396427 dv-cinder-799631-5-smb devstack@c-api.service[99957]: INFO cinder.api.openstack.wsgi [None req-7a37a850-a9ed-4e95-9222-870dc86d7ff3 tempest-AbsoluteLimitsTests-978596029 tempest-AbsoluteLimitsTests-978596029-project] POST http://10.222.0.78/volume/v3/c3cd80670dc5477b99241c42a93d2c5e/volumes
Jul 08 12:05:21.397195 dv-cinder-799631-5-smb devstack@c-api.service[99957]: DEBUG cinder.api.openstack.wsgi [None req-7a37a850-a9ed-4e95-9222-870dc86d7ff3 tempest-AbsoluteLimitsTests-978596029 tempest-AbsoluteLimitsTests-978596029-project] Action: 'create', calling method: create, body: {"volume": {"size": 1, "name": "tempest-AbsoluteLimitsTests-Volume-148041259"}} {{(pid=99957) _process_stack /opt/stack/cinder/cinder/api/openstack/wsgi.py:864}}
Jul 08 12:05:21.398281 dv-cinder-799631-5-smb devstack@c-api.service[99957]: DEBUG cinder.api.v3.volumes [None req-7a37a850-a9ed-4e95-9222-870dc86d7ff3 tempest-AbsoluteLimitsTests-978596029 tempest-AbsoluteLimitsTests-978596029-project] Create volume request body: {'volume': {'size': 1, 'name': 'tempest-AbsoluteLimitsTests-Volume-148041259'}} {{(pid=99957) create /opt/stack/cinder/cinder/api/v3/volumes.py:289}}
Jul 08 12:05:21.398758 dv-cinder-799631-5-smb devstack@c-api.service[99957]: INFO cinder.api.v3.volumes [None req-7a37a850-a9ed-4e95-9222-870dc86d7ff3 tempest-AbsoluteLimitsTests-978596029 tempest-AbsoluteLimitsTests-978596029-project] Create volume of 1 GB
Jul 08 12:05:21.410892 dv-cinder-799631-5-smb devstack@c-api.service[99957]: INFO cinder.volume.api [None req-7a37a850-a9ed-4e95-9222-870dc86d7ff3 tempest-AbsoluteLimitsTests-978596029 tempest-AbsoluteLimitsTests-978596029-project] Availability Zones retrieved successfully.
Jul 08 12:05:21.426151 dv-cinder-799631-5-smb devstack@c-api.service[99957]: DEBUG cinder.volume.api [None req-7a37a850-a9ed-4e95-9222-870dc86d7ff3 tempest-AbsoluteLimitsTests-978596029 tempest-AbsoluteLimitsTests-978596029-project] Flow 'volume_create_api' (81a9086f-7ebb-4523-9c2b-6860991a121a) transitioned into state 'RUNNING' from state 'PENDING' {{(pid=99957) _flow_receiver /usr/local/lib/python3.8/dist-packages/taskflow/listeners/logging.py:141}}
Jul 08 12:05:21.429341 dv-cinder-799631-5-smb devstack@c-api.service[99957]: DEBUG cinder.volume.api [None req-7a37a850-a9ed-4e95-9222-870dc86d7ff3 tempest-AbsoluteLimitsTests-978596029 tempest-AbsoluteLimitsTests-978596029-project] Task 'cinder.volume.flows.api.create_volume.ExtractVolumeRequestTask;volume:create' (70e9c1b4-34f8-4c0b-b1fd-cf74d40ada07) transitioned into state 'RUNNING' from state 'PENDING' {{(pid=99957) _task_receiver /usr/local/lib/python3.8/dist-packages/taskflow/listeners/logging.py:190}}
Jul 08 12:05:21.431062 dv-cinder-799631-5-smb devstack@c-api.service[99957]: DEBUG cinder.volume.flows.api.create_volume [None req-7a37a850-a9ed-4e95-9222-870dc86d7ff3 tempest-AbsoluteLimitsTests-978596029 tempest-AbsoluteLimitsTests-978596029-project] Validating volume size '1' using validate_int {{(pid=99957) _extract_size /opt/stack/cinder/cinder/volume/flows/api/create_volume.py:201}}
Jul 08 12:05:21.478670 dv-cinder-799631-5-smb devstack@c-api.service[99957]: DEBUG cinder.volume.api [None req-7a37a850-a9ed-4e95-9222-870dc86d7ff3 tempest-AbsoluteLimitsTests-978596029 tempest-AbsoluteLimitsTests-978596029-project] Task 'cinder.volume.flows.api.create_volume.ExtractVolumeRequestTask;volume:create' (70e9c1b4-34f8-4c0b-b1fd-cf74d40ada07) transitioned into state 'SUCCESS' from state 'RUNNING' with result '{'size': 1, 'snapshot_id': None, 'source_volid': None, 'volume_type': VolumeType(created_at=2021-07-08T11:55:35Z,deleted=False,deleted_at=None,description='Default Volume Type',extra_specs={},id=1156de88-5cd0-4955-8eff-2f530180b6f0,is_public=True,name='__DEFAULT__',projects=[],qos_specs=,qos_specs_id=None,updated_at=2021-07-08T11:55:35Z), 'volume_type_id': '1156de88-5cd0-4955-8eff-2f530180b6f0', 'encryption_key_id': None, 'qos_specs': None, 'consistencygroup_id': None, 'cgsnapshot_id': None, 'group_id': None, 'replication_status': 'disabled', 'refresh_az': False, 'backup_id': None, 'multiattach': False, 'availability_zones': ['nova']}' {{(pid=99957) _task_receiver /usr/local/lib/python3.8/dist-packages/taskflow/listeners/logging.py:178}}
Jul 08 12:05:21.482490 dv-cinder-799631-5-smb devstack@c-api.service[99957]: DEBUG cinder.volume.api [None req-7a37a850-a9ed-4e95-9222-870dc86d7ff3 tempest-AbsoluteLimitsTests-978596029 tempest-AbsoluteLimitsTests-978596029-project] Task 'cinder.volume.flows.api.create_volume.QuotaReserveTask;volume:create' (f982f6dc-1992-418d-a638-7b8fb380381c) transitioned into state 'RUNNING' from state 'PENDING' {{(pid=99957) _task_receiver /usr/local/lib/python3.8/dist-packages/taskflow/listeners/logging.py:190}}
Jul 08 12:05:21.606934 dv-cinder-799631-5-smb devstack@c-api.service[99957]: DEBUG cinder.quota [None req-7a37a850-a9ed-4e95-9222-870dc86d7ff3 tempest-AbsoluteLimitsTests-978596029 tempest-AbsoluteLimitsTests-978596029-project] Created reservations ['f325814c-f6c0-4304-b583-a0712ff0b1c5', '43ee256a-e15c-4b03-8405-2533b2896aa3', 'd617de6c-a56c-4785-91b5-440e076fae24', '54898e5b-a263-4c74-a8fe-a7199717748a'] {{(pid=99957) reserve /opt/stack/cinder/cinder/quota.py:755}}
Jul 08 12:05:21.609869 dv-cinder-799631-5-smb devstack@c-api.service[99957]: DEBUG cinder.volume.api [None req-7a37a850-a9ed-4e95-9222-870dc86d7ff3 tempest-AbsoluteLimitsTests-978596029 tempest-AbsoluteLimitsTests-978596029-project] Task 'cinder.volume.flows.api.create_volume.QuotaReserveTask;volume:create' (f982f6dc-1992-418d-a638-7b8fb380381c) transitioned into state 'SUCCESS' from state 'RUNNING' with result '{'reservations': ['f325814c-f6c0-4304-b583-a0712ff0b1c5', '43ee256a-e15c-4b03-8405-2533b2896aa3', 'd617de6c-a56c-4785-91b5-440e076fae24', '54898e5b-a263-4c74-a8fe-a7199717748a']}' {{(pid=99957) _task_receiver /usr/local/lib/python3.8/dist-packages/taskflow/listeners/logging.py:178}}
Jul 08 12:05:21.612186 dv-cinder-799631-5-smb devstack@c-api.service[99957]: DEBUG cinder.volume.api [None req-7a37a850-a9ed-4e95-9222-870dc86d7ff3 tempest-AbsoluteLimitsTests-978596029 tempest-AbsoluteLimitsTests-978596029-project] Task 'cinder.volume.flows.api.create_volume.EntryCreateTask;volume:create' (cb95a87d-020f-4b05-9231-b0ca461ee44b) transitioned into state 'RUNNING' from state 'PENDING' {{(pid=99957) _task_receiver /usr/local/lib/python3.8/dist-packages/taskflow/listeners/logging.py:190}}
Jul 08 12:05:21.644610 dv-cinder-799631-5-smb devstack@c-api.service[99957]: DEBUG cinder.volume.api [None req-7a37a850-a9ed-4e95-9222-870dc86d7ff3 tempest-AbsoluteLimitsTests-978596029 tempest-AbsoluteLimitsTests-978596029-project] Task 'cinder.volume.flows.api.create_volume.EntryCreateTask;volume:create' (cb95a87d-020f-4b05-9231-b0ca461ee44b) transitioned into state 'SUCCESS' from state 'RUNNING' with result '{'volume_id': 'd81450c2-2608-4490-8aba-d2451f88dac0', 'volume_properties': VolumeProperties(attach_status='detached',availability_zone='nova',cgsnapshot_id=None,consistencygroup_id=None,display_description=None,display_name='tempest-AbsoluteLimitsTests-Volume-148041259',encryption_key_id=None,group_id=None,group_type_id=,metadata={},multiattach=False,project_id='c3cd80670dc5477b99241c42a93d2c5e',qos_specs=None,replication_status=,reservations=['f325814c-f6c0-4304-b583-a0712ff0b1c5','43ee256a-e15c-4b03-8405-2533b2896aa3','d617de6c-a56c-4785-91b5-440e076fae24','54898e5b-a263-4c74-a8fe-a7199717748a'],size=1,snapshot_id=None,source_replicaid=,source_volid=None,status='creating',user_id='a78c67e93fb640ab8d1668bf988e21af',volume_type_id=1156de88-5cd0-4955-8eff-2f530180b6f0), 'volume': Volume(_name_id=None,admin_metadata=,attach_status='detached',availability_zone='nova',bootable=False,cluster=,cluster_name=None,consistencygroup=,consistencygroup_id=None,created_at=2021-07-08T12:05:21Z,deleted=False,deleted_at=None,display_description=None,display_name='tempest-AbsoluteLimitsTests-Volume-148041259',ec2_id=None,encryption_key_id=None,glance_metadata=,group=,group_id=None,host=None,id=d81450c2-2608-4490-8aba-d2451f88dac0,launched_at=None,metadata={},migration_status=None,multiattach=False,previous_status=None,project_id='c3cd80670dc5477b99241c42a93d2c5e',provider_auth=None,provider_geometry=None,provider_id=None,provider_location=None,replication_driver_data=None,replication_extended_status=None,replication_status=None,scheduled_at=None,service_uuid=None,shared_targets=True,size=1,snapshot_id=None,snapshots=,source_volid=None,status='creating',terminated_at=None,updated_at=None,user_id='a78c67e93fb640ab8d1668bf988e21af',volume_attachment=,volume_type=VolumeType(1156de88-5cd0-4955-8eff-2f530180b6f0),volume_type_id=1156de88-5cd0-4955-8eff-2f530180b6f0)}' {{(pid=99957) _task_receiver /usr/local/lib/python3.8/dist-packages/taskflow/listeners/logging.py:178}}
Jul 08 12:05:21.647700 dv-cinder-799631-5-smb devstack@c-api.service[99957]: DEBUG cinder.volume.api [None req-7a37a850-a9ed-4e95-9222-870dc86d7ff3 tempest-AbsoluteLimitsTests-978596029 tempest-AbsoluteLimitsTests-978596029-project] Task 'cinder.volume.flows.api.create_volume.QuotaCommitTask;volume:create' (a2c18a69-db78-4681-be77-92628ac2709c) transitioned into state 'RUNNING' from state 'PENDING' {{(pid=99957) _task_receiver /usr/local/lib/python3.8/dist-packages/taskflow/listeners/logging.py:190}}
Jul 08 12:05:21.692554 dv-cinder-799631-5-smb devstack@c-api.service[99957]: DEBUG cinder.volume.api [None req-7a37a850-a9ed-4e95-9222-870dc86d7ff3 tempest-AbsoluteLimitsTests-978596029 tempest-AbsoluteLimitsTests-978596029-project] Task 'cinder.volume.flows.api.create_volume.QuotaCommitTask;volume:create' (a2c18a69-db78-4681-be77-92628ac2709c) transitioned into state 'SUCCESS' from state 'RUNNING' with result '{'volume_properties': VolumeProperties(attach_status='detached',availability_zone='nova',cgsnapshot_id=None,consistencygroup_id=None,display_description=None,display_name='tempest-AbsoluteLimitsTests-Volume-148041259',encryption_key_id=None,group_id=None,group_type_id=,metadata={},multiattach=False,project_id='c3cd80670dc5477b99241c42a93d2c5e',qos_specs=None,replication_status=,reservations=['f325814c-f6c0-4304-b583-a0712ff0b1c5','43ee256a-e15c-4b03-8405-2533b2896aa3','d617de6c-a56c-4785-91b5-440e076fae24','54898e5b-a263-4c74-a8fe-a7199717748a'],size=1,snapshot_id=None,source_replicaid=,source_volid=None,status='creating',user_id='a78c67e93fb640ab8d1668bf988e21af',volume_type_id=1156de88-5cd0-4955-8eff-2f530180b6f0)}' {{(pid=99957) _task_receiver /usr/local/lib/python3.8/dist-packages/taskflow/listeners/logging.py:178}}
Jul 08 12:05:21.696736 dv-cinder-799631-5-smb devstack@c-api.service[99957]: DEBUG cinder.volume.api [None req-7a37a850-a9ed-4e95-9222-870dc86d7ff3 tempest-AbsoluteLimitsTests-978596029 tempest-AbsoluteLimitsTests-978596029-project] Task 'cinder.volume.flows.api.create_volume.VolumeCastTask;volume:create' (8baf4ac5-3d80-479c-b85d-256cc360571b) transitioned into state 'RUNNING' from state 'PENDING' {{(pid=99957) _task_receiver /usr/local/lib/python3.8/dist-packages/taskflow/listeners/logging.py:190}}
Jul 08 12:05:21.728355 dv-cinder-799631-5-smb devstack@c-api.service[99957]: DEBUG cinder.volume.api [None req-7a37a850-a9ed-4e95-9222-870dc86d7ff3 tempest-AbsoluteLimitsTests-978596029 tempest-AbsoluteLimitsTests-978596029-project] Task 'cinder.volume.flows.api.create_volume.VolumeCastTask;volume:create' (8baf4ac5-3d80-479c-b85d-256cc360571b) transitioned into state 'SUCCESS' from state 'RUNNING' with result 'None' {{(pid=99957) _task_receiver /usr/local/lib/python3.8/dist-packages/taskflow/listeners/logging.py:178}}
Jul 08 12:05:21.730715 dv-cinder-799631-5-smb devstack@c-api.service[99957]: DEBUG cinder.volume.api [None req-7a37a850-a9ed-4e95-9222-870dc86d7ff3 tempest-AbsoluteLimitsTests-978596029 tempest-AbsoluteLimitsTests-978596029-project] Flow 'volume_create_api' (81a9086f-7ebb-4523-9c2b-6860991a121a) transitioned into state 'SUCCESS' from state 'RUNNING' {{(pid=99957) _flow_receiver /usr/local/lib/python3.8/dist-packages/taskflow/listeners/logging.py:141}}
Jul 08 12:05:21.735568 dv-cinder-799631-5-smb devstack@c-api.service[99957]: INFO cinder.volume.api [None req-7a37a850-a9ed-4e95-9222-870dc86d7ff3 tempest-AbsoluteLimitsTests-978596029 tempest-AbsoluteLimitsTests-978596029-project] Create volume request issued successfully.
Jul 08 12:05:21.752609 dv-cinder-799631-5-smb devstack@c-api.service[99957]: INFO cinder.api.openstack.wsgi [None req-7a37a850-a9ed-4e95-9222-870dc86d7ff3 tempest-AbsoluteLimitsTests-978596029 tempest-AbsoluteLimitsTests-978596029-project] http://10.222.0.78/volume/v3/c3cd80670dc5477b99241c42a93d2c5e/volumes returned with HTTP 202
Jul 08 12:05:21.764188 dv-cinder-799631-5-smb devstack@c-api.service[99957]: [pid: 99957|app: 0|req: 139/270] 10.222.0.78 () {60 vars in 1235 bytes} [Thu Jul 8 12:05:21 2021] POST /volume/v3/c3cd80670dc5477b99241c42a93d2c5e/volumes => generated 818 bytes in 725 msecs (HTTP/1.1 202) 7 headers in 291 bytes (1 switches on core 0)
Jul 08 12:05:21.767270 dv-cinder-799631-5-smb devstack@c-api.service[99958]: INFO cinder.api.openstack.wsgi [None req-d21bd573-04c5-41aa-962d-d98596a6789b tempest-AbsoluteLimitsTests-978596029 tempest-AbsoluteLimitsTests-978596029-project] GET http://10.222.0.78/volume/v3/c3cd80670dc5477b99241c42a93d2c5e/volumes/d81450c2-2608-4490-8aba-d2451f88dac0
