Jul 08 12:22:58.707123 dv-cinder-799631-5-iscsi neutron-server[93655]: DEBUG neutron.pecan_wsgi.hooks.policy_enforcement [req-61749127-1121-44b2-9057-8bbe91817ae9 req-475faa32-4dba-4027-930c-f32beab2b6f4 tempest-AttachVolumeNegativeTest-559208756 tempest-AttachVolumeNegativeTest-559208756-project] Attributes excluded by policy engine: ['standard_attr_id', 'binding:profile', 'binding:host_id', 'binding:vif_type', 'binding:vif_details'] {{(pid=93655) _exclude_attributes_by_policy /opt/stack/neutron/neutron/pecan_wsgi/hooks/policy_enforcement.py:255}}
Jul 08 12:22:58.712822 dv-cinder-799631-5-iscsi neutron-server[93654]: DEBUG neutron_lib.callbacks.manager [None req-f107036a-ef7b-4088-95db-2d3d5b221ac5 admin admin] Notify callbacks [] for security_group, precommit_create {{(pid=93654) _notify_loop /usr/local/lib/python3.8/dist-packages/neutron_lib/callbacks/manager.py:192}}
Jul 08 12:22:58.713833 dv-cinder-799631-5-iscsi neutron-server[93655]: INFO neutron.wsgi [req-61749127-1121-44b2-9057-8bbe91817ae9 req-475faa32-4dba-4027-930c-f32beab2b6f4 tempest-AttachVolumeNegativeTest-559208756 tempest-AttachVolumeNegativeTest-559208756-project] 10.222.0.88 "GET /v2.0/ports?device_id=823fd000-999b-499c-9f22-51ebd2c62832 HTTP/1.1" status: 200 len: 945 time: 0.1209590
Jul 08 12:22:58.755465 dv-cinder-799631-5-iscsi neutron-server[93655]: INFO neutron.wsgi [req-61749127-1121-44b2-9057-8bbe91817ae9 req-737b6cc7-6274-4dd8-92ab-50ea4086b21d tempest-AttachVolumeNegativeTest-559208756 tempest-AttachVolumeNegativeTest-559208756-project] 10.222.0.88 "GET /v2.0/security-groups?id=12fba989-2ad9-42b9-9733-63e985daf780&fields=id&fields=name HTTP/1.1" status: 200 len: 286 time: 0.0407650
Jul 08 12:22:58.798350 dv-cinder-799631-5-iscsi neutron-server[93654]: DEBUG neutron_lib.callbacks.manager [None req-eb7350f2-8e15-43d3-81c9-ecd3e788b855 admin admin] Notify callbacks ['neutron.plugins.ml2.ovo_rpc._ObjectChangeHandler.handle_payload_event-443352', 'neutron.api.rpc.agentnotifiers.dhcp_rpc_agent_api.DhcpAgentNotifyAPI._native_event_send_dhcp_notification_payload-3694765'] for subnet, after_create {{(pid=93654) _notify_loop /usr/local/lib/python3.8/dist-packages/neutron_lib/callbacks/manager.py:192}}
Jul 08 12:22:58.847807 dv-cinder-799631-5-iscsi neutron-server[93654]: DEBUG neutron_lib.callbacks.manager [None req-f107036a-ef7b-4088-95db-2d3d5b221ac5 admin admin] Notify callbacks ['neutron.plugins.ml2.ovo_rpc._ObjectChangeHandler.handle_payload_event-443260'] for security_group, after_create {{(pid=93654) _notify_loop /usr/local/lib/python3.8/dist-packages/neutron_lib/callbacks/manager.py:192}}
Jul 08 12:22:58.862123 dv-cinder-799631-5-iscsi neutron-server[93656]: DEBUG neutron.plugins.ml2.db [None req-ac25b4e6-f0ae-4710-bab2-5187ddffde9f None None] For port ffc6d8d6-faef-4256-966c-b6a18c0a0335, host hv-cinder-79963, got binding levels [PortBindingLevel(driver='hyperv',host='hv-cinder-79963',level=0,port_id=ffc6d8d6-faef-4256-966c-b6a18c0a0335,segment=NetworkSegment(79bd898e-c412-44a2-940a-d80cf6954e88),segment_id=79bd898e-c412-44a2-940a-d80cf6954e88)] {{(pid=93656) get_binding_level_objs /opt/stack/neutron/neutron/plugins/ml2/db.py:74}}
Jul 08 12:22:58.895004 dv-cinder-799631-5-iscsi neutron-server[93656]: DEBUG neutron.plugins.ml2.rpc [None req-ac25b4e6-f0ae-4710-bab2-5187ddffde9f None None] Returning: {'device': 'ffc6d8d6-faef-4256-966c-b6a18c0a0335', 'network_id': '944642c5-34cb-4052-9c71-c9f2bb6fc18d', 'port_id': 'ffc6d8d6-faef-4256-966c-b6a18c0a0335', 'mac_address': 'fa:16:3e:20:4d:ff', 'admin_state_up': True, 'network_type': 'vlan', 'segmentation_id': 775, 'physical_network': 'physnet1', 'mtu': 1500, 'fixed_ips': [{'subnet_id': 'a0e2175b-da30-4bbc-b885-7bdc05d46a4d', 'ip_address': '172.20.0.5'}], 'device_owner': 'compute:nova', 'allowed_address_pairs': [], 'port_security_enabled': True, 'qos_policy_id': None, 'network_qos_policy_id': None, 'profile': {}, 'propagate_uplink_status': False} {{(pid=93656) _get_device_details /opt/stack/neutron/neutron/plugins/ml2/rpc.py:184}}
Jul 08 12:22:58.907727 dv-cinder-799631-5-iscsi neutron-server[93654]: DEBUG neutron.api.rpc.handlers.resources_rpc [None req-f107036a-ef7b-4088-95db-2d3d5b221ac5 admin admin] Pushing event updated for resources: {'SecurityGroup': ['ID=0ab3cab0-b947-48ea-a8c9-66933790bc56,revision_number=1']} {{(pid=93654) push /opt/stack/neutron/neutron/api/rpc/handlers/resources_rpc.py:237}}
Jul 08 12:22:58.920191 dv-cinder-799631-5-iscsi neutron-server[93654]: DEBUG neutron.api.rpc.handlers.resources_rpc [None req-eb7350f2-8e15-43d3-81c9-ecd3e788b855 admin admin] Pushing event updated for resources: {'Subnet': ['ID=c7f2aa21-06f1-4b8a-8c05-ccdb744fc094,revision_number=0']} {{(pid=93654) push /opt/stack/neutron/neutron/api/rpc/handlers/resources_rpc.py:237}}
Jul 08 12:22:58.930574 dv-cinder-799631-5-iscsi neutron-server[93654]: DEBUG neutron.plugins.ml2.drivers.mech_agent [None req-eb7350f2-8e15-43d3-81c9-ecd3e788b855 admin admin] Checking segment: {'id': '20e6751a-1a2d-42a4-9e03-b75a97ca63fb', 'network_type': 'vlan', 'physical_network': 'physnet1', 'segmentation_id': 763, 'network_id': '6a510c67-8f7a-4805-897b-2cca88141475'} for mappings: {'physnet1': 'br-data'} with network types: ['local', 'flat', 'vlan'] {{(pid=93654) check_segment_for_agent /opt/stack/neutron/neutron/plugins/ml2/drivers/mech_agent.py:341}}
Jul 08 12:22:58.930938 dv-cinder-799631-5-iscsi neutron-server[93654]: DEBUG neutron.scheduler.dhcp_agent_scheduler [None req-eb7350f2-8e15-43d3-81c9-ecd3e788b855 admin admin] Network hostable DHCP agents. Network: 6a510c67-8f7a-4805-897b-2cca88141475, hostable agents: ['45271d9d-3f78-4616-83fa-48d65b21a424'], hosted agents: [] {{(pid=93654) _get_network_hostable_dhcp_agents /opt/stack/neutron/neutron/scheduler/dhcp_agent_scheduler.py:329}}
Jul 08 12:22:58.935078 dv-cinder-799631-5-iscsi neutron-server[93654]: INFO neutron.wsgi [None req-f107036a-ef7b-4088-95db-2d3d5b221ac5 admin admin] 10.222.0.88 "GET /v2.0/security-groups?tenant_id=9824d7364aab46be858f0cee6ff1e395&name=default HTTP/1.1" status: 200 len: 2979 time: 0.5805626
Jul 08 12:22:58.938056 dv-cinder-799631-5-iscsi neutron-server[93655]: DEBUG neutron.wsgi [-] (93655) accepted ('10.222.0.88', 52956) {{(pid=93655) server /usr/local/lib/python3.8/dist-packages/eventlet/wsgi.py:982}}
Jul 08 12:22:58.975125 dv-cinder-799631-5-iscsi neutron-server[93656]: DEBUG neutron_lib.callbacks.manager [None req-ac25b4e6-f0ae-4710-bab2-5187ddffde9f None None] Notify callbacks ['neutron.plugins.ml2.plugin.SecurityGroupDbMixin._ensure_default_security_group_handler-611809'] for port, before_update {{(pid=93656) _notify_loop /usr/local/lib/python3.8/dist-packages/neutron_lib/callbacks/manager.py:192}}
Jul 08 12:22:58.989458 dv-cinder-799631-5-iscsi neutron-server[93656]: DEBUG neutron.notifiers.nova [None req-ac25b4e6-f0ae-4710-bab2-5187ddffde9f None None] Ignoring state change previous_port_status: DOWN current_port_status: BUILD port_id ffc6d8d6-faef-4256-966c-b6a18c0a0335 {{(pid=93656) record_port_status_changed /opt/stack/neutron/neutron/notifiers/nova.py:224}}
Jul 08 12:22:59.013752 dv-cinder-799631-5-iscsi neutron-server[93656]: DEBUG neutron.plugins.ml2.db [None req-ac25b4e6-f0ae-4710-bab2-5187ddffde9f None None] For port ffc6d8d6-faef-4256-966c-b6a18c0a0335, host hv-cinder-79963, got binding levels [PortBindingLevel(driver='hyperv',host='hv-cinder-79963',level=0,port_id=ffc6d8d6-faef-4256-966c-b6a18c0a0335,segment=NetworkSegment(79bd898e-c412-44a2-940a-d80cf6954e88),segment_id=79bd898e-c412-44a2-940a-d80cf6954e88)] {{(pid=93656) get_binding_level_objs /opt/stack/neutron/neutron/plugins/ml2/db.py:74}}
Jul 08 12:22:59.017804 dv-cinder-799631-5-iscsi neutron-server[93655]: DEBUG neutron_lib.callbacks.manager [None req-a60211a3-f202-4827-863a-b9bd79b9c81f admin admin] Notify callbacks [] for security_group, before_delete {{(pid=93655) _notify_loop /usr/local/lib/python3.8/dist-packages/neutron_lib/callbacks/manager.py:192}}
Jul 08 12:22:59.026968 dv-cinder-799631-5-iscsi neutron-server[93654]: DEBUG neutron.scheduler.dhcp_agent_scheduler [None req-eb7350f2-8e15-43d3-81c9-ecd3e788b855 admin admin] Network 6a510c67-8f7a-4805-897b-2cca88141475 is scheduled to be hosted by DHCP agent 45271d9d-3f78-4616-83fa-48d65b21a424 with binding_index 1 {{(pid=93654) bind /opt/stack/neutron/neutron/scheduler/dhcp_agent_scheduler.py:227}}
Jul 08 12:22:59.053653 dv-cinder-799631-5-iscsi neutron-server[93655]: DEBUG neutron_lib.callbacks.manager [None req-a60211a3-f202-4827-863a-b9bd79b9c81f admin admin] Notify callbacks [] for security_group, precommit_delete {{(pid=93655) _notify_loop /usr/local/lib/python3.8/dist-packages/neutron_lib/callbacks/manager.py:192}}
Jul 08 12:22:59.072442 dv-cinder-799631-5-iscsi neutron-server[93656]: DEBUG neutron_lib.callbacks.manager [None req-ac25b4e6-f0ae-4710-bab2-5187ddffde9f None None] Notify callbacks ['neutron.plugins.ml2.plugin.SecurityGroupServerNotifierRpcMixin.notify_sg_on_port_change-608829', 'neutron.plugins.ml2.ovo_rpc._ObjectChangeHandler.handle_event-20705', 'neutron.api.rpc.agentnotifiers.dhcp_rpc_agent_api.DhcpAgentNotifyAPI._native_event_send_dhcp_notification-3694754', 'neutron.db.l3_db.L3RpcNotifierMixin._notify_gateway_port_ip_changed-8769218057503', 'neutron.db.l3_dvrscheduler_db._notify_l3_agent_port_update-8769217533678', 'neutron.db.l3_hascheduler_db._notify_l3_agent_ha_port_update-8769217533215'] for port, after_update {{(pid=93656) _notify_loop /usr/local/lib/python3.8/dist-packages/neutron_lib/callbacks/manager.py:192}}
Jul 08 12:22:59.095706 dv-cinder-799631-5-iscsi neutron-server[93654]: DEBUG neutron.scheduler.base_scheduler [None req-eb7350f2-8e15-43d3-81c9-ecd3e788b855 admin admin] Resources bound (agent type, host, resource id): (DHCP agent, dv-cinder-799631-5-iscsi, 6a510c67-8f7a-4805-897b-2cca88141475) {{(pid=93654) schedule /opt/stack/neutron/neutron/scheduler/base_scheduler.py:57}}
Jul 08 12:22:59.107892 dv-cinder-799631-5-iscsi neutron-server[93654]: DEBUG neutron.pecan_wsgi.hooks.policy_enforcement [None req-eb7350f2-8e15-43d3-81c9-ecd3e788b855 admin admin] Attributes excluded by policy engine: ['standard_attr_id', 'shared', 'network'] {{(pid=93654) _exclude_attributes_by_policy /opt/stack/neutron/neutron/pecan_wsgi/hooks/policy_enforcement.py:255}}
Jul 08 12:22:59.108850 dv-cinder-799631-5-iscsi neutron-server[93654]: DEBUG neutron_lib.callbacks.manager [None req-eb7350f2-8e15-43d3-81c9-ecd3e788b855 admin admin] Notify callbacks ['neutron.api.rpc.agentnotifiers.dhcp_rpc_agent_api.DhcpAgentNotifyAPI._send_dhcp_notification-3694768'] for subnet, before_response {{(pid=93654) _notify_loop /usr/local/lib/python3.8/dist-packages/neutron_lib/callbacks/manager.py:192}}
Jul 08 12:22:59.125463 dv-cinder-799631-5-iscsi neutron-server[93656]: DEBUG neutron.api.rpc.handlers.dhcp_rpc [None req-ca08eb01-4629-4223-9eb9-715769c0d06b None None] Network 6a510c67-8f7a-4805-897b-2cca88141475 requested from dv-cinder-799631-5-iscsi {{(pid=93656) get_network_info /opt/stack/neutron/neutron/api/rpc/handlers/dhcp_rpc.py:218}}
Jul 08 12:22:59.213493 dv-cinder-799631-5-iscsi neutron-server[93655]: DEBUG neutron.pecan_wsgi.hooks.policy_enforcement [req-5c32855a-0169-4a74-b084-d199f544f5dd req-917fcba7-6645-40e2-8a33-3d706a16cc96 tempest-ServerRescueNegativeTestJSON-139864787 tempest-ServerRescueNegativeTestJSON-139864787-project] Attributes excluded by policy engine: ['standard_attr_id', 'binding:profile', 'binding:host_id', 'binding:vif_type', 'binding:vif_details'] {{(pid=93655) _exclude_attributes_by_policy /opt/stack/neutron/neutron/pecan_wsgi/hooks/policy_enforcement.py:255}}
Jul 08 12:22:59.215249 dv-cinder-799631-5-iscsi neutron-server[93655]: INFO neutron.wsgi [req-5c32855a-0169-4a74-b084-d199f544f5dd req-917fcba7-6645-40e2-8a33-3d706a16cc96 tempest-ServerRescueNegativeTestJSON-139864787 tempest-ServerRescueNegativeTestJSON-139864787-project] 10.222.0.88 "GET /v2.0/ports?device_id=19e67c0c-effe-4014-8d98-4472fb4e1167 HTTP/1.1" status: 200 len: 944 time: 0.0958195
Jul 08 12:22:59.217079 dv-cinder-799631-5-iscsi neutron-server[93656]: DEBUG neutron.api.rpc.handlers.resources_rpc [None req-ac25b4e6-f0ae-4710-bab2-5187ddffde9f None None] Pushing event updated for resources: {'Port': ['ID=ffc6d8d6-faef-4256-966c-b6a18c0a0335,revision_number=4']} {{(pid=93656) push /opt/stack/neutron/neutron/api/rpc/handlers/resources_rpc.py:237}}
Jul 08 12:22:59.221970 dv-cinder-799631-5-iscsi neutron-server[93655]: DEBUG neutron_lib.callbacks.manager [None req-a60211a3-f202-4827-863a-b9bd79b9c81f admin admin] Notify callbacks ['neutron.plugins.ml2.ovo_rpc._ObjectChangeHandler.handle_payload_event-443260'] for security_group, after_delete {{(pid=93655) _notify_loop /usr/local/lib/python3.8/dist-packages/neutron_lib/callbacks/manager.py:192}}
Jul 08 12:22:59.226713 dv-cinder-799631-5-iscsi neutron-server[93655]: DEBUG neutron_lib.callbacks.manager [None req-a60211a3-f202-4827-863a-b9bd79b9c81f admin admin] Notify callbacks [] for security_group, before_response {{(pid=93655) _notify_loop /usr/local/lib/python3.8/dist-packages/neutron_lib/callbacks/manager.py:192}}
Jul 08 12:22:59.230624 dv-cinder-799631-5-iscsi neutron-server[93655]: INFO neutron.wsgi [None req-a60211a3-f202-4827-863a-b9bd79b9c81f admin admin] 10.222.0.88 "DELETE /v2.0/security-groups/0ab3cab0-b947-48ea-a8c9-66933790bc56 HTTP/1.1" status: 204 len: 168 time: 0.2907872
Jul 08 12:22:59.232993 dv-cinder-799631-5-iscsi neutron-server[93654]: INFO neutron.wsgi [None req-eb7350f2-8e15-43d3-81c9-ecd3e788b855 admin admin] 10.222.0.88 "POST /v2.0/subnets HTTP/1.1" status: 201 len: 846 time: 0.9341984
Jul 08 12:22:59.251421 dv-cinder-799631-5-iscsi neutron-server[93655]: DEBUG neutron.api.rpc.handlers.resources_rpc [None req-a60211a3-f202-4827-863a-b9bd79b9c81f admin admin] Pushing event deleted for resources: {'SecurityGroup': ['ID=0ab3cab0-b947-48ea-a8c9-66933790bc56,revision_number=None']} {{(pid=93655) push /opt/stack/neutron/neutron/api/rpc/handlers/resources_rpc.py:237}}
Jul 08 12:22:59.324336 dv-cinder-799631-5-iscsi neutron-server[93655]: INFO neutron.wsgi [req-5c32855a-0169-4a74-b084-d199f544f5dd req-f6073379-ea84-4ea8-aec4-4e332482c46f tempest-ServerRescueNegativeTestJSON-139864787 tempest-ServerRescueNegativeTestJSON-139864787-project] 10.222.0.88 "GET /v2.0/security-groups?id=e71b4621-676e-458f-bf02-6616af4dba03&fields=id&fields=name HTTP/1.1" status: 200 len: 286 time: 0.0851698
Jul 08 12:22:59.325083 dv-cinder-799631-5-iscsi neutron-server[93656]: DEBUG neutron.api.rpc.handlers.dhcp_rpc [None req-185dccc5-e0c5-4e4c-ac6f-1d61837d7753 None None] Network 6a510c67-8f7a-4805-897b-2cca88141475 requested from dv-cinder-799631-5-iscsi {{(pid=93656) get_network_info /opt/stack/neutron/neutron/api/rpc/handlers/dhcp_rpc.py:218}}
Jul 08 12:22:59.366328 dv-cinder-799631-5-iscsi neutron-server[93655]: DEBUG neutron.pecan_wsgi.hooks.policy_enforcement [req-0d56124c-f2f9-43d7-a992-229eac9d09a0 req-326f31df-aa6c-41de-8535-42e980ed9ef8 tempest-DeleteServersTestJSON-1209783107 tempest-DeleteServersTestJSON-1209783107-project] Attributes excluded by policy engine: ['standard_attr_id', 'binding:profile', 'binding:host_id', 'binding:vif_type', 'binding:vif_details'] {{(pid=93655) _exclude_attributes_by_policy /opt/stack/neutron/neutron/pecan_wsgi/hooks/policy_enforcement.py:255}}
Jul 08 12:22:59.367841 dv-cinder-799631-5-iscsi neutron-server[93655]: INFO neutron.wsgi [req-0d56124c-f2f9-43d7-a992-229eac9d09a0 req-326f31df-aa6c-41de-8535-42e980ed9ef8 tempest-DeleteServersTestJSON-1209783107 tempest-DeleteServersTestJSON-1209783107-project] 10.222.0.88 "GET /v2.0/ports?device_id=340580b4-f296-4325-95bd-aefee030f06f HTTP/1.1" status: 200 len: 945 time: 0.0944693
Jul 08 12:22:59.426753 dv-cinder-799631-5-iscsi neutron-server[93655]: INFO neutron.wsgi [req-0d56124c-f2f9-43d7-a992-229eac9d09a0 req-8fdda19f-10aa-4e5f-b3e3-56475cd4b829 tempest-DeleteServersTestJSON-1209783107 tempest-DeleteServersTestJSON-1209783107-project] 10.222.0.88 "GET /v2.0/security-groups?id=f712dc4e-000a-41b7-a326-562b47a14247&fields=id&fields=name HTTP/1.1" status: 200 len: 286 time: 0.0511582
Jul 08 12:22:59.463153 dv-cinder-799631-5-iscsi neutron-server[93654]: DEBUG neutron.wsgi [-] (93654) accepted ('10.222.0.88', 52974) {{(pid=93654) server /usr/local/lib/python3.8/dist-packages/eventlet/wsgi.py:982}}
Jul 08 12:22:59.485914 dv-cinder-799631-5-iscsi neutron-server[93654]: DEBUG neutron_lib.callbacks.manager [None req-046a38ab-9a74-444f-a41e-364c5c917c65 admin admin] Notify callbacks [] for security_group, before_create {{(pid=93654) _notify_loop /usr/local/lib/python3.8/dist-packages/neutron_lib/callbacks/manager.py:192}}
Jul 08 12:22:59.545293 dv-cinder-799631-5-iscsi neutron-server[93655]: DEBUG neutron.pecan_wsgi.hooks.policy_enforcement [req-acbd9104-dc23-4bf8-9c78-88497559df18 req-0f2b539b-d869-427a-9522-e12256aecfea tempest-AttachVolumeTestJSON-1560623393 tempest-AttachVolumeTestJSON-1560623393-project] Attributes excluded by policy engine: ['standard_attr_id', 'binding:profile', 'binding:host_id', 'binding:vif_type', 'binding:vif_details'] {{(pid=93655) _exclude_attributes_by_policy /opt/stack/neutron/neutron/pecan_wsgi/hooks/policy_enforcement.py:255}}
Jul 08 12:22:59.546816 dv-cinder-799631-5-iscsi neutron-server[93655]: INFO neutron.wsgi [req-acbd9104-dc23-4bf8-9c78-88497559df18 req-0f2b539b-d869-427a-9522-e12256aecfea tempest-AttachVolumeTestJSON-1560623393 tempest-AttachVolumeTestJSON-1560623393-project] 10.222.0.88 "GET /v2.0/ports?device_id=fbd8b568-8cf7-42e8-b5fb-289d04dfea03 HTTP/1.1" status: 200 len: 943 time: 0.1012552
Jul 08 12:22:59.601236 dv-cinder-799631-5-iscsi neutron-server[93654]: DEBUG neutron_lib.callbacks.manager [None req-046a38ab-9a74-444f-a41e-364c5c917c65 admin admin] Notify callbacks [] for security_group, precommit_create {{(pid=93654) _notify_loop /usr/local/lib/python3.8/dist-packages/neutron_lib/callbacks/manager.py:192}}
Jul 08 12:22:59.602329 dv-cinder-799631-5-iscsi neutron-server[93655]: INFO neutron.wsgi [req-acbd9104-dc23-4bf8-9c78-88497559df18 req-80192b43-9439-41da-931a-df4f27c374e2 tempest-AttachVolumeTestJSON-1560623393 tempest-AttachVolumeTestJSON-1560623393-project] 10.222.0.88 "GET /v2.0/security-groups?id=8ec48644-fbe5-481b-9785-b152f41c37b5&fields=id&fields=name HTTP/1.1" status: 200 len: 313 time: 0.0482879
Jul 08 12:22:59.661545 dv-cinder-799631-5-iscsi neutron-server[93654]: DEBUG neutron.wsgi [-] (93654) accepted ('10.222.0.88', 52980) {{(pid=93654) server /usr/local/lib/python3.8/dist-packages/eventlet/wsgi.py:982}}
Jul 08 12:22:59.668699 dv-cinder-799631-5-iscsi neutron-server[93654]: DEBUG neutron_lib.callbacks.manager [None req-046a38ab-9a74-444f-a41e-364c5c917c65 admin admin] Notify callbacks ['neutron.plugins.ml2.ovo_rpc._ObjectChangeHandler.handle_payload_event-443260'] for security_group, after_create {{(pid=93654) _notify_loop /usr/local/lib/python3.8/dist-packages/neutron_lib/callbacks/manager.py:192}}
Jul 08 12:22:59.697406 dv-cinder-799631-5-iscsi neutron-server[93656]: DEBUG neutron.plugins.ml2.db [None req-ac25b4e6-f0ae-4710-bab2-5187ddffde9f None None] get_ports_and_sgs() called for port_ids ['ffc6d8d6-faef-4256-966c-b6a18c0a0335'] {{(pid=93656) get_ports_and_sgs /opt/stack/neutron/neutron/plugins/ml2/db.py:156}}
Jul 08 12:22:59.712148 dv-cinder-799631-5-iscsi neutron-server[93654]: INFO neutron.wsgi [None req-046a38ab-9a74-444f-a41e-364c5c917c65 admin admin] 10.222.0.88 "GET /v2.0/security-groups?tenant_id=041701fac1fb4a48b49fcf0560089ce2&name=default HTTP/1.1" status: 200 len: 2979 time: 0.2471168
Jul 08 12:22:59.713110 dv-cinder-799631-5-iscsi neutron-server[93654]: DEBUG neutron.api.rpc.handlers.resources_rpc [None req-046a38ab-9a74-444f-a41e-364c5c917c65 admin admin] Pushing event updated for resources: {'SecurityGroup': ['ID=aefbf674-ea26-4d34-b2de-2bb9dad44150,revision_number=1']} {{(pid=93654) push /opt/stack/neutron/neutron/api/rpc/handlers/resources_rpc.py:237}}
Jul 08 12:22:59.714945 dv-cinder-799631-5-iscsi neutron-server[93655]: DEBUG neutron.wsgi [-] (93655) accepted ('10.222.0.88', 52984) {{(pid=93655) server /usr/local/lib/python3.8/dist-packages/eventlet/wsgi.py:982}}
Jul 08 12:22:59.771086 dv-cinder-799631-5-iscsi neutron-server[93655]: DEBUG neutron_lib.callbacks.manager [None req-ce1f26c6-3a7a-406c-a409-d59c06059214 admin admin] Notify callbacks [] for security_group, before_delete {{(pid=93655) _notify_loop /usr/local/lib/python3.8/dist-packages/neutron_lib/callbacks/manager.py:192}}
Jul 08 12:22:59.795314 dv-cinder-799631-5-iscsi neutron-server[93655]: DEBUG neutron_lib.callbacks.manager [None req-ce1f26c6-3a7a-406c-a409-d59c06059214 admin admin] Notify callbacks [] for security_group, precommit_delete {{(pid=93655) _notify_loop /usr/local/lib/python3.8/dist-packages/neutron_lib/callbacks/manager.py:192}}
Jul 08 12:22:59.895882 dv-cinder-799631-5-iscsi neutron-server[93655]: DEBUG neutron_lib.callbacks.manager [None req-ce1f26c6-3a7a-406c-a409-d59c06059214 admin admin] Notify callbacks ['neutron.plugins.ml2.ovo_rpc._ObjectChangeHandler.handle_payload_event-443260'] for security_group, after_delete {{(pid=93655) _notify_loop /usr/local/lib/python3.8/dist-packages/neutron_lib/callbacks/manager.py:192}}
Jul 08 12:22:59.899481 dv-cinder-799631-5-iscsi neutron-server[93655]: DEBUG neutron_lib.callbacks.manager [None req-ce1f26c6-3a7a-406c-a409-d59c06059214 admin admin] Notify callbacks [] for security_group, before_response {{(pid=93655) _notify_loop /usr/local/lib/python3.8/dist-packages/neutron_lib/callbacks/manager.py:192}}
Jul 08 12:22:59.900781 dv-cinder-799631-5-iscsi neutron-server[93655]: INFO neutron.wsgi [None req-ce1f26c6-3a7a-406c-a409-d59c06059214 admin admin] 10.222.0.88 "DELETE /v2.0/security-groups/aefbf674-ea26-4d34-b2de-2bb9dad44150 HTTP/1.1" status: 204 len: 168 time: 0.1840341
Jul 08 12:22:59.910249 dv-cinder-799631-5-iscsi neutron-server[93655]: DEBUG neutron.api.rpc.handlers.resources_rpc [None req-ce1f26c6-3a7a-406c-a409-d59c06059214 admin admin] Pushing event deleted for resources: {'SecurityGroup': ['ID=aefbf674-ea26-4d34-b2de-2bb9dad44150,revision_number=None']} {{(pid=93655) push /opt/stack/neutron/neutron/api/rpc/handlers/resources_rpc.py:237}}
Jul 08 12:22:59.985315 dv-cinder-799631-5-iscsi neutron-server[93654]: DEBUG neutron_lib.callbacks.manager [None req-022f952b-7a10-4da7-9881-301ff1345e97 admin admin] Notify callbacks [] for security_group, before_create {{(pid=93654) _notify_loop /usr/local/lib/python3.8/dist-packages/neutron_lib/callbacks/manager.py:192}}
Jul 08 12:22:59.987195 dv-cinder-799631-5-iscsi neutron-server[93655]: DEBUG neutron.pecan_wsgi.hooks.policy_enforcement [req-988eeaea-b16b-4573-bb81-fc148aab8db7 req-8e0c018d-b317-443a-acf0-82eb7a78ef3b tempest-AttachVolumeNegativeTest-559208756 tempest-AttachVolumeNegativeTest-559208756-project] Attributes excluded by policy engine: ['standard_attr_id', 'binding:profile', 'binding:host_id', 'binding:vif_type', 'binding:vif_details'] {{(pid=93655) _exclude_attributes_by_policy /opt/stack/neutron/neutron/pecan_wsgi/hooks/policy_enforcement.py:255}}
Jul 08 12:22:59.988802 dv-cinder-799631-5-iscsi neutron-server[93655]: INFO neutron.wsgi [req-988eeaea-b16b-4573-bb81-fc148aab8db7 req-8e0c018d-b317-443a-acf0-82eb7a78ef3b tempest-AttachVolumeNegativeTest-559208756 tempest-AttachVolumeNegativeTest-559208756-project] 10.222.0.88 "GET /v2.0/ports?device_id=823fd000-999b-499c-9f22-51ebd2c62832 HTTP/1.1" status: 200 len: 945 time: 0.0753069
Jul 08 12:23:00.030046 dv-cinder-799631-5-iscsi neutron-server[93655]: INFO neutron.wsgi [req-988eeaea-b16b-4573-bb81-fc148aab8db7 req-c09bc5b2-e259-45c4-9782-e5c8db11ceac tempest-AttachVolumeNegativeTest-559208756 tempest-AttachVolumeNegativeTest-559208756-project] 10.222.0.88 "GET /v2.0/security-groups?id=12fba989-2ad9-42b9-9733-63e985daf780&fields=id&fields=name HTTP/1.1" status: 200 len: 286 time: 0.0349705
Jul 08 12:23:00.093273 dv-cinder-799631-5-iscsi neutron-server[93654]: DEBUG neutron_lib.callbacks.manager [None req-022f952b-7a10-4da7-9881-301ff1345e97 admin admin] Notify callbacks [] for security_group, precommit_create {{(pid=93654) _notify_loop /usr/local/lib/python3.8/dist-packages/neutron_lib/callbacks/manager.py:192}}
Jul 08 12:23:00.164075 dv-cinder-799631-5-iscsi neutron-server[93654]: DEBUG neutron_lib.callbacks.manager [None req-022f952b-7a10-4da7-9881-301ff1345e97 admin admin] Notify callbacks ['neutron.plugins.ml2.ovo_rpc._ObjectChangeHandler.handle_payload_event-443260'] for security_group, after_create {{(pid=93654) _notify_loop /usr/local/lib/python3.8/dist-packages/neutron_lib/callbacks/manager.py:192}}
Jul 08 12:23:00.204324 dv-cinder-799631-5-iscsi neutron-server[93654]: INFO neutron.wsgi [None req-022f952b-7a10-4da7-9881-301ff1345e97 admin admin] 10.222.0.88 "GET /v2.0/security-groups?tenant_id=f2163f3070474de8a82173672dc7b814&name=default HTTP/1.1" status: 200 len: 2979 time: 0.5412188
Jul 08 12:23:00.207144 dv-cinder-799631-5-iscsi neutron-server[93654]: DEBUG neutron.api.rpc.handlers.resources_rpc [None req-022f952b-7a10-4da7-9881-301ff1345e97 admin admin] Pushing event updated for resources: {'SecurityGroup': ['ID=5b3963b1-5166-49b8-8c90-e1f49c849dd4,revision_number=1']} {{(pid=93654) push /opt/stack/neutron/neutron/api/rpc/handlers/resources_rpc.py:237}}
Jul 08 12:23:00.207927 dv-cinder-799631-5-iscsi neutron-server[93655]: DEBUG neutron.wsgi [-] (93655) accepted ('10.222.0.88', 53002) {{(pid=93655) server /usr/local/lib/python3.8/dist-packages/eventlet/wsgi.py:982}}
Jul 08 12:23:00.277747 dv-cinder-799631-5-iscsi neutron-server[93655]: DEBUG neutron_lib.callbacks.manager [None req-3d71d548-1174-4ad2-9303-ad4488d00156 admin admin] Notify callbacks [] for security_group, before_delete {{(pid=93655) _notify_loop /usr/local/lib/python3.8/dist-packages/neutron_lib/callbacks/manager.py:192}}
Jul 08 12:23:00.299701 dv-cinder-799631-5-iscsi neutron-server[93655]: DEBUG neutron_lib.callbacks.manager [None req-3d71d548-1174-4ad2-9303-ad4488d00156 admin admin] Notify callbacks [] for security_group, precommit_delete {{(pid=93655) _notify_loop /usr/local/lib/python3.8/dist-packages/neutron_lib/callbacks/manager.py:192}}
Jul 08 12:23:00.450285 dv-cinder-799631-5-iscsi neutron-server[93656]: DEBUG neutron.plugins.ml2.rpc [None req-ac25b4e6-f0ae-4710-bab2-5187ddffde9f None None] Device 2022787d-991e-4e1f-976b-9286cfb7e458 details requested by agent hyperv_hv-cinder-79963 with host hv-cinder-79963 {{(pid=93656) get_device_details /opt/stack/neutron/neutron/plugins/ml2/rpc.py:102}}
Jul 08 12:23:00.452748 dv-cinder-799631-5-iscsi neutron-server[93656]: DEBUG neutron.plugins.ml2.rpc [None req-ac25b4e6-f0ae-4710-bab2-5187ddffde9f None None] Device 4c6ba5d3-c75a-4a25-943f-d8e2ba1496db up at agent hyperv_hv-cinder-79963 {{(pid=93656) update_device_up /opt/stack/neutron/neutron/plugins/ml2/rpc.py:296}}
Jul 08 12:23:00.513343 dv-cinder-799631-5-iscsi neutron-server[93655]: DEBUG neutron_lib.callbacks.manager [None req-3d71d548-1174-4ad2-9303-ad4488d00156 admin admin] Notify callbacks ['neutron.plugins.ml2.ovo_rpc._ObjectChangeHandler.handle_payload_event-443260'] for security_group, after_delete {{(pid=93655) _notify_loop /usr/local/lib/python3.8/dist-packages/neutron_lib/callbacks/manager.py:192}}
Jul 08 12:23:00.516081 dv-cinder-799631-5-iscsi neutron-server[93655]: DEBUG neutron_lib.callbacks.manager [None req-3d71d548-1174-4ad2-9303-ad4488d00156 admin admin] Notify callbacks [] for security_group, before_response {{(pid=93655) _notify_loop /usr/local/lib/python3.8/dist-packages/neutron_lib/callbacks/manager.py:192}}
Jul 08 12:23:00.517327 dv-cinder-799631-5-iscsi neutron-server[93655]: INFO neutron.wsgi [None req-3d71d548-1174-4ad2-9303-ad4488d00156 admin admin] 10.222.0.88 "DELETE /v2.0/security-groups/5b3963b1-5166-49b8-8c90-e1f49c849dd4 HTTP/1.1" status: 204 len: 168 time: 0.3070607
Jul 08 12:23:00.531277 dv-cinder-799631-5-iscsi neutron-server[93655]: DEBUG neutron.api.rpc.handlers.resources_rpc [None req-3d71d548-1174-4ad2-9303-ad4488d00156 admin admin] Pushing event deleted for resources: {'SecurityGroup': ['ID=5b3963b1-5166-49b8-8c90-e1f49c849dd4,revision_number=None']} {{(pid=93655) push /opt/stack/neutron/neutron/api/rpc/handlers/resources_rpc.py:237}}
Jul 08 12:23:00.586590 dv-cinder-799631-5-iscsi neutron-server[93655]: DEBUG neutron.pecan_wsgi.hooks.policy_enforcement [req-c9409527-ffb0-4c11-8410-9a902d1160f2 req-8de35f3e-4988-423c-9557-8e1ef6f77b37 tempest-ServerRescueNegativeTestJSON-139864787 tempest-ServerRescueNegativeTestJSON-139864787-project] Attributes excluded by policy engine: ['standard_attr_id', 'binding:profile', 'binding:host_id', 'binding:vif_type', 'binding:vif_details'] {{(pid=93655) _exclude_attributes_by_policy /opt/stack/neutron/neutron/pecan_wsgi/hooks/policy_enforcement.py:255}}
Jul 08 12:23:00.593472 dv-cinder-799631-5-iscsi neutron-server[93655]: INFO neutron.wsgi [req-c9409527-ffb0-4c11-8410-9a902d1160f2 req-8de35f3e-4988-423c-9557-8e1ef6f77b37 tempest-ServerRescueNegativeTestJSON-139864787 tempest-ServerRescueNegativeTestJSON-139864787-project] 10.222.0.88 "GET /v2.0/ports?device_id=19e67c0c-effe-4014-8d98-4472fb4e1167 HTTP/1.1" status: 200 len: 944 time: 0.1231375
Jul 08 12:23:00.648092 dv-cinder-799631-5-iscsi neutron-server[93655]: INFO neutron.wsgi [req-c9409527-ffb0-4c11-8410-9a902d1160f2 req-6ebe7543-b169-4d75-a47b-25abaebe670f tempest-ServerRescueNegativeTestJSON-139864787 tempest-ServerRescueNegativeTestJSON-139864787-project] 10.222.0.88 "GET /v2.0/security-groups?id=e71b4621-676e-458f-bf02-6616af4dba03&fields=id&fields=name HTTP/1.1" status: 200 len: 286 time: 0.0537460
Jul 08 12:23:00.719642 dv-cinder-799631-5-iscsi neutron-server[93656]: DEBUG neutron.plugins.ml2.db [None req-ac25b4e6-f0ae-4710-bab2-5187ddffde9f None None] For port 2022787d-991e-4e1f-976b-9286cfb7e458, host hv-cinder-79963, got binding levels [PortBindingLevel(driver='hyperv',host='hv-cinder-79963',level=0,port_id=2022787d-991e-4e1f-976b-9286cfb7e458,segment=NetworkSegment(0b84c30d-a4b7-498d-9736-692c92a3c27d),segment_id=0b84c30d-a4b7-498d-9736-692c92a3c27d)] {{(pid=93656) get_binding_level_objs /opt/stack/neutron/neutron/plugins/ml2/db.py:74}}
Jul 08 12:23:00.729937 dv-cinder-799631-5-iscsi neutron-server[93654]: DEBUG neutron.wsgi [-] (93654) accepted ('10.222.0.88', 53028) {{(pid=93654) server /usr/local/lib/python3.8/dist-packages/eventlet/wsgi.py:982}}
Jul 08 12:23:00.735098 dv-cinder-799631-5-iscsi neutron-server[93656]: DEBUG neutron.db.provisioning_blocks [None req-ac25b4e6-f0ae-4710-bab2-5187ddffde9f None None] Provisioning for port 4c6ba5d3-c75a-4a25-943f-d8e2ba1496db completed by entity L2. {{(pid=93656) provisioning_complete /opt/stack/neutron/neutron/db/provisioning_blocks.py:133}}
Jul 08 12:23:00.735994 dv-cinder-799631-5-iscsi neutron-server[93654]: DEBUG neutron.api.v2.base [None req-c41805fc-0a7b-4e28-9968-418a32460e11 admin admin] Request body: {'network': {'name': 'tempest-VolumesActionsTest-1546035654-network', 'tenant_id': '7d2c8e02e2d348ec9a04d717ef3595eb'}} {{(pid=93654) prepare_request_body /opt/stack/neutron/neutron/api/v2/base.py:729}}
Jul 08 12:23:00.738499 dv-cinder-799631-5-iscsi neutron-server[93656]: DEBUG neutron.db.provisioning_blocks [None req-ac25b4e6-f0ae-4710-bab2-5187ddffde9f None None] Provisioning complete for port 4c6ba5d3-c75a-4a25-943f-d8e2ba1496db triggered by entity L2. {{(pid=93656) provisioning_complete /opt/stack/neutron/neutron/db/provisioning_blocks.py:139}}
Jul 08 12:23:00.738903 dv-cinder-799631-5-iscsi neutron-server[93656]: DEBUG neutron_lib.callbacks.manager [None req-ac25b4e6-f0ae-4710-bab2-5187ddffde9f None None] Notify callbacks ['neutron.plugins.ml2.plugin.Ml2Plugin._port_provisioned-3469182'] for port, provisioning_complete {{(pid=93656) _notify_loop /usr/local/lib/python3.8/dist-packages/neutron_lib/callbacks/manager.py:192}}
Jul 08 12:23:00.740759 dv-cinder-799631-5-iscsi neutron-server[93655]: DEBUG neutron.pecan_wsgi.hooks.policy_enforcement [req-e368d745-784c-4328-8e60-6300ddebb309 req-715b515e-b7fe-4e21-b533-e67c2a70dc1b tempest-DeleteServersTestJSON-1209783107 tempest-DeleteServersTestJSON-1209783107-project] Attributes excluded by policy engine: ['standard_attr_id', 'binding:profile', 'binding:host_id', 'binding:vif_type', 'binding:vif_details'] {{(pid=93655) _exclude_attributes_by_policy /opt/stack/neutron/neutron/pecan_wsgi/hooks/policy_enforcement.py:255}}
Jul 08 12:23:00.741990 dv-cinder-799631-5-iscsi neutron-server[93656]: DEBUG neutron.plugins.ml2.rpc [None req-ac25b4e6-f0ae-4710-bab2-5187ddffde9f None None] Returning: {'device': '2022787d-991e-4e1f-976b-9286cfb7e458', 'network_id': 'a51e55e7-ef45-400f-a6d9-0a508ab962db', 'port_id': '2022787d-991e-4e1f-976b-9286cfb7e458', 'mac_address': 'fa:16:3e:ec:c0:81', 'admin_state_up': True, 'network_type': 'vlan', 'segmentation_id': 756, 'physical_network': 'physnet1', 'mtu': 1500, 'fixed_ips': [{'subnet_id': '5e045425-628c-4d0f-94f7-a80db002e4c1', 'ip_address': '172.20.0.5'}], 'device_owner': 'compute:nova', 'allowed_address_pairs': [], 'port_security_enabled': True, 'qos_policy_id': None, 'network_qos_policy_id': None, 'profile': {}, 'propagate_uplink_status': False} {{(pid=93656) _get_device_details /opt/stack/neutron/neutron/plugins/ml2/rpc.py:184}}
Jul 08 12:23:00.743410 dv-cinder-799631-5-iscsi neutron-server[93655]: INFO neutron.wsgi [req-e368d745-784c-4328-8e60-6300ddebb309 req-715b515e-b7fe-4e21-b533-e67c2a70dc1b tempest-DeleteServersTestJSON-1209783107 tempest-DeleteServersTestJSON-1209783107-project] 10.222.0.88 "GET /v2.0/ports?device_id=340580b4-f296-4325-95bd-aefee030f06f HTTP/1.1" status: 200 len: 945 time: 0.1125534
Jul 08 12:23:00.800264 dv-cinder-799631-5-iscsi neutron-server[93655]: INFO neutron.wsgi [req-e368d745-784c-4328-8e60-6300ddebb309 req-373fd60a-afd6-464b-83d4-0c6d03bcd41f tempest-DeleteServersTestJSON-1209783107 tempest-DeleteServersTestJSON-1209783107-project] 10.222.0.88 "GET /v2.0/security-groups?id=f712dc4e-000a-41b7-a326-562b47a14247&fields=id&fields=name HTTP/1.1" status: 200 len: 286 time: 0.0507567
Jul 08 12:23:00.826988 dv-cinder-799631-5-iscsi neutron-server[93656]: DEBUG neutron_lib.callbacks.manager [None req-ac25b4e6-f0ae-4710-bab2-5187ddffde9f None None] Notify callbacks ['neutron.plugins.ml2.plugin.SecurityGroupDbMixin._ensure_default_security_group_handler-611809'] for port, before_update {{(pid=93656) _notify_loop /usr/local/lib/python3.8/dist-packages/neutron_lib/callbacks/manager.py:192}}
Jul 08 12:23:00.850484 dv-cinder-799631-5-iscsi neutron-server[93654]: DEBUG neutron.pecan_wsgi.hooks.quota_enforcement [None req-c41805fc-0a7b-4e28-9968-418a32460e11 admin admin] Made reservation on behalf of 7d2c8e02e2d348ec9a04d717ef3595eb for: {'network': 1} {{(pid=93654) before /opt/stack/neutron/neutron/pecan_wsgi/hooks/quota_enforcement.py:53}}
Jul 08 12:23:00.853455 dv-cinder-799631-5-iscsi neutron-server[93654]: DEBUG neutron_lib.callbacks.manager [None req-c41805fc-0a7b-4e28-9968-418a32460e11 admin admin] Notify callbacks ['neutron.plugins.ml2.plugin.SecurityGroupDbMixin._ensure_default_security_group_handler-611809'] for network, before_create {{(pid=93654) _notify_loop /usr/local/lib/python3.8/dist-packages/neutron_lib/callbacks/manager.py:192}}
Jul 08 12:23:00.872205 dv-cinder-799631-5-iscsi neutron-server[93654]: DEBUG neutron_lib.callbacks.manager [None req-c41805fc-0a7b-4e28-9968-418a32460e11 admin admin] Notify callbacks [] for security_group, before_create {{(pid=93654) _notify_loop /usr/local/lib/python3.8/dist-packages/neutron_lib/callbacks/manager.py:192}}
Jul 08 12:23:00.886004 dv-cinder-799631-5-iscsi neutron-server[93656]: DEBUG neutron_lib.callbacks.manager [None req-ac25b4e6-f0ae-4710-bab2-5187ddffde9f None None] Notify callbacks ['neutron.plugins.ml2.plugin.SecurityGroupDbMixin._ensure_default_security_group_handler-611809'] for port, before_update {{(pid=93656) _notify_loop /usr/local/lib/python3.8/dist-packages/neutron_lib/callbacks/manager.py:192}}
Jul 08 12:23:00.902565 dv-cinder-799631-5-iscsi neutron-server[93655]: DEBUG neutron.pecan_wsgi.hooks.policy_enforcement [req-88b4d066-c0d2-401f-95df-c7e52641c1c1 req-6b3f9f89-2082-4aa6-a698-ca835fd571e4 tempest-AttachVolumeTestJSON-1560623393 tempest-AttachVolumeTestJSON-1560623393-project] Attributes excluded by policy engine: ['standard_attr_id', 'binding:profile', 'binding:host_id', 'binding:vif_type', 'binding:vif_details'] {{(pid=93655) _exclude_attributes_by_policy /opt/stack/neutron/neutron/pecan_wsgi/hooks/policy_enforcement.py:255}}
Jul 08 12:23:00.911797 dv-cinder-799631-5-iscsi neutron-server[93656]: DEBUG neutron.notifiers.nova [None req-ac25b4e6-f0ae-4710-bab2-5187ddffde9f None None] Ignoring state change previous_port_status: DOWN current_port_status: BUILD port_id 2022787d-991e-4e1f-976b-9286cfb7e458 {{(pid=93656) record_port_status_changed /opt/stack/neutron/neutron/notifiers/nova.py:224}}
Jul 08 12:23:00.913862 dv-cinder-799631-5-iscsi neutron-server[93655]: INFO neutron.wsgi [req-88b4d066-c0d2-401f-95df-c7e52641c1c1 req-6b3f9f89-2082-4aa6-a698-ca835fd571e4 tempest-AttachVolumeTestJSON-1560623393 tempest-AttachVolumeTestJSON-1560623393-project] 10.222.0.88 "GET /v2.0/ports?device_id=fbd8b568-8cf7-42e8-b5fb-289d04dfea03 HTTP/1.1" status: 200 len: 943 time: 0.0855057
Jul 08 12:23:00.924400 dv-cinder-799631-5-iscsi neutron-server[93656]: DEBUG neutron.notifiers.nova [-] Sending events: [{'server_uuid': '823fd000-999b-499c-9f22-51ebd2c62832', 'name': 'network-vif-plugged', 'status': 'completed', 'tag': '4c6ba5d3-c75a-4a25-943f-d8e2ba1496db'}] {{(pid=93656) send_events /opt/stack/neutron/neutron/notifiers/nova.py:262}}
Jul 08 12:23:00.972358 dv-cinder-799631-5-iscsi neutron-server[93655]: INFO neutron.wsgi [req-88b4d066-c0d2-401f-95df-c7e52641c1c1 req-32fa0b73-3965-47f6-8b74-50c6aefc933b tempest-AttachVolumeTestJSON-1560623393 tempest-AttachVolumeTestJSON-1560623393-project] 10.222.0.88 "GET /v2.0/security-groups?id=8ec48644-fbe5-481b-9785-b152f41c37b5&fields=id&fields=name HTTP/1.1" status: 200 len: 313 time: 0.0573666
Jul 08 12:23:00.992995 dv-cinder-799631-5-iscsi neutron-server[93654]: DEBUG neutron_lib.callbacks.manager [None req-c41805fc-0a7b-4e28-9968-418a32460e11 admin admin] Notify callbacks [] for security_group, precommit_create {{(pid=93654) _notify_loop /usr/local/lib/python3.8/dist-packages/neutron_lib/callbacks/manager.py:192}}
Jul 08 12:23:01.018826 dv-cinder-799631-5-iscsi neutron-server[93656]: DEBUG neutron.plugins.ml2.db [None req-ac25b4e6-f0ae-4710-bab2-5187ddffde9f None None] For port 4c6ba5d3-c75a-4a25-943f-d8e2ba1496db, host hv-cinder-79963, got binding levels [PortBindingLevel(driver='hyperv',host='hv-cinder-79963',level=0,port_id=4c6ba5d3-c75a-4a25-943f-d8e2ba1496db,segment=NetworkSegment(9fddd33a-6190-4bca-aa2c-8b2046336309),segment_id=9fddd33a-6190-4bca-aa2c-8b2046336309)] {{(pid=93656) get_binding_level_objs /opt/stack/neutron/neutron/plugins/ml2/db.py:74}}
Jul 08 12:23:01.020865 dv-cinder-799631-5-iscsi neutron-server[93656]: DEBUG neutron.plugins.ml2.db [None req-ac25b4e6-f0ae-4710-bab2-5187ddffde9f None None] For port 2022787d-991e-4e1f-976b-9286cfb7e458, host hv-cinder-79963, got binding levels [PortBindingLevel(driver='hyperv',host='hv-cinder-79963',level=0,port_id=2022787d-991e-4e1f-976b-9286cfb7e458,segment=NetworkSegment(0b84c30d-a4b7-498d-9736-692c92a3c27d),segment_id=0b84c30d-a4b7-498d-9736-692c92a3c27d)] {{(pid=93656) get_binding_level_objs /opt/stack/neutron/neutron/plugins/ml2/db.py:74}}
Jul 08 12:23:01.039403 dv-cinder-799631-5-iscsi neutron-server[93654]: DEBUG neutron_lib.callbacks.manager [None req-c41805fc-0a7b-4e28-9968-418a32460e11 admin admin] Notify callbacks ['neutron.plugins.ml2.ovo_rpc._ObjectChangeHandler.handle_payload_event-443260'] for security_group, after_create {{(pid=93654) _notify_loop /usr/local/lib/python3.8/dist-packages/neutron_lib/callbacks/manager.py:192}}
Jul 08 12:23:01.062383 dv-cinder-799631-5-iscsi neutron-server[93654]: DEBUG neutron.plugins.ml2.drivers.helpers [None req-c41805fc-0a7b-4e28-9968-418a32460e11 admin admin] vlan segment allocate from pool success with {'vlan_id': 793, 'physical_network': 'physnet1'} {{(pid=93654) allocate_partially_specified_segment /opt/stack/neutron/neutron/plugins/ml2/drivers/helpers.py:153}}
Jul 08 12:23:01.072410 dv-cinder-799631-5-iscsi neutron-server[93656]: DEBUG neutron_lib.callbacks.manager [None req-ac25b4e6-f0ae-4710-bab2-5187ddffde9f None None] Notify callbacks ['neutron.plugins.ml2.plugin.SecurityGroupServerNotifierRpcMixin.notify_sg_on_port_change-608829', 'neutron.plugins.ml2.ovo_rpc._ObjectChangeHandler.handle_event-20705', 'neutron.api.rpc.agentnotifiers.dhcp_rpc_agent_api.DhcpAgentNotifyAPI._native_event_send_dhcp_notification-3694754', 'neutron.db.l3_db.L3RpcNotifierMixin._notify_gateway_port_ip_changed-8769218057503', 'neutron.db.l3_dvrscheduler_db._notify_l3_agent_port_update-8769217533678', 'neutron.db.l3_hascheduler_db._notify_l3_agent_ha_port_update-8769217533215'] for port, after_update {{(pid=93656) _notify_loop /usr/local/lib/python3.8/dist-packages/neutron_lib/callbacks/manager.py:192}}
Jul 08 12:23:01.073260 dv-cinder-799631-5-iscsi neutron-server[93656]: DEBUG neutron.plugins.ml2.rpc [None req-ac25b4e6-f0ae-4710-bab2-5187ddffde9f None None] Device 0d7c501d-f57b-421d-852f-d79a3038fb5e up at agent hyperv_hv-cinder-79963 {{(pid=93656) update_device_up /opt/stack/neutron/neutron/plugins/ml2/rpc.py:296}}
Jul 08 12:23:01.078423 dv-cinder-799631-5-iscsi neutron-server[93654]: DEBUG neutron.api.rpc.handlers.resources_rpc [None req-c41805fc-0a7b-4e28-9968-418a32460e11 admin admin] Pushing event updated for resources: {'SecurityGroup': ['ID=adf38a5d-4657-4bf5-8e92-998881016670,revision_number=1']} {{(pid=93654) push /opt/stack/neutron/neutron/api/rpc/handlers/resources_rpc.py:237}}
Jul 08 12:23:01.081755 dv-cinder-799631-5-iscsi neutron-server[93654]: DEBUG neutron_lib.callbacks.manager [None req-c41805fc-0a7b-4e28-9968-418a32460e11 admin admin] Notify callbacks ['neutron.plugins.ml2.plugin.Ml2Plugin._handle_segment_change-3607043'] for segment, precommit_create {{(pid=93654) _notify_loop /usr/local/lib/python3.8/dist-packages/neutron_lib/callbacks/manager.py:192}}
Jul 08 12:23:01.082410 dv-cinder-799631-5-iscsi neutron-server[93654]: INFO neutron.db.segments_db [None req-c41805fc-0a7b-4e28-9968-418a32460e11 admin admin] Added segment ec9f768e-95f6-4f5c-a57f-a5ad8eecfcdf of type vlan for network 6916501a-9954-422c-aa9d-c95b11f54307
Jul 08 12:23:01.119263 dv-cinder-799631-5-iscsi neutron-server[93656]: DEBUG neutron_lib.callbacks.manager [None req-ac25b4e6-f0ae-4710-bab2-5187ddffde9f None None] Notify callbacks ['neutron.plugins.ml2.plugin.SecurityGroupServerNotifierRpcMixin.notify_sg_on_port_change-608829', 'neutron.plugins.ml2.ovo_rpc._ObjectChangeHandler.handle_event-20705', 'neutron.api.rpc.agentnotifiers.dhcp_rpc_agent_api.DhcpAgentNotifyAPI._native_event_send_dhcp_notification-3694754', 'neutron.db.l3_db.L3RpcNotifierMixin._notify_gateway_port_ip_changed-8769218057503', 'neutron.db.l3_dvrscheduler_db._notify_l3_agent_port_update-8769217533678', 'neutron.db.l3_hascheduler_db._notify_l3_agent_ha_port_update-8769217533215'] for port, after_update {{(pid=93656) _notify_loop /usr/local/lib/python3.8/dist-packages/neutron_lib/callbacks/manager.py:192}}
Jul 08 12:23:01.125744 dv-cinder-799631-5-iscsi neutron-server[93654]: DEBUG neutron_lib.callbacks.manager [None req-c41805fc-0a7b-4e28-9968-418a32460e11 admin admin] Notify callbacks ['neutron.services.auto_allocate.db._ensure_external_network_default_value_callback-8769217493589'] for network, precommit_create {{(pid=93654) _notify_loop /usr/local/lib/python3.8/dist-packages/neutron_lib/callbacks/manager.py:192}}
Jul 08 12:23:01.160064 dv-cinder-799631-5-iscsi neutron-server[93656]: DEBUG neutron.api.rpc.handlers.resources_rpc [None req-ac25b4e6-f0ae-4710-bab2-5187ddffde9f None None] Pushing event updated for resources: {'Port': ['ID=4c6ba5d3-c75a-4a25-943f-d8e2ba1496db,revision_number=5']} {{(pid=93656) push /opt/stack/neutron/neutron/api/rpc/handlers/resources_rpc.py:237}}
Jul 08 12:23:01.229549 dv-cinder-799631-5-iscsi neutron-server[93656]: DEBUG neutron.api.rpc.handlers.resources_rpc [None req-ac25b4e6-f0ae-4710-bab2-5187ddffde9f None None] Pushing event updated for resources: {'Port': ['ID=2022787d-991e-4e1f-976b-9286cfb7e458,revision_number=4']} {{(pid=93656) push /opt/stack/neutron/neutron/api/rpc/handlers/resources_rpc.py:237}}
Jul 08 12:23:01.249707 dv-cinder-799631-5-iscsi neutron-server[93654]: DEBUG neutron_lib.callbacks.manager [None req-c41805fc-0a7b-4e28-9968-418a32460e11 admin admin] Notify callbacks ['neutron.plugins.ml2.ovo_rpc._ObjectChangeHandler.handle_payload_event-443150', 'neutron.api.rpc.agentnotifiers.dhcp_rpc_agent_api.DhcpAgentNotifyAPI._native_event_send_dhcp_notification_payload-3694765'] for network, after_create {{(pid=93654) _notify_loop /usr/local/lib/python3.8/dist-packages/neutron_lib/callbacks/manager.py:192}}
Jul 08 12:23:01.250670 dv-cinder-799631-5-iscsi neutron-server[93654]: DEBUG neutron.pecan_wsgi.hooks.policy_enforcement [None req-c41805fc-0a7b-4e28-9968-418a32460e11 admin admin] Attributes excluded by policy engine: ['standard_attr_id', 'vlan_transparent'] {{(pid=93654) _exclude_attributes_by_policy /opt/stack/neutron/neutron/pecan_wsgi/hooks/policy_enforcement.py:255}}
Jul 08 12:23:01.251578 dv-cinder-799631-5-iscsi neutron-server[93654]: DEBUG neutron_lib.callbacks.manager [None req-c41805fc-0a7b-4e28-9968-418a32460e11 admin admin] Notify callbacks ['neutron.api.rpc.agentnotifiers.dhcp_rpc_agent_api.DhcpAgentNotifyAPI._send_dhcp_notification-3694768'] for network, before_response {{(pid=93654) _notify_loop /usr/local/lib/python3.8/dist-packages/neutron_lib/callbacks/manager.py:192}}
Jul 08 12:23:01.270251 dv-cinder-799631-5-iscsi neutron-server[93655]: DEBUG neutron.pecan_wsgi.hooks.policy_enforcement [req-83d62be2-9d1c-4db1-9243-ffbc1690585e req-4e89e5ec-b340-4c1a-95d1-b20d06645158 tempest-AttachVolumeNegativeTest-559208756 tempest-AttachVolumeNegativeTest-559208756-project] Attributes excluded by policy engine: ['standard_attr_id', 'binding:profile', 'binding:host_id', 'binding:vif_type', 'binding:vif_details'] {{(pid=93655) _exclude_attributes_by_policy /opt/stack/neutron/neutron/pecan_wsgi/hooks/policy_enforcement.py:255}}
Jul 08 12:23:01.272357 dv-cinder-799631-5-iscsi neutron-server[93655]: INFO neutron.wsgi [req-83d62be2-9d1c-4db1-9243-ffbc1690585e req-4e89e5ec-b340-4c1a-95d1-b20d06645158 tempest-AttachVolumeNegativeTest-559208756 tempest-AttachVolumeNegativeTest-559208756-project] 10.222.0.88 "GET /v2.0/ports?device_id=823fd000-999b-499c-9f22-51ebd2c62832 HTTP/1.1" status: 200 len: 946 time: 0.0841861
Jul 08 12:23:01.317900 dv-cinder-799631-5-iscsi neutron-server[93654]: DEBUG neutron.api.rpc.handlers.resources_rpc [None req-c41805fc-0a7b-4e28-9968-418a32460e11 admin admin] Pushing event updated for resources: {'Network': ['ID=6916501a-9954-422c-aa9d-c95b11f54307,revision_number=1']} {{(pid=93654) push /opt/stack/neutron/neutron/api/rpc/handlers/resources_rpc.py:237}}
Jul 08 12:23:01.329122 dv-cinder-799631-5-iscsi neutron-server[93655]: INFO neutron.wsgi [req-83d62be2-9d1c-4db1-9243-ffbc1690585e req-bfcfb875-0bd5-4ce8-a70b-f8a0ef51be67 tempest-AttachVolumeNegativeTest-559208756 tempest-AttachVolumeNegativeTest-559208756-project] 10.222.0.88 "GET /v2.0/security-groups?id=12fba989-2ad9-42b9-9733-63e985daf780&fields=id&fields=name HTTP/1.1" status: 200 len: 286 time: 0.0497208
Jul 08 12:23:01.331828 dv-cinder-799631-5-iscsi neutron-server[93656]: DEBUG neutron.plugins.ml2.rpc [None req-b7892d1b-c130-4731-8b2d-12246328ad46 None None] Network 6916501a-9954-422c-aa9d-c95b11f54307 details requested by agent ovs-agent-dv-cinder-799631-5-iscsi with host dv-cinder-799631-5-iscsi {{(pid=93656) get_network_details /opt/stack/neutron/neutron/plugins/ml2/rpc.py:248}}
Jul 08 12:23:01.334309 dv-cinder-799631-5-iscsi neutron-server[93656]: DEBUG neutron.db.provisioning_blocks [None req-ac25b4e6-f0ae-4710-bab2-5187ddffde9f None None] Provisioning for port 0d7c501d-f57b-421d-852f-d79a3038fb5e completed by entity L2. {{(pid=93656) provisioning_complete /opt/stack/neutron/neutron/db/provisioning_blocks.py:133}}
Jul 08 12:23:01.373254 dv-cinder-799631-5-iscsi neutron-server[93656]: DEBUG neutron.db.provisioning_blocks [None req-ac25b4e6-f0ae-4710-bab2-5187ddffde9f None None] Provisioning complete for port 0d7c501d-f57b-421d-852f-d79a3038fb5e triggered by entity L2. {{(pid=93656) provisioning_complete /opt/stack/neutron/neutron/db/provisioning_blocks.py:139}}
Jul 08 12:23:01.373619 dv-cinder-799631-5-iscsi neutron-server[93656]: DEBUG neutron_lib.callbacks.manager [None req-ac25b4e6-f0ae-4710-bab2-5187ddffde9f None None] Notify callbacks ['neutron.plugins.ml2.plugin.Ml2Plugin._port_provisioned-3469182'] for port, provisioning_complete {{(pid=93656) _notify_loop /usr/local/lib/python3.8/dist-packages/neutron_lib/callbacks/manager.py:192}}
Jul 08 12:23:01.423322 dv-cinder-799631-5-iscsi neutron-server[93654]: DEBUG neutron.wsgi [-] (93654) accepted ('10.222.0.88', 53046) {{(pid=93654) server /usr/local/lib/python3.8/dist-packages/eventlet/wsgi.py:982}}
Jul 08 12:23:01.440367 dv-cinder-799631-5-iscsi neutron-server[93654]: DEBUG neutron_lib.callbacks.manager [None req-10b50cca-99b2-4ade-bbdd-b2461e9a0760 admin admin] Notify callbacks [] for security_group, before_create {{(pid=93654) _notify_loop /usr/local/lib/python3.8/dist-packages/neutron_lib/callbacks/manager.py:192}}
Jul 08 12:23:01.476126 dv-cinder-799631-5-iscsi neutron-server[93656]: DEBUG neutron.plugins.ml2.db [None req-ac25b4e6-f0ae-4710-bab2-5187ddffde9f None None] get_ports_and_sgs() called for port_ids ['2022787d-991e-4e1f-976b-9286cfb7e458'] {{(pid=93656) get_ports_and_sgs /opt/stack/neutron/neutron/plugins/ml2/db.py:156}}
