Jun 30 19:02:21.037146 dv-cinder-798879-1-smb devstack@c-api.service[85552]: DEBUG cinder.api.openstack.wsgi [None req-4874c90f-5cf9-4df0-89e8-27c2944abda5 tempest-VolumeTypesTest-105517334 tempest-VolumeTypesTest-105517334-project-admin] Action: 'create', calling method: _create, body: {"volume_type": {"name": "tempest-VolumeTypesTest-volume-type-2125836783", "description": "tempest-volume-type-description-1835260228", "extra_specs": {"storage_protocol": "smbfs", "vendor_name": "Open Source"}, "os-volume-type-access:is_public": true}} {{(pid=85552) _process_stack /opt/stack/cinder/cinder/api/openstack/wsgi.py:864}}
Jun 30 19:02:21.113437 dv-cinder-798879-1-smb devstack@c-api.service[85552]: INFO cinder.api.openstack.wsgi [None req-4874c90f-5cf9-4df0-89e8-27c2944abda5 tempest-VolumeTypesTest-105517334 tempest-VolumeTypesTest-105517334-project-admin] http://10.222.0.95/volume/v3/df74087ab4704ca9a957969b381541c9/types returned with HTTP 200
Jun 30 19:02:21.121173 dv-cinder-798879-1-smb devstack@c-api.service[85552]: [pid: 85552|app: 0|req: 167/357] 10.222.0.95 () {60 vars in 1230 bytes} [Wed Jun 30 19:02:21 2021] POST /volume/v3/df74087ab4704ca9a957969b381541c9/types => generated 318 bytes in 89 msecs (HTTP/1.1 200) 7 headers in 285 bytes (1 switches on core 0)
Jun 30 19:02:21.129201 dv-cinder-798879-1-smb devstack@c-api.service[85552]: INFO cinder.api.openstack.wsgi [None req-39a2e4b5-9ba3-4df1-9ef5-d1ca3cfd4b30 tempest-VolumesTransfersTest-1891487438 tempest-VolumesTransfersTest-1891487438-project] GET http://10.222.0.95/volume/v3/21ff8a732181495b909da486ced41ab2/volumes/4d94657c-8738-446e-9be3-3ff297016b1a
Jun 30 19:02:21.129514 dv-cinder-798879-1-smb devstack@c-api.service[85552]: DEBUG cinder.api.openstack.wsgi [None req-39a2e4b5-9ba3-4df1-9ef5-d1ca3cfd4b30 tempest-VolumesTransfersTest-1891487438 tempest-VolumesTransfersTest-1891487438-project] Empty body provided in request {{(pid=85552) get_body /opt/stack/cinder/cinder/api/openstack/wsgi.py:713}}
Jun 30 19:02:21.129934 dv-cinder-798879-1-smb devstack@c-api.service[85552]: DEBUG cinder.api.openstack.wsgi [None req-39a2e4b5-9ba3-4df1-9ef5-d1ca3cfd4b30 tempest-VolumesTransfersTest-1891487438 tempest-VolumesTransfersTest-1891487438-project] Calling method 'show' {{(pid=85552) _process_stack /opt/stack/cinder/cinder/api/openstack/wsgi.py:866}}
Jun 30 19:02:21.183790 dv-cinder-798879-1-smb devstack@c-api.service[85552]: /usr/local/lib/python3.8/dist-packages/oslo_context/context.py:105: DeprecationWarning: Policy enforcement is depending on the value of is_admin. This key is deprecated. Please update your policy file to use the standard policy values.
Jun 30 19:02:21.183790 dv-cinder-798879-1-smb devstack@c-api.service[85552]: warnings.warn('Policy enforcement is depending on the value of '
Jun 30 19:02:21.197222 dv-cinder-798879-1-smb devstack@c-api.service[85552]: INFO cinder.volume.api [None req-39a2e4b5-9ba3-4df1-9ef5-d1ca3cfd4b30 tempest-VolumesTransfersTest-1891487438 tempest-VolumesTransfersTest-1891487438-project] Volume info retrieved successfully.
Jun 30 19:02:21.249135 dv-cinder-798879-1-smb devstack@c-api.service[85552]: INFO cinder.api.openstack.wsgi [None req-39a2e4b5-9ba3-4df1-9ef5-d1ca3cfd4b30 tempest-VolumesTransfersTest-1891487438 tempest-VolumesTransfersTest-1891487438-project] http://10.222.0.95/volume/v3/21ff8a732181495b909da486ced41ab2/volumes/4d94657c-8738-446e-9be3-3ff297016b1a returned with HTTP 200
Jun 30 19:02:21.251091 dv-cinder-798879-1-smb devstack@c-api.service[85552]: [pid: 85552|app: 0|req: 168/358] 10.222.0.95 () {58 vars in 1325 bytes} [Wed Jun 30 19:02:21 2021] GET /volume/v3/21ff8a732181495b909da486ced41ab2/volumes/4d94657c-8738-446e-9be3-3ff297016b1a => generated 913 bytes in 129 msecs (HTTP/1.1 200) 7 headers in 285 bytes (1 switches on core 0)
Jun 30 19:02:21.269497 dv-cinder-798879-1-smb devstack@c-api.service[85552]: INFO cinder.api.openstack.wsgi [None req-08c93f13-2fa1-44e3-aa37-8a45a4803122 tempest-VolumeTypesTest-105517334 tempest-VolumeTypesTest-105517334-project-admin] GET http://10.222.0.95/volume/v3/df74087ab4704ca9a957969b381541c9/types/9385fd08-39aa-43b6-8d0a-cb721a1c17b0
Jun 30 19:02:21.269497 dv-cinder-798879-1-smb devstack@c-api.service[85552]: DEBUG cinder.api.openstack.wsgi [None req-08c93f13-2fa1-44e3-aa37-8a45a4803122 tempest-VolumeTypesTest-105517334 tempest-VolumeTypesTest-105517334-project-admin] Empty body provided in request {{(pid=85552) get_body /opt/stack/cinder/cinder/api/openstack/wsgi.py:713}}
Jun 30 19:02:21.269497 dv-cinder-798879-1-smb devstack@c-api.service[85552]: /usr/local/lib/python3.8/dist-packages/webob/acceptparse.py:1047: DeprecationWarning: The behavior of AcceptValidHeader.best_match is currently being maintained for backward compatibility, but it will be deprecated in the future, as it does not conform to the RFC.
Jun 30 19:02:21.269497 dv-cinder-798879-1-smb devstack@c-api.service[85552]: warnings.warn(
Jun 30 19:02:21.269497 dv-cinder-798879-1-smb devstack@c-api.service[85552]: DEBUG cinder.api.openstack.wsgi [None req-08c93f13-2fa1-44e3-aa37-8a45a4803122 tempest-VolumeTypesTest-105517334 tempest-VolumeTypesTest-105517334-project-admin] Calling method 'show' {{(pid=85552) _process_stack /opt/stack/cinder/cinder/api/openstack/wsgi.py:866}}
Jun 30 19:02:21.303012 dv-cinder-798879-1-smb devstack@c-api.service[85552]: INFO cinder.api.openstack.wsgi [None req-08c93f13-2fa1-44e3-aa37-8a45a4803122 tempest-VolumeTypesTest-105517334 tempest-VolumeTypesTest-105517334-project-admin] http://10.222.0.95/volume/v3/df74087ab4704ca9a957969b381541c9/types/9385fd08-39aa-43b6-8d0a-cb721a1c17b0 returned with HTTP 200
Jun 30 19:02:21.307409 dv-cinder-798879-1-smb devstack@c-api.service[85552]: [pid: 85552|app: 0|req: 169/359] 10.222.0.95 () {58 vars in 1319 bytes} [Wed Jun 30 19:02:21 2021] GET /volume/v3/df74087ab4704ca9a957969b381541c9/types/9385fd08-39aa-43b6-8d0a-cb721a1c17b0 => generated 340 bytes in 55 msecs (HTTP/1.1 200) 7 headers in 285 bytes (1 switches on core 0)
Jun 30 19:02:21.325882 dv-cinder-798879-1-smb devstack@c-api.service[85552]: INFO cinder.api.openstack.wsgi [None req-bf455cdb-29aa-49ac-85cc-6b086317d486 tempest-VolumesCloneTest-534606031 tempest-VolumesCloneTest-534606031-project] GET http://10.222.0.95/volume/v3/25672d31ad7843b99a82db3f2b546cdb/volumes/c7022ad0-aca1-4e28-9144-19270e649d2f
Jun 30 19:02:21.327158 dv-cinder-798879-1-smb devstack@c-api.service[85552]: DEBUG cinder.api.openstack.wsgi [None req-bf455cdb-29aa-49ac-85cc-6b086317d486 tempest-VolumesCloneTest-534606031 tempest-VolumesCloneTest-534606031-project] Empty body provided in request {{(pid=85552) get_body /opt/stack/cinder/cinder/api/openstack/wsgi.py:713}}
Jun 30 19:02:21.328367 dv-cinder-798879-1-smb devstack@c-api.service[85552]: DEBUG cinder.api.openstack.wsgi [None req-bf455cdb-29aa-49ac-85cc-6b086317d486 tempest-VolumesCloneTest-534606031 tempest-VolumesCloneTest-534606031-project] Calling method 'show' {{(pid=85552) _process_stack /opt/stack/cinder/cinder/api/openstack/wsgi.py:866}}
Jun 30 19:02:21.333680 dv-cinder-798879-1-smb devstack@c-api.service[85551]: /usr/local/lib/python3.8/dist-packages/oslo_context/context.py:105: DeprecationWarning: Policy enforcement is depending on the value of is_admin. This key is deprecated. Please update your policy file to use the standard policy values.
Jun 30 19:02:21.333680 dv-cinder-798879-1-smb devstack@c-api.service[85551]: warnings.warn('Policy enforcement is depending on the value of '
Jun 30 19:02:21.335755 dv-cinder-798879-1-smb devstack@c-api.service[85551]: INFO cinder.volume.api [None req-dbebba80-a390-4a31-a8ce-fa548105b485 tempest-SnapshotsActionsTest-1353564360 tempest-SnapshotsActionsTest-1353564360-project] Snapshot retrieved successfully.
Jun 30 19:02:21.338573 dv-cinder-798879-1-smb devstack@c-api.service[85551]: INFO cinder.api.openstack.wsgi [None req-dbebba80-a390-4a31-a8ce-fa548105b485 tempest-SnapshotsActionsTest-1353564360 tempest-SnapshotsActionsTest-1353564360-project] http://10.222.0.95/volume/v3/bd78fb2eca854b9aa3229ad90890e96d/snapshots/1a770226-2574-4116-9553-9580efb53da4 returned with HTTP 200
Jun 30 19:02:21.340011 dv-cinder-798879-1-smb devstack@c-api.service[85551]: [pid: 85551|app: 0|req: 191/360] 10.222.0.95 () {58 vars in 1331 bytes} [Wed Jun 30 19:02:21 2021] GET /volume/v3/bd78fb2eca854b9aa3229ad90890e96d/snapshots/1a770226-2574-4116-9553-9580efb53da4 => generated 568 bytes in 339 msecs (HTTP/1.1 200) 7 headers in 285 bytes (1 switches on core 0)
Jun 30 19:02:21.360008 dv-cinder-798879-1-smb devstack@c-api.service[85551]: INFO cinder.api.openstack.wsgi [None req-d11694d8-44b5-4ddf-ad96-e26f2fcbc442 tempest-VolumesTransfersTest-1891487438 tempest-VolumesTransfersTest-1891487438-project] POST http://10.222.0.95/volume/v3/21ff8a732181495b909da486ced41ab2/os-volume-transfer
Jun 30 19:02:21.361845 dv-cinder-798879-1-smb devstack@c-api.service[85551]: /usr/local/lib/python3.8/dist-packages/webob/acceptparse.py:1047: DeprecationWarning: The behavior of AcceptValidHeader.best_match is currently being maintained for backward compatibility, but it will be deprecated in the future, as it does not conform to the RFC.
Jun 30 19:02:21.361845 dv-cinder-798879-1-smb devstack@c-api.service[85551]: warnings.warn(
Jun 30 19:02:21.362292 dv-cinder-798879-1-smb devstack@c-api.service[85551]: DEBUG cinder.api.openstack.wsgi [None req-d11694d8-44b5-4ddf-ad96-e26f2fcbc442 tempest-VolumesTransfersTest-1891487438 tempest-VolumesTransfersTest-1891487438-project] Action: 'create', calling method: create, body: {"transfer": {"volume_id": "4d94657c-8738-446e-9be3-3ff297016b1a"}} {{(pid=85551) _process_stack /opt/stack/cinder/cinder/api/openstack/wsgi.py:864}}
Jun 30 19:02:21.363716 dv-cinder-798879-1-smb devstack@c-api.service[85551]: DEBUG cinder.api.contrib.volume_transfer [None req-d11694d8-44b5-4ddf-ad96-e26f2fcbc442 tempest-VolumesTransfersTest-1891487438 tempest-VolumesTransfersTest-1891487438-project] Creating new volume transfer {'transfer': {'volume_id': '4d94657c-8738-446e-9be3-3ff297016b1a'}} {{(pid=85551) create /opt/stack/cinder/cinder/api/contrib/volume_transfer.py:85}}
Jun 30 19:02:21.364975 dv-cinder-798879-1-smb devstack@c-api.service[85551]: INFO cinder.api.contrib.volume_transfer [None req-d11694d8-44b5-4ddf-ad96-e26f2fcbc442 tempest-VolumesTransfersTest-1891487438 tempest-VolumesTransfersTest-1891487438-project] Creating transfer of volume 4d94657c-8738-446e-9be3-3ff297016b1a
Jun 30 19:02:21.366424 dv-cinder-798879-1-smb devstack@c-api.service[85551]: INFO cinder.transfer.api [None req-d11694d8-44b5-4ddf-ad96-e26f2fcbc442 tempest-VolumesTransfersTest-1891487438 tempest-VolumesTransfersTest-1891487438-project] Generating transfer record for volume 4d94657c-8738-446e-9be3-3ff297016b1a
Jun 30 19:02:21.395721 dv-cinder-798879-1-smb devstack@c-api.service[85552]: /usr/local/lib/python3.8/dist-packages/oslo_context/context.py:105: DeprecationWarning: Policy enforcement is depending on the value of is_admin. This key is deprecated. Please update your policy file to use the standard policy values.
Jun 30 19:02:21.395721 dv-cinder-798879-1-smb devstack@c-api.service[85552]: warnings.warn('Policy enforcement is depending on the value of '
Jun 30 19:02:21.405888 dv-cinder-798879-1-smb devstack@c-api.service[85552]: INFO cinder.volume.api [None req-bf455cdb-29aa-49ac-85cc-6b086317d486 tempest-VolumesCloneTest-534606031 tempest-VolumesCloneTest-534606031-project] Volume info retrieved successfully.
Jun 30 19:02:21.441262 dv-cinder-798879-1-smb devstack@c-api.service[85552]: INFO cinder.api.openstack.wsgi [None req-bf455cdb-29aa-49ac-85cc-6b086317d486 tempest-VolumesCloneTest-534606031 tempest-VolumesCloneTest-534606031-project] http://10.222.0.95/volume/v3/25672d31ad7843b99a82db3f2b546cdb/volumes/c7022ad0-aca1-4e28-9144-19270e649d2f returned with HTTP 200
Jun 30 19:02:21.452752 dv-cinder-798879-1-smb devstack@c-api.service[85552]: [pid: 85552|app: 0|req: 170/361] 10.222.0.95 () {58 vars in 1325 bytes} [Wed Jun 30 19:02:21 2021] GET /volume/v3/25672d31ad7843b99a82db3f2b546cdb/volumes/c7022ad0-aca1-4e28-9144-19270e649d2f => generated 908 bytes in 145 msecs (HTTP/1.1 200) 7 headers in 285 bytes (1 switches on core 0)
Jun 30 19:02:21.458253 dv-cinder-798879-1-smb devstack@c-api.service[85552]: INFO cinder.api.openstack.wsgi [None req-9e8fcf55-07a0-477e-bac2-8f8f8ab33760 tempest-VolumeTypesTest-105517334 tempest-VolumeTypesTest-105517334-project-admin] POST http://10.222.0.95/volume/v3/df74087ab4704ca9a957969b381541c9/types
Jun 30 19:02:21.458957 dv-cinder-798879-1-smb devstack@c-api.service[85552]: /usr/local/lib/python3.8/dist-packages/webob/acceptparse.py:1047: DeprecationWarning: The behavior of AcceptValidHeader.best_match is currently being maintained for backward compatibility, but it will be deprecated in the future, as it does not conform to the RFC.
Jun 30 19:02:21.458957 dv-cinder-798879-1-smb devstack@c-api.service[85552]: warnings.warn(
Jun 30 19:02:21.460362 dv-cinder-798879-1-smb devstack@c-api.service[85552]: DEBUG cinder.api.openstack.wsgi [None req-9e8fcf55-07a0-477e-bac2-8f8f8ab33760 tempest-VolumeTypesTest-105517334 tempest-VolumeTypesTest-105517334-project-admin] Action: 'create', calling method: _create, body: {"volume_type": {"name": "tempest-VolumeTypesTest-volume-type-1117272263"}} {{(pid=85552) _process_stack /opt/stack/cinder/cinder/api/openstack/wsgi.py:864}}
Jun 30 19:02:21.499315 dv-cinder-798879-1-smb devstack@c-api.service[85551]: /usr/local/lib/python3.8/dist-packages/oslo_context/context.py:105: DeprecationWarning: Policy enforcement is depending on the value of is_admin. This key is deprecated. Please update your policy file to use the standard policy values.
Jun 30 19:02:21.499315 dv-cinder-798879-1-smb devstack@c-api.service[85551]: warnings.warn('Policy enforcement is depending on the value of '
Jun 30 19:02:21.550335 dv-cinder-798879-1-smb devstack@c-api.service[85552]: INFO cinder.api.openstack.wsgi [None req-9e8fcf55-07a0-477e-bac2-8f8f8ab33760 tempest-VolumeTypesTest-105517334 tempest-VolumeTypesTest-105517334-project-admin] http://10.222.0.95/volume/v3/df74087ab4704ca9a957969b381541c9/types returned with HTTP 200
Jun 30 19:02:21.555215 dv-cinder-798879-1-smb devstack@c-api.service[85552]: [pid: 85552|app: 0|req: 171/362] 10.222.0.95 () {60 vars in 1229 bytes} [Wed Jun 30 19:02:21 2021] POST /volume/v3/df74087ab4704ca9a957969b381541c9/types => generated 221 bytes in 101 msecs (HTTP/1.1 200) 7 headers in 285 bytes (1 switches on core 0)
Jun 30 19:02:21.570518 dv-cinder-798879-1-smb devstack@c-api.service[85551]: INFO cinder.api.openstack.wsgi [None req-d11694d8-44b5-4ddf-ad96-e26f2fcbc442 tempest-VolumesTransfersTest-1891487438 tempest-VolumesTransfersTest-1891487438-project] http://10.222.0.95/volume/v3/21ff8a732181495b909da486ced41ab2/os-volume-transfer returned with HTTP 202
Jun 30 19:02:21.572711 dv-cinder-798879-1-smb devstack@c-api.service[85552]: INFO cinder.api.openstack.wsgi [None req-27fdbd6c-8be4-4bc3-88a2-755627ab569e tempest-VolumeTypesTest-105517334 tempest-VolumeTypesTest-105517334-project-admin] POST http://10.222.0.95/volume/v3/df74087ab4704ca9a957969b381541c9/types/7aad878a-8c40-4da5-bfb6-20481d8791b5/encryption
Jun 30 19:02:21.574798 dv-cinder-798879-1-smb devstack@c-api.service[85552]: DEBUG cinder.api.openstack.wsgi [None req-27fdbd6c-8be4-4bc3-88a2-755627ab569e tempest-VolumeTypesTest-105517334 tempest-VolumeTypesTest-105517334-project-admin] Action: 'create', calling method: create, body: {"encryption": {"provider": "LuksEncryptor", "key_size": 256, "cipher": "aes-xts-plain64", "control_location": "front-end"}} {{(pid=85552) _process_stack /opt/stack/cinder/cinder/api/openstack/wsgi.py:864}}
Jun 30 19:02:21.576914 dv-cinder-798879-1-smb devstack@c-api.service[85551]: [pid: 85551|app: 0|req: 192/363] 10.222.0.95 () {60 vars in 1268 bytes} [Wed Jun 30 19:02:21 2021] POST /volume/v3/21ff8a732181495b909da486ced41ab2/os-volume-transfer => generated 507 bytes in 236 msecs (HTTP/1.1 202) 7 headers in 291 bytes (1 switches on core 0)
Jun 30 19:02:21.583213 dv-cinder-798879-1-smb devstack@c-api.service[85551]: INFO cinder.api.openstack.wsgi [None req-568f6efe-bec3-4cff-ba91-2874589a559f tempest-VolumesTransfersTest-1891487438 tempest-VolumesTransfersTest-1891487438-project] GET http://10.222.0.95/volume/v3/21ff8a732181495b909da486ced41ab2/volumes/4d94657c-8738-446e-9be3-3ff297016b1a
Jun 30 19:02:21.583781 dv-cinder-798879-1-smb devstack@c-api.service[85551]: DEBUG cinder.api.openstack.wsgi [None req-568f6efe-bec3-4cff-ba91-2874589a559f tempest-VolumesTransfersTest-1891487438 tempest-VolumesTransfersTest-1891487438-project] Empty body provided in request {{(pid=85551) get_body /opt/stack/cinder/cinder/api/openstack/wsgi.py:713}}
Jun 30 19:02:21.583964 dv-cinder-798879-1-smb devstack@c-api.service[85551]: /usr/local/lib/python3.8/dist-packages/webob/acceptparse.py:1047: DeprecationWarning: The behavior of AcceptValidHeader.best_match is currently being maintained for backward compatibility, but it will be deprecated in the future, as it does not conform to the RFC.
Jun 30 19:02:21.583964 dv-cinder-798879-1-smb devstack@c-api.service[85551]: warnings.warn(
Jun 30 19:02:21.584881 dv-cinder-798879-1-smb devstack@c-api.service[85551]: DEBUG cinder.api.openstack.wsgi [None req-568f6efe-bec3-4cff-ba91-2874589a559f tempest-VolumesTransfersTest-1891487438 tempest-VolumesTransfersTest-1891487438-project] Calling method 'show' {{(pid=85551) _process_stack /opt/stack/cinder/cinder/api/openstack/wsgi.py:866}}
Jun 30 19:02:21.675031 dv-cinder-798879-1-smb devstack@c-api.service[85551]: /usr/local/lib/python3.8/dist-packages/oslo_context/context.py:105: DeprecationWarning: Policy enforcement is depending on the value of is_admin. This key is deprecated. Please update your policy file to use the standard policy values.
Jun 30 19:02:21.675031 dv-cinder-798879-1-smb devstack@c-api.service[85551]: warnings.warn('Policy enforcement is depending on the value of '
Jun 30 19:02:21.683782 dv-cinder-798879-1-smb devstack@c-api.service[85551]: INFO cinder.volume.api [None req-568f6efe-bec3-4cff-ba91-2874589a559f tempest-VolumesTransfersTest-1891487438 tempest-VolumesTransfersTest-1891487438-project] Volume info retrieved successfully.
Jun 30 19:02:21.707548 dv-cinder-798879-1-smb devstack@c-api.service[85552]: INFO cinder.api.openstack.wsgi [None req-27fdbd6c-8be4-4bc3-88a2-755627ab569e tempest-VolumeTypesTest-105517334 tempest-VolumeTypesTest-105517334-project-admin] http://10.222.0.95/volume/v3/df74087ab4704ca9a957969b381541c9/types/7aad878a-8c40-4da5-bfb6-20481d8791b5/encryption returned with HTTP 200
Jun 30 19:02:21.715096 dv-cinder-798879-1-smb devstack@c-api.service[85552]: [pid: 85552|app: 0|req: 172/364] 10.222.0.95 () {60 vars in 1374 bytes} [Wed Jun 30 19:02:21 2021] POST /volume/v3/df74087ab4704ca9a957969b381541c9/types/7aad878a-8c40-4da5-bfb6-20481d8791b5/encryption => generated 239 bytes in 155 msecs (HTTP/1.1 200) 7 headers in 285 bytes (2 switches on core 0)
Jun 30 19:02:21.721325 dv-cinder-798879-1-smb devstack@c-api.service[85552]: INFO cinder.api.openstack.wsgi [None req-7c7cc323-efb6-438d-b8ed-7c9eafcd9191 tempest-VolumeTypesTest-105517334 tempest-VolumeTypesTest-105517334-project-admin] GET http://10.222.0.95/volume/v3/df74087ab4704ca9a957969b381541c9/types/7aad878a-8c40-4da5-bfb6-20481d8791b5/encryption
Jun 30 19:02:21.722182 dv-cinder-798879-1-smb devstack@c-api.service[85552]: DEBUG cinder.api.openstack.wsgi [None req-7c7cc323-efb6-438d-b8ed-7c9eafcd9191 tempest-VolumeTypesTest-105517334 tempest-VolumeTypesTest-105517334-project-admin] Empty body provided in request {{(pid=85552) get_body /opt/stack/cinder/cinder/api/openstack/wsgi.py:713}}
Jun 30 19:02:21.722309 dv-cinder-798879-1-smb devstack@c-api.service[85551]: INFO cinder.api.openstack.wsgi [None req-568f6efe-bec3-4cff-ba91-2874589a559f tempest-VolumesTransfersTest-1891487438 tempest-VolumesTransfersTest-1891487438-project] http://10.222.0.95/volume/v3/21ff8a732181495b909da486ced41ab2/volumes/4d94657c-8738-446e-9be3-3ff297016b1a returned with HTTP 200
Jun 30 19:02:21.722402 dv-cinder-798879-1-smb devstack@c-api.service[85552]: DEBUG cinder.api.openstack.wsgi [None req-7c7cc323-efb6-438d-b8ed-7c9eafcd9191 tempest-VolumeTypesTest-105517334 tempest-VolumeTypesTest-105517334-project-admin] Calling method 'index' {{(pid=85552) _process_stack /opt/stack/cinder/cinder/api/openstack/wsgi.py:866}}
Jun 30 19:02:21.723055 dv-cinder-798879-1-smb devstack@c-api.service[85551]: [pid: 85551|app: 0|req: 193/365] 10.222.0.95 () {58 vars in 1325 bytes} [Wed Jun 30 19:02:21 2021] GET /volume/v3/21ff8a732181495b909da486ced41ab2/volumes/4d94657c-8738-446e-9be3-3ff297016b1a => generated 921 bytes in 146 msecs (HTTP/1.1 200) 7 headers in 285 bytes (1 switches on core 0)
Jun 30 19:02:21.749885 dv-cinder-798879-1-smb devstack@c-api.service[85551]: INFO cinder.api.openstack.wsgi [None req-a1ae9976-99db-4289-8c4b-d9767f4387c2 tempest-VolumesTransfersTest-1891487438 tempest-VolumesTransfersTest-1891487438-project] GET http://10.222.0.95/volume/v3/21ff8a732181495b909da486ced41ab2/os-volume-transfer/detail
Jun 30 19:02:21.749885 dv-cinder-798879-1-smb devstack@c-api.service[85551]: DEBUG cinder.api.openstack.wsgi [None req-a1ae9976-99db-4289-8c4b-d9767f4387c2 tempest-VolumesTransfersTest-1891487438 tempest-VolumesTransfersTest-1891487438-project] Empty body provided in request {{(pid=85551) get_body /opt/stack/cinder/cinder/api/openstack/wsgi.py:713}}
Jun 30 19:02:21.755210 dv-cinder-798879-1-smb devstack@c-api.service[85551]: /usr/local/lib/python3.8/dist-packages/webob/acceptparse.py:1047: DeprecationWarning: The behavior of AcceptValidHeader.best_match is currently being maintained for backward compatibility, but it will be deprecated in the future, as it does not conform to the RFC.
Jun 30 19:02:21.755210 dv-cinder-798879-1-smb devstack@c-api.service[85551]: warnings.warn(
Jun 30 19:02:21.756016 dv-cinder-798879-1-smb devstack@c-api.service[85551]: DEBUG cinder.api.openstack.wsgi [None req-a1ae9976-99db-4289-8c4b-d9767f4387c2 tempest-VolumesTransfersTest-1891487438 tempest-VolumesTransfersTest-1891487438-project] Calling method 'detail' {{(pid=85551) _process_stack /opt/stack/cinder/cinder/api/openstack/wsgi.py:866}}
Jun 30 19:02:21.757458 dv-cinder-798879-1-smb devstack@c-api.service[85551]: DEBUG cinder.api.contrib.volume_transfer [None req-a1ae9976-99db-4289-8c4b-d9767f4387c2 tempest-VolumesTransfersTest-1891487438 tempest-VolumesTransfersTest-1891487438-project] Listing volume transfers {{(pid=85551) _get_transfers /opt/stack/cinder/cinder/api/contrib/volume_transfer.py:63}}
Jun 30 19:02:21.767768 dv-cinder-798879-1-smb devstack@c-api.service[85551]: INFO cinder.api.openstack.wsgi [None req-a1ae9976-99db-4289-8c4b-d9767f4387c2 tempest-VolumesTransfersTest-1891487438 tempest-VolumesTransfersTest-1891487438-project] http://10.222.0.95/volume/v3/21ff8a732181495b909da486ced41ab2/os-volume-transfer/detail returned with HTTP 200
Jun 30 19:02:21.769462 dv-cinder-798879-1-smb devstack@c-api.service[85551]: [pid: 85551|app: 0|req: 194/366] 10.222.0.95 () {58 vars in 1268 bytes} [Wed Jun 30 19:02:21 2021] GET /volume/v3/21ff8a732181495b909da486ced41ab2/os-volume-transfer/detail => generated 478 bytes in 30 msecs (HTTP/1.1 200) 7 headers in 285 bytes (1 switches on core 0)
Jun 30 19:02:21.784130 dv-cinder-798879-1-smb devstack@c-api.service[85552]: INFO cinder.api.openstack.wsgi [None req-7c7cc323-efb6-438d-b8ed-7c9eafcd9191 tempest-VolumeTypesTest-105517334 tempest-VolumeTypesTest-105517334-project-admin] http://10.222.0.95/volume/v3/df74087ab4704ca9a957969b381541c9/types/7aad878a-8c40-4da5-bfb6-20481d8791b5/encryption returned with HTTP 200
Jun 30 19:02:21.785177 dv-cinder-798879-1-smb devstack@c-api.service[85552]: [pid: 85552|app: 0|req: 173/367] 10.222.0.95 () {58 vars in 1352 bytes} [Wed Jun 30 19:02:21 2021] GET /volume/v3/df74087ab4704ca9a957969b381541c9/types/7aad878a-8c40-4da5-bfb6-20481d8791b5/encryption => generated 325 bytes in 69 msecs (HTTP/1.1 200) 7 headers in 285 bytes (1 switches on core 0)
Jun 30 19:02:21.790194 dv-cinder-798879-1-smb devstack@c-api.service[85551]: INFO cinder.api.openstack.wsgi [None req-db7cb812-146b-4d0b-bcd9-34a5fb1de760 tempest-VolumesTransfersTest-1891487438 tempest-VolumesTransfersTest-1891487438-project] DELETE http://10.222.0.95/volume/v3/21ff8a732181495b909da486ced41ab2/os-volume-transfer/fe168705-9c42-41c5-ab3e-09c2de08af5e
Jun 30 19:02:21.790718 dv-cinder-798879-1-smb devstack@c-api.service[85551]: DEBUG cinder.api.openstack.wsgi [None req-db7cb812-146b-4d0b-bcd9-34a5fb1de760 tempest-VolumesTransfersTest-1891487438 tempest-VolumesTransfersTest-1891487438-project] Empty body provided in request {{(pid=85551) get_body /opt/stack/cinder/cinder/api/openstack/wsgi.py:713}}
Jun 30 19:02:21.790980 dv-cinder-798879-1-smb devstack@c-api.service[85551]: DEBUG cinder.api.openstack.wsgi [None req-db7cb812-146b-4d0b-bcd9-34a5fb1de760 tempest-VolumesTransfersTest-1891487438 tempest-VolumesTransfersTest-1891487438-project] Calling method 'delete' {{(pid=85551) _process_stack /opt/stack/cinder/cinder/api/openstack/wsgi.py:866}}
Jun 30 19:02:21.794455 dv-cinder-798879-1-smb devstack@c-api.service[85551]: INFO cinder.api.contrib.volume_transfer [None req-db7cb812-146b-4d0b-bcd9-34a5fb1de760 tempest-VolumesTransfersTest-1891487438 tempest-VolumesTransfersTest-1891487438-project] Delete transfer with id: fe168705-9c42-41c5-ab3e-09c2de08af5e
Jun 30 19:02:21.812829 dv-cinder-798879-1-smb devstack@c-api.service[85552]: INFO cinder.api.openstack.wsgi [None req-f991f44e-2741-40a4-9826-e13ec526a56c tempest-VolumeTypesTest-105517334 tempest-VolumeTypesTest-105517334-project-admin] PUT http://10.222.0.95/volume/v3/df74087ab4704ca9a957969b381541c9/types/7aad878a-8c40-4da5-bfb6-20481d8791b5/encryption/provider
Jun 30 19:02:21.813526 dv-cinder-798879-1-smb devstack@c-api.service[85552]: DEBUG cinder.api.openstack.wsgi [None req-f991f44e-2741-40a4-9826-e13ec526a56c tempest-VolumeTypesTest-105517334 tempest-VolumeTypesTest-105517334-project-admin] Action: 'update', calling method: update, body: {"encryption": {"key_size": 128, "provider": "SomeProvider", "cipher": "aes-xts-plain64", "control_location": "back-end"}} {{(pid=85552) _process_stack /opt/stack/cinder/cinder/api/openstack/wsgi.py:864}}
Jun 30 19:02:21.862701 dv-cinder-798879-1-smb devstack@c-api.service[85551]: /usr/local/lib/python3.8/dist-packages/oslo_context/context.py:105: DeprecationWarning: Policy enforcement is depending on the value of is_admin. This key is deprecated. Please update your policy file to use the standard policy values.
Jun 30 19:02:21.862701 dv-cinder-798879-1-smb devstack@c-api.service[85551]: warnings.warn('Policy enforcement is depending on the value of '
Jun 30 19:02:21.897788 dv-cinder-798879-1-smb devstack@c-api.service[85551]: INFO cinder.api.openstack.wsgi [None req-db7cb812-146b-4d0b-bcd9-34a5fb1de760 tempest-VolumesTransfersTest-1891487438 tempest-VolumesTransfersTest-1891487438-project] http://10.222.0.95/volume/v3/21ff8a732181495b909da486ced41ab2/os-volume-transfer/fe168705-9c42-41c5-ab3e-09c2de08af5e returned with HTTP 202
Jun 30 19:02:21.904118 dv-cinder-798879-1-smb devstack@c-api.service[85551]: [pid: 85551|app: 0|req: 195/368] 10.222.0.95 () {58 vars in 1361 bytes} [Wed Jun 30 19:02:21 2021] DELETE /volume/v3/21ff8a732181495b909da486ced41ab2/os-volume-transfer/fe168705-9c42-41c5-ab3e-09c2de08af5e => generated 0 bytes in 127 msecs (HTTP/1.1 202) 6 headers in 233 bytes (1 switches on core 0)
Jun 30 19:02:21.914015 dv-cinder-798879-1-smb devstack@c-api.service[85551]: INFO cinder.api.openstack.wsgi [None req-175d98b4-06ae-4557-9961-e536c0de4f23 tempest-VolumesTransfersTest-1891487438 tempest-VolumesTransfersTest-1891487438-project] GET http://10.222.0.95/volume/v3/21ff8a732181495b909da486ced41ab2/volumes/4d94657c-8738-446e-9be3-3ff297016b1a
Jun 30 19:02:21.914512 dv-cinder-798879-1-smb devstack@c-api.service[85551]: DEBUG cinder.api.openstack.wsgi [None req-175d98b4-06ae-4557-9961-e536c0de4f23 tempest-VolumesTransfersTest-1891487438 tempest-VolumesTransfersTest-1891487438-project] Empty body provided in request {{(pid=85551) get_body /opt/stack/cinder/cinder/api/openstack/wsgi.py:713}}
Jun 30 19:02:21.914692 dv-cinder-798879-1-smb devstack@c-api.service[85551]: /usr/local/lib/python3.8/dist-packages/webob/acceptparse.py:1047: DeprecationWarning: The behavior of AcceptValidHeader.best_match is currently being maintained for backward compatibility, but it will be deprecated in the future, as it does not conform to the RFC.
Jun 30 19:02:21.914692 dv-cinder-798879-1-smb devstack@c-api.service[85551]: warnings.warn(
Jun 30 19:02:21.915012 dv-cinder-798879-1-smb devstack@c-api.service[85551]: DEBUG cinder.api.openstack.wsgi [None req-175d98b4-06ae-4557-9961-e536c0de4f23 tempest-VolumesTransfersTest-1891487438 tempest-VolumesTransfersTest-1891487438-project] Calling method 'show' {{(pid=85551) _process_stack /opt/stack/cinder/cinder/api/openstack/wsgi.py:866}}
Jun 30 19:02:21.933705 dv-cinder-798879-1-smb devstack@c-api.service[85552]: INFO cinder.api.openstack.wsgi [None req-f991f44e-2741-40a4-9826-e13ec526a56c tempest-VolumeTypesTest-105517334 tempest-VolumeTypesTest-105517334-project-admin] http://10.222.0.95/volume/v3/df74087ab4704ca9a957969b381541c9/types/7aad878a-8c40-4da5-bfb6-20481d8791b5/encryption/provider returned with HTTP 200
Jun 30 19:02:21.936587 dv-cinder-798879-1-smb devstack@c-api.service[85552]: [pid: 85552|app: 0|req: 174/369] 10.222.0.95 () {60 vars in 1400 bytes} [Wed Jun 30 19:02:21 2021] PUT /volume/v3/df74087ab4704ca9a957969b381541c9/types/7aad878a-8c40-4da5-bfb6-20481d8791b5/encryption/provider => generated 122 bytes in 132 msecs (HTTP/1.1 200) 7 headers in 285 bytes (1 switches on core 0)
Jun 30 19:02:21.945345 dv-cinder-798879-1-smb devstack@c-api.service[85552]: INFO cinder.api.openstack.wsgi [None req-42ef9c2d-7035-4341-abda-9d01a982a446 tempest-VolumeTypesTest-105517334 tempest-VolumeTypesTest-105517334-project-admin] GET http://10.222.0.95/volume/v3/df74087ab4704ca9a957969b381541c9/types/7aad878a-8c40-4da5-bfb6-20481d8791b5/encryption
Jun 30 19:02:21.945812 dv-cinder-798879-1-smb devstack@c-api.service[85552]: DEBUG cinder.api.openstack.wsgi [None req-42ef9c2d-7035-4341-abda-9d01a982a446 tempest-VolumeTypesTest-105517334 tempest-VolumeTypesTest-105517334-project-admin] Empty body provided in request {{(pid=85552) get_body /opt/stack/cinder/cinder/api/openstack/wsgi.py:713}}
Jun 30 19:02:21.946261 dv-cinder-798879-1-smb devstack@c-api.service[85552]: DEBUG cinder.api.openstack.wsgi [None req-42ef9c2d-7035-4341-abda-9d01a982a446 tempest-VolumeTypesTest-105517334 tempest-VolumeTypesTest-105517334-project-admin] Calling method 'index' {{(pid=85552) _process_stack /opt/stack/cinder/cinder/api/openstack/wsgi.py:866}}
Jun 30 19:02:21.988272 dv-cinder-798879-1-smb devstack@c-api.service[85552]: INFO cinder.api.openstack.wsgi [None req-42ef9c2d-7035-4341-abda-9d01a982a446 tempest-VolumeTypesTest-105517334 tempest-VolumeTypesTest-105517334-project-admin] http://10.222.0.95/volume/v3/df74087ab4704ca9a957969b381541c9/types/7aad878a-8c40-4da5-bfb6-20481d8791b5/encryption returned with HTTP 200
Jun 30 19:02:21.998271 dv-cinder-798879-1-smb devstack@c-api.service[85552]: [pid: 85552|app: 0|req: 175/370] 10.222.0.95 () {58 vars in 1352 bytes} [Wed Jun 30 19:02:21 2021] GET /volume/v3/df74087ab4704ca9a957969b381541c9/types/7aad878a-8c40-4da5-bfb6-20481d8791b5/encryption => generated 347 bytes in 57 msecs (HTTP/1.1 200) 7 headers in 285 bytes (2 switches on core 0)
Jun 30 19:02:21.999764 dv-cinder-798879-1-smb devstack@c-api.service[85551]: /usr/local/lib/python3.8/dist-packages/oslo_context/context.py:105: DeprecationWarning: Policy enforcement is depending on the value of is_admin. This key is deprecated. Please update your policy file to use the standard policy values.
Jun 30 19:02:21.999764 dv-cinder-798879-1-smb devstack@c-api.service[85551]: warnings.warn('Policy enforcement is depending on the value of '
Jun 30 19:02:22.002647 dv-cinder-798879-1-smb devstack@c-api.service[85552]: INFO cinder.api.openstack.wsgi [None req-94b2d2ab-90b1-451a-9899-c75501672dc2 tempest-VolumeTypesTest-105517334 tempest-VolumeTypesTest-105517334-project-admin] GET http://10.222.0.95/volume/v3/df74087ab4704ca9a957969b381541c9/types/7aad878a-8c40-4da5-bfb6-20481d8791b5/encryption/cipher
Jun 30 19:02:22.003039 dv-cinder-798879-1-smb devstack@c-api.service[85552]: DEBUG cinder.api.openstack.wsgi [None req-94b2d2ab-90b1-451a-9899-c75501672dc2 tempest-VolumeTypesTest-105517334 tempest-VolumeTypesTest-105517334-project-admin] Empty body provided in request {{(pid=85552) get_body /opt/stack/cinder/cinder/api/openstack/wsgi.py:713}}
Jun 30 19:02:22.003460 dv-cinder-798879-1-smb devstack@c-api.service[85552]: DEBUG cinder.api.openstack.wsgi [None req-94b2d2ab-90b1-451a-9899-c75501672dc2 tempest-VolumeTypesTest-105517334 tempest-VolumeTypesTest-105517334-project-admin] Calling method 'show' {{(pid=85552) _process_stack /opt/stack/cinder/cinder/api/openstack/wsgi.py:866}}
Jun 30 19:02:22.016217 dv-cinder-798879-1-smb devstack@c-api.service[85551]: INFO cinder.volume.api [None req-175d98b4-06ae-4557-9961-e536c0de4f23 tempest-VolumesTransfersTest-1891487438 tempest-VolumesTransfersTest-1891487438-project] Volume info retrieved successfully.
Jun 30 19:02:22.049289 dv-cinder-798879-1-smb devstack@c-api.service[85551]: INFO cinder.api.openstack.wsgi [None req-175d98b4-06ae-4557-9961-e536c0de4f23 tempest-VolumesTransfersTest-1891487438 tempest-VolumesTransfersTest-1891487438-project] http://10.222.0.95/volume/v3/21ff8a732181495b909da486ced41ab2/volumes/4d94657c-8738-446e-9be3-3ff297016b1a returned with HTTP 200
Jun 30 19:02:22.060850 dv-cinder-798879-1-smb devstack@c-api.service[85551]: [pid: 85551|app: 0|req: 196/371] 10.222.0.95 () {58 vars in 1325 bytes} [Wed Jun 30 19:02:21 2021] GET /volume/v3/21ff8a732181495b909da486ced41ab2/volumes/4d94657c-8738-446e-9be3-3ff297016b1a => generated 913 bytes in 146 msecs (HTTP/1.1 200) 7 headers in 285 bytes (1 switches on core 0)
Jun 30 19:02:22.061112 dv-cinder-798879-1-smb devstack@c-api.service[85552]: INFO cinder.api.openstack.wsgi [None req-94b2d2ab-90b1-451a-9899-c75501672dc2 tempest-VolumeTypesTest-105517334 tempest-VolumeTypesTest-105517334-project-admin] http://10.222.0.95/volume/v3/df74087ab4704ca9a957969b381541c9/types/7aad878a-8c40-4da5-bfb6-20481d8791b5/encryption/cipher returned with HTTP 200
Jun 30 19:02:22.061112 dv-cinder-798879-1-smb devstack@c-api.service[85552]: [pid: 85552|app: 0|req: 176/372] 10.222.0.95 () {58 vars in 1373 bytes} [Wed Jun 30 19:02:21 2021] GET /volume/v3/df74087ab4704ca9a957969b381541c9/types/7aad878a-8c40-4da5-bfb6-20481d8791b5/encryption/cipher => generated 29 bytes in 60 msecs (HTTP/1.1 200) 7 headers in 284 bytes (1 switches on core 0)
Jun 30 19:02:22.072795 dv-cinder-798879-1-smb devstack@c-api.service[85552]: INFO cinder.api.openstack.wsgi [None req-c87db766-788b-44a5-a59a-2cc505cd8728 tempest-VolumeTypesTest-105517334 tempest-VolumeTypesTest-105517334-project-admin] DELETE http://10.222.0.95/volume/v3/df74087ab4704ca9a957969b381541c9/types/7aad878a-8c40-4da5-bfb6-20481d8791b5/encryption/provider
Jun 30 19:02:22.076210 dv-cinder-798879-1-smb devstack@c-api.service[85552]: DEBUG cinder.api.openstack.wsgi [None req-c87db766-788b-44a5-a59a-2cc505cd8728 tempest-VolumeTypesTest-105517334 tempest-VolumeTypesTest-105517334-project-admin] Empty body provided in request {{(pid=85552) get_body /opt/stack/cinder/cinder/api/openstack/wsgi.py:713}}
Jun 30 19:02:22.076763 dv-cinder-798879-1-smb devstack@c-api.service[85552]: DEBUG cinder.api.openstack.wsgi [None req-c87db766-788b-44a5-a59a-2cc505cd8728 tempest-VolumeTypesTest-105517334 tempest-VolumeTypesTest-105517334-project-admin] Calling method 'delete' {{(pid=85552) _process_stack /opt/stack/cinder/cinder/api/openstack/wsgi.py:866}}
Jun 30 19:02:22.083990 dv-cinder-798879-1-smb devstack@c-api.service[85551]: INFO cinder.api.openstack.wsgi [None req-46021913-1fbd-4d34-8ef4-6f2cc9774002 tempest-VolumesTransfersTest-1891487438 tempest-VolumesTransfersTest-1891487438-project] DELETE http://10.222.0.95/volume/v3/21ff8a732181495b909da486ced41ab2/os-volume-transfer/fe168705-9c42-41c5-ab3e-09c2de08af5e
Jun 30 19:02:22.085056 dv-cinder-798879-1-smb devstack@c-api.service[85551]: DEBUG cinder.api.openstack.wsgi [None req-46021913-1fbd-4d34-8ef4-6f2cc9774002 tempest-VolumesTransfersTest-1891487438 tempest-VolumesTransfersTest-1891487438-project] Empty body provided in request {{(pid=85551) get_body /opt/stack/cinder/cinder/api/openstack/wsgi.py:713}}
Jun 30 19:02:22.085233 dv-cinder-798879-1-smb devstack@c-api.service[85551]: /usr/local/lib/python3.8/dist-packages/webob/acceptparse.py:1047: DeprecationWarning: The behavior of AcceptValidHeader.best_match is currently being maintained for backward compatibility, but it will be deprecated in the future, as it does not conform to the RFC.
Jun 30 19:02:22.085233 dv-cinder-798879-1-smb devstack@c-api.service[85551]: warnings.warn(
Jun 30 19:02:22.085584 dv-cinder-798879-1-smb devstack@c-api.service[85551]: DEBUG cinder.api.openstack.wsgi [None req-46021913-1fbd-4d34-8ef4-6f2cc9774002 tempest-VolumesTransfersTest-1891487438 tempest-VolumesTransfersTest-1891487438-project] Calling method 'delete' {{(pid=85551) _process_stack /opt/stack/cinder/cinder/api/openstack/wsgi.py:866}}
Jun 30 19:02:22.085963 dv-cinder-798879-1-smb devstack@c-api.service[85551]: INFO cinder.api.contrib.volume_transfer [None req-46021913-1fbd-4d34-8ef4-6f2cc9774002 tempest-VolumesTransfersTest-1891487438 tempest-VolumesTransfersTest-1891487438-project] Delete transfer with id: fe168705-9c42-41c5-ab3e-09c2de08af5e
Jun 30 19:02:22.097211 dv-cinder-798879-1-smb devstack@c-api.service[85551]: INFO cinder.api.openstack.wsgi [None req-46021913-1fbd-4d34-8ef4-6f2cc9774002 tempest-VolumesTransfersTest-1891487438 tempest-VolumesTransfersTest-1891487438-project] http://10.222.0.95/volume/v3/21ff8a732181495b909da486ced41ab2/os-volume-transfer/fe168705-9c42-41c5-ab3e-09c2de08af5e returned with HTTP 404
Jun 30 19:02:22.102002 dv-cinder-798879-1-smb devstack@c-api.service[85551]: [pid: 85551|app: 0|req: 197/373] 10.222.0.95 () {58 vars in 1361 bytes} [Wed Jun 30 19:02:22 2021] DELETE /volume/v3/21ff8a732181495b909da486ced41ab2/os-volume-transfer/fe168705-9c42-41c5-ab3e-09c2de08af5e => generated 111 bytes in 36 msecs (HTTP/1.1 404) 7 headers in 292 bytes (1 switches on core 0)
Jun 30 19:02:22.107320 dv-cinder-798879-1-smb devstack@c-api.service[85551]: INFO cinder.api.openstack.wsgi [None req-41cdd53d-e2dd-4ab7-9c1e-a6a6cb39a25d tempest-VolumesTransfersTest-1194080265 tempest-VolumesTransfersTest-1194080265-project-admin] DELETE http://10.222.0.95/volume/v3/f69b9b016a6343e0b9350c543901c35b/volumes/4d94657c-8738-446e-9be3-3ff297016b1a
Jun 30 19:02:22.107839 dv-cinder-798879-1-smb devstack@c-api.service[85551]: DEBUG cinder.api.openstack.wsgi [None req-41cdd53d-e2dd-4ab7-9c1e-a6a6cb39a25d tempest-VolumesTransfersTest-1194080265 tempest-VolumesTransfersTest-1194080265-project-admin] Empty body provided in request {{(pid=85551) get_body /opt/stack/cinder/cinder/api/openstack/wsgi.py:713}}
Jun 30 19:02:22.108269 dv-cinder-798879-1-smb devstack@c-api.service[85551]: DEBUG cinder.api.openstack.wsgi [None req-41cdd53d-e2dd-4ab7-9c1e-a6a6cb39a25d tempest-VolumesTransfersTest-1194080265 tempest-VolumesTransfersTest-1194080265-project-admin] Calling method 'delete' {{(pid=85551) _process_stack /opt/stack/cinder/cinder/api/openstack/wsgi.py:866}}
Jun 30 19:02:22.108679 dv-cinder-798879-1-smb devstack@c-api.service[85551]: INFO cinder.api.v3.volumes [None req-41cdd53d-e2dd-4ab7-9c1e-a6a6cb39a25d tempest-VolumesTransfersTest-1194080265 tempest-VolumesTransfersTest-1194080265-project-admin] Delete volume with id: 4d94657c-8738-446e-9be3-3ff297016b1a
Jun 30 19:02:22.163121 dv-cinder-798879-1-smb devstack@c-api.service[85552]: INFO cinder.api.openstack.wsgi [None req-c87db766-788b-44a5-a59a-2cc505cd8728 tempest-VolumeTypesTest-105517334 tempest-VolumeTypesTest-105517334-project-admin] http://10.222.0.95/volume/v3/df74087ab4704ca9a957969b381541c9/types/7aad878a-8c40-4da5-bfb6-20481d8791b5/encryption/provider returned with HTTP 202
Jun 30 19:02:22.164386 dv-cinder-798879-1-smb devstack@c-api.service[85552]: [pid: 85552|app: 0|req: 177/374] 10.222.0.95 () {58 vars in 1382 bytes} [Wed Jun 30 19:02:22 2021] DELETE /volume/v3/df74087ab4704ca9a957969b381541c9/types/7aad878a-8c40-4da5-bfb6-20481d8791b5/encryption/provider => generated 0 bytes in 102 msecs (HTTP/1.1 202) 6 headers in 233 bytes (1 switches on core 0)
Jun 30 19:02:22.173139 dv-cinder-798879-1-smb devstack@c-api.service[85552]: INFO cinder.api.openstack.wsgi [None req-68946b14-7233-43ec-bb58-0a3f4e20c04e tempest-VolumeTypesTest-105517334 tempest-VolumeTypesTest-105517334-project-admin] GET http://10.222.0.95/volume/v3/df74087ab4704ca9a957969b381541c9/types/7aad878a-8c40-4da5-bfb6-20481d8791b5/encryption
Jun 30 19:02:22.173510 dv-cinder-798879-1-smb devstack@c-api.service[85552]: DEBUG cinder.api.openstack.wsgi [None req-68946b14-7233-43ec-bb58-0a3f4e20c04e tempest-VolumeTypesTest-105517334 tempest-VolumeTypesTest-105517334-project-admin] Empty body provided in request {{(pid=85552) get_body /opt/stack/cinder/cinder/api/openstack/wsgi.py:713}}
Jun 30 19:02:22.173942 dv-cinder-798879-1-smb devstack@c-api.service[85552]: DEBUG cinder.api.openstack.wsgi [None req-68946b14-7233-43ec-bb58-0a3f4e20c04e tempest-VolumeTypesTest-105517334 tempest-VolumeTypesTest-105517334-project-admin] Calling method 'index' {{(pid=85552) _process_stack /opt/stack/cinder/cinder/api/openstack/wsgi.py:866}}
Jun 30 19:02:22.206275 dv-cinder-798879-1-smb devstack@c-api.service[85552]: INFO cinder.api.openstack.wsgi [None req-68946b14-7233-43ec-bb58-0a3f4e20c04e tempest-VolumeTypesTest-105517334 tempest-VolumeTypesTest-105517334-project-admin] http://10.222.0.95/volume/v3/df74087ab4704ca9a957969b381541c9/types/7aad878a-8c40-4da5-bfb6-20481d8791b5/encryption returned with HTTP 200
Jun 30 19:02:22.207531 dv-cinder-798879-1-smb devstack@c-api.service[85552]: [pid: 85552|app: 0|req: 178/375] 10.222.0.95 () {58 vars in 1352 bytes} [Wed Jun 30 19:02:22 2021] GET /volume/v3/df74087ab4704ca9a957969b381541c9/types/7aad878a-8c40-4da5-bfb6-20481d8791b5/encryption => generated 2 bytes in 39 msecs (HTTP/1.1 200) 7 headers in 283 bytes (2 switches on core 0)
Jun 30 19:02:22.219434 dv-cinder-798879-1-smb devstack@c-api.service[85552]: INFO cinder.api.openstack.wsgi [None req-507b199f-ca4e-44cf-9360-e4385641c25c tempest-VolumeTypesTest-105517334 tempest-VolumeTypesTest-105517334-project-admin] GET http://10.222.0.95/volume/v3/df74087ab4704ca9a957969b381541c9/types/7aad878a-8c40-4da5-bfb6-20481d8791b5/encryption
Jun 30 19:02:22.219911 dv-cinder-798879-1-smb devstack@c-api.service[85552]: DEBUG cinder.api.openstack.wsgi [None req-507b199f-ca4e-44cf-9360-e4385641c25c tempest-VolumeTypesTest-105517334 tempest-VolumeTypesTest-105517334-project-admin] Empty body provided in request {{(pid=85552) get_body /opt/stack/cinder/cinder/api/openstack/wsgi.py:713}}
Jun 30 19:02:22.220344 dv-cinder-798879-1-smb devstack@c-api.service[85552]: DEBUG cinder.api.openstack.wsgi [None req-507b199f-ca4e-44cf-9360-e4385641c25c tempest-VolumeTypesTest-105517334 tempest-VolumeTypesTest-105517334-project-admin] Calling method 'index' {{(pid=85552) _process_stack /opt/stack/cinder/cinder/api/openstack/wsgi.py:866}}
Jun 30 19:02:22.229966 dv-cinder-798879-1-smb devstack@c-api.service[85551]: /usr/local/lib/python3.8/dist-packages/oslo_context/context.py:105: DeprecationWarning: Policy enforcement is depending on the value of is_admin. This key is deprecated. Please update your policy file to use the standard policy values.
Jun 30 19:02:22.229966 dv-cinder-798879-1-smb devstack@c-api.service[85551]: warnings.warn('Policy enforcement is depending on the value of '
Jun 30 19:02:22.235220 dv-cinder-798879-1-smb devstack@c-api.service[85551]: INFO cinder.volume.api [None req-41cdd53d-e2dd-4ab7-9c1e-a6a6cb39a25d tempest-VolumesTransfersTest-1194080265 tempest-VolumesTransfersTest-1194080265-project-admin] Volume info retrieved successfully.
Jun 30 19:02:22.242099 dv-cinder-798879-1-smb devstack@c-api.service[85552]: INFO cinder.api.openstack.wsgi [None req-507b199f-ca4e-44cf-9360-e4385641c25c tempest-VolumeTypesTest-105517334 tempest-VolumeTypesTest-105517334-project-admin] http://10.222.0.95/volume/v3/df74087ab4704ca9a957969b381541c9/types/7aad878a-8c40-4da5-bfb6-20481d8791b5/encryption returned with HTTP 200
Jun 30 19:02:22.250434 dv-cinder-798879-1-smb devstack@c-api.service[85552]: [pid: 85552|app: 0|req: 179/376] 10.222.0.95 () {58 vars in 1352 bytes} [Wed Jun 30 19:02:22 2021] GET /volume/v3/df74087ab4704ca9a957969b381541c9/types/7aad878a-8c40-4da5-bfb6-20481d8791b5/encryption => generated 2 bytes in 37 msecs (HTTP/1.1 200) 7 headers in 283 bytes (1 switches on core 0)
Jun 30 19:02:22.254678 dv-cinder-798879-1-smb devstack@c-api.service[85552]: INFO cinder.api.openstack.wsgi [None req-b154ddaa-423c-4bf3-8d6a-e09e4d4d5b87 tempest-VolumeTypesTest-105517334 tempest-VolumeTypesTest-105517334-project-admin] GET http://10.222.0.95/volume/v3/df74087ab4704ca9a957969b381541c9/types
Jun 30 19:02:22.255174 dv-cinder-798879-1-smb devstack@c-api.service[85552]: DEBUG cinder.api.openstack.wsgi [None req-b154ddaa-423c-4bf3-8d6a-e09e4d4d5b87 tempest-VolumeTypesTest-105517334 tempest-VolumeTypesTest-105517334-project-admin] Empty body provided in request {{(pid=85552) get_body /opt/stack/cinder/cinder/api/openstack/wsgi.py:713}}
Jun 30 19:02:22.255700 dv-cinder-798879-1-smb devstack@c-api.service[85552]: DEBUG cinder.api.openstack.wsgi [None req-b154ddaa-423c-4bf3-8d6a-e09e4d4d5b87 tempest-VolumeTypesTest-105517334 tempest-VolumeTypesTest-105517334-project-admin] Calling method 'index' {{(pid=85552) _process_stack /opt/stack/cinder/cinder/api/openstack/wsgi.py:866}}
Jun 30 19:02:22.291259 dv-cinder-798879-1-smb devstack@c-api.service[85552]: INFO cinder.api.openstack.wsgi [None req-b154ddaa-423c-4bf3-8d6a-e09e4d4d5b87 tempest-VolumeTypesTest-105517334 tempest-VolumeTypesTest-105517334-project-admin] http://10.222.0.95/volume/v3/df74087ab4704ca9a957969b381541c9/types returned with HTTP 200
Jun 30 19:02:22.292647 dv-cinder-798879-1-smb devstack@c-api.service[85552]: [pid: 85552|app: 0|req: 180/377] 10.222.0.95 () {58 vars in 1208 bytes} [Wed Jun 30 19:02:22 2021] GET /volume/v3/df74087ab4704ca9a957969b381541c9/types => generated 1579 bytes in 42 msecs (HTTP/1.1 200) 7 headers in 286 bytes (1 switches on core 0)
Jun 30 19:02:22.300969 dv-cinder-798879-1-smb devstack@c-api.service[85551]: INFO cinder.volume.api [None req-41cdd53d-e2dd-4ab7-9c1e-a6a6cb39a25d tempest-VolumesTransfersTest-1194080265 tempest-VolumesTransfersTest-1194080265-project-admin] Delete volume request issued successfully.
Jun 30 19:02:22.301348 dv-cinder-798879-1-smb devstack@c-api.service[85551]: INFO cinder.api.openstack.wsgi [None req-41cdd53d-e2dd-4ab7-9c1e-a6a6cb39a25d tempest-VolumesTransfersTest-1194080265 tempest-VolumesTransfersTest-1194080265-project-admin] http://10.222.0.95/volume/v3/f69b9b016a6343e0b9350c543901c35b/volumes/4d94657c-8738-446e-9be3-3ff297016b1a returned with HTTP 202
Jun 30 19:02:22.302497 dv-cinder-798879-1-smb devstack@c-api.service[85551]: [pid: 85551|app: 0|req: 198/378] 10.222.0.95 () {58 vars in 1328 bytes} [Wed Jun 30 19:02:22 2021] DELETE /volume/v3/f69b9b016a6343e0b9350c543901c35b/volumes/4d94657c-8738-446e-9be3-3ff297016b1a => generated 0 bytes in 200 msecs (HTTP/1.1 202) 6 headers in 233 bytes (1 switches on core 0)
Jun 30 19:02:22.308142 dv-cinder-798879-1-smb devstack@c-api.service[85552]: INFO cinder.api.openstack.wsgi [None req-48f008bd-ab8d-4654-8466-8fb00d6d05ce tempest-VolumeTypesTest-105517334 tempest-VolumeTypesTest-105517334-project-admin] POST http://10.222.0.95/volume/v3/df74087ab4704ca9a957969b381541c9/types
Jun 30 19:02:22.309314 dv-cinder-798879-1-smb devstack@c-api.service[85552]: DEBUG cinder.api.openstack.wsgi [None req-48f008bd-ab8d-4654-8466-8fb00d6d05ce tempest-VolumeTypesTest-105517334 tempest-VolumeTypesTest-105517334-project-admin] Action: 'create', calling method: _create, body: {"volume_type": {"name": "tempest-VolumeTypesTest-volume-type-820458221"}} {{(pid=85552) _process_stack /opt/stack/cinder/cinder/api/openstack/wsgi.py:864}}
Jun 30 19:02:22.311031 dv-cinder-798879-1-smb devstack@c-api.service[85551]: INFO cinder.api.openstack.wsgi [None req-e2123053-0ed3-45c9-aba9-586b0c9edab0 tempest-VolumesTransfersTest-1194080265 tempest-VolumesTransfersTest-1194080265-project-admin] GET http://10.222.0.95/volume/v3/f69b9b016a6343e0b9350c543901c35b/volumes/4d94657c-8738-446e-9be3-3ff297016b1a
Jun 30 19:02:22.311738 dv-cinder-798879-1-smb devstack@c-api.service[85551]: DEBUG cinder.api.openstack.wsgi [None req-e2123053-0ed3-45c9-aba9-586b0c9edab0 tempest-VolumesTransfersTest-1194080265 tempest-VolumesTransfersTest-1194080265-project-admin] Empty body provided in request {{(pid=85551) get_body /opt/stack/cinder/cinder/api/openstack/wsgi.py:713}}
Jun 30 19:02:22.311932 dv-cinder-798879-1-smb devstack@c-api.service[85551]: /usr/local/lib/python3.8/dist-packages/webob/acceptparse.py:1047: DeprecationWarning: The behavior of AcceptValidHeader.best_match is currently being maintained for backward compatibility, but it will be deprecated in the future, as it does not conform to the RFC.
Jun 30 19:02:22.311932 dv-cinder-798879-1-smb devstack@c-api.service[85551]: warnings.warn(
Jun 30 19:02:22.312220 dv-cinder-798879-1-smb devstack@c-api.service[85551]: DEBUG cinder.api.openstack.wsgi [None req-e2123053-0ed3-45c9-aba9-586b0c9edab0 tempest-VolumesTransfersTest-1194080265 tempest-VolumesTransfersTest-1194080265-project-admin] Calling method 'show' {{(pid=85551) _process_stack /opt/stack/cinder/cinder/api/openstack/wsgi.py:866}}
