Feb 09 04:40:33.450554 dv-cinder-798783-3-iscsi devstack@c-api.service[115819]: [pid: 115819|app: 0|req: 137/287] 10.222.0.36 () {60 vars in 1362 bytes} [Wed Feb 9 04:40:33 2022] GET /volume/v3/77c37e9cf5e3494f8cba1437f22a7a72/groups/243e8dc5-7721-4875-850d-8810b6b5aaf2 => generated 393 bytes in 60 msecs (HTTP/1.1 200) 7 headers in 286 bytes (1 switches on core 0)
Feb 09 04:40:33.458094 dv-cinder-798783-3-iscsi devstack@c-api.service[115820]: INFO cinder.api.openstack.wsgi [None req-71081161-66e1-429f-953a-5ef224936d66 tempest-GroupsTest-1284108935 tempest-GroupsTest-1284108935-project] http://10.222.0.36/volume/v3/5b5bbf7218fd4a73a5dc6d1ab682c07f/volumes/05116b81-17c8-4d9b-b03e-2864661ac0b7 returned with HTTP 404
Feb 09 04:40:33.459035 dv-cinder-798783-3-iscsi devstack@c-api.service[115820]: [pid: 115820|app: 0|req: 151/288] 10.222.0.36 () {60 vars in 1365 bytes} [Wed Feb 9 04:40:33 2022] GET /volume/v3/5b5bbf7218fd4a73a5dc6d1ab682c07f/volumes/05116b81-17c8-4d9b-b03e-2864661ac0b7 => generated 109 bytes in 30 msecs (HTTP/1.1 404) 7 headers in 293 bytes (1 switches on core 0)
Feb 09 04:40:33.466353 dv-cinder-798783-3-iscsi devstack@c-api.service[115820]: INFO cinder.api.openstack.wsgi [None req-6af407f3-7a71-4940-b4c2-f7dccc68dc49 tempest-GroupsTest-1284108935 tempest-GroupsTest-1284108935-project] GET http://10.222.0.36/volume/v3/5b5bbf7218fd4a73a5dc6d1ab682c07f/volumes/c29de6f8-907e-478f-9550-269f532394ab
Feb 09 04:40:33.467314 dv-cinder-798783-3-iscsi devstack@c-api.service[115820]: DEBUG cinder.api.openstack.wsgi [None req-6af407f3-7a71-4940-b4c2-f7dccc68dc49 tempest-GroupsTest-1284108935 tempest-GroupsTest-1284108935-project] Empty body provided in request {{(pid=115820) get_body /opt/stack/cinder/cinder/api/openstack/wsgi.py:715}}
Feb 09 04:40:33.468272 dv-cinder-798783-3-iscsi devstack@c-api.service[115820]: DEBUG cinder.api.openstack.wsgi [None req-6af407f3-7a71-4940-b4c2-f7dccc68dc49 tempest-GroupsTest-1284108935 tempest-GroupsTest-1284108935-project] Calling method 'show' {{(pid=115820) _process_stack /opt/stack/cinder/cinder/api/openstack/wsgi.py:868}}
Feb 09 04:40:33.468990 dv-cinder-798783-3-iscsi devstack@c-api.service[115819]: INFO cinder.api.openstack.wsgi [None req-80c6c78c-e433-49e9-a188-6d544c34c393 tempest-GroupSnapshotsTest-2062995202 tempest-GroupSnapshotsTest-2062995202-project] POST http://10.222.0.36/volume/v3/77c37e9cf5e3494f8cba1437f22a7a72/volumes
Feb 09 04:40:33.471437 dv-cinder-798783-3-iscsi devstack@c-api.service[115819]: DEBUG cinder.api.openstack.wsgi [None req-80c6c78c-e433-49e9-a188-6d544c34c393 tempest-GroupSnapshotsTest-2062995202 tempest-GroupSnapshotsTest-2062995202-project] Action: 'create', calling method: create, body: {"volume": {"volume_type": "2c1e0de0-bf68-4c04-8cef-8dd827cb91bf", "group_id": "243e8dc5-7721-4875-850d-8810b6b5aaf2", "size": 1, "name": "tempest-GroupSnapshotsTest-Volume-1684314045"}} {{(pid=115819) _process_stack /opt/stack/cinder/cinder/api/openstack/wsgi.py:866}}
Feb 09 04:40:33.473771 dv-cinder-798783-3-iscsi devstack@c-api.service[115819]: DEBUG cinder.api.v3.volumes [None req-80c6c78c-e433-49e9-a188-6d544c34c393 tempest-GroupSnapshotsTest-2062995202 tempest-GroupSnapshotsTest-2062995202-project] Create volume request body: {'volume': {'volume_type': '2c1e0de0-bf68-4c04-8cef-8dd827cb91bf', 'group_id': '243e8dc5-7721-4875-850d-8810b6b5aaf2', 'size': 1, 'name': 'tempest-GroupSnapshotsTest-Volume-1684314045'}} {{(pid=115819) create /opt/stack/cinder/cinder/api/v3/volumes.py:298}}
Feb 09 04:40:33.490168 dv-cinder-798783-3-iscsi devstack@c-api.service[115820]: INFO cinder.api.openstack.wsgi [None req-6af407f3-7a71-4940-b4c2-f7dccc68dc49 tempest-GroupsTest-1284108935 tempest-GroupsTest-1284108935-project] http://10.222.0.36/volume/v3/5b5bbf7218fd4a73a5dc6d1ab682c07f/volumes/c29de6f8-907e-478f-9550-269f532394ab returned with HTTP 404
Feb 09 04:40:33.499930 dv-cinder-798783-3-iscsi devstack@c-api.service[115819]: /usr/local/lib/python3.8/dist-packages/oslo_context/context.py:105: DeprecationWarning: Policy enforcement is depending on the value of is_admin. This key is deprecated. Please update your policy file to use the standard policy values.
Feb 09 04:40:33.499930 dv-cinder-798783-3-iscsi devstack@c-api.service[115819]: warnings.warn('Policy enforcement is depending on the value of '
Feb 09 04:40:33.501690 dv-cinder-798783-3-iscsi devstack@c-api.service[115819]: INFO cinder.api.v3.volumes [None req-80c6c78c-e433-49e9-a188-6d544c34c393 tempest-GroupSnapshotsTest-2062995202 tempest-GroupSnapshotsTest-2062995202-project] Create volume of 1 GB
Feb 09 04:40:33.507758 dv-cinder-798783-3-iscsi devstack@c-api.service[115820]: [pid: 115820|app: 0|req: 152/289] 10.222.0.36 () {60 vars in 1365 bytes} [Wed Feb 9 04:40:33 2022] GET /volume/v3/5b5bbf7218fd4a73a5dc6d1ab682c07f/volumes/c29de6f8-907e-478f-9550-269f532394ab => generated 109 bytes in 45 msecs (HTTP/1.1 404) 7 headers in 293 bytes (2 switches on core 0)
Feb 09 04:40:33.518107 dv-cinder-798783-3-iscsi devstack@c-api.service[115820]: INFO cinder.api.openstack.wsgi [None req-2f13cb97-f997-4fbe-95b2-89ee9928965d tempest-GroupsTest-1284108935 tempest-GroupsTest-1284108935-project] GET http://10.222.0.36/volume/v3/5b5bbf7218fd4a73a5dc6d1ab682c07f/groups/b5bf8bd3-5760-4396-b1b7-074c33438c9a
Feb 09 04:40:33.518910 dv-cinder-798783-3-iscsi devstack@c-api.service[115820]: DEBUG cinder.api.openstack.wsgi [None req-2f13cb97-f997-4fbe-95b2-89ee9928965d tempest-GroupsTest-1284108935 tempest-GroupsTest-1284108935-project] Empty body provided in request {{(pid=115820) get_body /opt/stack/cinder/cinder/api/openstack/wsgi.py:715}}
Feb 09 04:40:33.521498 dv-cinder-798783-3-iscsi devstack@c-api.service[115820]: DEBUG cinder.api.openstack.wsgi [None req-2f13cb97-f997-4fbe-95b2-89ee9928965d tempest-GroupsTest-1284108935 tempest-GroupsTest-1284108935-project] Calling method 'version_select' {{(pid=115820) _process_stack /opt/stack/cinder/cinder/api/openstack/wsgi.py:868}}
Feb 09 04:40:33.522560 dv-cinder-798783-3-iscsi devstack@c-api.service[115820]: DEBUG cinder.api.v3.groups [None req-2f13cb97-f997-4fbe-95b2-89ee9928965d tempest-GroupsTest-1284108935 tempest-GroupsTest-1284108935-project] show called for member b5bf8bd3-5760-4396-b1b7-074c33438c9a {{(pid=115820) show /opt/stack/cinder/cinder/api/v3/groups.py:58}}
Feb 09 04:40:33.524388 dv-cinder-798783-3-iscsi devstack@c-api.service[115819]: INFO cinder.volume.api [None req-80c6c78c-e433-49e9-a188-6d544c34c393 tempest-GroupSnapshotsTest-2062995202 tempest-GroupSnapshotsTest-2062995202-project] Availability Zones retrieved successfully.
Feb 09 04:40:33.540526 dv-cinder-798783-3-iscsi devstack@c-api.service[115820]: INFO cinder.api.openstack.wsgi [None req-2f13cb97-f997-4fbe-95b2-89ee9928965d tempest-GroupsTest-1284108935 tempest-GroupsTest-1284108935-project] http://10.222.0.36/volume/v3/5b5bbf7218fd4a73a5dc6d1ab682c07f/groups/b5bf8bd3-5760-4396-b1b7-074c33438c9a returned with HTTP 404
Feb 09 04:40:33.545043 dv-cinder-798783-3-iscsi devstack@c-api.service[115820]: [pid: 115820|app: 0|req: 153/290] 10.222.0.36 () {60 vars in 1362 bytes} [Wed Feb 9 04:40:33 2022] GET /volume/v3/5b5bbf7218fd4a73a5dc6d1ab682c07f/groups/b5bf8bd3-5760-4396-b1b7-074c33438c9a => generated 108 bytes in 37 msecs (HTTP/1.1 404) 7 headers in 293 bytes (1 switches on core 0)
Feb 09 04:40:33.551539 dv-cinder-798783-3-iscsi devstack@c-api.service[115820]: INFO cinder.api.openstack.wsgi [None req-9f12042e-fb05-4154-a354-dd5616d114c8 tempest-GroupsTest-895708340 tempest-GroupsTest-895708340-project-admin] DELETE http://10.222.0.36/volume/v3/88ae2abddf53489fa6660ecc0b8c9101/group_types/f7dbd252-21d4-4753-b964-598d091fc2a3
Feb 09 04:40:33.555844 dv-cinder-798783-3-iscsi devstack@c-api.service[115820]: DEBUG cinder.api.openstack.wsgi [None req-9f12042e-fb05-4154-a354-dd5616d114c8 tempest-GroupsTest-895708340 tempest-GroupsTest-895708340-project-admin] Empty body provided in request {{(pid=115820) get_body /opt/stack/cinder/cinder/api/openstack/wsgi.py:715}}
Feb 09 04:40:33.556533 dv-cinder-798783-3-iscsi devstack@c-api.service[115820]: DEBUG cinder.api.openstack.wsgi [None req-9f12042e-fb05-4154-a354-dd5616d114c8 tempest-GroupsTest-895708340 tempest-GroupsTest-895708340-project-admin] Calling method 'version_select' {{(pid=115820) _process_stack /opt/stack/cinder/cinder/api/openstack/wsgi.py:868}}
Feb 09 04:40:33.558636 dv-cinder-798783-3-iscsi devstack@c-api.service[115819]: DEBUG cinder.volume.api [None req-80c6c78c-e433-49e9-a188-6d544c34c393 tempest-GroupSnapshotsTest-2062995202 tempest-GroupSnapshotsTest-2062995202-project] Flow 'volume_create_api' (90975288-8578-48a8-95bd-14313624dda8) transitioned into state 'RUNNING' from state 'PENDING' {{(pid=115819) _flow_receiver /usr/local/lib/python3.8/dist-packages/taskflow/listeners/logging.py:141}}
Feb 09 04:40:33.561701 dv-cinder-798783-3-iscsi devstack@c-api.service[115819]: DEBUG cinder.volume.api [None req-80c6c78c-e433-49e9-a188-6d544c34c393 tempest-GroupSnapshotsTest-2062995202 tempest-GroupSnapshotsTest-2062995202-project] Task 'cinder.volume.flows.api.create_volume.ExtractVolumeRequestTask;volume:create' (ffaa38c5-c5dd-40c8-a6b1-afd958f41b3a) transitioned into state 'RUNNING' from state 'PENDING' {{(pid=115819) _task_receiver /usr/local/lib/python3.8/dist-packages/taskflow/listeners/logging.py:190}}
Feb 09 04:40:33.564672 dv-cinder-798783-3-iscsi devstack@c-api.service[115819]: /usr/local/lib/python3.8/dist-packages/oslo_context/context.py:105: DeprecationWarning: Policy enforcement is depending on the value of is_admin. This key is deprecated. Please update your policy file to use the standard policy values.
Feb 09 04:40:33.564672 dv-cinder-798783-3-iscsi devstack@c-api.service[115819]: warnings.warn('Policy enforcement is depending on the value of '
Feb 09 04:40:33.566918 dv-cinder-798783-3-iscsi devstack@c-api.service[115819]: DEBUG cinder.volume.flows.api.create_volume [None req-80c6c78c-e433-49e9-a188-6d544c34c393 tempest-GroupSnapshotsTest-2062995202 tempest-GroupSnapshotsTest-2062995202-project] Validating volume size '1' using validate_int {{(pid=115819) _extract_size /opt/stack/cinder/cinder/volume/flows/api/create_volume.py:225}}
Feb 09 04:40:33.610252 dv-cinder-798783-3-iscsi devstack@c-api.service[115819]: DEBUG cinder.volume.api [None req-80c6c78c-e433-49e9-a188-6d544c34c393 tempest-GroupSnapshotsTest-2062995202 tempest-GroupSnapshotsTest-2062995202-project] Task 'cinder.volume.flows.api.create_volume.ExtractVolumeRequestTask;volume:create' (ffaa38c5-c5dd-40c8-a6b1-afd958f41b3a) transitioned into state 'SUCCESS' from state 'RUNNING' with result '{'size': 1, 'snapshot_id': None, 'source_volid': None, 'volume_type': VolumeType(created_at=2022-02-09T04:40:32Z,deleted=False,deleted_at=None,description=None,extra_specs={},id=2c1e0de0-bf68-4c04-8cef-8dd827cb91bf,is_public=True,name='tempest-GroupSnapshotsTest-volume-type-1461463186',projects=[],qos_specs=,qos_specs_id=None,updated_at=None), 'volume_type_id': '2c1e0de0-bf68-4c04-8cef-8dd827cb91bf', 'encryption_key_id': None, 'qos_specs': None, 'consistencygroup_id': None, 'cgsnapshot_id': None, 'group_id': '243e8dc5-7721-4875-850d-8810b6b5aaf2', 'replication_status': 'disabled', 'refresh_az': False, 'backup_id': None, 'multiattach': False, 'availability_zones': ['nova']}' {{(pid=115819) _task_receiver /usr/local/lib/python3.8/dist-packages/taskflow/listeners/logging.py:178}}
Feb 09 04:40:33.612841 dv-cinder-798783-3-iscsi devstack@c-api.service[115819]: DEBUG cinder.volume.api [None req-80c6c78c-e433-49e9-a188-6d544c34c393 tempest-GroupSnapshotsTest-2062995202 tempest-GroupSnapshotsTest-2062995202-project] Task 'cinder.volume.flows.api.create_volume.QuotaReserveTask;volume:create' (70fc132c-05a7-482e-82eb-48af246addc7) transitioned into state 'RUNNING' from state 'PENDING' {{(pid=115819) _task_receiver /usr/local/lib/python3.8/dist-packages/taskflow/listeners/logging.py:190}}
Feb 09 04:40:33.619949 dv-cinder-798783-3-iscsi devstack@c-api.service[115820]: INFO cinder.api.openstack.wsgi [None req-9f12042e-fb05-4154-a354-dd5616d114c8 tempest-GroupsTest-895708340 tempest-GroupsTest-895708340-project-admin] http://10.222.0.36/volume/v3/88ae2abddf53489fa6660ecc0b8c9101/group_types/f7dbd252-21d4-4753-b964-598d091fc2a3 returned with HTTP 202
Feb 09 04:40:33.620996 dv-cinder-798783-3-iscsi devstack@c-api.service[115820]: [pid: 115820|app: 0|req: 154/291] 10.222.0.36 () {60 vars in 1380 bytes} [Wed Feb 9 04:40:33 2022] DELETE /volume/v3/88ae2abddf53489fa6660ecc0b8c9101/group_types/f7dbd252-21d4-4753-b964-598d091fc2a3 => generated 0 bytes in 74 msecs (HTTP/1.1 202) 6 headers in 234 bytes (1 switches on core 0)
Feb 09 04:40:33.631818 dv-cinder-798783-3-iscsi devstack@c-api.service[115820]: INFO cinder.api.openstack.wsgi [None req-14d8ac49-f303-4444-a869-e11cfe27e4ff tempest-GroupsTest-1284108935 tempest-GroupsTest-1284108935-project] DELETE http://10.222.0.36/volume/v3/5b5bbf7218fd4a73a5dc6d1ab682c07f/volumes/05116b81-17c8-4d9b-b03e-2864661ac0b7
Feb 09 04:40:33.632045 dv-cinder-798783-3-iscsi devstack@c-api.service[115820]: DEBUG cinder.api.openstack.wsgi [None req-14d8ac49-f303-4444-a869-e11cfe27e4ff tempest-GroupsTest-1284108935 tempest-GroupsTest-1284108935-project] Empty body provided in request {{(pid=115820) get_body /opt/stack/cinder/cinder/api/openstack/wsgi.py:715}}
Feb 09 04:40:33.632939 dv-cinder-798783-3-iscsi devstack@c-api.service[115820]: DEBUG cinder.api.openstack.wsgi [None req-14d8ac49-f303-4444-a869-e11cfe27e4ff tempest-GroupsTest-1284108935 tempest-GroupsTest-1284108935-project] Calling method 'delete' {{(pid=115820) _process_stack /opt/stack/cinder/cinder/api/openstack/wsgi.py:868}}
Feb 09 04:40:33.633400 dv-cinder-798783-3-iscsi devstack@c-api.service[115820]: INFO cinder.api.v3.volumes [None req-14d8ac49-f303-4444-a869-e11cfe27e4ff tempest-GroupsTest-1284108935 tempest-GroupsTest-1284108935-project] Delete volume with id: 05116b81-17c8-4d9b-b03e-2864661ac0b7
Feb 09 04:40:33.649616 dv-cinder-798783-3-iscsi devstack@c-api.service[115820]: INFO cinder.api.openstack.wsgi [None req-14d8ac49-f303-4444-a869-e11cfe27e4ff tempest-GroupsTest-1284108935 tempest-GroupsTest-1284108935-project] http://10.222.0.36/volume/v3/5b5bbf7218fd4a73a5dc6d1ab682c07f/volumes/05116b81-17c8-4d9b-b03e-2864661ac0b7 returned with HTTP 404
Feb 09 04:40:33.651813 dv-cinder-798783-3-iscsi devstack@c-api.service[115820]: [pid: 115820|app: 0|req: 155/292] 10.222.0.36 () {60 vars in 1368 bytes} [Wed Feb 9 04:40:33 2022] DELETE /volume/v3/5b5bbf7218fd4a73a5dc6d1ab682c07f/volumes/05116b81-17c8-4d9b-b03e-2864661ac0b7 => generated 109 bytes in 25 msecs (HTTP/1.1 404) 7 headers in 293 bytes (1 switches on core 0)
Feb 09 04:40:33.664492 dv-cinder-798783-3-iscsi devstack@c-api.service[115820]: INFO cinder.api.openstack.wsgi [None req-4c1333d2-8210-4980-92b2-e2a6a008dcf3 tempest-GroupsTest-1284108935 tempest-GroupsTest-1284108935-project] DELETE http://10.222.0.36/volume/v3/5b5bbf7218fd4a73a5dc6d1ab682c07f/volumes/c29de6f8-907e-478f-9550-269f532394ab
Feb 09 04:40:33.665180 dv-cinder-798783-3-iscsi devstack@c-api.service[115820]: DEBUG cinder.api.openstack.wsgi [None req-4c1333d2-8210-4980-92b2-e2a6a008dcf3 tempest-GroupsTest-1284108935 tempest-GroupsTest-1284108935-project] Empty body provided in request {{(pid=115820) get_body /opt/stack/cinder/cinder/api/openstack/wsgi.py:715}}
Feb 09 04:40:33.665704 dv-cinder-798783-3-iscsi devstack@c-api.service[115820]: DEBUG cinder.api.openstack.wsgi [None req-4c1333d2-8210-4980-92b2-e2a6a008dcf3 tempest-GroupsTest-1284108935 tempest-GroupsTest-1284108935-project] Calling method 'delete' {{(pid=115820) _process_stack /opt/stack/cinder/cinder/api/openstack/wsgi.py:868}}
Feb 09 04:40:33.666115 dv-cinder-798783-3-iscsi devstack@c-api.service[115820]: INFO cinder.api.v3.volumes [None req-4c1333d2-8210-4980-92b2-e2a6a008dcf3 tempest-GroupsTest-1284108935 tempest-GroupsTest-1284108935-project] Delete volume with id: c29de6f8-907e-478f-9550-269f532394ab
Feb 09 04:40:33.680292 dv-cinder-798783-3-iscsi devstack@c-api.service[115820]: INFO cinder.api.openstack.wsgi [None req-4c1333d2-8210-4980-92b2-e2a6a008dcf3 tempest-GroupsTest-1284108935 tempest-GroupsTest-1284108935-project] http://10.222.0.36/volume/v3/5b5bbf7218fd4a73a5dc6d1ab682c07f/volumes/c29de6f8-907e-478f-9550-269f532394ab returned with HTTP 404
Feb 09 04:40:33.684452 dv-cinder-798783-3-iscsi devstack@c-api.service[115819]: WARNING cinder.quota [None req-80c6c78c-e433-49e9-a188-6d544c34c393 tempest-GroupSnapshotsTest-2062995202 tempest-GroupSnapshotsTest-2062995202-project] Deprecated: Default quota for resource: volumes_tempest-GroupSnapshotsTest-volume-type-1461463186 is set by the default quota flag: quota_volumes_tempest-GroupSnapshotsTest-volume-type-1461463186, it is now deprecated. Please use the default quota class for default quota.
Feb 09 04:40:33.684707 dv-cinder-798783-3-iscsi devstack@c-api.service[115820]: [pid: 115820|app: 0|req: 156/293] 10.222.0.36 () {60 vars in 1368 bytes} [Wed Feb 9 04:40:33 2022] DELETE /volume/v3/5b5bbf7218fd4a73a5dc6d1ab682c07f/volumes/c29de6f8-907e-478f-9550-269f532394ab => generated 109 bytes in 28 msecs (HTTP/1.1 404) 7 headers in 293 bytes (1 switches on core 0)
Feb 09 04:40:33.685907 dv-cinder-798783-3-iscsi devstack@c-api.service[115819]: WARNING cinder.quota [None req-80c6c78c-e433-49e9-a188-6d544c34c393 tempest-GroupSnapshotsTest-2062995202 tempest-GroupSnapshotsTest-2062995202-project] Deprecated: Default quota for resource: gigabytes_tempest-GroupSnapshotsTest-volume-type-1461463186 is set by the default quota flag: quota_gigabytes_tempest-GroupSnapshotsTest-volume-type-1461463186, it is now deprecated. Please use the default quota class for default quota.
Feb 09 04:40:33.689719 dv-cinder-798783-3-iscsi devstack@c-api.service[115820]: INFO cinder.api.openstack.wsgi [None req-2b21aca2-7371-4355-8f82-e21e7790eff4 tempest-GroupsTest-895708340 tempest-GroupsTest-895708340-project-admin] DELETE http://10.222.0.36/volume/v3/88ae2abddf53489fa6660ecc0b8c9101/types/e25ad639-7aa6-45dc-9743-c96b76720087
Feb 09 04:40:33.689719 dv-cinder-798783-3-iscsi devstack@c-api.service[115820]: DEBUG cinder.api.openstack.wsgi [None req-2b21aca2-7371-4355-8f82-e21e7790eff4 tempest-GroupsTest-895708340 tempest-GroupsTest-895708340-project-admin] Empty body provided in request {{(pid=115820) get_body /opt/stack/cinder/cinder/api/openstack/wsgi.py:715}}
Feb 09 04:40:33.690223 dv-cinder-798783-3-iscsi devstack@c-api.service[115820]: DEBUG cinder.api.openstack.wsgi [None req-2b21aca2-7371-4355-8f82-e21e7790eff4 tempest-GroupsTest-895708340 tempest-GroupsTest-895708340-project-admin] Calling method '_delete' {{(pid=115820) _process_stack /opt/stack/cinder/cinder/api/openstack/wsgi.py:868}}
Feb 09 04:40:33.750951 dv-cinder-798783-3-iscsi devstack@c-api.service[115819]: DEBUG cinder.quota [None req-80c6c78c-e433-49e9-a188-6d544c34c393 tempest-GroupSnapshotsTest-2062995202 tempest-GroupSnapshotsTest-2062995202-project] Created reservations ['ff663f53-1767-487a-9271-980efe93074e', '3dd46e79-c7ef-47a0-a349-7e125543ba3b', '36474d9a-b245-43b7-bce1-f747e26662b7', '338331d6-485e-40d1-a0f1-769b6c7fdbee'] {{(pid=115819) reserve /opt/stack/cinder/cinder/quota.py:755}}
Feb 09 04:40:33.752976 dv-cinder-798783-3-iscsi devstack@c-api.service[115819]: DEBUG cinder.volume.api [None req-80c6c78c-e433-49e9-a188-6d544c34c393 tempest-GroupSnapshotsTest-2062995202 tempest-GroupSnapshotsTest-2062995202-project] Task 'cinder.volume.flows.api.create_volume.QuotaReserveTask;volume:create' (70fc132c-05a7-482e-82eb-48af246addc7) transitioned into state 'SUCCESS' from state 'RUNNING' with result '{'reservations': ['ff663f53-1767-487a-9271-980efe93074e', '3dd46e79-c7ef-47a0-a349-7e125543ba3b', '36474d9a-b245-43b7-bce1-f747e26662b7', '338331d6-485e-40d1-a0f1-769b6c7fdbee']}' {{(pid=115819) _task_receiver /usr/local/lib/python3.8/dist-packages/taskflow/listeners/logging.py:178}}
Feb 09 04:40:33.755556 dv-cinder-798783-3-iscsi devstack@c-api.service[115819]: DEBUG cinder.volume.api [None req-80c6c78c-e433-49e9-a188-6d544c34c393 tempest-GroupSnapshotsTest-2062995202 tempest-GroupSnapshotsTest-2062995202-project] Task 'cinder.volume.flows.api.create_volume.EntryCreateTask;volume:create' (bde13771-8a68-45dc-8673-a2d7aa740941) transitioned into state 'RUNNING' from state 'PENDING' {{(pid=115819) _task_receiver /usr/local/lib/python3.8/dist-packages/taskflow/listeners/logging.py:190}}
Feb 09 04:40:33.788391 dv-cinder-798783-3-iscsi devstack@c-api.service[115819]: DEBUG cinder.volume.api [None req-80c6c78c-e433-49e9-a188-6d544c34c393 tempest-GroupSnapshotsTest-2062995202 tempest-GroupSnapshotsTest-2062995202-project] Task 'cinder.volume.flows.api.create_volume.EntryCreateTask;volume:create' (bde13771-8a68-45dc-8673-a2d7aa740941) transitioned into state 'SUCCESS' from state 'RUNNING' with result '{'volume_id': '46cec9cd-c9e0-4ba8-b092-b865735639d9', 'volume_properties': VolumeProperties(attach_status='detached',availability_zone='nova',cgsnapshot_id=None,consistencygroup_id=None,display_description=None,display_name='tempest-GroupSnapshotsTest-Volume-1684314045',encryption_key_id=None,group_id=243e8dc5-7721-4875-850d-8810b6b5aaf2,group_type_id=,metadata={},multiattach=False,project_id='77c37e9cf5e3494f8cba1437f22a7a72',qos_specs=None,replication_status=,reservations=['ff663f53-1767-487a-9271-980efe93074e','3dd46e79-c7ef-47a0-a349-7e125543ba3b','36474d9a-b245-43b7-bce1-f747e26662b7','338331d6-485e-40d1-a0f1-769b6c7fdbee'],size=1,snapshot_id=None,source_replicaid=,source_volid=None,status='creating',user_id='874dc6da6298415ba99a027a72fa09cd',volume_type_id=2c1e0de0-bf68-4c04-8cef-8dd827cb91bf), 'volume': Volume(_name_id=None,admin_metadata=,attach_status='detached',availability_zone='nova',bootable=False,cluster=,cluster_name=None,consistencygroup=,consistencygroup_id=None,created_at=2022-02-09T04:40:33Z,deleted=False,deleted_at=None,display_description=None,display_name='tempest-GroupSnapshotsTest-Volume-1684314045',ec2_id=None,encryption_key_id=None,glance_metadata=,group=,group_id=243e8dc5-7721-4875-850d-8810b6b5aaf2,host=None,id=46cec9cd-c9e0-4ba8-b092-b865735639d9,launched_at=None,metadata={},migration_status=None,multiattach=False,previous_status=None,project_id='77c37e9cf5e3494f8cba1437f22a7a72',provider_auth=None,provider_geometry=None,provider_id=None,provider_location=None,replication_driver_data=None,replication_extended_status=None,replication_status=None,scheduled_at=None,service_uuid=None,shared_targets=True,size=1,snapshot_id=None,snapshots=,source_volid=None,status='creating',terminated_at=None,updated_at=None,use_quota=True,user_id='874dc6da6298415ba99a027a72fa09cd',volume_attachment=VolumeAttachmentList,volume_type=VolumeType(2c1e0de0-bf68-4c04-8cef-8dd827cb91bf),volume_type_id=2c1e0de0-bf68-4c04-8cef-8dd827cb91bf)}' {{(pid=115819) _task_receiver /usr/local/lib/python3.8/dist-packages/taskflow/listeners/logging.py:178}}
Feb 09 04:40:33.792117 dv-cinder-798783-3-iscsi devstack@c-api.service[115819]: DEBUG cinder.volume.api [None req-80c6c78c-e433-49e9-a188-6d544c34c393 tempest-GroupSnapshotsTest-2062995202 tempest-GroupSnapshotsTest-2062995202-project] Task 'cinder.volume.flows.api.create_volume.QuotaCommitTask;volume:create' (79f3dcd2-963c-4642-8898-456243e9730b) transitioned into state 'RUNNING' from state 'PENDING' {{(pid=115819) _task_receiver /usr/local/lib/python3.8/dist-packages/taskflow/listeners/logging.py:190}}
Feb 09 04:40:33.834593 dv-cinder-798783-3-iscsi devstack@c-api.service[115820]: INFO cinder.api.openstack.wsgi [None req-2b21aca2-7371-4355-8f82-e21e7790eff4 tempest-GroupsTest-895708340 tempest-GroupsTest-895708340-project-admin] http://10.222.0.36/volume/v3/88ae2abddf53489fa6660ecc0b8c9101/types/e25ad639-7aa6-45dc-9743-c96b76720087 returned with HTTP 202
Feb 09 04:40:33.835454 dv-cinder-798783-3-iscsi devstack@c-api.service[115820]: [pid: 115820|app: 0|req: 157/294] 10.222.0.36 () {58 vars in 1321 bytes} [Wed Feb 9 04:40:33 2022] DELETE /volume/v3/88ae2abddf53489fa6660ecc0b8c9101/types/e25ad639-7aa6-45dc-9743-c96b76720087 => generated 0 bytes in 150 msecs (HTTP/1.1 202) 6 headers in 233 bytes (1 switches on core 0)
Feb 09 04:40:33.852310 dv-cinder-798783-3-iscsi devstack@c-api.service[115820]: INFO cinder.api.openstack.wsgi [None req-c5b83199-ea16-429d-bd36-0aae6eb8fc1f tempest-GroupsTest-895708340 tempest-GroupsTest-895708340-project-admin] GET http://10.222.0.36/volume/v3/88ae2abddf53489fa6660ecc0b8c9101/types/e25ad639-7aa6-45dc-9743-c96b76720087
Feb 09 04:40:33.852538 dv-cinder-798783-3-iscsi devstack@c-api.service[115819]: DEBUG cinder.volume.api [None req-80c6c78c-e433-49e9-a188-6d544c34c393 tempest-GroupSnapshotsTest-2062995202 tempest-GroupSnapshotsTest-2062995202-project] Task 'cinder.volume.flows.api.create_volume.QuotaCommitTask;volume:create' (79f3dcd2-963c-4642-8898-456243e9730b) transitioned into state 'SUCCESS' from state 'RUNNING' with result '{'volume_properties': VolumeProperties(attach_status='detached',availability_zone='nova',cgsnapshot_id=None,consistencygroup_id=None,display_description=None,display_name='tempest-GroupSnapshotsTest-Volume-1684314045',encryption_key_id=None,group_id=243e8dc5-7721-4875-850d-8810b6b5aaf2,group_type_id=,metadata={},multiattach=False,project_id='77c37e9cf5e3494f8cba1437f22a7a72',qos_specs=None,replication_status=,reservations=['ff663f53-1767-487a-9271-980efe93074e','3dd46e79-c7ef-47a0-a349-7e125543ba3b','36474d9a-b245-43b7-bce1-f747e26662b7','338331d6-485e-40d1-a0f1-769b6c7fdbee'],size=1,snapshot_id=None,source_replicaid=,source_volid=None,status='creating',user_id='874dc6da6298415ba99a027a72fa09cd',volume_type_id=2c1e0de0-bf68-4c04-8cef-8dd827cb91bf)}' {{(pid=115819) _task_receiver /usr/local/lib/python3.8/dist-packages/taskflow/listeners/logging.py:178}}
Feb 09 04:40:33.852925 dv-cinder-798783-3-iscsi devstack@c-api.service[115820]: DEBUG cinder.api.openstack.wsgi [None req-c5b83199-ea16-429d-bd36-0aae6eb8fc1f tempest-GroupsTest-895708340 tempest-GroupsTest-895708340-project-admin] Empty body provided in request {{(pid=115820) get_body /opt/stack/cinder/cinder/api/openstack/wsgi.py:715}}
Feb 09 04:40:33.854176 dv-cinder-798783-3-iscsi devstack@c-api.service[115819]: DEBUG cinder.volume.api [None req-80c6c78c-e433-49e9-a188-6d544c34c393 tempest-GroupSnapshotsTest-2062995202 tempest-GroupSnapshotsTest-2062995202-project] Task 'cinder.volume.flows.api.create_volume.VolumeCastTask;volume:create' (7a13ac58-7d0e-40db-961c-5297946c8372) transitioned into state 'RUNNING' from state 'PENDING' {{(pid=115819) _task_receiver /usr/local/lib/python3.8/dist-packages/taskflow/listeners/logging.py:190}}
Feb 09 04:40:33.854304 dv-cinder-798783-3-iscsi devstack@c-api.service[115820]: DEBUG cinder.api.openstack.wsgi [None req-c5b83199-ea16-429d-bd36-0aae6eb8fc1f tempest-GroupsTest-895708340 tempest-GroupsTest-895708340-project-admin] Calling method 'show' {{(pid=115820) _process_stack /opt/stack/cinder/cinder/api/openstack/wsgi.py:868}}
Feb 09 04:40:33.864653 dv-cinder-798783-3-iscsi devstack@c-api.service[115820]: INFO cinder.api.openstack.wsgi [None req-c5b83199-ea16-429d-bd36-0aae6eb8fc1f tempest-GroupsTest-895708340 tempest-GroupsTest-895708340-project-admin] http://10.222.0.36/volume/v3/88ae2abddf53489fa6660ecc0b8c9101/types/e25ad639-7aa6-45dc-9743-c96b76720087 returned with HTTP 404
Feb 09 04:40:33.866537 dv-cinder-798783-3-iscsi devstack@c-api.service[115820]: [pid: 115820|app: 0|req: 158/295] 10.222.0.36 () {58 vars in 1318 bytes} [Wed Feb 9 04:40:33 2022] GET /volume/v3/88ae2abddf53489fa6660ecc0b8c9101/types/e25ad639-7aa6-45dc-9743-c96b76720087 => generated 114 bytes in 23 msecs (HTTP/1.1 404) 7 headers in 292 bytes (1 switches on core 0)
Feb 09 04:40:33.880847 dv-cinder-798783-3-iscsi devstack@c-api.service[115820]: INFO cinder.api.openstack.wsgi [None req-4f89acf5-c333-480a-b422-cca6f4545c2a tempest-GroupsTest-895708340 tempest-GroupsTest-895708340-project-admin] DELETE http://10.222.0.36/volume/v3/88ae2abddf53489fa6660ecc0b8c9101/types/0d329679-3a3a-490f-ab52-e5bf3e974a70
Feb 09 04:40:33.881343 dv-cinder-798783-3-iscsi devstack@c-api.service[115820]: DEBUG cinder.api.openstack.wsgi [None req-4f89acf5-c333-480a-b422-cca6f4545c2a tempest-GroupsTest-895708340 tempest-GroupsTest-895708340-project-admin] Empty body provided in request {{(pid=115820) get_body /opt/stack/cinder/cinder/api/openstack/wsgi.py:715}}
Feb 09 04:40:33.882100 dv-cinder-798783-3-iscsi devstack@c-api.service[115820]: DEBUG cinder.api.openstack.wsgi [None req-4f89acf5-c333-480a-b422-cca6f4545c2a tempest-GroupsTest-895708340 tempest-GroupsTest-895708340-project-admin] Calling method '_delete' {{(pid=115820) _process_stack /opt/stack/cinder/cinder/api/openstack/wsgi.py:868}}
Feb 09 04:40:33.906470 dv-cinder-798783-3-iscsi devstack@c-api.service[115819]: DEBUG cinder.volume.api [None req-80c6c78c-e433-49e9-a188-6d544c34c393 tempest-GroupSnapshotsTest-2062995202 tempest-GroupSnapshotsTest-2062995202-project] Task 'cinder.volume.flows.api.create_volume.VolumeCastTask;volume:create' (7a13ac58-7d0e-40db-961c-5297946c8372) transitioned into state 'SUCCESS' from state 'RUNNING' with result 'None' {{(pid=115819) _task_receiver /usr/local/lib/python3.8/dist-packages/taskflow/listeners/logging.py:178}}
Feb 09 04:40:33.922524 dv-cinder-798783-3-iscsi devstack@c-api.service[115819]: DEBUG cinder.volume.api [None req-80c6c78c-e433-49e9-a188-6d544c34c393 tempest-GroupSnapshotsTest-2062995202 tempest-GroupSnapshotsTest-2062995202-project] Flow 'volume_create_api' (90975288-8578-48a8-95bd-14313624dda8) transitioned into state 'SUCCESS' from state 'RUNNING' {{(pid=115819) _flow_receiver /usr/local/lib/python3.8/dist-packages/taskflow/listeners/logging.py:141}}
Feb 09 04:40:33.931089 dv-cinder-798783-3-iscsi devstack@c-api.service[115819]: INFO cinder.volume.api [None req-80c6c78c-e433-49e9-a188-6d544c34c393 tempest-GroupSnapshotsTest-2062995202 tempest-GroupSnapshotsTest-2062995202-project] Create volume request issued successfully.
Feb 09 04:40:33.932491 dv-cinder-798783-3-iscsi devstack@c-api.service[115819]: WARNING stevedore.named [None req-80c6c78c-e433-49e9-a188-6d544c34c393 tempest-GroupSnapshotsTest-2062995202 tempest-GroupSnapshotsTest-2062995202-project] Could not load cinder.keymgr.conf_key_mgr.ConfKeyManager
Feb 09 04:40:33.932871 dv-cinder-798783-3-iscsi devstack@c-api.service[115819]: WARNING castellan.key_manager [None req-80c6c78c-e433-49e9-a188-6d544c34c393 tempest-GroupSnapshotsTest-2062995202 tempest-GroupSnapshotsTest-2062995202-project] Deprecation Warning : cinder.keymgr.conf_key_mgr.ConfKeyManager is not a stevedore based driver, trying to load it as a class: stevedore.exception.NoMatches: No 'castellan.drivers' driver found, looking for 'cinder.keymgr.conf_key_mgr.ConfKeyManager'
Feb 09 04:40:33.969053 dv-cinder-798783-3-iscsi devstack@c-api.service[115819]: DEBUG oslo_db.sqlalchemy.engines [None req-80c6c78c-e433-49e9-a188-6d544c34c393 tempest-GroupSnapshotsTest-2062995202 tempest-GroupSnapshotsTest-2062995202-project] MySQL server mode set to STRICT_TRANS_TABLES,STRICT_ALL_TABLES,NO_ZERO_IN_DATE,NO_ZERO_DATE,ERROR_FOR_DIVISION_BY_ZERO,TRADITIONAL,NO_ENGINE_SUBSTITUTION {{(pid=115819) _check_effective_sql_mode /usr/local/lib/python3.8/dist-packages/oslo_db/sqlalchemy/engines.py:314}}
Feb 09 04:40:33.982564 dv-cinder-798783-3-iscsi devstack@c-api.service[115819]: /usr/local/lib/python3.8/dist-packages/oslo_context/context.py:105: DeprecationWarning: Policy enforcement is depending on the value of is_admin. This key is deprecated. Please update your policy file to use the standard policy values.
Feb 09 04:40:33.982564 dv-cinder-798783-3-iscsi devstack@c-api.service[115819]: warnings.warn('Policy enforcement is depending on the value of '
Feb 09 04:40:34.004834 dv-cinder-798783-3-iscsi devstack@c-api.service[115820]: INFO cinder.api.openstack.wsgi [None req-4f89acf5-c333-480a-b422-cca6f4545c2a tempest-GroupsTest-895708340 tempest-GroupsTest-895708340-project-admin] http://10.222.0.36/volume/v3/88ae2abddf53489fa6660ecc0b8c9101/types/0d329679-3a3a-490f-ab52-e5bf3e974a70 returned with HTTP 202
Feb 09 04:40:34.011181 dv-cinder-798783-3-iscsi devstack@c-api.service[115819]: INFO cinder.api.openstack.wsgi [None req-80c6c78c-e433-49e9-a188-6d544c34c393 tempest-GroupSnapshotsTest-2062995202 tempest-GroupSnapshotsTest-2062995202-project] http://10.222.0.36/volume/v3/77c37e9cf5e3494f8cba1437f22a7a72/volumes returned with HTTP 202
Feb 09 04:40:34.011520 dv-cinder-798783-3-iscsi devstack@c-api.service[115820]: [pid: 115820|app: 0|req: 159/296] 10.222.0.36 () {58 vars in 1321 bytes} [Wed Feb 9 04:40:33 2022] DELETE /volume/v3/88ae2abddf53489fa6660ecc0b8c9101/types/0d329679-3a3a-490f-ab52-e5bf3e974a70 => generated 0 bytes in 139 msecs (HTTP/1.1 202) 6 headers in 233 bytes (1 switches on core 0)
Feb 09 04:40:34.013315 dv-cinder-798783-3-iscsi devstack@c-api.service[115819]: [pid: 115819|app: 0|req: 138/297] 10.222.0.36 () {62 vars in 1276 bytes} [Wed Feb 9 04:40:33 2022] POST /volume/v3/77c37e9cf5e3494f8cba1437f22a7a72/volumes => generated 908 bytes in 556 msecs (HTTP/1.1 202) 7 headers in 292 bytes (1 switches on core 0)
Feb 09 04:40:34.021148 dv-cinder-798783-3-iscsi devstack@c-api.service[115819]: INFO cinder.api.openstack.wsgi [None req-36724a1c-a78d-4596-a316-3f622591527e tempest-GroupsTest-895708340 tempest-GroupsTest-895708340-project-admin] GET http://10.222.0.36/volume/v3/88ae2abddf53489fa6660ecc0b8c9101/types/0d329679-3a3a-490f-ab52-e5bf3e974a70
Feb 09 04:40:34.025604 dv-cinder-798783-3-iscsi devstack@c-api.service[115819]: DEBUG cinder.api.openstack.wsgi [None req-36724a1c-a78d-4596-a316-3f622591527e tempest-GroupsTest-895708340 tempest-GroupsTest-895708340-project-admin] Empty body provided in request {{(pid=115819) get_body /opt/stack/cinder/cinder/api/openstack/wsgi.py:715}}
Feb 09 04:40:34.026462 dv-cinder-798783-3-iscsi devstack@c-api.service[115819]: DEBUG cinder.api.openstack.wsgi [None req-36724a1c-a78d-4596-a316-3f622591527e tempest-GroupsTest-895708340 tempest-GroupsTest-895708340-project-admin] Calling method 'show' {{(pid=115819) _process_stack /opt/stack/cinder/cinder/api/openstack/wsgi.py:868}}
Feb 09 04:40:34.039314 dv-cinder-798783-3-iscsi devstack@c-api.service[115819]: INFO cinder.api.openstack.wsgi [None req-36724a1c-a78d-4596-a316-3f622591527e tempest-GroupsTest-895708340 tempest-GroupsTest-895708340-project-admin] http://10.222.0.36/volume/v3/88ae2abddf53489fa6660ecc0b8c9101/types/0d329679-3a3a-490f-ab52-e5bf3e974a70 returned with HTTP 404
Feb 09 04:40:34.042002 dv-cinder-798783-3-iscsi devstack@c-api.service[115819]: [pid: 115819|app: 0|req: 139/298] 10.222.0.36 () {58 vars in 1318 bytes} [Wed Feb 9 04:40:34 2022] GET /volume/v3/88ae2abddf53489fa6660ecc0b8c9101/types/0d329679-3a3a-490f-ab52-e5bf3e974a70 => generated 114 bytes in 27 msecs (HTTP/1.1 404) 7 headers in 292 bytes (1 switches on core 0)
Feb 09 04:40:34.047333 dv-cinder-798783-3-iscsi devstack@c-api.service[115819]: INFO cinder.api.openstack.wsgi [None req-2d6f7a26-8d78-459c-b14f-9d28d9b79568 tempest-GroupSnapshotsTest-2062995202 tempest-GroupSnapshotsTest-2062995202-project] GET http://10.222.0.36/volume/v3/77c37e9cf5e3494f8cba1437f22a7a72/volumes/46cec9cd-c9e0-4ba8-b092-b865735639d9
Feb 09 04:40:34.047944 dv-cinder-798783-3-iscsi devstack@c-api.service[115819]: DEBUG cinder.api.openstack.wsgi [None req-2d6f7a26-8d78-459c-b14f-9d28d9b79568 tempest-GroupSnapshotsTest-2062995202 tempest-GroupSnapshotsTest-2062995202-project] Empty body provided in request {{(pid=115819) get_body /opt/stack/cinder/cinder/api/openstack/wsgi.py:715}}
Feb 09 04:40:34.049710 dv-cinder-798783-3-iscsi devstack@c-api.service[115819]: DEBUG cinder.api.openstack.wsgi [None req-2d6f7a26-8d78-459c-b14f-9d28d9b79568 tempest-GroupSnapshotsTest-2062995202 tempest-GroupSnapshotsTest-2062995202-project] Calling method 'show' {{(pid=115819) _process_stack /opt/stack/cinder/cinder/api/openstack/wsgi.py:868}}
Feb 09 04:40:34.073403 dv-cinder-798783-3-iscsi devstack@c-api.service[115819]: /usr/local/lib/python3.8/dist-packages/oslo_context/context.py:105: DeprecationWarning: Policy enforcement is depending on the value of is_admin. This key is deprecated. Please update your policy file to use the standard policy values.
Feb 09 04:40:34.073403 dv-cinder-798783-3-iscsi devstack@c-api.service[115819]: warnings.warn('Policy enforcement is depending on the value of '
Feb 09 04:40:34.084342 dv-cinder-798783-3-iscsi devstack@c-api.service[115819]: INFO cinder.volume.api [None req-2d6f7a26-8d78-459c-b14f-9d28d9b79568 tempest-GroupSnapshotsTest-2062995202 tempest-GroupSnapshotsTest-2062995202-project] Volume info retrieved successfully.
Feb 09 04:40:34.085920 dv-cinder-798783-3-iscsi devstack@c-api.service[115819]: WARNING stevedore.named [None req-2d6f7a26-8d78-459c-b14f-9d28d9b79568 tempest-GroupSnapshotsTest-2062995202 tempest-GroupSnapshotsTest-2062995202-project] Could not load cinder.keymgr.conf_key_mgr.ConfKeyManager
Feb 09 04:40:34.087561 dv-cinder-798783-3-iscsi devstack@c-api.service[115819]: WARNING castellan.key_manager [None req-2d6f7a26-8d78-459c-b14f-9d28d9b79568 tempest-GroupSnapshotsTest-2062995202 tempest-GroupSnapshotsTest-2062995202-project] Deprecation Warning : cinder.keymgr.conf_key_mgr.ConfKeyManager is not a stevedore based driver, trying to load it as a class: stevedore.exception.NoMatches: No 'castellan.drivers' driver found, looking for 'cinder.keymgr.conf_key_mgr.ConfKeyManager'
Feb 09 04:40:34.102603 dv-cinder-798783-3-iscsi devstack@c-api.service[115819]: DEBUG oslo_db.sqlalchemy.engines [None req-2d6f7a26-8d78-459c-b14f-9d28d9b79568 tempest-GroupSnapshotsTest-2062995202 tempest-GroupSnapshotsTest-2062995202-project] MySQL server mode set to STRICT_TRANS_TABLES,STRICT_ALL_TABLES,NO_ZERO_IN_DATE,NO_ZERO_DATE,ERROR_FOR_DIVISION_BY_ZERO,TRADITIONAL,NO_ENGINE_SUBSTITUTION {{(pid=115819) _check_effective_sql_mode /usr/local/lib/python3.8/dist-packages/oslo_db/sqlalchemy/engines.py:314}}
Feb 09 04:40:34.114472 dv-cinder-798783-3-iscsi devstack@c-api.service[115819]: /usr/local/lib/python3.8/dist-packages/oslo_context/context.py:105: DeprecationWarning: Policy enforcement is depending on the value of is_admin. This key is deprecated. Please update your policy file to use the standard policy values.
Feb 09 04:40:34.114472 dv-cinder-798783-3-iscsi devstack@c-api.service[115819]: warnings.warn('Policy enforcement is depending on the value of '
Feb 09 04:40:34.142359 dv-cinder-798783-3-iscsi devstack@c-api.service[115819]: INFO cinder.api.openstack.wsgi [None req-2d6f7a26-8d78-459c-b14f-9d28d9b79568 tempest-GroupSnapshotsTest-2062995202 tempest-GroupSnapshotsTest-2062995202-project] http://10.222.0.36/volume/v3/77c37e9cf5e3494f8cba1437f22a7a72/volumes/46cec9cd-c9e0-4ba8-b092-b865735639d9 returned with HTTP 200
Feb 09 04:40:34.142618 dv-cinder-798783-3-iscsi devstack@c-api.service[115819]: [pid: 115819|app: 0|req: 140/299] 10.222.0.36 () {60 vars in 1365 bytes} [Wed Feb 9 04:40:34 2022] GET /volume/v3/77c37e9cf5e3494f8cba1437f22a7a72/volumes/46cec9cd-c9e0-4ba8-b092-b865735639d9 => generated 976 bytes in 101 msecs (HTTP/1.1 200) 7 headers in 286 bytes (1 switches on core 0)
Feb 09 04:40:34.235000 dv-cinder-798783-3-iscsi devstack@c-api.service[115820]: INFO cinder.api.openstack.wsgi [None req-806d17ab-b010-4c06-8795-20ffa318175f tempest-BackendsCapabilitiesAdminTestsJSON-1827305544 tempest-BackendsCapabilitiesAdminTestsJSON-1827305544-project-admin] GET http://10.222.0.36/volume/v3/5f0c62b4b20e458587c134ff4768c12a/scheduler-stats/get_pools
Feb 09 04:40:34.235465 dv-cinder-798783-3-iscsi devstack@c-api.service[115820]: DEBUG cinder.api.openstack.wsgi [None req-806d17ab-b010-4c06-8795-20ffa318175f tempest-BackendsCapabilitiesAdminTestsJSON-1827305544 tempest-BackendsCapabilitiesAdminTestsJSON-1827305544-project-admin] Empty body provided in request {{(pid=115820) get_body /opt/stack/cinder/cinder/api/openstack/wsgi.py:715}}
Feb 09 04:40:34.236095 dv-cinder-798783-3-iscsi devstack@c-api.service[115820]: DEBUG cinder.api.openstack.wsgi [None req-806d17ab-b010-4c06-8795-20ffa318175f tempest-BackendsCapabilitiesAdminTestsJSON-1827305544 tempest-BackendsCapabilitiesAdminTestsJSON-1827305544-project-admin] Calling method 'get_pools' {{(pid=115820) _process_stack /opt/stack/cinder/cinder/api/openstack/wsgi.py:868}}
Feb 09 04:40:34.264395 dv-cinder-798783-3-iscsi devstack@c-api.service[115820]: INFO cinder.api.openstack.wsgi [None req-806d17ab-b010-4c06-8795-20ffa318175f tempest-BackendsCapabilitiesAdminTestsJSON-1827305544 tempest-BackendsCapabilitiesAdminTestsJSON-1827305544-project-admin] http://10.222.0.36/volume/v3/5f0c62b4b20e458587c134ff4768c12a/scheduler-stats/get_pools returned with HTTP 200
Feb 09 04:40:34.265201 dv-cinder-798783-3-iscsi devstack@c-api.service[115820]: [pid: 115820|app: 0|req: 160/300] 10.222.0.36 () {58 vars in 1267 bytes} [Wed Feb 9 04:40:34 2022] GET /volume/v3/5f0c62b4b20e458587c134ff4768c12a/scheduler-stats/get_pools => generated 66 bytes in 253 msecs (HTTP/1.1 200) 7 headers in 284 bytes (1 switches on core 0)
Feb 09 04:40:34.277523 dv-cinder-798783-3-iscsi devstack@c-api.service[115819]: INFO cinder.api.openstack.wsgi [None req-479e1b4c-ee8b-4b3c-a721-174ee6590670 tempest-BackendsCapabilitiesAdminTestsJSON-1827305544 tempest-BackendsCapabilitiesAdminTestsJSON-1827305544-project-admin] GET http://10.222.0.36/volume/v3/5f0c62b4b20e458587c134ff4768c12a/scheduler-stats/get_pools?detail=True
Feb 09 04:40:34.278045 dv-cinder-798783-3-iscsi devstack@c-api.service[115819]: DEBUG cinder.api.openstack.wsgi [None req-479e1b4c-ee8b-4b3c-a721-174ee6590670 tempest-BackendsCapabilitiesAdminTestsJSON-1827305544 tempest-BackendsCapabilitiesAdminTestsJSON-1827305544-project-admin] Empty body provided in request {{(pid=115819) get_body /opt/stack/cinder/cinder/api/openstack/wsgi.py:715}}
Feb 09 04:40:34.278506 dv-cinder-798783-3-iscsi devstack@c-api.service[115819]: DEBUG cinder.api.openstack.wsgi [None req-479e1b4c-ee8b-4b3c-a721-174ee6590670 tempest-BackendsCapabilitiesAdminTestsJSON-1827305544 tempest-BackendsCapabilitiesAdminTestsJSON-1827305544-project-admin] Calling method 'get_pools' {{(pid=115819) _process_stack /opt/stack/cinder/cinder/api/openstack/wsgi.py:868}}
Feb 09 04:40:34.318179 dv-cinder-798783-3-iscsi devstack@c-api.service[115819]: INFO cinder.api.openstack.wsgi [None req-479e1b4c-ee8b-4b3c-a721-174ee6590670 tempest-BackendsCapabilitiesAdminTestsJSON-1827305544 tempest-BackendsCapabilitiesAdminTestsJSON-1827305544-project-admin] http://10.222.0.36/volume/v3/5f0c62b4b20e458587c134ff4768c12a/scheduler-stats/get_pools?detail=True returned with HTTP 200
Feb 09 04:40:34.319092 dv-cinder-798783-3-iscsi devstack@c-api.service[115819]: [pid: 115819|app: 0|req: 141/301] 10.222.0.36 () {58 vars in 1290 bytes} [Wed Feb 9 04:40:34 2022] GET /volume/v3/5f0c62b4b20e458587c134ff4768c12a/scheduler-stats/get_pools?detail=True => generated 482 bytes in 48 msecs (HTTP/1.1 200) 7 headers in 285 bytes (1 switches on core 0)
Feb 09 04:40:34.332561 dv-cinder-798783-3-iscsi devstack@c-api.service[115820]: INFO cinder.api.openstack.wsgi [None req-8330b6f2-03d8-4d88-a85b-34eb899f7d16 tempest-BackendsCapabilitiesAdminTestsJSON-1827305544 tempest-BackendsCapabilitiesAdminTestsJSON-1827305544-project-admin] GET http://10.222.0.36/volume/v3/5f0c62b4b20e458587c134ff4768c12a/capabilities/hv-cinder-79878@wincnd
Feb 09 04:40:34.335103 dv-cinder-798783-3-iscsi devstack@c-api.service[115820]: DEBUG cinder.api.openstack.wsgi [None req-8330b6f2-03d8-4d88-a85b-34eb899f7d16 tempest-BackendsCapabilitiesAdminTestsJSON-1827305544 tempest-BackendsCapabilitiesAdminTestsJSON-1827305544-project-admin] Empty body provided in request {{(pid=115820) get_body /opt/stack/cinder/cinder/api/openstack/wsgi.py:715}}
Feb 09 04:40:34.335719 dv-cinder-798783-3-iscsi devstack@c-api.service[115820]: DEBUG cinder.api.openstack.wsgi [None req-8330b6f2-03d8-4d88-a85b-34eb899f7d16 tempest-BackendsCapabilitiesAdminTestsJSON-1827305544 tempest-BackendsCapabilitiesAdminTestsJSON-1827305544-project-admin] Calling method 'show' {{(pid=115820) _process_stack /opt/stack/cinder/cinder/api/openstack/wsgi.py:868}}
Feb 09 04:40:34.359919 dv-cinder-798783-3-iscsi devstack@c-api.service[115819]: INFO cinder.api.openstack.wsgi [None req-01ede290-4bd4-46a5-82d6-10d108fd59e4 tempest-VolumeRetypeWithoutMigrationTest-1421909735 tempest-VolumeRetypeWithoutMigrationTest-1421909735-project] GET http://10.222.0.36/volume/v3/7f69aa72c4144175b0c4fdfb5fa47920/volumes/1f09fcf8-480d-48a8-97a5-608cc1f8256a
Feb 09 04:40:34.361236 dv-cinder-798783-3-iscsi devstack@c-api.service[115819]: DEBUG cinder.api.openstack.wsgi [None req-01ede290-4bd4-46a5-82d6-10d108fd59e4 tempest-VolumeRetypeWithoutMigrationTest-1421909735 tempest-VolumeRetypeWithoutMigrationTest-1421909735-project] Empty body provided in request {{(pid=115819) get_body /opt/stack/cinder/cinder/api/openstack/wsgi.py:715}}
Feb 09 04:40:34.361836 dv-cinder-798783-3-iscsi devstack@c-api.service[115819]: DEBUG cinder.api.openstack.wsgi [None req-01ede290-4bd4-46a5-82d6-10d108fd59e4 tempest-VolumeRetypeWithoutMigrationTest-1421909735 tempest-VolumeRetypeWithoutMigrationTest-1421909735-project] Calling method 'show' {{(pid=115819) _process_stack /opt/stack/cinder/cinder/api/openstack/wsgi.py:868}}
Feb 09 04:40:34.376156 dv-cinder-798783-3-iscsi devstack@c-api.service[115819]: INFO cinder.api.openstack.wsgi [None req-01ede290-4bd4-46a5-82d6-10d108fd59e4 tempest-VolumeRetypeWithoutMigrationTest-1421909735 tempest-VolumeRetypeWithoutMigrationTest-1421909735-project] http://10.222.0.36/volume/v3/7f69aa72c4144175b0c4fdfb5fa47920/volumes/1f09fcf8-480d-48a8-97a5-608cc1f8256a returned with HTTP 404
Feb 09 04:40:34.380090 dv-cinder-798783-3-iscsi devstack@c-api.service[115819]: [pid: 115819|app: 0|req: 142/302] 10.222.0.36 () {58 vars in 1324 bytes} [Wed Feb 9 04:40:34 2022] GET /volume/v3/7f69aa72c4144175b0c4fdfb5fa47920/volumes/1f09fcf8-480d-48a8-97a5-608cc1f8256a => generated 109 bytes in 23 msecs (HTTP/1.1 404) 7 headers in 292 bytes (1 switches on core 0)
Feb 09 04:40:34.382889 dv-cinder-798783-3-iscsi devstack@c-api.service[115820]: INFO cinder.api.openstack.wsgi [None req-8330b6f2-03d8-4d88-a85b-34eb899f7d16 tempest-BackendsCapabilitiesAdminTestsJSON-1827305544 tempest-BackendsCapabilitiesAdminTestsJSON-1827305544-project-admin] http://10.222.0.36/volume/v3/5f0c62b4b20e458587c134ff4768c12a/capabilities/hv-cinder-79878@wincnd returned with HTTP 200
Feb 09 04:40:34.384098 dv-cinder-798783-3-iscsi devstack@c-api.service[115820]: [pid: 115820|app: 0|req: 161/303] 10.222.0.36 () {58 vars in 1297 bytes} [Wed Feb 9 04:40:34 2022] GET /volume/v3/5f0c62b4b20e458587c134ff4768c12a/capabilities/hv-cinder-79878@wincnd => generated 715 bytes in 58 msecs (HTTP/1.1 200) 7 headers in 285 bytes (2 switches on core 0)
Feb 09 04:40:34.389489 dv-cinder-798783-3-iscsi devstack@c-api.service[115819]: INFO cinder.api.openstack.wsgi [None req-2b0d45a7-7571-40f8-9f22-e50b37dbce1b tempest-VolumeRetypeWithoutMigrationTest-1220270929 tempest-VolumeRetypeWithoutMigrationTest-1220270929-project-admin] DELETE http://10.222.0.36/volume/v3/0874ae0306a942c49f3d7a1910a3f8c8/types/d63b65c1-c815-4f37-a81e-708769d9317d
Feb 09 04:40:34.390525 dv-cinder-798783-3-iscsi devstack@c-api.service[115819]: DEBUG cinder.api.openstack.wsgi [None req-2b0d45a7-7571-40f8-9f22-e50b37dbce1b tempest-VolumeRetypeWithoutMigrationTest-1220270929 tempest-VolumeRetypeWithoutMigrationTest-1220270929-project-admin] Empty body provided in request {{(pid=115819) get_body /opt/stack/cinder/cinder/api/openstack/wsgi.py:715}}
Feb 09 04:40:34.392022 dv-cinder-798783-3-iscsi devstack@c-api.service[115819]: DEBUG cinder.api.openstack.wsgi [None req-2b0d45a7-7571-40f8-9f22-e50b37dbce1b tempest-VolumeRetypeWithoutMigrationTest-1220270929 tempest-VolumeRetypeWithoutMigrationTest-1220270929-project-admin] Calling method '_delete' {{(pid=115819) _process_stack /opt/stack/cinder/cinder/api/openstack/wsgi.py:868}}
Feb 09 04:40:34.397439 dv-cinder-798783-3-iscsi devstack@c-api.service[115820]: INFO cinder.api.openstack.wsgi [None req-da66f7ea-b593-4a64-a02d-df652425c62e tempest-BackendsCapabilitiesAdminTestsJSON-1827305544 tempest-BackendsCapabilitiesAdminTestsJSON-1827305544-project-admin] GET http://10.222.0.36/volume/v3/5f0c62b4b20e458587c134ff4768c12a/capabilities/hv-cinder-79878@wincnd
Feb 09 04:40:34.397894 dv-cinder-798783-3-iscsi devstack@c-api.service[115820]: DEBUG cinder.api.openstack.wsgi [None req-da66f7ea-b593-4a64-a02d-df652425c62e tempest-BackendsCapabilitiesAdminTestsJSON-1827305544 tempest-BackendsCapabilitiesAdminTestsJSON-1827305544-project-admin] Empty body provided in request {{(pid=115820) get_body /opt/stack/cinder/cinder/api/openstack/wsgi.py:715}}
Feb 09 04:40:34.398364 dv-cinder-798783-3-iscsi devstack@c-api.service[115820]: DEBUG cinder.api.openstack.wsgi [None req-da66f7ea-b593-4a64-a02d-df652425c62e tempest-BackendsCapabilitiesAdminTestsJSON-1827305544 tempest-BackendsCapabilitiesAdminTestsJSON-1827305544-project-admin] Calling method 'show' {{(pid=115820) _process_stack /opt/stack/cinder/cinder/api/openstack/wsgi.py:868}}
Feb 09 04:40:34.425162 dv-cinder-798783-3-iscsi devstack@c-api.service[115820]: INFO cinder.api.openstack.wsgi [None req-da66f7ea-b593-4a64-a02d-df652425c62e tempest-BackendsCapabilitiesAdminTestsJSON-1827305544 tempest-BackendsCapabilitiesAdminTestsJSON-1827305544-project-admin] http://10.222.0.36/volume/v3/5f0c62b4b20e458587c134ff4768c12a/capabilities/hv-cinder-79878@wincnd returned with HTTP 200
Feb 09 04:40:34.435111 dv-cinder-798783-3-iscsi devstack@c-api.service[115820]: [pid: 115820|app: 0|req: 162/304] 10.222.0.36 () {58 vars in 1297 bytes} [Wed Feb 9 04:40:34 2022] GET /volume/v3/5f0c62b4b20e458587c134ff4768c12a/capabilities/hv-cinder-79878@wincnd => generated 715 bytes in 44 msecs (HTTP/1.1 200) 7 headers in 285 bytes (2 switches on core 0)
