Sep 14 13:30:06.433795 dv-cinder-798783-2-iscsi devstack@placement-api.service[94426]: DEBUG placement.requestlog [req-6ac1de87-0dc1-425b-b604-5fe3c2818232 req-f973f973-1669-4344-bfec-5e47dd55ef4a None None] Starting request: 10.222.0.18 "GET /placement/resource_providers/eaa032e5-9b2f-457f-8323-e2cb78fdc75a/allocations" {{(pid=94426) __call__ /opt/stack/placement/placement/requestlog.py:55}}
Sep 14 13:30:06.461780 dv-cinder-798783-2-iscsi devstack@placement-api.service[94426]: INFO placement.requestlog [req-6ac1de87-0dc1-425b-b604-5fe3c2818232 req-f973f973-1669-4344-bfec-5e47dd55ef4a service placement] 10.222.0.18 "GET /placement/resource_providers/eaa032e5-9b2f-457f-8323-e2cb78fdc75a/allocations" status: 200 len: 645 microversion: 1.0
Sep 14 13:30:06.462770 dv-cinder-798783-2-iscsi devstack@placement-api.service[94426]: [pid: 94426|app: 0|req: 25/49] 10.222.0.18 () {58 vars in 1391 bytes} [Tue Sep 14 13:30:06 2021] GET /placement/resource_providers/eaa032e5-9b2f-457f-8323-e2cb78fdc75a/allocations => generated 645 bytes in 29 msecs (HTTP/1.1 200) 6 headers in 224 bytes (1 switches on core 0)
Sep 14 13:30:18.175593 dv-cinder-798783-2-iscsi devstack@placement-api.service[94427]: DEBUG placement.requestlog [req-8fc7297c-fc5e-4cdb-b2af-a0a319ea1176 req-534bbbb8-3865-4f26-8005-6320dd08367e None None] Starting request: 10.222.0.30 "GET /placement/allocation_candidates?limit=1000&resources=DISK_GB%3A1%2CMEMORY_MB%3A1024%2CVCPU%3A1&root_required=%21COMPUTE_STATUS_DISABLED" {{(pid=94427) __call__ /opt/stack/placement/placement/requestlog.py:55}}
Sep 14 13:30:18.237609 dv-cinder-798783-2-iscsi devstack@placement-api.service[94427]: DEBUG placement.objects.research_context [req-8fc7297c-fc5e-4cdb-b2af-a0a319ea1176 req-534bbbb8-3865-4f26-8005-6320dd08367e service placement] getting providers with 1 DISK_GB {{(pid=94427) __init__ /opt/stack/placement/placement/objects/research_context.py:126}}
Sep 14 13:30:18.248072 dv-cinder-798783-2-iscsi devstack@placement-api.service[94427]: DEBUG placement.objects.research_context [req-8fc7297c-fc5e-4cdb-b2af-a0a319ea1176 req-534bbbb8-3865-4f26-8005-6320dd08367e service placement] getting providers with 1024 MEMORY_MB {{(pid=94427) __init__ /opt/stack/placement/placement/objects/research_context.py:126}}
Sep 14 13:30:18.256637 dv-cinder-798783-2-iscsi devstack@placement-api.service[94427]: DEBUG placement.objects.research_context [req-8fc7297c-fc5e-4cdb-b2af-a0a319ea1176 req-534bbbb8-3865-4f26-8005-6320dd08367e service placement] getting providers with 1 VCPU {{(pid=94427) __init__ /opt/stack/placement/placement/objects/research_context.py:126}}
Sep 14 13:30:18.264341 dv-cinder-798783-2-iscsi devstack@placement-api.service[94427]: DEBUG placement.objects.research_context [req-8fc7297c-fc5e-4cdb-b2af-a0a319ea1176 req-534bbbb8-3865-4f26-8005-6320dd08367e service placement] found 1 providers with available 1 DISK_GB {{(pid=94427) get_provider_ids_matching /opt/stack/placement/placement/objects/research_context.py:549}}
Sep 14 13:30:18.264631 dv-cinder-798783-2-iscsi devstack@placement-api.service[94427]: DEBUG placement.objects.research_context [req-8fc7297c-fc5e-4cdb-b2af-a0a319ea1176 req-534bbbb8-3865-4f26-8005-6320dd08367e service placement] found 1 providers with available 1024 MEMORY_MB {{(pid=94427) get_provider_ids_matching /opt/stack/placement/placement/objects/research_context.py:549}}
Sep 14 13:30:18.264950 dv-cinder-798783-2-iscsi devstack@placement-api.service[94427]: DEBUG placement.objects.research_context [req-8fc7297c-fc5e-4cdb-b2af-a0a319ea1176 req-534bbbb8-3865-4f26-8005-6320dd08367e service placement] found 1 providers after filtering by previous result {{(pid=94427) get_provider_ids_matching /opt/stack/placement/placement/objects/research_context.py:580}}
Sep 14 13:30:18.265211 dv-cinder-798783-2-iscsi devstack@placement-api.service[94427]: DEBUG placement.objects.research_context [req-8fc7297c-fc5e-4cdb-b2af-a0a319ea1176 req-534bbbb8-3865-4f26-8005-6320dd08367e service placement] found 1 providers with available 1 VCPU {{(pid=94427) get_provider_ids_matching /opt/stack/placement/placement/objects/research_context.py:549}}
Sep 14 13:30:18.265986 dv-cinder-798783-2-iscsi devstack@placement-api.service[94427]: DEBUG placement.objects.research_context [req-8fc7297c-fc5e-4cdb-b2af-a0a319ea1176 req-534bbbb8-3865-4f26-8005-6320dd08367e service placement] found 1 providers after filtering by previous result {{(pid=94427) get_provider_ids_matching /opt/stack/placement/placement/objects/research_context.py:580}}
Sep 14 13:30:18.289539 dv-cinder-798783-2-iscsi devstack@placement-api.service[94427]: DEBUG placement.objects.allocation_candidate [req-8fc7297c-fc5e-4cdb-b2af-a0a319ea1176 req-534bbbb8-3865-4f26-8005-6320dd08367e service placement] RequestGroup(use_same_provider=False, resources={DISK_GB:1, MEMORY_MB:1024, VCPU:1}, traits=[], aggregates=[]) (suffix '') returned 1 matches {{(pid=94427) _get_by_requests /opt/stack/placement/placement/objects/allocation_candidate.py:145}}
Sep 14 13:30:18.290154 dv-cinder-798783-2-iscsi devstack@placement-api.service[94427]: DEBUG placement.objects.allocation_candidate [req-8fc7297c-fc5e-4cdb-b2af-a0a319ea1176 req-534bbbb8-3865-4f26-8005-6320dd08367e service placement] Merging candidates yields 1 allocation requests and 1 provider summaries {{(pid=94427) _merge_candidates /opt/stack/placement/placement/objects/allocation_candidate.py:783}}
Sep 14 13:30:18.291868 dv-cinder-798783-2-iscsi devstack@placement-api.service[94427]: INFO placement.requestlog [req-8fc7297c-fc5e-4cdb-b2af-a0a319ea1176 req-534bbbb8-3865-4f26-8005-6320dd08367e service placement] 10.222.0.30 "GET /placement/allocation_candidates?limit=1000&resources=DISK_GB%3A1%2CMEMORY_MB%3A1024%2CVCPU%3A1&root_required=%21COMPUTE_STATUS_DISABLED" status: 200 len: 767 microversion: 1.36
Sep 14 13:30:18.297398 dv-cinder-798783-2-iscsi devstack@placement-api.service[94427]: [pid: 94427|app: 0|req: 25/50] 10.222.0.30 () {60 vars in 1507 bytes} [Tue Sep 14 13:30:18 2021] GET /placement/allocation_candidates?limit=1000&resources=DISK_GB%3A1%2CMEMORY_MB%3A1024%2CVCPU%3A1&root_required=%21COMPUTE_STATUS_DISABLED => generated 767 bytes in 122 msecs (HTTP/1.1 200) 8 headers in 296 bytes (2 switches on core 0)
Sep 14 13:30:18.342223 dv-cinder-798783-2-iscsi devstack@placement-api.service[94426]: DEBUG placement.requestlog [req-8fc7297c-fc5e-4cdb-b2af-a0a319ea1176 req-c65b925f-c15f-4b86-9c1c-0551f63c43b0 None None] Starting request: 10.222.0.30 "GET /placement/allocations/84515f10-8e69-408d-94de-33fac8c9fd40" {{(pid=94426) __call__ /opt/stack/placement/placement/requestlog.py:55}}
Sep 14 13:30:18.356365 dv-cinder-798783-2-iscsi devstack@placement-api.service[94426]: INFO placement.requestlog [req-8fc7297c-fc5e-4cdb-b2af-a0a319ea1176 req-c65b925f-c15f-4b86-9c1c-0551f63c43b0 service placement] 10.222.0.30 "GET /placement/allocations/84515f10-8e69-408d-94de-33fac8c9fd40" status: 200 len: 19 microversion: 1.28
Sep 14 13:30:18.361179 dv-cinder-798783-2-iscsi devstack@placement-api.service[94426]: [pid: 94426|app: 0|req: 26/51] 10.222.0.30 () {60 vars in 1381 bytes} [Tue Sep 14 13:30:18 2021] GET /placement/allocations/84515f10-8e69-408d-94de-33fac8c9fd40 => generated 19 bytes in 19 msecs (HTTP/1.1 200) 8 headers in 295 bytes (1 switches on core 0)
Sep 14 13:30:18.364586 dv-cinder-798783-2-iscsi devstack@placement-api.service[94427]: DEBUG placement.requestlog [req-8fc7297c-fc5e-4cdb-b2af-a0a319ea1176 req-5a27bdbc-f13b-49e4-a43b-39fd1340daeb None None] Starting request: 10.222.0.30 "PUT /placement/allocations/84515f10-8e69-408d-94de-33fac8c9fd40" {{(pid=94427) __call__ /opt/stack/placement/placement/requestlog.py:55}}
Sep 14 13:30:18.490355 dv-cinder-798783-2-iscsi devstack@placement-api.service[94427]: DEBUG placement.handlers.allocation [req-8fc7297c-fc5e-4cdb-b2af-a0a319ea1176 req-5a27bdbc-f13b-49e4-a43b-39fd1340daeb service placement] Successfully wrote allocations [, , ] {{(pid=94427) _update_consumers_and_create_allocations /opt/stack/placement/placement/handlers/allocation.py:462}}
Sep 14 13:30:18.498199 dv-cinder-798783-2-iscsi devstack@placement-api.service[94427]: INFO placement.requestlog [req-8fc7297c-fc5e-4cdb-b2af-a0a319ea1176 req-5a27bdbc-f13b-49e4-a43b-39fd1340daeb service placement] 10.222.0.30 "PUT /placement/allocations/84515f10-8e69-408d-94de-33fac8c9fd40" status: 204 len: 0 microversion: 1.36
Sep 14 13:30:18.501321 dv-cinder-798783-2-iscsi devstack@placement-api.service[94427]: [pid: 94427|app: 0|req: 26/52] 10.222.0.30 () {64 vars in 1434 bytes} [Tue Sep 14 13:30:18 2021] PUT /placement/allocations/84515f10-8e69-408d-94de-33fac8c9fd40 => generated 0 bytes in 134 msecs (HTTP/1.1 204) 5 headers in 199 bytes (2 switches on core 0)
Sep 14 13:30:18.817930 dv-cinder-798783-2-iscsi devstack@placement-api.service[94426]: DEBUG placement.requestlog [req-8b696770-c6fa-439f-ad6a-c8188301fea8 req-c64599a8-0456-4cfa-9e54-a9e1e293e4d0 None None] Starting request: 10.222.0.30 "GET /placement/allocation_candidates?limit=1000&resources=DISK_GB%3A1%2CMEMORY_MB%3A1024%2CVCPU%3A1&root_required=%21COMPUTE_STATUS_DISABLED" {{(pid=94426) __call__ /opt/stack/placement/placement/requestlog.py:55}}
Sep 14 13:30:18.869384 dv-cinder-798783-2-iscsi devstack@placement-api.service[94426]: DEBUG placement.objects.research_context [req-8b696770-c6fa-439f-ad6a-c8188301fea8 req-c64599a8-0456-4cfa-9e54-a9e1e293e4d0 service placement] getting providers with 1 DISK_GB {{(pid=94426) __init__ /opt/stack/placement/placement/objects/research_context.py:126}}
Sep 14 13:30:18.877389 dv-cinder-798783-2-iscsi devstack@placement-api.service[94426]: DEBUG placement.objects.research_context [req-8b696770-c6fa-439f-ad6a-c8188301fea8 req-c64599a8-0456-4cfa-9e54-a9e1e293e4d0 service placement] getting providers with 1024 MEMORY_MB {{(pid=94426) __init__ /opt/stack/placement/placement/objects/research_context.py:126}}
Sep 14 13:30:18.884080 dv-cinder-798783-2-iscsi devstack@placement-api.service[94426]: DEBUG placement.objects.research_context [req-8b696770-c6fa-439f-ad6a-c8188301fea8 req-c64599a8-0456-4cfa-9e54-a9e1e293e4d0 service placement] getting providers with 1 VCPU {{(pid=94426) __init__ /opt/stack/placement/placement/objects/research_context.py:126}}
Sep 14 13:30:18.895429 dv-cinder-798783-2-iscsi devstack@placement-api.service[94427]: DEBUG placement.requestlog [req-8fc7297c-fc5e-4cdb-b2af-a0a319ea1176 req-d25cf869-b8ff-4f86-90a4-c31143bc39c1 None None] Starting request: 10.222.0.18 "GET /placement/allocations/84515f10-8e69-408d-94de-33fac8c9fd40" {{(pid=94427) __call__ /opt/stack/placement/placement/requestlog.py:55}}
Sep 14 13:30:18.925914 dv-cinder-798783-2-iscsi devstack@placement-api.service[94426]: DEBUG placement.objects.research_context [req-8b696770-c6fa-439f-ad6a-c8188301fea8 req-c64599a8-0456-4cfa-9e54-a9e1e293e4d0 service placement] found 1 providers with available 1 DISK_GB {{(pid=94426) get_provider_ids_matching /opt/stack/placement/placement/objects/research_context.py:549}}
Sep 14 13:30:18.929268 dv-cinder-798783-2-iscsi devstack@placement-api.service[94426]: DEBUG placement.objects.research_context [req-8b696770-c6fa-439f-ad6a-c8188301fea8 req-c64599a8-0456-4cfa-9e54-a9e1e293e4d0 service placement] found 1 providers with available 1024 MEMORY_MB {{(pid=94426) get_provider_ids_matching /opt/stack/placement/placement/objects/research_context.py:549}}
Sep 14 13:30:18.929562 dv-cinder-798783-2-iscsi devstack@placement-api.service[94426]: DEBUG placement.objects.research_context [req-8b696770-c6fa-439f-ad6a-c8188301fea8 req-c64599a8-0456-4cfa-9e54-a9e1e293e4d0 service placement] found 1 providers after filtering by previous result {{(pid=94426) get_provider_ids_matching /opt/stack/placement/placement/objects/research_context.py:580}}
Sep 14 13:30:18.929830 dv-cinder-798783-2-iscsi devstack@placement-api.service[94426]: DEBUG placement.objects.research_context [req-8b696770-c6fa-439f-ad6a-c8188301fea8 req-c64599a8-0456-4cfa-9e54-a9e1e293e4d0 service placement] found 1 providers with available 1 VCPU {{(pid=94426) get_provider_ids_matching /opt/stack/placement/placement/objects/research_context.py:549}}
Sep 14 13:30:18.930571 dv-cinder-798783-2-iscsi devstack@placement-api.service[94426]: DEBUG placement.objects.research_context [req-8b696770-c6fa-439f-ad6a-c8188301fea8 req-c64599a8-0456-4cfa-9e54-a9e1e293e4d0 service placement] found 1 providers after filtering by previous result {{(pid=94426) get_provider_ids_matching /opt/stack/placement/placement/objects/research_context.py:580}}
Sep 14 13:30:18.936864 dv-cinder-798783-2-iscsi devstack@placement-api.service[94427]: INFO placement.requestlog [req-8fc7297c-fc5e-4cdb-b2af-a0a319ea1176 req-d25cf869-b8ff-4f86-90a4-c31143bc39c1 service placement] 10.222.0.18 "GET /placement/allocations/84515f10-8e69-408d-94de-33fac8c9fd40" status: 200 len: 259 microversion: 1.28
Sep 14 13:30:18.937238 dv-cinder-798783-2-iscsi devstack@placement-api.service[94427]: [pid: 94427|app: 0|req: 27/53] 10.222.0.18 () {60 vars in 1378 bytes} [Tue Sep 14 13:30:18 2021] GET /placement/allocations/84515f10-8e69-408d-94de-33fac8c9fd40 => generated 259 bytes in 42 msecs (HTTP/1.1 200) 8 headers in 296 bytes (1 switches on core 0)
Sep 14 13:30:18.958820 dv-cinder-798783-2-iscsi devstack@placement-api.service[94426]: DEBUG placement.objects.allocation_candidate [req-8b696770-c6fa-439f-ad6a-c8188301fea8 req-c64599a8-0456-4cfa-9e54-a9e1e293e4d0 service placement] RequestGroup(use_same_provider=False, resources={DISK_GB:1, MEMORY_MB:1024, VCPU:1}, traits=[], aggregates=[]) (suffix '') returned 1 matches {{(pid=94426) _get_by_requests /opt/stack/placement/placement/objects/allocation_candidate.py:145}}
Sep 14 13:30:18.959215 dv-cinder-798783-2-iscsi devstack@placement-api.service[94426]: DEBUG placement.objects.allocation_candidate [req-8b696770-c6fa-439f-ad6a-c8188301fea8 req-c64599a8-0456-4cfa-9e54-a9e1e293e4d0 service placement] Merging candidates yields 1 allocation requests and 1 provider summaries {{(pid=94426) _merge_candidates /opt/stack/placement/placement/objects/allocation_candidate.py:783}}
Sep 14 13:30:18.962223 dv-cinder-798783-2-iscsi devstack@placement-api.service[94426]: INFO placement.requestlog [req-8b696770-c6fa-439f-ad6a-c8188301fea8 req-c64599a8-0456-4cfa-9e54-a9e1e293e4d0 service placement] 10.222.0.30 "GET /placement/allocation_candidates?limit=1000&resources=DISK_GB%3A1%2CMEMORY_MB%3A1024%2CVCPU%3A1&root_required=%21COMPUTE_STATUS_DISABLED" status: 200 len: 767 microversion: 1.36
Sep 14 13:30:18.962465 dv-cinder-798783-2-iscsi devstack@placement-api.service[94426]: [pid: 94426|app: 0|req: 27/54] 10.222.0.30 () {60 vars in 1507 bytes} [Tue Sep 14 13:30:18 2021] GET /placement/allocation_candidates?limit=1000&resources=DISK_GB%3A1%2CMEMORY_MB%3A1024%2CVCPU%3A1&root_required=%21COMPUTE_STATUS_DISABLED => generated 767 bytes in 145 msecs (HTTP/1.1 200) 8 headers in 296 bytes (1 switches on core 0)
Sep 14 13:30:19.006192 dv-cinder-798783-2-iscsi devstack@placement-api.service[94427]: DEBUG placement.requestlog [req-8b696770-c6fa-439f-ad6a-c8188301fea8 req-430838ba-9bd5-4d50-ae7a-6257a512133f None None] Starting request: 10.222.0.30 "GET /placement/allocations/5dda8945-8c9b-4aee-b73f-ece243717084" {{(pid=94427) __call__ /opt/stack/placement/placement/requestlog.py:55}}
Sep 14 13:30:19.026413 dv-cinder-798783-2-iscsi devstack@placement-api.service[94427]: INFO placement.requestlog [req-8b696770-c6fa-439f-ad6a-c8188301fea8 req-430838ba-9bd5-4d50-ae7a-6257a512133f service placement] 10.222.0.30 "GET /placement/allocations/5dda8945-8c9b-4aee-b73f-ece243717084" status: 200 len: 19 microversion: 1.28
Sep 14 13:30:19.031364 dv-cinder-798783-2-iscsi devstack@placement-api.service[94427]: [pid: 94427|app: 0|req: 28/55] 10.222.0.30 () {60 vars in 1381 bytes} [Tue Sep 14 13:30:19 2021] GET /placement/allocations/5dda8945-8c9b-4aee-b73f-ece243717084 => generated 19 bytes in 25 msecs (HTTP/1.1 200) 8 headers in 295 bytes (1 switches on core 0)
Sep 14 13:30:19.036646 dv-cinder-798783-2-iscsi devstack@placement-api.service[94426]: DEBUG placement.requestlog [req-8b696770-c6fa-439f-ad6a-c8188301fea8 req-ccb1f063-5a2f-4178-a30e-5a7330c19f21 None None] Starting request: 10.222.0.30 "PUT /placement/allocations/5dda8945-8c9b-4aee-b73f-ece243717084" {{(pid=94426) __call__ /opt/stack/placement/placement/requestlog.py:55}}
Sep 14 13:30:19.152371 dv-cinder-798783-2-iscsi devstack@placement-api.service[94426]: DEBUG placement.handlers.allocation [req-8b696770-c6fa-439f-ad6a-c8188301fea8 req-ccb1f063-5a2f-4178-a30e-5a7330c19f21 service placement] Successfully wrote allocations [, , ] {{(pid=94426) _update_consumers_and_create_allocations /opt/stack/placement/placement/handlers/allocation.py:462}}
Sep 14 13:30:19.163995 dv-cinder-798783-2-iscsi devstack@placement-api.service[94426]: INFO placement.requestlog [req-8b696770-c6fa-439f-ad6a-c8188301fea8 req-ccb1f063-5a2f-4178-a30e-5a7330c19f21 service placement] 10.222.0.30 "PUT /placement/allocations/5dda8945-8c9b-4aee-b73f-ece243717084" status: 204 len: 0 microversion: 1.36
Sep 14 13:30:19.164763 dv-cinder-798783-2-iscsi devstack@placement-api.service[94426]: [pid: 94426|app: 0|req: 28/56] 10.222.0.30 () {64 vars in 1434 bytes} [Tue Sep 14 13:30:19 2021] PUT /placement/allocations/5dda8945-8c9b-4aee-b73f-ece243717084 => generated 0 bytes in 128 msecs (HTTP/1.1 204) 5 headers in 199 bytes (1 switches on core 0)
Sep 14 13:30:19.632528 dv-cinder-798783-2-iscsi devstack@placement-api.service[94427]: DEBUG placement.requestlog [req-8b696770-c6fa-439f-ad6a-c8188301fea8 req-cb29284e-9f50-44ea-9b40-b5c2157effdb None None] Starting request: 10.222.0.18 "GET /placement/allocations/5dda8945-8c9b-4aee-b73f-ece243717084" {{(pid=94427) __call__ /opt/stack/placement/placement/requestlog.py:55}}
Sep 14 13:30:19.651313 dv-cinder-798783-2-iscsi devstack@placement-api.service[94427]: INFO placement.requestlog [req-8b696770-c6fa-439f-ad6a-c8188301fea8 req-cb29284e-9f50-44ea-9b40-b5c2157effdb service placement] 10.222.0.18 "GET /placement/allocations/5dda8945-8c9b-4aee-b73f-ece243717084" status: 200 len: 259 microversion: 1.28
Sep 14 13:30:19.652211 dv-cinder-798783-2-iscsi devstack@placement-api.service[94427]: [pid: 94427|app: 0|req: 29/57] 10.222.0.18 () {60 vars in 1378 bytes} [Tue Sep 14 13:30:19 2021] GET /placement/allocations/5dda8945-8c9b-4aee-b73f-ece243717084 => generated 259 bytes in 27 msecs (HTTP/1.1 200) 8 headers in 296 bytes (1 switches on core 0)
Sep 14 13:30:39.282942 dv-cinder-798783-2-iscsi devstack@placement-api.service[94426]: DEBUG placement.requestlog [req-7e83bd50-2362-42c6-8ca8-fb067bfda920 req-6a0550d7-4e81-4cd8-b89c-797bfe84c68f None None] Starting request: 10.222.0.18 "DELETE /placement/allocations/bf9b97ca-ce44-4c4b-a5b9-e773affca643" {{(pid=94426) __call__ /opt/stack/placement/placement/requestlog.py:55}}
Sep 14 13:30:39.325592 dv-cinder-798783-2-iscsi devstack@placement-api.service[94426]: DEBUG placement.handlers.allocation [req-7e83bd50-2362-42c6-8ca8-fb067bfda920 req-6a0550d7-4e81-4cd8-b89c-797bfe84c68f service placement] Successfully deleted allocations [, , ] {{(pid=94426) delete_allocations /opt/stack/placement/placement/handlers/allocation.py:627}}
Sep 14 13:30:39.326730 dv-cinder-798783-2-iscsi devstack@placement-api.service[94426]: INFO placement.requestlog [req-7e83bd50-2362-42c6-8ca8-fb067bfda920 req-6a0550d7-4e81-4cd8-b89c-797bfe84c68f service placement] 10.222.0.18 "DELETE /placement/allocations/bf9b97ca-ce44-4c4b-a5b9-e773affca643" status: 204 len: 0 microversion: 1.0
Sep 14 13:30:39.327213 dv-cinder-798783-2-iscsi devstack@placement-api.service[94426]: [pid: 94426|app: 0|req: 29/58] 10.222.0.18 () {60 vars in 1356 bytes} [Tue Sep 14 13:30:39 2021] DELETE /placement/allocations/bf9b97ca-ce44-4c4b-a5b9-e773affca643 => generated 0 bytes in 44 msecs (HTTP/1.1 204) 5 headers in 198 bytes (1 switches on core 0)
Sep 14 13:30:40.699560 dv-cinder-798783-2-iscsi devstack@placement-api.service[94427]: DEBUG placement.requestlog [req-0508720a-e7f9-487c-8d6c-ac19a22efcd9 req-7552ede2-7663-4e38-af68-d901478960c1 None None] Starting request: 10.222.0.30 "GET /placement/allocation_candidates?limit=1000&resources=DISK_GB%3A1%2CMEMORY_MB%3A1024%2CVCPU%3A1&root_required=%21COMPUTE_STATUS_DISABLED" {{(pid=94427) __call__ /opt/stack/placement/placement/requestlog.py:55}}
Sep 14 13:30:40.728197 dv-cinder-798783-2-iscsi devstack@placement-api.service[94427]: DEBUG placement.objects.research_context [req-0508720a-e7f9-487c-8d6c-ac19a22efcd9 req-7552ede2-7663-4e38-af68-d901478960c1 service placement] getting providers with 1 DISK_GB {{(pid=94427) __init__ /opt/stack/placement/placement/objects/research_context.py:126}}
Sep 14 13:30:40.733837 dv-cinder-798783-2-iscsi devstack@placement-api.service[94427]: DEBUG placement.objects.research_context [req-0508720a-e7f9-487c-8d6c-ac19a22efcd9 req-7552ede2-7663-4e38-af68-d901478960c1 service placement] getting providers with 1024 MEMORY_MB {{(pid=94427) __init__ /opt/stack/placement/placement/objects/research_context.py:126}}
Sep 14 13:30:40.739222 dv-cinder-798783-2-iscsi devstack@placement-api.service[94427]: DEBUG placement.objects.research_context [req-0508720a-e7f9-487c-8d6c-ac19a22efcd9 req-7552ede2-7663-4e38-af68-d901478960c1 service placement] getting providers with 1 VCPU {{(pid=94427) __init__ /opt/stack/placement/placement/objects/research_context.py:126}}
Sep 14 13:30:40.744325 dv-cinder-798783-2-iscsi devstack@placement-api.service[94427]: DEBUG placement.objects.research_context [req-0508720a-e7f9-487c-8d6c-ac19a22efcd9 req-7552ede2-7663-4e38-af68-d901478960c1 service placement] found 1 providers with available 1 DISK_GB {{(pid=94427) get_provider_ids_matching /opt/stack/placement/placement/objects/research_context.py:549}}
Sep 14 13:30:40.744596 dv-cinder-798783-2-iscsi devstack@placement-api.service[94427]: DEBUG placement.objects.research_context [req-0508720a-e7f9-487c-8d6c-ac19a22efcd9 req-7552ede2-7663-4e38-af68-d901478960c1 service placement] found 1 providers with available 1024 MEMORY_MB {{(pid=94427) get_provider_ids_matching /opt/stack/placement/placement/objects/research_context.py:549}}
Sep 14 13:30:40.744895 dv-cinder-798783-2-iscsi devstack@placement-api.service[94427]: DEBUG placement.objects.research_context [req-0508720a-e7f9-487c-8d6c-ac19a22efcd9 req-7552ede2-7663-4e38-af68-d901478960c1 service placement] found 1 providers after filtering by previous result {{(pid=94427) get_provider_ids_matching /opt/stack/placement/placement/objects/research_context.py:580}}
Sep 14 13:30:40.745149 dv-cinder-798783-2-iscsi devstack@placement-api.service[94427]: DEBUG placement.objects.research_context [req-0508720a-e7f9-487c-8d6c-ac19a22efcd9 req-7552ede2-7663-4e38-af68-d901478960c1 service placement] found 1 providers with available 1 VCPU {{(pid=94427) get_provider_ids_matching /opt/stack/placement/placement/objects/research_context.py:549}}
Sep 14 13:30:40.745407 dv-cinder-798783-2-iscsi devstack@placement-api.service[94427]: DEBUG placement.objects.research_context [req-0508720a-e7f9-487c-8d6c-ac19a22efcd9 req-7552ede2-7663-4e38-af68-d901478960c1 service placement] found 1 providers after filtering by previous result {{(pid=94427) get_provider_ids_matching /opt/stack/placement/placement/objects/research_context.py:580}}
Sep 14 13:30:40.755628 dv-cinder-798783-2-iscsi devstack@placement-api.service[94427]: DEBUG placement.objects.allocation_candidate [req-0508720a-e7f9-487c-8d6c-ac19a22efcd9 req-7552ede2-7663-4e38-af68-d901478960c1 service placement] RequestGroup(use_same_provider=False, resources={DISK_GB:1, MEMORY_MB:1024, VCPU:1}, traits=[], aggregates=[]) (suffix '') returned 1 matches {{(pid=94427) _get_by_requests /opt/stack/placement/placement/objects/allocation_candidate.py:145}}
Sep 14 13:30:40.755957 dv-cinder-798783-2-iscsi devstack@placement-api.service[94427]: DEBUG placement.objects.allocation_candidate [req-0508720a-e7f9-487c-8d6c-ac19a22efcd9 req-7552ede2-7663-4e38-af68-d901478960c1 service placement] Merging candidates yields 1 allocation requests and 1 provider summaries {{(pid=94427) _merge_candidates /opt/stack/placement/placement/objects/allocation_candidate.py:783}}
Sep 14 13:30:40.757371 dv-cinder-798783-2-iscsi devstack@placement-api.service[94427]: INFO placement.requestlog [req-0508720a-e7f9-487c-8d6c-ac19a22efcd9 req-7552ede2-7663-4e38-af68-d901478960c1 service placement] 10.222.0.30 "GET /placement/allocation_candidates?limit=1000&resources=DISK_GB%3A1%2CMEMORY_MB%3A1024%2CVCPU%3A1&root_required=%21COMPUTE_STATUS_DISABLED" status: 200 len: 767 microversion: 1.36
Sep 14 13:30:40.757592 dv-cinder-798783-2-iscsi devstack@placement-api.service[94427]: [pid: 94427|app: 0|req: 30/59] 10.222.0.30 () {60 vars in 1507 bytes} [Tue Sep 14 13:30:40 2021] GET /placement/allocation_candidates?limit=1000&resources=DISK_GB%3A1%2CMEMORY_MB%3A1024%2CVCPU%3A1&root_required=%21COMPUTE_STATUS_DISABLED => generated 767 bytes in 58 msecs (HTTP/1.1 200) 8 headers in 296 bytes (2 switches on core 0)
Sep 14 13:30:40.791908 dv-cinder-798783-2-iscsi devstack@placement-api.service[94426]: DEBUG placement.requestlog [req-0508720a-e7f9-487c-8d6c-ac19a22efcd9 req-01572033-e10e-45b3-b621-9e09aff2f66c None None] Starting request: 10.222.0.30 "GET /placement/allocations/bf9b97ca-ce44-4c4b-a5b9-e773affca643" {{(pid=94426) __call__ /opt/stack/placement/placement/requestlog.py:55}}
Sep 14 13:30:40.803674 dv-cinder-798783-2-iscsi devstack@placement-api.service[94426]: INFO placement.requestlog [req-0508720a-e7f9-487c-8d6c-ac19a22efcd9 req-01572033-e10e-45b3-b621-9e09aff2f66c service placement] 10.222.0.30 "GET /placement/allocations/bf9b97ca-ce44-4c4b-a5b9-e773affca643" status: 200 len: 19 microversion: 1.28
Sep 14 13:30:40.804028 dv-cinder-798783-2-iscsi devstack@placement-api.service[94426]: [pid: 94426|app: 0|req: 30/60] 10.222.0.30 () {60 vars in 1381 bytes} [Tue Sep 14 13:30:40 2021] GET /placement/allocations/bf9b97ca-ce44-4c4b-a5b9-e773affca643 => generated 19 bytes in 12 msecs (HTTP/1.1 200) 8 headers in 295 bytes (1 switches on core 0)
Sep 14 13:30:40.810657 dv-cinder-798783-2-iscsi devstack@placement-api.service[94427]: DEBUG placement.requestlog [req-0508720a-e7f9-487c-8d6c-ac19a22efcd9 req-fae24a03-146e-4178-a878-5d1d1bb30c81 None None] Starting request: 10.222.0.30 "PUT /placement/allocations/bf9b97ca-ce44-4c4b-a5b9-e773affca643" {{(pid=94427) __call__ /opt/stack/placement/placement/requestlog.py:55}}
Sep 14 13:30:40.858088 dv-cinder-798783-2-iscsi devstack@placement-api.service[94427]: DEBUG placement.handlers.allocation [req-0508720a-e7f9-487c-8d6c-ac19a22efcd9 req-fae24a03-146e-4178-a878-5d1d1bb30c81 service placement] Successfully wrote allocations [, , ] {{(pid=94427) _update_consumers_and_create_allocations /opt/stack/placement/placement/handlers/allocation.py:462}}
Sep 14 13:30:40.862472 dv-cinder-798783-2-iscsi devstack@placement-api.service[94427]: INFO placement.requestlog [req-0508720a-e7f9-487c-8d6c-ac19a22efcd9 req-fae24a03-146e-4178-a878-5d1d1bb30c81 service placement] 10.222.0.30 "PUT /placement/allocations/bf9b97ca-ce44-4c4b-a5b9-e773affca643" status: 204 len: 0 microversion: 1.36
Sep 14 13:30:40.862870 dv-cinder-798783-2-iscsi devstack@placement-api.service[94427]: [pid: 94427|app: 0|req: 31/61] 10.222.0.30 () {64 vars in 1434 bytes} [Tue Sep 14 13:30:40 2021] PUT /placement/allocations/bf9b97ca-ce44-4c4b-a5b9-e773affca643 => generated 0 bytes in 52 msecs (HTTP/1.1 204) 5 headers in 199 bytes (1 switches on core 0)
Sep 14 13:30:41.638167 dv-cinder-798783-2-iscsi devstack@placement-api.service[94426]: DEBUG placement.requestlog [req-0508720a-e7f9-487c-8d6c-ac19a22efcd9 req-b0fb2555-772d-42d7-8df8-faf10d78861a None None] Starting request: 10.222.0.18 "GET /placement/allocations/bf9b97ca-ce44-4c4b-a5b9-e773affca643" {{(pid=94426) __call__ /opt/stack/placement/placement/requestlog.py:55}}
Sep 14 13:30:41.658030 dv-cinder-798783-2-iscsi devstack@placement-api.service[94426]: INFO placement.requestlog [req-0508720a-e7f9-487c-8d6c-ac19a22efcd9 req-b0fb2555-772d-42d7-8df8-faf10d78861a service placement] 10.222.0.18 "GET /placement/allocations/bf9b97ca-ce44-4c4b-a5b9-e773affca643" status: 200 len: 259 microversion: 1.28
Sep 14 13:30:41.658030 dv-cinder-798783-2-iscsi devstack@placement-api.service[94426]: [pid: 94426|app: 0|req: 31/62] 10.222.0.18 () {60 vars in 1378 bytes} [Tue Sep 14 13:30:41 2021] GET /placement/allocations/bf9b97ca-ce44-4c4b-a5b9-e773affca643 => generated 259 bytes in 18 msecs (HTTP/1.1 200) 8 headers in 296 bytes (1 switches on core 0)
Sep 14 13:31:04.511107 dv-cinder-798783-2-iscsi devstack@placement-api.service[94427]: DEBUG placement.requestlog [req-6531a9b5-c7ff-48d4-8f03-da16d2d5fca2 req-266a5533-1553-4489-bcf2-570d1482ab13 None None] Starting request: 10.222.0.18 "DELETE /placement/allocations/cc58d559-091d-4cb7-82f4-5c326592c712" {{(pid=94427) __call__ /opt/stack/placement/placement/requestlog.py:55}}
Sep 14 13:31:04.809132 dv-cinder-798783-2-iscsi devstack@placement-api.service[94427]: DEBUG placement.handlers.allocation [req-6531a9b5-c7ff-48d4-8f03-da16d2d5fca2 req-266a5533-1553-4489-bcf2-570d1482ab13 service placement] Successfully deleted allocations [, , ] {{(pid=94427) delete_allocations /opt/stack/placement/placement/handlers/allocation.py:627}}
Sep 14 13:31:04.809868 dv-cinder-798783-2-iscsi devstack@placement-api.service[94427]: INFO placement.requestlog [req-6531a9b5-c7ff-48d4-8f03-da16d2d5fca2 req-266a5533-1553-4489-bcf2-570d1482ab13 service placement] 10.222.0.18 "DELETE /placement/allocations/cc58d559-091d-4cb7-82f4-5c326592c712" status: 204 len: 0 microversion: 1.0
Sep 14 13:31:04.810265 dv-cinder-798783-2-iscsi devstack@placement-api.service[94427]: [pid: 94427|app: 0|req: 32/63] 10.222.0.18 () {60 vars in 1356 bytes} [Tue Sep 14 13:31:04 2021] DELETE /placement/allocations/cc58d559-091d-4cb7-82f4-5c326592c712 => generated 0 bytes in 299 msecs (HTTP/1.1 204) 5 headers in 198 bytes (2 switches on core 0)
Sep 14 13:31:06.464876 dv-cinder-798783-2-iscsi devstack@placement-api.service[94426]: DEBUG placement.requestlog [req-7b6d94e9-584e-4bf6-9584-09844a979fe6 req-fac0a699-042b-43f0-a892-a224e618abfe None None] Starting request: 10.222.0.18 "GET /placement/resource_providers/eaa032e5-9b2f-457f-8323-e2cb78fdc75a/allocations" {{(pid=94426) __call__ /opt/stack/placement/placement/requestlog.py:55}}
Sep 14 13:31:06.486805 dv-cinder-798783-2-iscsi devstack@placement-api.service[94426]: INFO placement.requestlog [req-7b6d94e9-584e-4bf6-9584-09844a979fe6 req-fac0a699-042b-43f0-a892-a224e618abfe service placement] 10.222.0.18 "GET /placement/resource_providers/eaa032e5-9b2f-457f-8323-e2cb78fdc75a/allocations" status: 200 len: 746 microversion: 1.0
Sep 14 13:31:06.487165 dv-cinder-798783-2-iscsi devstack@placement-api.service[94426]: [pid: 94426|app: 0|req: 32/64] 10.222.0.18 () {58 vars in 1391 bytes} [Tue Sep 14 13:31:06 2021] GET /placement/resource_providers/eaa032e5-9b2f-457f-8323-e2cb78fdc75a/allocations => generated 746 bytes in 23 msecs (HTTP/1.1 200) 6 headers in 224 bytes (2 switches on core 0)
Sep 14 13:31:06.537785 dv-cinder-798783-2-iscsi devstack@placement-api.service[94427]: DEBUG placement.requestlog [req-7b6d94e9-584e-4bf6-9584-09844a979fe6 req-22576852-2cf3-463b-b120-a8b4ff0b6b3d None None] Starting request: 10.222.0.18 "GET /placement/resource_providers?in_tree=eaa032e5-9b2f-457f-8323-e2cb78fdc75a" {{(pid=94427) __call__ /opt/stack/placement/placement/requestlog.py:55}}
Sep 14 13:31:06.554655 dv-cinder-798783-2-iscsi devstack@placement-api.service[94427]: INFO placement.requestlog [req-7b6d94e9-584e-4bf6-9584-09844a979fe6 req-22576852-2cf3-463b-b120-a8b4ff0b6b3d service placement] 10.222.0.18 "GET /placement/resource_providers?in_tree=eaa032e5-9b2f-457f-8323-e2cb78fdc75a" status: 200 len: 865 microversion: 1.14
Sep 14 13:31:06.555021 dv-cinder-798783-2-iscsi devstack@placement-api.service[94427]: [pid: 94427|app: 0|req: 33/65] 10.222.0.18 () {60 vars in 1377 bytes} [Tue Sep 14 13:31:06 2021] GET /placement/resource_providers?in_tree=eaa032e5-9b2f-457f-8323-e2cb78fdc75a => generated 865 bytes in 17 msecs (HTTP/1.1 200) 6 headers in 225 bytes (1 switches on core 0)
Sep 14 13:31:06.575474 dv-cinder-798783-2-iscsi devstack@placement-api.service[94426]: DEBUG placement.requestlog [req-7b6d94e9-584e-4bf6-9584-09844a979fe6 req-a35399d9-c618-4f13-b039-c2622f80a044 None None] Starting request: 10.222.0.18 "GET /placement/resource_providers/eaa032e5-9b2f-457f-8323-e2cb78fdc75a/inventories" {{(pid=94426) __call__ /opt/stack/placement/placement/requestlog.py:55}}
Sep 14 13:31:06.595130 dv-cinder-798783-2-iscsi devstack@placement-api.service[94426]: INFO placement.requestlog [req-7b6d94e9-584e-4bf6-9584-09844a979fe6 req-a35399d9-c618-4f13-b039-c2622f80a044 service placement] 10.222.0.18 "GET /placement/resource_providers/eaa032e5-9b2f-457f-8323-e2cb78fdc75a/inventories" status: 200 len: 398 microversion: 1.0
Sep 14 13:31:06.595606 dv-cinder-798783-2-iscsi devstack@placement-api.service[94426]: [pid: 94426|app: 0|req: 33/66] 10.222.0.18 () {58 vars in 1391 bytes} [Tue Sep 14 13:31:06 2021] GET /placement/resource_providers/eaa032e5-9b2f-457f-8323-e2cb78fdc75a/inventories => generated 398 bytes in 20 msecs (HTTP/1.1 200) 6 headers in 224 bytes (1 switches on core 0)
Sep 14 13:31:06.612993 dv-cinder-798783-2-iscsi devstack@placement-api.service[94427]: DEBUG placement.requestlog [req-7b6d94e9-584e-4bf6-9584-09844a979fe6 req-4ad9f546-245c-4fa6-a8c8-aee1b1f67a0e None None] Starting request: 10.222.0.18 "GET /placement/resource_providers/eaa032e5-9b2f-457f-8323-e2cb78fdc75a/aggregates" {{(pid=94427) __call__ /opt/stack/placement/placement/requestlog.py:55}}
Sep 14 13:31:06.627893 dv-cinder-798783-2-iscsi devstack@placement-api.service[94427]: INFO placement.requestlog [req-7b6d94e9-584e-4bf6-9584-09844a979fe6 req-4ad9f546-245c-4fa6-a8c8-aee1b1f67a0e service placement] 10.222.0.18 "GET /placement/resource_providers/eaa032e5-9b2f-457f-8323-e2cb78fdc75a/aggregates" status: 200 len: 54 microversion: 1.19
Sep 14 13:31:06.628314 dv-cinder-798783-2-iscsi devstack@placement-api.service[94427]: [pid: 94427|app: 0|req: 34/67] 10.222.0.18 () {60 vars in 1432 bytes} [Tue Sep 14 13:31:06 2021] GET /placement/resource_providers/eaa032e5-9b2f-457f-8323-e2cb78fdc75a/aggregates => generated 54 bytes in 16 msecs (HTTP/1.1 200) 8 headers in 295 bytes (2 switches on core 0)
Sep 14 13:31:06.642974 dv-cinder-798783-2-iscsi devstack@placement-api.service[94426]: DEBUG placement.requestlog [req-7b6d94e9-584e-4bf6-9584-09844a979fe6 req-b6803953-f545-4e08-8bdf-3e01e34da8e2 None None] Starting request: 10.222.0.18 "GET /placement/resource_providers/eaa032e5-9b2f-457f-8323-e2cb78fdc75a/traits" {{(pid=94426) __call__ /opt/stack/placement/placement/requestlog.py:55}}
Sep 14 13:31:06.672786 dv-cinder-798783-2-iscsi devstack@placement-api.service[94426]: INFO placement.requestlog [req-7b6d94e9-584e-4bf6-9584-09844a979fe6 req-b6803953-f545-4e08-8bdf-3e01e34da8e2 service placement] 10.222.0.18 "GET /placement/resource_providers/eaa032e5-9b2f-457f-8323-e2cb78fdc75a/traits" status: 200 len: 300 microversion: 1.6
Sep 14 13:31:06.673421 dv-cinder-798783-2-iscsi devstack@placement-api.service[94426]: [pid: 94426|app: 0|req: 34/68] 10.222.0.18 () {60 vars in 1419 bytes} [Tue Sep 14 13:31:06 2021] GET /placement/resource_providers/eaa032e5-9b2f-457f-8323-e2cb78fdc75a/traits => generated 300 bytes in 30 msecs (HTTP/1.1 200) 6 headers in 224 bytes (2 switches on core 0)
Sep 14 13:31:14.383403 dv-cinder-798783-2-iscsi devstack@placement-api.service[94427]: DEBUG placement.requestlog [req-b26abc0f-2246-40b8-9323-6087b0f2c1d1 req-d0bc1615-4ea6-4f27-99e0-f9c0bc661e7d None None] Starting request: 10.222.0.30 "GET /placement/allocation_candidates?limit=1000&resources=DISK_GB%3A1%2CMEMORY_MB%3A1024%2CVCPU%3A1&root_required=%21COMPUTE_STATUS_DISABLED" {{(pid=94427) __call__ /opt/stack/placement/placement/requestlog.py:55}}
Sep 14 13:31:14.415365 dv-cinder-798783-2-iscsi devstack@placement-api.service[94427]: DEBUG placement.objects.research_context [req-b26abc0f-2246-40b8-9323-6087b0f2c1d1 req-d0bc1615-4ea6-4f27-99e0-f9c0bc661e7d service placement] getting providers with 1 DISK_GB {{(pid=94427) __init__ /opt/stack/placement/placement/objects/research_context.py:126}}
Sep 14 13:31:14.425405 dv-cinder-798783-2-iscsi devstack@placement-api.service[94427]: DEBUG placement.objects.research_context [req-b26abc0f-2246-40b8-9323-6087b0f2c1d1 req-d0bc1615-4ea6-4f27-99e0-f9c0bc661e7d service placement] getting providers with 1024 MEMORY_MB {{(pid=94427) __init__ /opt/stack/placement/placement/objects/research_context.py:126}}
Sep 14 13:31:14.434907 dv-cinder-798783-2-iscsi devstack@placement-api.service[94427]: DEBUG placement.objects.research_context [req-b26abc0f-2246-40b8-9323-6087b0f2c1d1 req-d0bc1615-4ea6-4f27-99e0-f9c0bc661e7d service placement] getting providers with 1 VCPU {{(pid=94427) __init__ /opt/stack/placement/placement/objects/research_context.py:126}}
Sep 14 13:31:14.442443 dv-cinder-798783-2-iscsi devstack@placement-api.service[94427]: DEBUG placement.objects.research_context [req-b26abc0f-2246-40b8-9323-6087b0f2c1d1 req-d0bc1615-4ea6-4f27-99e0-f9c0bc661e7d service placement] found 1 providers with available 1 DISK_GB {{(pid=94427) get_provider_ids_matching /opt/stack/placement/placement/objects/research_context.py:549}}
Sep 14 13:31:14.442719 dv-cinder-798783-2-iscsi devstack@placement-api.service[94427]: DEBUG placement.objects.research_context [req-b26abc0f-2246-40b8-9323-6087b0f2c1d1 req-d0bc1615-4ea6-4f27-99e0-f9c0bc661e7d service placement] found 1 providers with available 1024 MEMORY_MB {{(pid=94427) get_provider_ids_matching /opt/stack/placement/placement/objects/research_context.py:549}}
Sep 14 13:31:14.443277 dv-cinder-798783-2-iscsi devstack@placement-api.service[94427]: DEBUG placement.objects.research_context [req-b26abc0f-2246-40b8-9323-6087b0f2c1d1 req-d0bc1615-4ea6-4f27-99e0-f9c0bc661e7d service placement] found 1 providers after filtering by previous result {{(pid=94427) get_provider_ids_matching /opt/stack/placement/placement/objects/research_context.py:580}}
Sep 14 13:31:14.444052 dv-cinder-798783-2-iscsi devstack@placement-api.service[94427]: DEBUG placement.objects.research_context [req-b26abc0f-2246-40b8-9323-6087b0f2c1d1 req-d0bc1615-4ea6-4f27-99e0-f9c0bc661e7d service placement] found 1 providers with available 1 VCPU {{(pid=94427) get_provider_ids_matching /opt/stack/placement/placement/objects/research_context.py:549}}
Sep 14 13:31:14.444467 dv-cinder-798783-2-iscsi devstack@placement-api.service[94427]: DEBUG placement.objects.research_context [req-b26abc0f-2246-40b8-9323-6087b0f2c1d1 req-d0bc1615-4ea6-4f27-99e0-f9c0bc661e7d service placement] found 1 providers after filtering by previous result {{(pid=94427) get_provider_ids_matching /opt/stack/placement/placement/objects/research_context.py:580}}
Sep 14 13:31:14.456997 dv-cinder-798783-2-iscsi devstack@placement-api.service[94427]: DEBUG placement.objects.allocation_candidate [req-b26abc0f-2246-40b8-9323-6087b0f2c1d1 req-d0bc1615-4ea6-4f27-99e0-f9c0bc661e7d service placement] RequestGroup(use_same_provider=False, resources={DISK_GB:1, MEMORY_MB:1024, VCPU:1}, traits=[], aggregates=[]) (suffix '') returned 1 matches {{(pid=94427) _get_by_requests /opt/stack/placement/placement/objects/allocation_candidate.py:145}}
Sep 14 13:31:14.457329 dv-cinder-798783-2-iscsi devstack@placement-api.service[94427]: DEBUG placement.objects.allocation_candidate [req-b26abc0f-2246-40b8-9323-6087b0f2c1d1 req-d0bc1615-4ea6-4f27-99e0-f9c0bc661e7d service placement] Merging candidates yields 1 allocation requests and 1 provider summaries {{(pid=94427) _merge_candidates /opt/stack/placement/placement/objects/allocation_candidate.py:783}}
Sep 14 13:31:14.466124 dv-cinder-798783-2-iscsi devstack@placement-api.service[94427]: INFO placement.requestlog [req-b26abc0f-2246-40b8-9323-6087b0f2c1d1 req-d0bc1615-4ea6-4f27-99e0-f9c0bc661e7d service placement] 10.222.0.30 "GET /placement/allocation_candidates?limit=1000&resources=DISK_GB%3A1%2CMEMORY_MB%3A1024%2CVCPU%3A1&root_required=%21COMPUTE_STATUS_DISABLED" status: 200 len: 767 microversion: 1.36
Sep 14 13:31:14.466124 dv-cinder-798783-2-iscsi devstack@placement-api.service[94427]: [pid: 94427|app: 0|req: 35/69] 10.222.0.30 () {60 vars in 1507 bytes} [Tue Sep 14 13:31:14 2021] GET /placement/allocation_candidates?limit=1000&resources=DISK_GB%3A1%2CMEMORY_MB%3A1024%2CVCPU%3A1&root_required=%21COMPUTE_STATUS_DISABLED => generated 767 bytes in 76 msecs (HTTP/1.1 200) 8 headers in 296 bytes (1 switches on core 0)
Sep 14 13:31:14.497849 dv-cinder-798783-2-iscsi devstack@placement-api.service[94426]: DEBUG placement.requestlog [req-b26abc0f-2246-40b8-9323-6087b0f2c1d1 req-dfb8e1cd-9082-4f51-a23a-81b27e9bfd1c None None] Starting request: 10.222.0.30 "GET /placement/allocations/e56b884f-0d6e-403a-98cc-93f57a6976e8" {{(pid=94426) __call__ /opt/stack/placement/placement/requestlog.py:55}}
Sep 14 13:31:14.508815 dv-cinder-798783-2-iscsi devstack@placement-api.service[94426]: INFO placement.requestlog [req-b26abc0f-2246-40b8-9323-6087b0f2c1d1 req-dfb8e1cd-9082-4f51-a23a-81b27e9bfd1c service placement] 10.222.0.30 "GET /placement/allocations/e56b884f-0d6e-403a-98cc-93f57a6976e8" status: 200 len: 19 microversion: 1.28
Sep 14 13:31:14.509184 dv-cinder-798783-2-iscsi devstack@placement-api.service[94426]: [pid: 94426|app: 0|req: 35/70] 10.222.0.30 () {60 vars in 1381 bytes} [Tue Sep 14 13:31:14 2021] GET /placement/allocations/e56b884f-0d6e-403a-98cc-93f57a6976e8 => generated 19 bytes in 12 msecs (HTTP/1.1 200) 8 headers in 295 bytes (1 switches on core 0)
Sep 14 13:31:14.514940 dv-cinder-798783-2-iscsi devstack@placement-api.service[94427]: DEBUG placement.requestlog [req-b26abc0f-2246-40b8-9323-6087b0f2c1d1 req-3ba8abf8-e264-4495-b35b-97d7cc49124b None None] Starting request: 10.222.0.30 "PUT /placement/allocations/e56b884f-0d6e-403a-98cc-93f57a6976e8" {{(pid=94427) __call__ /opt/stack/placement/placement/requestlog.py:55}}
Sep 14 13:31:14.564542 dv-cinder-798783-2-iscsi devstack@placement-api.service[94427]: DEBUG placement.handlers.allocation [req-b26abc0f-2246-40b8-9323-6087b0f2c1d1 req-3ba8abf8-e264-4495-b35b-97d7cc49124b service placement] Successfully wrote allocations [, , ] {{(pid=94427) _update_consumers_and_create_allocations /opt/stack/placement/placement/handlers/allocation.py:462}}
Sep 14 13:31:14.568511 dv-cinder-798783-2-iscsi devstack@placement-api.service[94427]: INFO placement.requestlog [req-b26abc0f-2246-40b8-9323-6087b0f2c1d1 req-3ba8abf8-e264-4495-b35b-97d7cc49124b service placement] 10.222.0.30 "PUT /placement/allocations/e56b884f-0d6e-403a-98cc-93f57a6976e8" status: 204 len: 0 microversion: 1.36
Sep 14 13:31:14.568866 dv-cinder-798783-2-iscsi devstack@placement-api.service[94427]: [pid: 94427|app: 0|req: 36/71] 10.222.0.30 () {64 vars in 1434 bytes} [Tue Sep 14 13:31:14 2021] PUT /placement/allocations/e56b884f-0d6e-403a-98cc-93f57a6976e8 => generated 0 bytes in 54 msecs (HTTP/1.1 204) 5 headers in 199 bytes (2 switches on core 0)
Sep 14 13:31:14.815541 dv-cinder-798783-2-iscsi devstack@placement-api.service[94426]: DEBUG placement.requestlog [req-b26abc0f-2246-40b8-9323-6087b0f2c1d1 req-5d6347f3-6839-468d-9180-8bfb78e3c102 None None] Starting request: 10.222.0.18 "GET /placement/allocations/e56b884f-0d6e-403a-98cc-93f57a6976e8" {{(pid=94426) __call__ /opt/stack/placement/placement/requestlog.py:55}}
Sep 14 13:31:14.830269 dv-cinder-798783-2-iscsi devstack@placement-api.service[94426]: INFO placement.requestlog [req-b26abc0f-2246-40b8-9323-6087b0f2c1d1 req-5d6347f3-6839-468d-9180-8bfb78e3c102 service placement] 10.222.0.18 "GET /placement/allocations/e56b884f-0d6e-403a-98cc-93f57a6976e8" status: 200 len: 259 microversion: 1.28
Sep 14 13:31:14.830750 dv-cinder-798783-2-iscsi devstack@placement-api.service[94426]: [pid: 94426|app: 0|req: 36/72] 10.222.0.18 () {60 vars in 1378 bytes} [Tue Sep 14 13:31:14 2021] GET /placement/allocations/e56b884f-0d6e-403a-98cc-93f57a6976e8 => generated 259 bytes in 15 msecs (HTTP/1.1 200) 8 headers in 296 bytes (1 switches on core 0)
Sep 14 13:31:14.847325 dv-cinder-798783-2-iscsi devstack@placement-api.service[94427]: DEBUG placement.requestlog [req-4ab4d647-b202-400a-b8f3-db851b17d732 req-eff91ac1-c3e1-440f-ae3b-aeb9a26751dc None None] Starting request: 10.222.0.18 "DELETE /placement/allocations/2584e24b-787e-4cd6-9f9a-270cf38d6e32" {{(pid=94427) __call__ /opt/stack/placement/placement/requestlog.py:55}}
Sep 14 13:31:14.875109 dv-cinder-798783-2-iscsi devstack@placement-api.service[94427]: DEBUG placement.handlers.allocation [req-4ab4d647-b202-400a-b8f3-db851b17d732 req-eff91ac1-c3e1-440f-ae3b-aeb9a26751dc service placement] Successfully deleted allocations [, , ] {{(pid=94427) delete_allocations /opt/stack/placement/placement/handlers/allocation.py:627}}
Sep 14 13:31:14.875691 dv-cinder-798783-2-iscsi devstack@placement-api.service[94427]: INFO placement.requestlog [req-4ab4d647-b202-400a-b8f3-db851b17d732 req-eff91ac1-c3e1-440f-ae3b-aeb9a26751dc service placement] 10.222.0.18 "DELETE /placement/allocations/2584e24b-787e-4cd6-9f9a-270cf38d6e32" status: 204 len: 0 microversion: 1.0
Sep 14 13:31:14.876069 dv-cinder-798783-2-iscsi devstack@placement-api.service[94427]: [pid: 94427|app: 0|req: 37/73] 10.222.0.18 () {60 vars in 1356 bytes} [Tue Sep 14 13:31:14 2021] DELETE /placement/allocations/2584e24b-787e-4cd6-9f9a-270cf38d6e32 => generated 0 bytes in 29 msecs (HTTP/1.1 204) 5 headers in 198 bytes (1 switches on core 0)
Sep 14 13:31:45.288935 dv-cinder-798783-2-iscsi devstack@placement-api.service[94426]: DEBUG placement.requestlog [req-388a319f-4cc1-42d6-ab75-5cb92860d8f1 req-44c4707f-e452-438e-b883-e27df691a39b None None] Starting request: 10.222.0.18 "DELETE /placement/allocations/e56b884f-0d6e-403a-98cc-93f57a6976e8" {{(pid=94426) __call__ /opt/stack/placement/placement/requestlog.py:55}}
Sep 14 13:31:45.315168 dv-cinder-798783-2-iscsi devstack@placement-api.service[94426]: DEBUG placement.handlers.allocation [req-388a319f-4cc1-42d6-ab75-5cb92860d8f1 req-44c4707f-e452-438e-b883-e27df691a39b service placement] Successfully deleted allocations [, , ] {{(pid=94426) delete_allocations /opt/stack/placement/placement/handlers/allocation.py:627}}
Sep 14 13:31:45.315521 dv-cinder-798783-2-iscsi devstack@placement-api.service[94426]: INFO placement.requestlog [req-388a319f-4cc1-42d6-ab75-5cb92860d8f1 req-44c4707f-e452-438e-b883-e27df691a39b service placement] 10.222.0.18 "DELETE /placement/allocations/e56b884f-0d6e-403a-98cc-93f57a6976e8" status: 204 len: 0 microversion: 1.0
Sep 14 13:31:45.315661 dv-cinder-798783-2-iscsi devstack@placement-api.service[94426]: [pid: 94426|app: 0|req: 37/74] 10.222.0.18 () {60 vars in 1356 bytes} [Tue Sep 14 13:31:45 2021] DELETE /placement/allocations/e56b884f-0d6e-403a-98cc-93f57a6976e8 => generated 0 bytes in 27 msecs (HTTP/1.1 204) 5 headers in 198 bytes (1 switches on core 0)
Sep 14 13:31:55.325360 dv-cinder-798783-2-iscsi devstack@placement-api.service[94427]: DEBUG placement.requestlog [req-334d3f3b-6ab5-4af5-aecd-eab257f26f13 req-fe8bf137-ccce-42c8-b367-7ce93c5aba48 None None] Starting request: 10.222.0.18 "DELETE /placement/allocations/84515f10-8e69-408d-94de-33fac8c9fd40" {{(pid=94427) __call__ /opt/stack/placement/placement/requestlog.py:55}}
Sep 14 13:31:55.350649 dv-cinder-798783-2-iscsi devstack@placement-api.service[94427]: DEBUG placement.handlers.allocation [req-334d3f3b-6ab5-4af5-aecd-eab257f26f13 req-fe8bf137-ccce-42c8-b367-7ce93c5aba48 service placement] Successfully deleted allocations [, , ] {{(pid=94427) delete_allocations /opt/stack/placement/placement/handlers/allocation.py:627}}
Sep 14 13:31:55.351195 dv-cinder-798783-2-iscsi devstack@placement-api.service[94427]: INFO placement.requestlog [req-334d3f3b-6ab5-4af5-aecd-eab257f26f13 req-fe8bf137-ccce-42c8-b367-7ce93c5aba48 service placement] 10.222.0.18 "DELETE /placement/allocations/84515f10-8e69-408d-94de-33fac8c9fd40" status: 204 len: 0 microversion: 1.0
Sep 14 13:31:55.351461 dv-cinder-798783-2-iscsi devstack@placement-api.service[94427]: [pid: 94427|app: 0|req: 38/75] 10.222.0.18 () {60 vars in 1356 bytes} [Tue Sep 14 13:31:55 2021] DELETE /placement/allocations/84515f10-8e69-408d-94de-33fac8c9fd40 => generated 0 bytes in 26 msecs (HTTP/1.1 204) 5 headers in 198 bytes (1 switches on core 0)
Sep 14 13:31:58.443883 dv-cinder-798783-2-iscsi devstack@placement-api.service[94426]: DEBUG placement.requestlog [req-abdad7a0-8848-40d1-9714-73f73a1d830c req-5dfd5fb9-7a1c-4b60-8293-260594f72eda None None] Starting request: 10.222.0.18 "DELETE /placement/allocations/231d542b-583d-4e29-a098-f0203f136075" {{(pid=94426) __call__ /opt/stack/placement/placement/requestlog.py:55}}
Sep 14 13:31:58.469756 dv-cinder-798783-2-iscsi devstack@placement-api.service[94426]: DEBUG placement.handlers.allocation [req-abdad7a0-8848-40d1-9714-73f73a1d830c req-5dfd5fb9-7a1c-4b60-8293-260594f72eda service placement] Successfully deleted allocations [, , ] {{(pid=94426) delete_allocations /opt/stack/placement/placement/handlers/allocation.py:627}}
Sep 14 13:31:58.470210 dv-cinder-798783-2-iscsi devstack@placement-api.service[94426]: INFO placement.requestlog [req-abdad7a0-8848-40d1-9714-73f73a1d830c req-5dfd5fb9-7a1c-4b60-8293-260594f72eda service placement] 10.222.0.18 "DELETE /placement/allocations/231d542b-583d-4e29-a098-f0203f136075" status: 204 len: 0 microversion: 1.0
Sep 14 13:31:58.470431 dv-cinder-798783-2-iscsi devstack@placement-api.service[94426]: [pid: 94426|app: 0|req: 38/76] 10.222.0.18 () {60 vars in 1356 bytes} [Tue Sep 14 13:31:58 2021] DELETE /placement/allocations/231d542b-583d-4e29-a098-f0203f136075 => generated 0 bytes in 27 msecs (HTTP/1.1 204) 5 headers in 198 bytes (1 switches on core 0)
