Jun 30 03:40:15.765244 dv-cinder-798783-1-iscsi neutron-server[93192]: DEBUG neutron.pecan_wsgi.hooks.policy_enforcement [req-39c65aee-d87e-4b98-81e1-94f8777b616c req-5428c897-d57a-47a6-8b0a-c6c5d11ceabb service neutron] Attributes excluded by policy engine: ['standard_attr_id', 'shared', 'segment_id'] {{(pid=93192) _exclude_attributes_by_policy /opt/stack/neutron/neutron/pecan_wsgi/hooks/policy_enforcement.py:255}}
Jun 30 03:40:15.766585 dv-cinder-798783-1-iscsi neutron-server[93192]: INFO neutron.wsgi [req-39c65aee-d87e-4b98-81e1-94f8777b616c req-5428c897-d57a-47a6-8b0a-c6c5d11ceabb service neutron] 10.222.0.10 "GET /v2.0/subnets?id=f0c54080-461b-4e25-be49-13c854ff6738 HTTP/1.1" status: 200 len: 852 time: 0.1696630
Jun 30 03:40:15.778265 dv-cinder-798783-1-iscsi neutron-server[93192]: DEBUG neutron.pecan_wsgi.hooks.policy_enforcement [req-7d74fe96-4a2e-4ecf-9842-3f8b4947e66a req-eb355729-c35c-43c1-8455-45fa04a5d10f service neutron] Attributes excluded by policy engine: ['standard_attr_id', 'shared', 'segment_id'] {{(pid=93192) _exclude_attributes_by_policy /opt/stack/neutron/neutron/pecan_wsgi/hooks/policy_enforcement.py:255}}
Jun 30 03:40:15.779650 dv-cinder-798783-1-iscsi neutron-server[93192]: INFO neutron.wsgi [req-7d74fe96-4a2e-4ecf-9842-3f8b4947e66a req-eb355729-c35c-43c1-8455-45fa04a5d10f service neutron] 10.222.0.10 "GET /v2.0/subnets?id=dcbf7e10-fed8-428f-933a-85b8184c3348 HTTP/1.1" status: 200 len: 859 time: 0.1816032
Jun 30 03:40:15.817665 dv-cinder-798783-1-iscsi neutron-server[93191]: INFO neutron.wsgi [req-5d6a4acd-f69f-47f9-9f54-0c5e7a18010f req-94f43276-6da1-4118-bb68-565fc6b19261 tempest-AttachVolumeShelveTestJSON-1247634551 tempest-AttachVolumeShelveTestJSON-1247634551-project] 10.222.0.15 "GET /v2.0/security-groups?id=1e6c0d09-2357-4fa6-ba6e-37a4cb484c7f&fields=id&fields=name HTTP/1.1" status: 200 len: 313 time: 0.0459647
Jun 30 03:40:15.889040 dv-cinder-798783-1-iscsi neutron-server[93192]: INFO neutron.wsgi [req-7d74fe96-4a2e-4ecf-9842-3f8b4947e66a req-02d61c97-42b4-462d-90dd-a50d31e15caa service neutron] 10.222.0.10 "GET /v2.0/ports?network_id=f21de6e0-39c7-4516-af81-d91ed7060321&device_owner=network%3Adhcp HTTP/1.1" status: 200 len: 210 time: 0.0925665
Jun 30 03:40:15.893106 dv-cinder-798783-1-iscsi neutron-server[93192]: INFO neutron.wsgi [req-39c65aee-d87e-4b98-81e1-94f8777b616c req-9a73d9b9-84b8-4d69-b673-2aa443a8a917 service neutron] 10.222.0.10 "GET /v2.0/ports?network_id=c23207b6-21ff-43e9-a675-16351afd2d1b&device_owner=network%3Adhcp HTTP/1.1" status: 200 len: 210 time: 0.1097527
Jun 30 03:40:16.161574 dv-cinder-798783-1-iscsi neutron-server[93191]: DEBUG neutron.pecan_wsgi.hooks.policy_enforcement [req-99fe2344-4434-4087-9d6f-831da36cf634 req-fdc3d11d-2b92-4f0a-988b-564cd77f6424 tempest-ServerRescueNegativeTestJSON-38029363 tempest-ServerRescueNegativeTestJSON-38029363-project] Attributes excluded by policy engine: ['standard_attr_id', 'binding:profile', 'binding:host_id', 'binding:vif_type', 'binding:vif_details'] {{(pid=93191) _exclude_attributes_by_policy /opt/stack/neutron/neutron/pecan_wsgi/hooks/policy_enforcement.py:255}}
Jun 30 03:40:16.165541 dv-cinder-798783-1-iscsi neutron-server[93191]: INFO neutron.wsgi [req-99fe2344-4434-4087-9d6f-831da36cf634 req-fdc3d11d-2b92-4f0a-988b-564cd77f6424 tempest-ServerRescueNegativeTestJSON-38029363 tempest-ServerRescueNegativeTestJSON-38029363-project] 10.222.0.15 "GET /v2.0/ports?device_id=13025286-b790-4c65-9c66-aa39f22cf945 HTTP/1.1" status: 200 len: 944 time: 0.1584730
Jun 30 03:40:16.254441 dv-cinder-798783-1-iscsi neutron-server[93191]: INFO neutron.wsgi [req-99fe2344-4434-4087-9d6f-831da36cf634 req-bb430edd-180a-48b7-9230-e6bd917f8f8b tempest-ServerRescueNegativeTestJSON-38029363 tempest-ServerRescueNegativeTestJSON-38029363-project] 10.222.0.15 "GET /v2.0/security-groups?id=c133fe6e-9cb2-4c56-a6ad-dc501db7ad16&fields=id&fields=name HTTP/1.1" status: 200 len: 286 time: 0.0793920
Jun 30 03:40:16.416898 dv-cinder-798783-1-iscsi neutron-server[93192]: INFO neutron.wsgi [req-39c65aee-d87e-4b98-81e1-94f8777b616c req-541e4e88-bd14-40d8-9f9e-d77b7cf72036 service neutron] 10.222.0.10 "GET /v2.0/networks/c23207b6-21ff-43e9-a675-16351afd2d1b?fields=segments HTTP/1.1" status: 200 len: 212 time: 0.4761133
Jun 30 03:40:16.422083 dv-cinder-798783-1-iscsi neutron-server[93192]: DEBUG neutron.notifiers.nova [req-6b5e8682-32a0-4ba3-b226-7d069a48e7aa req-e9822506-102f-49de-994b-6b27a8867e26 service neutron] Ignoring state change previous_port_status: DOWN current_port_status: DOWN port_id 79cb5560-de62-4270-84a9-6214f3e9acfb {{(pid=93192) record_port_status_changed /opt/stack/neutron/neutron/notifiers/nova.py:224}}
Jun 30 03:40:16.429468 dv-cinder-798783-1-iscsi neutron-server[93191]: DEBUG neutron.pecan_wsgi.hooks.policy_enforcement [req-20f58b8a-1f3f-401d-94b2-3a03fb19ed6f req-79a89b3f-f02c-426e-83cd-af99122200fa tempest-VolumesSnapshotTestJSON-1326512045 tempest-VolumesSnapshotTestJSON-1326512045-project] Attributes excluded by policy engine: ['standard_attr_id', 'binding:profile', 'binding:host_id', 'binding:vif_type', 'binding:vif_details'] {{(pid=93191) _exclude_attributes_by_policy /opt/stack/neutron/neutron/pecan_wsgi/hooks/policy_enforcement.py:255}}
Jun 30 03:40:16.429719 dv-cinder-798783-1-iscsi neutron-server[93192]: INFO neutron.wsgi [req-7d74fe96-4a2e-4ecf-9842-3f8b4947e66a req-b5484ba5-36c4-4646-aa94-7cc82799f8e7 service neutron] 10.222.0.10 "GET /v2.0/networks/f21de6e0-39c7-4516-af81-d91ed7060321?fields=segments HTTP/1.1" status: 200 len: 212 time: 0.4866180
Jun 30 03:40:16.436566 dv-cinder-798783-1-iscsi neutron-server[93191]: INFO neutron.wsgi [req-20f58b8a-1f3f-401d-94b2-3a03fb19ed6f req-79a89b3f-f02c-426e-83cd-af99122200fa tempest-VolumesSnapshotTestJSON-1326512045 tempest-VolumesSnapshotTestJSON-1326512045-project] 10.222.0.15 "GET /v2.0/ports?device_id=3a6f6bf5-746b-459f-9028-a8ddc57d4741 HTTP/1.1" status: 200 len: 943 time: 0.1178479
Jun 30 03:40:16.442974 dv-cinder-798783-1-iscsi neutron-server[93192]: DEBUG neutron_lib.callbacks.manager [req-6b5e8682-32a0-4ba3-b226-7d069a48e7aa req-e9822506-102f-49de-994b-6b27a8867e26 service neutron] Notify callbacks [] for port, precommit_update {{(pid=93192) _notify_loop /usr/local/lib/python3.8/dist-packages/neutron_lib/callbacks/manager.py:192}}
Jun 30 03:40:16.520925 dv-cinder-798783-1-iscsi neutron-server[93191]: INFO neutron.wsgi [req-20f58b8a-1f3f-401d-94b2-3a03fb19ed6f req-481e21a4-5d5d-40e2-a37f-e83e146bd111 tempest-VolumesSnapshotTestJSON-1326512045 tempest-VolumesSnapshotTestJSON-1326512045-project] 10.222.0.15 "GET /v2.0/security-groups?id=c472c78b-bba0-45ac-9db2-c1127e14cdc0&fields=id&fields=name HTTP/1.1" status: 200 len: 286 time: 0.0833440
Jun 30 03:40:16.560628 dv-cinder-798783-1-iscsi neutron-server[93191]: DEBUG neutron.pecan_wsgi.hooks.policy_enforcement [req-6b3e6113-5330-41c3-aeb1-2f715f67854d req-dd80bed4-73f1-4415-8844-9a8d7caca643 tempest-VolumesNegativeTest-1298380293 tempest-VolumesNegativeTest-1298380293-project] Attributes excluded by policy engine: ['standard_attr_id', 'binding:profile', 'binding:host_id', 'binding:vif_type', 'binding:vif_details'] {{(pid=93191) _exclude_attributes_by_policy /opt/stack/neutron/neutron/pecan_wsgi/hooks/policy_enforcement.py:255}}
Jun 30 03:40:16.563608 dv-cinder-798783-1-iscsi neutron-server[93191]: INFO neutron.wsgi [req-6b3e6113-5330-41c3-aeb1-2f715f67854d req-dd80bed4-73f1-4415-8844-9a8d7caca643 tempest-VolumesNegativeTest-1298380293 tempest-VolumesNegativeTest-1298380293-project] 10.222.0.15 "GET /v2.0/ports?device_id=484dc58a-4290-47da-b68c-88ff560c9330 HTTP/1.1" status: 200 len: 935 time: 0.1440792
Jun 30 03:40:16.637961 dv-cinder-798783-1-iscsi neutron-server[93191]: INFO neutron.wsgi [req-6b3e6113-5330-41c3-aeb1-2f715f67854d req-880dc16f-5100-47dd-bbab-2588d0079f45 tempest-VolumesNegativeTest-1298380293 tempest-VolumesNegativeTest-1298380293-project] 10.222.0.15 "GET /v2.0/security-groups?id=20998036-d457-4021-b6e2-909a43993b17&fields=id&fields=name HTTP/1.1" status: 200 len: 286 time: 0.0634851
Jun 30 03:40:16.828913 dv-cinder-798783-1-iscsi neutron-server[93192]: DEBUG neutron.db.provisioning_blocks [req-6b5e8682-32a0-4ba3-b226-7d069a48e7aa req-e9822506-102f-49de-994b-6b27a8867e26 service neutron] Transition to ACTIVE for port object 79cb5560-de62-4270-84a9-6214f3e9acfb will not be triggered until provisioned by entity L2. {{(pid=93192) add_provisioning_component /opt/stack/neutron/neutron/db/provisioning_blocks.py:73}}
Jun 30 03:40:16.850595 dv-cinder-798783-1-iscsi neutron-server[93192]: DEBUG neutron_lib.callbacks.manager [req-6b5e8682-32a0-4ba3-b226-7d069a48e7aa req-e9822506-102f-49de-994b-6b27a8867e26 service neutron] Notify callbacks ['neutron.plugins.ml2.plugin.SecurityGroupServerNotifierRpcMixin.notify_sg_on_port_change-936844', 'neutron.plugins.ml2.ovo_rpc._ObjectChangeHandler.handle_event-406525', 'neutron.api.rpc.agentnotifiers.dhcp_rpc_agent_api.DhcpAgentNotifyAPI._native_event_send_dhcp_notification-1584159', 'neutron.db.l3_db.L3RpcNotifierMixin._notify_gateway_port_ip_changed-8755139148557', 'neutron.db.l3_dvrscheduler_db._notify_l3_agent_port_update-8755138613459', 'neutron.db.l3_hascheduler_db._notify_l3_agent_ha_port_update-8755138608900', 'neutron.services.segments.plugin.NovaSegmentNotifier._notify_port_updated-3997699'] for port, after_update {{(pid=93192) _notify_loop /usr/local/lib/python3.8/dist-packages/neutron_lib/callbacks/manager.py:192}}
Jun 30 03:40:17.069542 dv-cinder-798783-1-iscsi neutron-server[93191]: DEBUG neutron.pecan_wsgi.hooks.policy_enforcement [req-89b0559a-fca4-474d-a82e-2b16ed7fdfbc req-3f664a1d-6610-4e07-84d7-b84734d44e31 tempest-AttachVolumeShelveTestJSON-1247634551 tempest-AttachVolumeShelveTestJSON-1247634551-project] Attributes excluded by policy engine: ['standard_attr_id', 'binding:profile', 'binding:host_id', 'binding:vif_type', 'binding:vif_details'] {{(pid=93191) _exclude_attributes_by_policy /opt/stack/neutron/neutron/pecan_wsgi/hooks/policy_enforcement.py:255}}
Jun 30 03:40:17.072445 dv-cinder-798783-1-iscsi neutron-server[93191]: INFO neutron.wsgi [req-89b0559a-fca4-474d-a82e-2b16ed7fdfbc req-3f664a1d-6610-4e07-84d7-b84734d44e31 tempest-AttachVolumeShelveTestJSON-1247634551 tempest-AttachVolumeShelveTestJSON-1247634551-project] 10.222.0.15 "GET /v2.0/ports?device_id=ca6586fa-924e-4c19-a37b-56e51c1476b4 HTTP/1.1" status: 200 len: 946 time: 0.1033053
Jun 30 03:40:17.091184 dv-cinder-798783-1-iscsi neutron-server[93192]: DEBUG neutron.api.rpc.handlers.resources_rpc [None req-e9822506-102f-49de-994b-6b27a8867e26 service neutron] Pushing event updated for resources: {'Port': ['ID=79cb5560-de62-4270-84a9-6214f3e9acfb,revision_number=2']} {{(pid=93192) push /opt/stack/neutron/neutron/api/rpc/handlers/resources_rpc.py:237}}
Jun 30 03:40:17.131354 dv-cinder-798783-1-iscsi neutron-server[93191]: INFO neutron.wsgi [req-89b0559a-fca4-474d-a82e-2b16ed7fdfbc req-ab8ae26c-2cb0-43d0-b500-b8d3ae8aa3ad tempest-AttachVolumeShelveTestJSON-1247634551 tempest-AttachVolumeShelveTestJSON-1247634551-project] 10.222.0.15 "GET /v2.0/security-groups?id=1e6c0d09-2357-4fa6-ba6e-37a4cb484c7f&fields=id&fields=name HTTP/1.1" status: 200 len: 313 time: 0.0518758
Jun 30 03:40:17.144653 dv-cinder-798783-1-iscsi neutron-server[93192]: INFO neutron.wsgi [req-39c65aee-d87e-4b98-81e1-94f8777b616c req-11e7c1b9-d02f-4329-95e1-5572b09daa91 service neutron] 10.222.0.10 "GET /v2.0/networks/c23207b6-21ff-43e9-a675-16351afd2d1b?fields=provider%3Aphysical_network&fields=provider%3Anetwork_type HTTP/1.1" status: 200 len: 281 time: 0.7141879
Jun 30 03:40:17.152613 dv-cinder-798783-1-iscsi neutron-server[93192]: INFO neutron.wsgi [req-7d74fe96-4a2e-4ecf-9842-3f8b4947e66a req-38e05c83-ad67-4798-9a6b-6b32a3e898a7 service neutron] 10.222.0.10 "GET /v2.0/networks/f21de6e0-39c7-4516-af81-d91ed7060321?fields=provider%3Aphysical_network&fields=provider%3Anetwork_type HTTP/1.1" status: 200 len: 281 time: 0.7106676
Jun 30 03:40:17.155707 dv-cinder-798783-1-iscsi neutron-server[93193]: DEBUG neutron.plugins.ml2.rpc [None req-05ece0e4-f56e-4d6b-8e80-c886c41eceef None None] Device 9243b27c-13d5-47a9-a3e7-b14b92988ab3 details requested by agent hyperv_hv-cinder-79878 with host hv-cinder-79878 {{(pid=93193) get_device_details /opt/stack/neutron/neutron/plugins/ml2/rpc.py:102}}
Jun 30 03:40:17.205829 dv-cinder-798783-1-iscsi neutron-server[93193]: DEBUG neutron.plugins.ml2.rpc [None req-05ece0e4-f56e-4d6b-8e80-c886c41eceef None None] Device e8809540-6f00-48e1-9f69-91e3a99f534b up at agent hyperv_hv-cinder-79878 {{(pid=93193) update_device_up /opt/stack/neutron/neutron/plugins/ml2/rpc.py:296}}
Jun 30 03:40:17.216011 dv-cinder-798783-1-iscsi neutron-server[93192]: DEBUG neutron.plugins.ml2.managers [req-6b5e8682-32a0-4ba3-b226-7d069a48e7aa req-e9822506-102f-49de-994b-6b27a8867e26 service neutron] Attempting to bind port 79cb5560-de62-4270-84a9-6214f3e9acfb on host hv-cinder-79878 for vnic_type normal with profile {{(pid=93192) bind_port /opt/stack/neutron/neutron/plugins/ml2/managers.py:790}}
Jun 30 03:40:17.216829 dv-cinder-798783-1-iscsi neutron-server[93192]: DEBUG neutron.plugins.ml2.managers [req-6b5e8682-32a0-4ba3-b226-7d069a48e7aa req-e9822506-102f-49de-994b-6b27a8867e26 service neutron] Attempting to bind port 79cb5560-de62-4270-84a9-6214f3e9acfb by drivers openvswitch,hyperv on host hv-cinder-79878 at level 0 using segments [{'id': '4676e6b9-31bd-4923-a57e-0a1f052997a2', 'network_type': 'vlan', 'physical_network': 'physnet1', 'segmentation_id': 520, 'network_id': '91951404-ca4f-41d0-a17e-91ce9d72666f'}] {{(pid=93192) _bind_port_level /opt/stack/neutron/neutron/plugins/ml2/managers.py:815}}
Jun 30 03:40:17.217492 dv-cinder-798783-1-iscsi neutron-server[93192]: DEBUG neutron.plugins.ml2.drivers.mech_agent [req-6b5e8682-32a0-4ba3-b226-7d069a48e7aa req-e9822506-102f-49de-994b-6b27a8867e26 service neutron] Attempting to bind port 79cb5560-de62-4270-84a9-6214f3e9acfb on network 91951404-ca4f-41d0-a17e-91ce9d72666f {{(pid=93192) bind_port /opt/stack/neutron/neutron/plugins/ml2/drivers/mech_agent.py:86}}
Jun 30 03:40:17.230591 dv-cinder-798783-1-iscsi neutron-server[93192]: DEBUG neutron.plugins.ml2.drivers.mech_agent [req-6b5e8682-32a0-4ba3-b226-7d069a48e7aa req-e9822506-102f-49de-994b-6b27a8867e26 service neutron] Port 79cb5560-de62-4270-84a9-6214f3e9acfb on network 91951404-ca4f-41d0-a17e-91ce9d72666f not bound, no agent of type Open vSwitch agent registered on host hv-cinder-79878 {{(pid=93192) bind_port /opt/stack/neutron/neutron/plugins/ml2/drivers/mech_agent.py:98}}
Jun 30 03:40:17.230591 dv-cinder-798783-1-iscsi neutron-server[93192]: DEBUG neutron.plugins.ml2.drivers.mech_agent [req-6b5e8682-32a0-4ba3-b226-7d069a48e7aa req-e9822506-102f-49de-994b-6b27a8867e26 service neutron] Attempting to bind port 79cb5560-de62-4270-84a9-6214f3e9acfb on network 91951404-ca4f-41d0-a17e-91ce9d72666f {{(pid=93192) bind_port /opt/stack/neutron/neutron/plugins/ml2/drivers/mech_agent.py:86}}
Jun 30 03:40:17.242778 dv-cinder-798783-1-iscsi neutron-server[93192]: DEBUG neutron.plugins.ml2.drivers.mech_agent [req-6b5e8682-32a0-4ba3-b226-7d069a48e7aa req-e9822506-102f-49de-994b-6b27a8867e26 service neutron] Checking agent: {'id': '5e086160-4357-49f6-a199-a5614fbac5c6', 'agent_type': 'HyperV agent', 'binary': 'neutron-hyperv-agent', 'topic': 'N/A', 'host': 'hv-cinder-79878', 'admin_state_up': True, 'created_at': datetime.datetime(2021, 6, 30, 3, 36, 26), 'started_at': datetime.datetime(2021, 6, 30, 3, 36, 26), 'heartbeat_timestamp': datetime.datetime(2021, 6, 30, 3, 39, 56), 'description': None, 'resources_synced': None, 'availability_zone': None, 'alive': True, 'configurations': {'vswitch_mappings': {'physnet1$': 'br-data'}}, 'resource_versions': {}} {{(pid=93192) bind_port /opt/stack/neutron/neutron/plugins/ml2/drivers/mech_agent.py:105}}
Jun 30 03:40:17.243582 dv-cinder-798783-1-iscsi neutron-server[93192]: DEBUG neutron.plugins.ml2.drivers.mech_agent [req-6b5e8682-32a0-4ba3-b226-7d069a48e7aa req-e9822506-102f-49de-994b-6b27a8867e26 service neutron] Checking segment: {'id': '4676e6b9-31bd-4923-a57e-0a1f052997a2', 'network_type': 'vlan', 'physical_network': 'physnet1', 'segmentation_id': 520, 'network_id': '91951404-ca4f-41d0-a17e-91ce9d72666f'} for mappings: {'physnet1$': 'br-data'} with network types: ['local', 'flat', 'vlan'] {{(pid=93192) check_segment_for_agent /opt/stack/neutron/neutron/plugins/ml2/drivers/mech_agent.py:341}}
Jun 30 03:40:17.244361 dv-cinder-798783-1-iscsi neutron-server[93192]: DEBUG neutron.plugins.ml2.drivers.mech_agent [req-6b5e8682-32a0-4ba3-b226-7d069a48e7aa req-e9822506-102f-49de-994b-6b27a8867e26 service neutron] Bound using segment: {'id': '4676e6b9-31bd-4923-a57e-0a1f052997a2', 'network_type': 'vlan', 'physical_network': 'physnet1', 'segmentation_id': 520, 'network_id': '91951404-ca4f-41d0-a17e-91ce9d72666f'} {{(pid=93192) bind_port /opt/stack/neutron/neutron/plugins/ml2/drivers/mech_agent.py:115}}
Jun 30 03:40:17.245249 dv-cinder-798783-1-iscsi neutron-server[93192]: DEBUG neutron.plugins.ml2.managers [req-6b5e8682-32a0-4ba3-b226-7d069a48e7aa req-e9822506-102f-49de-994b-6b27a8867e26 service neutron] Bound port: 79cb5560-de62-4270-84a9-6214f3e9acfb, host: hv-cinder-79878, vif_type: hyperv, vif_details: {"connectivity": "legacy", "port_filter": false}, binding_levels: [{'bound_driver': 'hyperv', 'bound_segment': {'id': '4676e6b9-31bd-4923-a57e-0a1f052997a2', 'network_type': 'vlan', 'physical_network': 'physnet1', 'segmentation_id': 520, 'network_id': '91951404-ca4f-41d0-a17e-91ce9d72666f'}}] {{(pid=93192) _bind_port_level /opt/stack/neutron/neutron/plugins/ml2/managers.py:928}}
Jun 30 03:40:17.245991 dv-cinder-798783-1-iscsi neutron-server[93192]: DEBUG neutron_lib.callbacks.manager [req-6b5e8682-32a0-4ba3-b226-7d069a48e7aa req-e9822506-102f-49de-994b-6b27a8867e26 service neutron] Notify callbacks ['neutron.plugins.ml2.plugin.SecurityGroupDbMixin._ensure_default_security_group_handler-934960'] for port, before_update {{(pid=93192) _notify_loop /usr/local/lib/python3.8/dist-packages/neutron_lib/callbacks/manager.py:192}}
Jun 30 03:40:17.445232 dv-cinder-798783-1-iscsi neutron-server[93193]: DEBUG neutron.plugins.ml2.db [None req-05ece0e4-f56e-4d6b-8e80-c886c41eceef None None] For port 9243b27c-13d5-47a9-a3e7-b14b92988ab3, host hv-cinder-79878, got binding levels [PortBindingLevel(driver='hyperv',host='hv-cinder-79878',level=0,port_id=9243b27c-13d5-47a9-a3e7-b14b92988ab3,segment=NetworkSegment(bb67b84d-f754-43f3-8d94-432dcff2daa3),segment_id=bb67b84d-f754-43f3-8d94-432dcff2daa3)] {{(pid=93193) get_binding_level_objs /opt/stack/neutron/neutron/plugins/ml2/db.py:74}}
Jun 30 03:40:17.463850 dv-cinder-798783-1-iscsi neutron-server[93193]: DEBUG neutron.plugins.ml2.rpc [None req-05ece0e4-f56e-4d6b-8e80-c886c41eceef None None] Returning: {'device': '9243b27c-13d5-47a9-a3e7-b14b92988ab3', 'network_id': 'c23207b6-21ff-43e9-a675-16351afd2d1b', 'port_id': '9243b27c-13d5-47a9-a3e7-b14b92988ab3', 'mac_address': 'fa:16:3e:1d:6d:4a', 'admin_state_up': True, 'network_type': 'vlan', 'segmentation_id': 539, 'physical_network': 'physnet1', 'mtu': 1500, 'fixed_ips': [{'subnet_id': 'f0c54080-461b-4e25-be49-13c854ff6738', 'ip_address': '172.20.0.9'}], 'device_owner': 'compute:nova', 'allowed_address_pairs': [], 'port_security_enabled': True, 'qos_policy_id': None, 'network_qos_policy_id': None, 'profile': {}, 'propagate_uplink_status': False} {{(pid=93193) _get_device_details /opt/stack/neutron/neutron/plugins/ml2/rpc.py:184}}
Jun 30 03:40:17.474279 dv-cinder-798783-1-iscsi neutron-server[93192]: DEBUG neutron.pecan_wsgi.hooks.policy_enforcement [req-256cb7db-2558-467d-b8ff-fd24b16863d4 req-3dcbdf9c-46bd-4319-9812-110e5eeb7128 service neutron] Attributes excluded by policy engine: ['standard_attr_id'] {{(pid=93192) _exclude_attributes_by_policy /opt/stack/neutron/neutron/pecan_wsgi/hooks/policy_enforcement.py:255}}
Jun 30 03:40:17.477998 dv-cinder-798783-1-iscsi neutron-server[93192]: INFO neutron.wsgi [req-256cb7db-2558-467d-b8ff-fd24b16863d4 req-3dcbdf9c-46bd-4319-9812-110e5eeb7128 service neutron] 10.222.0.10 "GET /v2.0/ports?tenant_id=a77fd574239a4f80883b0e57c7810302&device_id=13025286-b790-4c65-9c66-aa39f22cf945 HTTP/1.1" status: 200 len: 1097 time: 0.2256858
Jun 30 03:40:17.480263 dv-cinder-798783-1-iscsi neutron-server[93192]: DEBUG neutron.plugins.ml2.db [req-6b5e8682-32a0-4ba3-b226-7d069a48e7aa req-e9822506-102f-49de-994b-6b27a8867e26 service neutron] For port 79cb5560-de62-4270-84a9-6214f3e9acfb, host hv-cinder-79878, cleared binding levels {{(pid=93192) clear_binding_levels /opt/stack/neutron/neutron/plugins/ml2/db.py:87}}
Jun 30 03:40:17.509261 dv-cinder-798783-1-iscsi neutron-server[93192]: DEBUG neutron.plugins.ml2.db [req-6b5e8682-32a0-4ba3-b226-7d069a48e7aa req-e9822506-102f-49de-994b-6b27a8867e26 service neutron] For port 79cb5560-de62-4270-84a9-6214f3e9acfb, host hv-cinder-79878, set binding levels [PortBindingLevel(driver='hyperv',host='hv-cinder-79878',level=0,port_id=79cb5560-de62-4270-84a9-6214f3e9acfb,segment=NetworkSegment(4676e6b9-31bd-4923-a57e-0a1f052997a2),segment_id=4676e6b9-31bd-4923-a57e-0a1f052997a2)] {{(pid=93192) set_binding_levels /opt/stack/neutron/neutron/plugins/ml2/db.py:59}}
Jun 30 03:40:17.530315 dv-cinder-798783-1-iscsi neutron-server[93192]: DEBUG neutron_lib.callbacks.manager [req-6b5e8682-32a0-4ba3-b226-7d069a48e7aa req-e9822506-102f-49de-994b-6b27a8867e26 service neutron] Notify callbacks ['neutron.plugins.ml2.plugin.SecurityGroupServerNotifierRpcMixin.notify_sg_on_port_change-936844', 'neutron.plugins.ml2.ovo_rpc._ObjectChangeHandler.handle_event-406525', 'neutron.api.rpc.agentnotifiers.dhcp_rpc_agent_api.DhcpAgentNotifyAPI._native_event_send_dhcp_notification-1584159', 'neutron.db.l3_db.L3RpcNotifierMixin._notify_gateway_port_ip_changed-8755139148557', 'neutron.db.l3_dvrscheduler_db._notify_l3_agent_port_update-8755138613459', 'neutron.db.l3_hascheduler_db._notify_l3_agent_ha_port_update-8755138608900', 'neutron.services.segments.plugin.NovaSegmentNotifier._notify_port_updated-3997699'] for port, after_update {{(pid=93192) _notify_loop /usr/local/lib/python3.8/dist-packages/neutron_lib/callbacks/manager.py:192}}
Jun 30 03:40:17.548932 dv-cinder-798783-1-iscsi neutron-server[93193]: DEBUG neutron.db.provisioning_blocks [None req-05ece0e4-f56e-4d6b-8e80-c886c41eceef None None] Provisioning for port e8809540-6f00-48e1-9f69-91e3a99f534b completed by entity L2. {{(pid=93193) provisioning_complete /opt/stack/neutron/neutron/db/provisioning_blocks.py:133}}
Jun 30 03:40:17.554243 dv-cinder-798783-1-iscsi neutron-server[93193]: DEBUG neutron.db.provisioning_blocks [None req-05ece0e4-f56e-4d6b-8e80-c886c41eceef None None] Provisioning complete for port e8809540-6f00-48e1-9f69-91e3a99f534b triggered by entity L2. {{(pid=93193) provisioning_complete /opt/stack/neutron/neutron/db/provisioning_blocks.py:139}}
Jun 30 03:40:17.554868 dv-cinder-798783-1-iscsi neutron-server[93193]: DEBUG neutron_lib.callbacks.manager [None req-05ece0e4-f56e-4d6b-8e80-c886c41eceef None None] Notify callbacks ['neutron.plugins.ml2.plugin.Ml2Plugin._port_provisioned-616139'] for port, provisioning_complete {{(pid=93193) _notify_loop /usr/local/lib/python3.8/dist-packages/neutron_lib/callbacks/manager.py:192}}
Jun 30 03:40:17.556746 dv-cinder-798783-1-iscsi neutron-server[93193]: DEBUG neutron_lib.callbacks.manager [None req-05ece0e4-f56e-4d6b-8e80-c886c41eceef None None] Notify callbacks ['neutron.plugins.ml2.plugin.SecurityGroupDbMixin._ensure_default_security_group_handler-934960'] for port, before_update {{(pid=93193) _notify_loop /usr/local/lib/python3.8/dist-packages/neutron_lib/callbacks/manager.py:192}}
Jun 30 03:40:17.579130 dv-cinder-798783-1-iscsi neutron-server[93193]: DEBUG neutron.notifiers.nova [None req-05ece0e4-f56e-4d6b-8e80-c886c41eceef None None] Ignoring state change previous_port_status: DOWN current_port_status: BUILD port_id 9243b27c-13d5-47a9-a3e7-b14b92988ab3 {{(pid=93193) record_port_status_changed /opt/stack/neutron/neutron/notifiers/nova.py:224}}
Jun 30 03:40:17.612349 dv-cinder-798783-1-iscsi neutron-server[93193]: DEBUG neutron.plugins.ml2.db [None req-05ece0e4-f56e-4d6b-8e80-c886c41eceef None None] For port 9243b27c-13d5-47a9-a3e7-b14b92988ab3, host hv-cinder-79878, got binding levels [PortBindingLevel(driver='hyperv',host='hv-cinder-79878',level=0,port_id=9243b27c-13d5-47a9-a3e7-b14b92988ab3,segment=NetworkSegment(bb67b84d-f754-43f3-8d94-432dcff2daa3),segment_id=bb67b84d-f754-43f3-8d94-432dcff2daa3)] {{(pid=93193) get_binding_level_objs /opt/stack/neutron/neutron/plugins/ml2/db.py:74}}
Jun 30 03:40:17.636709 dv-cinder-798783-1-iscsi neutron-server[93192]: DEBUG neutron.pecan_wsgi.hooks.policy_enforcement [req-6b5e8682-32a0-4ba3-b226-7d069a48e7aa req-e9822506-102f-49de-994b-6b27a8867e26 service neutron] Attributes excluded by policy engine: ['standard_attr_id'] {{(pid=93192) _exclude_attributes_by_policy /opt/stack/neutron/neutron/pecan_wsgi/hooks/policy_enforcement.py:255}}
Jun 30 03:40:17.637695 dv-cinder-798783-1-iscsi neutron-server[93192]: DEBUG neutron_lib.callbacks.manager [req-6b5e8682-32a0-4ba3-b226-7d069a48e7aa req-e9822506-102f-49de-994b-6b27a8867e26 service neutron] Notify callbacks ['neutron.notifiers.nova.Notifier._send_nova_notification-454324', 'neutron.api.rpc.agentnotifiers.dhcp_rpc_agent_api.DhcpAgentNotifyAPI._send_dhcp_notification-1584141'] for port, before_response {{(pid=93192) _notify_loop /usr/local/lib/python3.8/dist-packages/neutron_lib/callbacks/manager.py:192}}
Jun 30 03:40:17.640042 dv-cinder-798783-1-iscsi neutron-server[93192]: INFO neutron.wsgi [req-6b5e8682-32a0-4ba3-b226-7d069a48e7aa req-e9822506-102f-49de-994b-6b27a8867e26 service neutron] 10.222.0.10 "PUT /v2.0/ports/79cb5560-de62-4270-84a9-6214f3e9acfb HTTP/1.1" status: 200 len: 1097 time: 2.4698377
Jun 30 03:40:17.659040 dv-cinder-798783-1-iscsi neutron-server[93192]: DEBUG neutron.notifiers.nova [-] Sending events: [{'name': 'network-changed', 'server_uuid': '484dc58a-4290-47da-b68c-88ff560c9330', 'tag': '79cb5560-de62-4270-84a9-6214f3e9acfb'}] {{(pid=93192) send_events /opt/stack/neutron/neutron/notifiers/nova.py:262}}
Jun 30 03:40:17.664052 dv-cinder-798783-1-iscsi neutron-server[93192]: DEBUG novaclient.v2.client [-] REQ: curl -g -i --cacert "/opt/stack/data/ca-bundle.pem" -X POST http://10.222.0.15/compute/v2.1/os-server-external-events -H "Accept: application/json" -H "Content-Type: application/json" -H "User-Agent: python-novaclient" -H "X-Auth-Token: {SHA256}655c065bd92998fd4582ce04bc2c1b5ad14b888bdfd75dd389651186dca46a88" -H "X-OpenStack-Nova-API-Version: 2.1" -H "X-OpenStack-Request-ID: req-7009bb09-b0ec-48fe-830b-c93ce3590ff2" -d '{"events": [{"name": "network-changed", "server_uuid": "484dc58a-4290-47da-b68c-88ff560c9330", "tag": "79cb5560-de62-4270-84a9-6214f3e9acfb"}]}' {{(pid=93192) _http_log_request /usr/local/lib/python3.8/dist-packages/keystoneauth1/session.py:519}}
Jun 30 03:40:17.677743 dv-cinder-798783-1-iscsi neutron-server[93193]: DEBUG neutron_lib.callbacks.manager [None req-05ece0e4-f56e-4d6b-8e80-c886c41eceef None None] Notify callbacks ['neutron.plugins.ml2.plugin.SecurityGroupServerNotifierRpcMixin.notify_sg_on_port_change-936844', 'neutron.plugins.ml2.ovo_rpc._ObjectChangeHandler.handle_event-406525', 'neutron.api.rpc.agentnotifiers.dhcp_rpc_agent_api.DhcpAgentNotifyAPI._native_event_send_dhcp_notification-1584159', 'neutron.db.l3_db.L3RpcNotifierMixin._notify_gateway_port_ip_changed-8755139148557', 'neutron.db.l3_dvrscheduler_db._notify_l3_agent_port_update-8755138613459', 'neutron.db.l3_hascheduler_db._notify_l3_agent_ha_port_update-8755138608900'] for port, after_update {{(pid=93193) _notify_loop /usr/local/lib/python3.8/dist-packages/neutron_lib/callbacks/manager.py:192}}
Jun 30 03:40:17.870616 dv-cinder-798783-1-iscsi neutron-server[93192]: DEBUG neutron.api.rpc.handlers.resources_rpc [None req-e9822506-102f-49de-994b-6b27a8867e26 service neutron] Pushing event updated for resources: {'Port': ['ID=79cb5560-de62-4270-84a9-6214f3e9acfb,revision_number=3']} {{(pid=93192) push /opt/stack/neutron/neutron/api/rpc/handlers/resources_rpc.py:237}}
Jun 30 03:40:17.928602 dv-cinder-798783-1-iscsi neutron-server[93191]: DEBUG neutron.pecan_wsgi.hooks.policy_enforcement [req-bdc180bd-fadd-4fed-b3be-2df65c17a386 req-231f33e4-b05c-45b4-824e-1fd95da886c9 tempest-ServerRescueNegativeTestJSON-38029363 tempest-ServerRescueNegativeTestJSON-38029363-project] Attributes excluded by policy engine: ['standard_attr_id', 'binding:profile', 'binding:host_id', 'binding:vif_type', 'binding:vif_details'] {{(pid=93191) _exclude_attributes_by_policy /opt/stack/neutron/neutron/pecan_wsgi/hooks/policy_enforcement.py:255}}
Jun 30 03:40:17.935447 dv-cinder-798783-1-iscsi neutron-server[93192]: DEBUG neutron.pecan_wsgi.hooks.policy_enforcement [req-256cb7db-2558-467d-b8ff-fd24b16863d4 req-88b5d9b2-334c-4999-b0ee-73536429f882 service neutron] Attributes excluded by policy engine: ['standard_attr_id', 'vlan_transparent'] {{(pid=93192) _exclude_attributes_by_policy /opt/stack/neutron/neutron/pecan_wsgi/hooks/policy_enforcement.py:255}}
Jun 30 03:40:17.937767 dv-cinder-798783-1-iscsi neutron-server[93192]: INFO neutron.wsgi [req-256cb7db-2558-467d-b8ff-fd24b16863d4 req-88b5d9b2-334c-4999-b0ee-73536429f882 service neutron] 10.222.0.10 "GET /v2.0/networks?id=f21de6e0-39c7-4516-af81-d91ed7060321 HTTP/1.1" status: 200 len: 920 time: 0.4241238
Jun 30 03:40:17.940444 dv-cinder-798783-1-iscsi neutron-server[93192]: DEBUG neutron.pecan_wsgi.hooks.policy_enforcement [req-6b5e8682-32a0-4ba3-b226-7d069a48e7aa req-4fde2171-c1c2-425c-a845-0da0448d0cd1 service neutron] Attributes excluded by policy engine: ['standard_attr_id'] {{(pid=93192) _exclude_attributes_by_policy /opt/stack/neutron/neutron/pecan_wsgi/hooks/policy_enforcement.py:255}}
Jun 30 03:40:17.942486 dv-cinder-798783-1-iscsi neutron-server[93192]: INFO neutron.wsgi [req-6b5e8682-32a0-4ba3-b226-7d069a48e7aa req-4fde2171-c1c2-425c-a845-0da0448d0cd1 service neutron] 10.222.0.10 "GET /v2.0/ports?tenant_id=594b3f5a977d47778ea4e6dd61525e4a&device_id=484dc58a-4290-47da-b68c-88ff560c9330 HTTP/1.1" status: 200 len: 1100 time: 0.2279005
Jun 30 03:40:17.945418 dv-cinder-798783-1-iscsi neutron-server[93191]: INFO neutron.wsgi [req-bdc180bd-fadd-4fed-b3be-2df65c17a386 req-231f33e4-b05c-45b4-824e-1fd95da886c9 tempest-ServerRescueNegativeTestJSON-38029363 tempest-ServerRescueNegativeTestJSON-38029363-project] 10.222.0.15 "GET /v2.0/ports?device_id=13025286-b790-4c65-9c66-aa39f22cf945 HTTP/1.1" status: 200 len: 944 time: 0.4057257
Jun 30 03:40:17.979025 dv-cinder-798783-1-iscsi neutron-server[93193]: DEBUG neutron_lib.callbacks.manager [None req-05ece0e4-f56e-4d6b-8e80-c886c41eceef None None] Notify callbacks ['neutron.plugins.ml2.plugin.SecurityGroupDbMixin._ensure_default_security_group_handler-934960'] for port, before_update {{(pid=93193) _notify_loop /usr/local/lib/python3.8/dist-packages/neutron_lib/callbacks/manager.py:192}}
Jun 30 03:40:18.074964 dv-cinder-798783-1-iscsi neutron-server[93191]: INFO neutron.wsgi [req-bdc180bd-fadd-4fed-b3be-2df65c17a386 req-1f7f3d38-59d3-40c4-9cc0-877f52e92a64 tempest-ServerRescueNegativeTestJSON-38029363 tempest-ServerRescueNegativeTestJSON-38029363-project] 10.222.0.15 "GET /v2.0/security-groups?id=c133fe6e-9cb2-4c56-a6ad-dc501db7ad16&fields=id&fields=name HTTP/1.1" status: 200 len: 286 time: 0.1265907
Jun 30 03:40:18.080527 dv-cinder-798783-1-iscsi neutron-server[93193]: DEBUG neutron.plugins.ml2.db [None req-05ece0e4-f56e-4d6b-8e80-c886c41eceef None None] For port e8809540-6f00-48e1-9f69-91e3a99f534b, host hv-cinder-79878, got binding levels [PortBindingLevel(driver='hyperv',host='hv-cinder-79878',level=0,port_id=e8809540-6f00-48e1-9f69-91e3a99f534b,segment=NetworkSegment(680f976b-d1fe-44cc-903e-1e98f6a5e0ea),segment_id=680f976b-d1fe-44cc-903e-1e98f6a5e0ea)] {{(pid=93193) get_binding_level_objs /opt/stack/neutron/neutron/plugins/ml2/db.py:74}}
Jun 30 03:40:18.081715 dv-cinder-798783-1-iscsi neutron-server[93193]: DEBUG neutron.api.rpc.handlers.resources_rpc [None req-05ece0e4-f56e-4d6b-8e80-c886c41eceef None None] Pushing event updated for resources: {'Port': ['ID=9243b27c-13d5-47a9-a3e7-b14b92988ab3,revision_number=4']} {{(pid=93193) push /opt/stack/neutron/neutron/api/rpc/handlers/resources_rpc.py:237}}
Jun 30 03:40:18.085310 dv-cinder-798783-1-iscsi neutron-server[93193]: DEBUG neutron.notifiers.nova [-] Sending events: [{'server_uuid': '778484d1-b287-4b40-8822-2dbc80355462', 'name': 'network-vif-plugged', 'status': 'completed', 'tag': 'e8809540-6f00-48e1-9f69-91e3a99f534b'}] {{(pid=93193) send_events /opt/stack/neutron/neutron/notifiers/nova.py:262}}
Jun 30 03:40:18.088271 dv-cinder-798783-1-iscsi neutron-server[93193]: DEBUG novaclient.v2.client [-] REQ: curl -g -i --cacert "/opt/stack/data/ca-bundle.pem" -X POST http://10.222.0.15/compute/v2.1/os-server-external-events -H "Accept: application/json" -H "Content-Type: application/json" -H "User-Agent: python-novaclient" -H "X-Auth-Token: {SHA256}bb33e95dbe9159daa4cdf8882b180a7aca61a7ec8f9036c169ffcb99fba78d0c" -H "X-OpenStack-Nova-API-Version: 2.1" -H "X-OpenStack-Request-ID: req-5a83c4fb-e4a6-4a3b-827e-fe604f358394" -d '{"events": [{"server_uuid": "778484d1-b287-4b40-8822-2dbc80355462", "name": "network-vif-plugged", "status": "completed", "tag": "e8809540-6f00-48e1-9f69-91e3a99f534b"}]}' {{(pid=93193) _http_log_request /usr/local/lib/python3.8/dist-packages/keystoneauth1/session.py:519}}
Jun 30 03:40:18.093518 dv-cinder-798783-1-iscsi neutron-server[93193]: DEBUG neutron_lib.callbacks.manager [None req-05ece0e4-f56e-4d6b-8e80-c886c41eceef None None] Notify callbacks ['neutron.plugins.ml2.plugin.SecurityGroupServerNotifierRpcMixin.notify_sg_on_port_change-936844', 'neutron.plugins.ml2.ovo_rpc._ObjectChangeHandler.handle_event-406525', 'neutron.api.rpc.agentnotifiers.dhcp_rpc_agent_api.DhcpAgentNotifyAPI._native_event_send_dhcp_notification-1584159', 'neutron.db.l3_db.L3RpcNotifierMixin._notify_gateway_port_ip_changed-8755139148557', 'neutron.db.l3_dvrscheduler_db._notify_l3_agent_port_update-8755138613459', 'neutron.db.l3_hascheduler_db._notify_l3_agent_ha_port_update-8755138608900'] for port, after_update {{(pid=93193) _notify_loop /usr/local/lib/python3.8/dist-packages/neutron_lib/callbacks/manager.py:192}}
Jun 30 03:40:18.128019 dv-cinder-798783-1-iscsi neutron-server[93192]: INFO neutron.wsgi [req-6b5e8682-32a0-4ba3-b226-7d069a48e7aa req-43352c6a-3aff-42b8-a354-5cdefa057d2c service neutron] 10.222.0.10 "GET /v2.0/floatingips?fixed_ip_address=192.168.233.41&port_id=79cb5560-de62-4270-84a9-6214f3e9acfb HTTP/1.1" status: 200 len: 217 time: 0.1590381
Jun 30 03:40:18.135429 dv-cinder-798783-1-iscsi neutron-server[93192]: INFO neutron.wsgi [req-256cb7db-2558-467d-b8ff-fd24b16863d4 req-f0c010f3-8947-4fe6-9a96-1728113d3e73 service neutron] 10.222.0.10 "GET /v2.0/floatingips?fixed_ip_address=172.20.0.12&port_id=28a095dd-c054-48fe-8535-a8b9e64679f7 HTTP/1.1" status: 200 len: 217 time: 0.1790967
Jun 30 03:40:18.154450 dv-cinder-798783-1-iscsi neutron-server[93193]: DEBUG neutron.api.rpc.handlers.resources_rpc [None req-05ece0e4-f56e-4d6b-8e80-c886c41eceef None None] Pushing event updated for resources: {'Port': ['ID=e8809540-6f00-48e1-9f69-91e3a99f534b,revision_number=5']} {{(pid=93193) push /opt/stack/neutron/neutron/api/rpc/handlers/resources_rpc.py:237}}
Jun 30 03:40:18.157804 dv-cinder-798783-1-iscsi neutron-server[93193]: DEBUG neutron.plugins.ml2.db [None req-05ece0e4-f56e-4d6b-8e80-c886c41eceef None None] get_ports_and_sgs() called for port_ids ['9243b27c-13d5-47a9-a3e7-b14b92988ab3'] {{(pid=93193) get_ports_and_sgs /opt/stack/neutron/neutron/plugins/ml2/db.py:156}}
Jun 30 03:40:18.285375 dv-cinder-798783-1-iscsi neutron-server[93192]: DEBUG neutron.pecan_wsgi.hooks.policy_enforcement [req-6b5e8682-32a0-4ba3-b226-7d069a48e7aa req-feca4304-5383-4ccb-ac54-8ce7d26d552e service neutron] Attributes excluded by policy engine: ['standard_attr_id', 'shared', 'segment_id'] {{(pid=93192) _exclude_attributes_by_policy /opt/stack/neutron/neutron/pecan_wsgi/hooks/policy_enforcement.py:255}}
Jun 30 03:40:18.288220 dv-cinder-798783-1-iscsi neutron-server[93192]: INFO neutron.wsgi [req-6b5e8682-32a0-4ba3-b226-7d069a48e7aa req-feca4304-5383-4ccb-ac54-8ce7d26d552e service neutron] 10.222.0.10 "GET /v2.0/subnets?id=5913cd32-bd1f-4bbd-b301-a4fdb33400f5 HTTP/1.1" status: 200 len: 843 time: 0.1513562
Jun 30 03:40:18.328857 dv-cinder-798783-1-iscsi neutron-server[93191]: DEBUG neutron.pecan_wsgi.hooks.policy_enforcement [req-d73d8991-1f81-4b43-aa52-32889dd92345 req-3e87102a-ebd5-4f8a-8063-1a7ddc759849 tempest-VolumesSnapshotTestJSON-1326512045 tempest-VolumesSnapshotTestJSON-1326512045-project] Attributes excluded by policy engine: ['standard_attr_id', 'binding:profile', 'binding:host_id', 'binding:vif_type', 'binding:vif_details'] {{(pid=93191) _exclude_attributes_by_policy /opt/stack/neutron/neutron/pecan_wsgi/hooks/policy_enforcement.py:255}}
Jun 30 03:40:18.338379 dv-cinder-798783-1-iscsi neutron-server[93191]: INFO neutron.wsgi [req-d73d8991-1f81-4b43-aa52-32889dd92345 req-3e87102a-ebd5-4f8a-8063-1a7ddc759849 tempest-VolumesSnapshotTestJSON-1326512045 tempest-VolumesSnapshotTestJSON-1326512045-project] 10.222.0.15 "GET /v2.0/ports?device_id=3a6f6bf5-746b-459f-9028-a8ddc57d4741 HTTP/1.1" status: 200 len: 944 time: 0.2883980
Jun 30 03:40:18.395217 dv-cinder-798783-1-iscsi neutron-server[93192]: DEBUG neutron.pecan_wsgi.hooks.policy_enforcement [req-256cb7db-2558-467d-b8ff-fd24b16863d4 req-98b49696-e83c-49d7-b232-7fa019a2de74 service neutron] Attributes excluded by policy engine: ['standard_attr_id', 'shared', 'segment_id'] {{(pid=93192) _exclude_attributes_by_policy /opt/stack/neutron/neutron/pecan_wsgi/hooks/policy_enforcement.py:255}}
Jun 30 03:40:18.399983 dv-cinder-798783-1-iscsi neutron-server[93192]: INFO neutron.wsgi [req-256cb7db-2558-467d-b8ff-fd24b16863d4 req-98b49696-e83c-49d7-b232-7fa019a2de74 service neutron] 10.222.0.10 "GET /v2.0/subnets?id=dcbf7e10-fed8-428f-933a-85b8184c3348 HTTP/1.1" status: 200 len: 859 time: 0.1674116
Jun 30 03:40:18.435556 dv-cinder-798783-1-iscsi neutron-server[93191]: INFO neutron.wsgi [req-d73d8991-1f81-4b43-aa52-32889dd92345 req-159b852c-6a15-4ea2-9887-e809a27e260b tempest-VolumesSnapshotTestJSON-1326512045 tempest-VolumesSnapshotTestJSON-1326512045-project] 10.222.0.15 "GET /v2.0/security-groups?id=c472c78b-bba0-45ac-9db2-c1127e14cdc0&fields=id&fields=name HTTP/1.1" status: 200 len: 286 time: 0.0959158
Jun 30 03:40:18.481922 dv-cinder-798783-1-iscsi neutron-server[93191]: DEBUG neutron.pecan_wsgi.hooks.policy_enforcement [req-814640f6-17ff-45a5-aa4e-d123417e61f1 req-05963c17-921c-49fe-9167-61e6b7185f79 tempest-VolumesNegativeTest-1298380293 tempest-VolumesNegativeTest-1298380293-project] Attributes excluded by policy engine: ['standard_attr_id', 'binding:profile', 'binding:host_id', 'binding:vif_type', 'binding:vif_details'] {{(pid=93191) _exclude_attributes_by_policy /opt/stack/neutron/neutron/pecan_wsgi/hooks/policy_enforcement.py:255}}
Jun 30 03:40:18.486167 dv-cinder-798783-1-iscsi neutron-server[93191]: INFO neutron.wsgi [req-814640f6-17ff-45a5-aa4e-d123417e61f1 req-05963c17-921c-49fe-9167-61e6b7185f79 tempest-VolumesNegativeTest-1298380293 tempest-VolumesNegativeTest-1298380293-project] 10.222.0.15 "GET /v2.0/ports?device_id=484dc58a-4290-47da-b68c-88ff560c9330 HTTP/1.1" status: 200 len: 947 time: 0.1267016
Jun 30 03:40:18.523285 dv-cinder-798783-1-iscsi neutron-server[93192]: INFO neutron.wsgi [req-256cb7db-2558-467d-b8ff-fd24b16863d4 req-db76a332-ad42-4bf7-85fc-b339fbc640a1 service neutron] 10.222.0.10 "GET /v2.0/ports?network_id=f21de6e0-39c7-4516-af81-d91ed7060321&device_owner=network%3Adhcp HTTP/1.1" status: 200 len: 210 time: 0.0795109
Jun 30 03:40:18.571474 dv-cinder-798783-1-iscsi neutron-server[93191]: INFO neutron.wsgi [req-814640f6-17ff-45a5-aa4e-d123417e61f1 req-ce89fb07-1fa1-4f02-b468-88ae38bed739 tempest-VolumesNegativeTest-1298380293 tempest-VolumesNegativeTest-1298380293-project] 10.222.0.15 "GET /v2.0/security-groups?id=20998036-d457-4021-b6e2-909a43993b17&fields=id&fields=name HTTP/1.1" status: 200 len: 286 time: 0.0792453
Jun 30 03:40:18.643425 dv-cinder-798783-1-iscsi neutron-server[93191]: DEBUG neutron.wsgi [-] (93191) accepted ('10.222.0.15', 32876) {{(pid=93191) server /usr/local/lib/python3.8/dist-packages/eventlet/wsgi.py:982}}
Jun 30 03:40:18.689238 dv-cinder-798783-1-iscsi neutron-server[93193]: DEBUG novaclient.v2.client [-] RESP: [200] Connection: close Content-Length: 183 Content-Type: application/json Date: Wed, 30 Jun 2021 03:40:18 GMT OpenStack-API-Version: compute 2.1 Server: Apache/2.4.41 (Ubuntu) Vary: OpenStack-API-Version,X-OpenStack-Nova-API-Version X-OpenStack-Nova-API-Version: 2.1 x-compute-request-id: req-bcce38b6-04f9-49b2-a6d5-4806029fb9f9 x-openstack-request-id: req-bcce38b6-04f9-49b2-a6d5-4806029fb9f9 {{(pid=93193) _http_log_response /usr/local/lib/python3.8/dist-packages/keystoneauth1/session.py:550}}
Jun 30 03:40:18.689687 dv-cinder-798783-1-iscsi neutron-server[93193]: DEBUG novaclient.v2.client [-] RESP BODY: {"events": [{"server_uuid": "778484d1-b287-4b40-8822-2dbc80355462", "name": "network-vif-plugged", "status": "completed", "tag": "e8809540-6f00-48e1-9f69-91e3a99f534b", "code": 200}]} {{(pid=93193) _http_log_response /usr/local/lib/python3.8/dist-packages/keystoneauth1/session.py:582}}
Jun 30 03:40:18.690076 dv-cinder-798783-1-iscsi neutron-server[93193]: DEBUG novaclient.v2.client [-] POST call to compute for http://10.222.0.15/compute/v2.1/os-server-external-events used request id req-bcce38b6-04f9-49b2-a6d5-4806029fb9f9 {{(pid=93193) request /usr/local/lib/python3.8/dist-packages/keystoneauth1/session.py:954}}
Jun 30 03:40:18.690692 dv-cinder-798783-1-iscsi neutron-server[93193]: INFO neutron.notifiers.nova [-] Nova event response: {'server_uuid': '778484d1-b287-4b40-8822-2dbc80355462', 'name': 'network-vif-plugged', 'status': 'completed', 'tag': 'e8809540-6f00-48e1-9f69-91e3a99f534b', 'code': 200}
Jun 30 03:40:18.731335 dv-cinder-798783-1-iscsi neutron-server[93192]: DEBUG novaclient.v2.client [-] RESP: [200] Connection: close Content-Length: 179 Content-Type: application/json Date: Wed, 30 Jun 2021 03:40:17 GMT OpenStack-API-Version: compute 2.1 Server: Apache/2.4.41 (Ubuntu) Vary: OpenStack-API-Version,X-OpenStack-Nova-API-Version X-OpenStack-Nova-API-Version: 2.1 x-compute-request-id: req-fd677400-c5e5-45a3-8543-48a2e9024cb6 x-openstack-request-id: req-fd677400-c5e5-45a3-8543-48a2e9024cb6 {{(pid=93192) _http_log_response /usr/local/lib/python3.8/dist-packages/keystoneauth1/session.py:550}}
Jun 30 03:40:18.731776 dv-cinder-798783-1-iscsi neutron-server[93192]: DEBUG novaclient.v2.client [-] RESP BODY: {"events": [{"name": "network-changed", "server_uuid": "484dc58a-4290-47da-b68c-88ff560c9330", "tag": "79cb5560-de62-4270-84a9-6214f3e9acfb", "status": "completed", "code": 200}]} {{(pid=93192) _http_log_response /usr/local/lib/python3.8/dist-packages/keystoneauth1/session.py:582}}
Jun 30 03:40:18.732179 dv-cinder-798783-1-iscsi neutron-server[93192]: DEBUG novaclient.v2.client [-] POST call to compute for http://10.222.0.15/compute/v2.1/os-server-external-events used request id req-fd677400-c5e5-45a3-8543-48a2e9024cb6 {{(pid=93192) request /usr/local/lib/python3.8/dist-packages/keystoneauth1/session.py:954}}
Jun 30 03:40:18.733349 dv-cinder-798783-1-iscsi neutron-server[93192]: INFO neutron.notifiers.nova [-] Nova event response: {'name': 'network-changed', 'server_uuid': '484dc58a-4290-47da-b68c-88ff560c9330', 'tag': '79cb5560-de62-4270-84a9-6214f3e9acfb', 'status': 'completed', 'code': 200}
Jun 30 03:40:18.772127 dv-cinder-798783-1-iscsi neutron-server[93192]: INFO neutron.wsgi [req-256cb7db-2558-467d-b8ff-fd24b16863d4 req-a66362e6-f6f9-4a38-9cc0-554e566e444a service neutron] 10.222.0.10 "GET /v2.0/networks/f21de6e0-39c7-4516-af81-d91ed7060321?fields=segments HTTP/1.1" status: 200 len: 212 time: 0.2349997
Jun 30 03:40:18.775128 dv-cinder-798783-1-iscsi neutron-server[93192]: DEBUG neutron.pecan_wsgi.hooks.policy_enforcement [req-6b5e8682-32a0-4ba3-b226-7d069a48e7aa req-5f0badeb-b18b-4b8c-bb6a-ee8bf78952f5 service neutron] Attributes excluded by policy engine: ['standard_attr_id'] {{(pid=93192) _exclude_attributes_by_policy /opt/stack/neutron/neutron/pecan_wsgi/hooks/policy_enforcement.py:255}}
Jun 30 03:40:18.777861 dv-cinder-798783-1-iscsi neutron-server[93192]: INFO neutron.wsgi [req-6b5e8682-32a0-4ba3-b226-7d069a48e7aa req-5f0badeb-b18b-4b8c-bb6a-ee8bf78952f5 service neutron] 10.222.0.10 "GET /v2.0/ports?network_id=91951404-ca4f-41d0-a17e-91ce9d72666f&device_owner=network%3Adhcp HTTP/1.1" status: 200 len: 1178 time: 0.4738362
Jun 30 03:40:18.879663 dv-cinder-798783-1-iscsi neutron-server[93191]: DEBUG neutron_lib.callbacks.manager [None req-03780198-1600-4f8e-a1d5-9f0bd89ea1f7 admin admin] Notify callbacks [] for security_group, before_create {{(pid=93191) _notify_loop /usr/local/lib/python3.8/dist-packages/neutron_lib/callbacks/manager.py:192}}
Jun 30 03:40:19.119173 dv-cinder-798783-1-iscsi neutron-server[93191]: DEBUG neutron_lib.callbacks.manager [None req-03780198-1600-4f8e-a1d5-9f0bd89ea1f7 admin admin] Notify callbacks [] for security_group, precommit_create {{(pid=93191) _notify_loop /usr/local/lib/python3.8/dist-packages/neutron_lib/callbacks/manager.py:192}}
Jun 30 03:40:19.129504 dv-cinder-798783-1-iscsi neutron-server[93191]: DEBUG neutron_lib.callbacks.manager [None req-03780198-1600-4f8e-a1d5-9f0bd89ea1f7 admin admin] Notify callbacks ['neutron.plugins.ml2.ovo_rpc._ObjectChangeHandler.handle_payload_event-1631923'] for security_group, after_create {{(pid=93191) _notify_loop /usr/local/lib/python3.8/dist-packages/neutron_lib/callbacks/manager.py:192}}
Jun 30 03:40:19.159013 dv-cinder-798783-1-iscsi neutron-server[93193]: DEBUG neutron.plugins.ml2.rpc [None req-05ece0e4-f56e-4d6b-8e80-c886c41eceef None None] Device 28a095dd-c054-48fe-8535-a8b9e64679f7 details requested by agent hyperv_hv-cinder-79878 with host hv-cinder-79878 {{(pid=93193) get_device_details /opt/stack/neutron/neutron/plugins/ml2/rpc.py:102}}
Jun 30 03:40:19.162714 dv-cinder-798783-1-iscsi neutron-server[93193]: DEBUG neutron.plugins.ml2.rpc [None req-05ece0e4-f56e-4d6b-8e80-c886c41eceef None None] Device 9243b27c-13d5-47a9-a3e7-b14b92988ab3 up at agent hyperv_hv-cinder-79878 {{(pid=93193) update_device_up /opt/stack/neutron/neutron/plugins/ml2/rpc.py:296}}
Jun 30 03:40:19.208641 dv-cinder-798783-1-iscsi neutron-server[93191]: DEBUG neutron.pecan_wsgi.hooks.policy_enforcement [req-3fda9ded-ac82-434c-b54b-14a0bf6a0278 req-d9df0aa7-ecaa-450b-ac3f-f9e1d69a4544 tempest-AttachVolumeShelveTestJSON-1247634551 tempest-AttachVolumeShelveTestJSON-1247634551-project] Attributes excluded by policy engine: ['standard_attr_id', 'binding:profile', 'binding:host_id', 'binding:vif_type', 'binding:vif_details'] {{(pid=93191) _exclude_attributes_by_policy /opt/stack/neutron/neutron/pecan_wsgi/hooks/policy_enforcement.py:255}}
Jun 30 03:40:19.221712 dv-cinder-798783-1-iscsi neutron-server[93191]: INFO neutron.wsgi [req-3fda9ded-ac82-434c-b54b-14a0bf6a0278 req-d9df0aa7-ecaa-450b-ac3f-f9e1d69a4544 tempest-AttachVolumeShelveTestJSON-1247634551 tempest-AttachVolumeShelveTestJSON-1247634551-project] 10.222.0.15 "GET /v2.0/ports?device_id=ca6586fa-924e-4c19-a37b-56e51c1476b4 HTTP/1.1" status: 200 len: 946 time: 0.2459681
Jun 30 03:40:19.243804 dv-cinder-798783-1-iscsi neutron-server[93192]: INFO neutron.wsgi [req-6b5e8682-32a0-4ba3-b226-7d069a48e7aa req-3a67f7e9-6713-4058-b97b-5058bc95f348 service neutron] 10.222.0.10 "GET /v2.0/networks/91951404-ca4f-41d0-a17e-91ce9d72666f?fields=segments HTTP/1.1" status: 200 len: 212 time: 0.4515803
Jun 30 03:40:19.247290 dv-cinder-798783-1-iscsi neutron-server[93192]: INFO neutron.wsgi [req-256cb7db-2558-467d-b8ff-fd24b16863d4 req-dd9c9b64-be17-4d2c-be8a-ba8dbe279031 service neutron] 10.222.0.10 "GET /v2.0/networks/f21de6e0-39c7-4516-af81-d91ed7060321?fields=provider%3Aphysical_network&fields=provider%3Anetwork_type HTTP/1.1" status: 200 len: 281 time: 0.4570715
Jun 30 03:40:19.404630 dv-cinder-798783-1-iscsi neutron-server[93191]: INFO neutron.wsgi [req-3fda9ded-ac82-434c-b54b-14a0bf6a0278 req-b535b727-47da-449a-ac65-2a820ae33a80 tempest-AttachVolumeShelveTestJSON-1247634551 tempest-AttachVolumeShelveTestJSON-1247634551-project] 10.222.0.15 "GET /v2.0/security-groups?id=1e6c0d09-2357-4fa6-ba6e-37a4cb484c7f&fields=id&fields=name HTTP/1.1" status: 200 len: 313 time: 0.1815715
Jun 30 03:40:19.427243 dv-cinder-798783-1-iscsi neutron-server[93192]: DEBUG neutron.pecan_wsgi.hooks.policy_enforcement [req-11ddeb53-b590-4961-868f-0ca9e57c1928 req-08a669d2-cb29-44c0-8ce9-a72e3366e5dd service neutron] Attributes excluded by policy engine: ['standard_attr_id'] {{(pid=93192) _exclude_attributes_by_policy /opt/stack/neutron/neutron/pecan_wsgi/hooks/policy_enforcement.py:255}}
Jun 30 03:40:19.428921 dv-cinder-798783-1-iscsi neutron-server[93192]: INFO neutron.wsgi [req-11ddeb53-b590-4961-868f-0ca9e57c1928 req-08a669d2-cb29-44c0-8ce9-a72e3366e5dd service neutron] 10.222.0.10 "GET /v2.0/ports?device_id=778484d1-b287-4b40-8822-2dbc80355462 HTTP/1.1" status: 200 len: 1098 time: 0.3654554
Jun 30 03:40:19.501334 dv-cinder-798783-1-iscsi neutron-server[93192]: INFO neutron.wsgi [req-6b5e8682-32a0-4ba3-b226-7d069a48e7aa req-351e17bf-4264-4f31-8de4-6596cc1fc882 service neutron] 10.222.0.10 "GET /v2.0/networks/91951404-ca4f-41d0-a17e-91ce9d72666f?fields=provider%3Aphysical_network&fields=provider%3Anetwork_type HTTP/1.1" status: 200 len: 281 time: 0.2285869
Jun 30 03:40:19.506279 dv-cinder-798783-1-iscsi neutron-server[93193]: DEBUG neutron.db.provisioning_blocks [None req-05ece0e4-f56e-4d6b-8e80-c886c41eceef None None] Provisioning for port 9243b27c-13d5-47a9-a3e7-b14b92988ab3 completed by entity L2. {{(pid=93193) provisioning_complete /opt/stack/neutron/neutron/db/provisioning_blocks.py:133}}
