Jun 28 22:01:42.612401 dv-cinder-798384-1-smb devstack@n-api.service[107698]: /opt/stack/nova/nova/db/sqlalchemy/api.py:419: SAWarning: TypeDecorator SoftDeleteInteger() will not produce a cache key because the ``cache_ok`` flag is not set to True. Set this flag to True if this type object's state is safe to use in a cache key, or False to disable this warning.
Jun 28 22:01:42.612401 dv-cinder-798384-1-smb devstack@n-api.service[107698]: return dict(min_versions)
Jun 28 22:01:42.747652 dv-cinder-798384-1-smb devstack@n-api.service[107697]: DEBUG oslo_db.sqlalchemy.engines [None req-48bd0f1b-4b82-4668-8093-728501887d2d None None] MySQL server mode set to STRICT_TRANS_TABLES,STRICT_ALL_TABLES,NO_ZERO_IN_DATE,NO_ZERO_DATE,ERROR_FOR_DIVISION_BY_ZERO,TRADITIONAL,NO_ENGINE_SUBSTITUTION {{(pid=107697) _check_effective_sql_mode /usr/local/lib/python3.8/dist-packages/oslo_db/sqlalchemy/engines.py:314}}
Jun 28 22:01:42.757745 dv-cinder-798384-1-smb devstack@n-api.service[107697]: /opt/stack/nova/nova/db/sqlalchemy/api.py:473: SAWarning: TypeDecorator SoftDeleteInteger() will not produce a cache key because the ``cache_ok`` flag is not set to True. Set this flag to True if this type object's state is safe to use in a cache key, or False to disable this warning.
Jun 28 22:01:42.757745 dv-cinder-798384-1-smb devstack@n-api.service[107697]: result = model_query(context, models.Service, read_deleted="no").\
Jun 28 22:01:42.870033 dv-cinder-798384-1-smb devstack@n-api.service[107698]: DEBUG oslo_db.sqlalchemy.engines [None req-e55f1674-378f-4999-83e9-abb2df4e2044 None None] MySQL server mode set to STRICT_TRANS_TABLES,STRICT_ALL_TABLES,NO_ZERO_IN_DATE,NO_ZERO_DATE,ERROR_FOR_DIVISION_BY_ZERO,TRADITIONAL,NO_ENGINE_SUBSTITUTION {{(pid=107698) _check_effective_sql_mode /usr/local/lib/python3.8/dist-packages/oslo_db/sqlalchemy/engines.py:314}}
Jun 28 22:01:42.881673 dv-cinder-798384-1-smb devstack@n-api.service[107698]: /opt/stack/nova/nova/db/sqlalchemy/api.py:473: SAWarning: TypeDecorator SoftDeleteInteger() will not produce a cache key because the ``cache_ok`` flag is not set to True. Set this flag to True if this type object's state is safe to use in a cache key, or False to disable this warning.
Jun 28 22:01:42.881673 dv-cinder-798384-1-smb devstack@n-api.service[107698]: result = model_query(context, models.Service, read_deleted="no").\
Jun 28 22:01:43.080837 dv-cinder-798384-1-smb devstack@n-api.service[107697]: WARNING keystonemiddleware.auth_token [None req-48bd0f1b-4b82-4668-8093-728501887d2d None None] AuthToken middleware is set with keystone_authtoken.service_token_roles_required set to False. This is backwards compatible but deprecated behaviour. Please set this to True.
Jun 28 22:01:43.087644 dv-cinder-798384-1-smb devstack@n-api.service[107697]: WARNING keystonemiddleware.auth_token [None req-48bd0f1b-4b82-4668-8093-728501887d2d None None] Configuring www_authenticate_uri to point to the public identity endpoint is required; clients may not be able to authenticate against an admin endpoint
Jun 28 22:01:43.215610 dv-cinder-798384-1-smb devstack@n-api.service[107698]: WARNING keystonemiddleware.auth_token [None req-e55f1674-378f-4999-83e9-abb2df4e2044 None None] AuthToken middleware is set with keystone_authtoken.service_token_roles_required set to False. This is backwards compatible but deprecated behaviour. Please set this to True.
Jun 28 22:01:43.222913 dv-cinder-798384-1-smb devstack@n-api.service[107698]: WARNING keystonemiddleware.auth_token [None req-e55f1674-378f-4999-83e9-abb2df4e2044 None None] Configuring www_authenticate_uri to point to the public identity endpoint is required; clients may not be able to authenticate against an admin endpoint
Jun 28 22:01:43.442359 dv-cinder-798384-1-smb devstack@n-api.service[107697]: WARNING keystonemiddleware.auth_token [None req-48bd0f1b-4b82-4668-8093-728501887d2d None None] AuthToken middleware is set with keystone_authtoken.service_token_roles_required set to False. This is backwards compatible but deprecated behaviour. Please set this to True.
Jun 28 22:01:43.447715 dv-cinder-798384-1-smb devstack@n-api.service[107697]: WARNING keystonemiddleware.auth_token [None req-48bd0f1b-4b82-4668-8093-728501887d2d None None] Configuring www_authenticate_uri to point to the public identity endpoint is required; clients may not be able to authenticate against an admin endpoint
Jun 28 22:01:43.454413 dv-cinder-798384-1-smb devstack@n-api.service[107697]: WSGI app 0 (mountpoint='') ready in 6 seconds on interpreter 0x5637a09a49c0 pid: 107697 (default app)
Jun 28 22:01:43.574671 dv-cinder-798384-1-smb devstack@n-api.service[107698]: WARNING keystonemiddleware.auth_token [None req-e55f1674-378f-4999-83e9-abb2df4e2044 None None] AuthToken middleware is set with keystone_authtoken.service_token_roles_required set to False. This is backwards compatible but deprecated behaviour. Please set this to True.
Jun 28 22:01:43.580562 dv-cinder-798384-1-smb devstack@n-api.service[107698]: WARNING keystonemiddleware.auth_token [None req-e55f1674-378f-4999-83e9-abb2df4e2044 None None] Configuring www_authenticate_uri to point to the public identity endpoint is required; clients may not be able to authenticate against an admin endpoint
Jun 28 22:01:43.585939 dv-cinder-798384-1-smb devstack@n-api.service[107698]: WSGI app 0 (mountpoint='') ready in 6 seconds on interpreter 0x5637a09a49c0 pid: 107698 (default app)
Jun 28 22:02:17.411563 dv-cinder-798384-1-smb devstack@n-api.service[107697]: DEBUG nova.api.openstack.wsgi [None req-add95540-856c-4ed9-be8f-6d858813aacf tempest-VolumesSnapshotsTestJSON-1062734909 tempest-VolumesSnapshotsTestJSON-1062734909-project] Action: 'create', calling method: .version_select at 0x7f3ea8a49040>, body: {"volume": {"size": 1, "display_name": "tempest-VolumesSnapshotsTestJSON-volume-1946328661"}} {{(pid=107697) _process_stack /opt/stack/nova/nova/api/openstack/wsgi.py:511}}
Jun 28 22:02:17.639922 dv-cinder-798384-1-smb devstack@n-api.service[107698]: DEBUG nova.api.openstack.wsgi [None req-737be9e3-9178-441f-8721-520a75f727a8 tempest-VolumesNegativeTest-908747645 tempest-VolumesNegativeTest-908747645-project] Action: 'create', calling method: .version_select at 0x7f3ea8a4a040>, body: {"volume": {"size": "#$%", "display_name": "tempest-VolumesNegativeTest-Volume-879834088", "metadata": {"Type": "work"}}} {{(pid=107698) _process_stack /opt/stack/nova/nova/api/openstack/wsgi.py:511}}
Jun 28 22:02:17.643095 dv-cinder-798384-1-smb devstack@n-api.service[107698]: DEBUG nova.api.openstack.wsgi [None req-737be9e3-9178-441f-8721-520a75f727a8 tempest-VolumesNegativeTest-908747645 tempest-VolumesNegativeTest-908747645-project] Returning 400 to user: Invalid input for field/attribute size. Value: #$%. '#$%' does not match '^[0-9]+$' {{(pid=107698) __call__ /opt/stack/nova/nova/api/openstack/wsgi.py:927}}
Jun 28 22:02:17.644391 dv-cinder-798384-1-smb devstack@n-api.service[107698]: INFO nova.api.openstack.requestlog [None req-737be9e3-9178-441f-8721-520a75f727a8 tempest-VolumesNegativeTest-908747645 tempest-VolumesNegativeTest-908747645-project] 10.222.0.36 "POST /compute/v2.1/os-volumes" status: 400 len: 127 microversion: 2.1 time: 0.805378
Jun 28 22:02:17.645488 dv-cinder-798384-1-smb devstack@n-api.service[107698]: [pid: 107698|app: 0|req: 1/1] 10.222.0.36 () {60 vars in 1156 bytes} [Mon Jun 28 22:02:16 2021] POST /compute/v2.1/os-volumes => generated 127 bytes in 808 msecs (HTTP/1.1 400) 9 headers in 381 bytes (1 switches on core 0)
Jun 28 22:02:17.655443 dv-cinder-798384-1-smb devstack@n-api.service[107698]: DEBUG nova.api.openstack.wsgi [None req-9b68eb77-d87d-42b1-a40e-3d99731dcf56 tempest-VolumesNegativeTest-908747645 tempest-VolumesNegativeTest-908747645-project] Action: 'create', calling method: .version_select at 0x7f3ea8a4ac10>, body: {"volume": {"size": "0", "display_name": "tempest-VolumesNegativeTest-Volume-399181326", "metadata": {"Type": "work"}}} {{(pid=107698) _process_stack /opt/stack/nova/nova/api/openstack/wsgi.py:511}}
Jun 28 22:02:17.656761 dv-cinder-798384-1-smb devstack@n-api.service[107698]: DEBUG nova.api.openstack.wsgi [None req-9b68eb77-d87d-42b1-a40e-3d99731dcf56 tempest-VolumesNegativeTest-908747645 tempest-VolumesNegativeTest-908747645-project] Returning 400 to user: Invalid input for field/attribute size. Value: 0. 0 is less than the minimum of 1 {{(pid=107698) __call__ /opt/stack/nova/nova/api/openstack/wsgi.py:927}}
Jun 28 22:02:17.657779 dv-cinder-798384-1-smb devstack@n-api.service[107698]: INFO nova.api.openstack.requestlog [None req-9b68eb77-d87d-42b1-a40e-3d99731dcf56 tempest-VolumesNegativeTest-908747645 tempest-VolumesNegativeTest-908747645-project] 10.222.0.36 "POST /compute/v2.1/os-volumes" status: 400 len: 125 microversion: 2.1 time: 0.006764
Jun 28 22:02:17.659146 dv-cinder-798384-1-smb devstack@n-api.service[107698]: [pid: 107698|app: 0|req: 2/2] 10.222.0.36 () {60 vars in 1156 bytes} [Mon Jun 28 22:02:17 2021] POST /compute/v2.1/os-volumes => generated 125 bytes in 9 msecs (HTTP/1.1 400) 9 headers in 381 bytes (1 switches on core 0)
Jun 28 22:02:17.667886 dv-cinder-798384-1-smb devstack@n-api.service[107698]: DEBUG nova.api.openstack.wsgi [None req-fab0b3b5-e6e6-4c35-91e3-ea54d52b9644 tempest-VolumesNegativeTest-908747645 tempest-VolumesNegativeTest-908747645-project] Action: 'create', calling method: .version_select at 0x7f3ea8a4a040>, body: {"volume": {"size": "", "display_name": "tempest-VolumesNegativeTest-Volume-1931374077", "metadata": {"Type": "work"}}} {{(pid=107698) _process_stack /opt/stack/nova/nova/api/openstack/wsgi.py:511}}
Jun 28 22:02:17.669219 dv-cinder-798384-1-smb devstack@n-api.service[107698]: DEBUG nova.api.openstack.wsgi [None req-fab0b3b5-e6e6-4c35-91e3-ea54d52b9644 tempest-VolumesNegativeTest-908747645 tempest-VolumesNegativeTest-908747645-project] Returning 400 to user: Invalid input for field/attribute size. Value: . '' does not match '^[0-9]+$' {{(pid=107698) __call__ /opt/stack/nova/nova/api/openstack/wsgi.py:927}}
Jun 28 22:02:17.670023 dv-cinder-798384-1-smb devstack@n-api.service[107698]: INFO nova.api.openstack.requestlog [None req-fab0b3b5-e6e6-4c35-91e3-ea54d52b9644 tempest-VolumesNegativeTest-908747645 tempest-VolumesNegativeTest-908747645-project] 10.222.0.36 "POST /compute/v2.1/os-volumes" status: 400 len: 121 microversion: 2.1 time: 0.006114
Jun 28 22:02:17.675268 dv-cinder-798384-1-smb devstack@n-api.service[107698]: [pid: 107698|app: 0|req: 3/3] 10.222.0.36 () {60 vars in 1156 bytes} [Mon Jun 28 22:02:17 2021] POST /compute/v2.1/os-volumes => generated 121 bytes in 12 msecs (HTTP/1.1 400) 9 headers in 381 bytes (2 switches on core 0)
Jun 28 22:02:17.680454 dv-cinder-798384-1-smb devstack@n-api.service[107698]: DEBUG nova.api.openstack.wsgi [None req-4e141003-d4c4-4014-a961-de33aef4b1c8 tempest-VolumesNegativeTest-908747645 tempest-VolumesNegativeTest-908747645-project] Calling method '.version_select at 0x7f3ea8a4ac10>' {{(pid=107698) _process_stack /opt/stack/nova/nova/api/openstack/wsgi.py:513}}
Jun 28 22:02:18.637100 dv-cinder-798384-1-smb devstack@n-api.service[107698]: INFO nova.api.openstack.wsgi [None req-4e141003-d4c4-4014-a961-de33aef4b1c8 tempest-VolumesNegativeTest-908747645 tempest-VolumesNegativeTest-908747645-project] HTTP exception thrown: Volume tempest-invalid-977495298 could not be found.
Jun 28 22:02:18.637799 dv-cinder-798384-1-smb devstack@n-api.service[107698]: DEBUG nova.api.openstack.wsgi [None req-4e141003-d4c4-4014-a961-de33aef4b1c8 tempest-VolumesNegativeTest-908747645 tempest-VolumesNegativeTest-908747645-project] Returning 404 to user: Volume tempest-invalid-977495298 could not be found. {{(pid=107698) __call__ /opt/stack/nova/nova/api/openstack/wsgi.py:927}}
Jun 28 22:02:18.638716 dv-cinder-798384-1-smb devstack@n-api.service[107698]: INFO nova.api.openstack.requestlog [None req-4e141003-d4c4-4014-a961-de33aef4b1c8 tempest-VolumesNegativeTest-908747645 tempest-VolumesNegativeTest-908747645-project] 10.222.0.36 "DELETE /compute/v2.1/os-volumes/tempest-invalid-977495298" status: 404 len: 98 microversion: 2.1 time: 0.962033
Jun 28 22:02:18.645382 dv-cinder-798384-1-smb devstack@n-api.service[107698]: [pid: 107698|app: 0|req: 4/4] 10.222.0.36 () {58 vars in 1215 bytes} [Mon Jun 28 22:02:17 2021] DELETE /compute/v2.1/os-volumes/tempest-invalid-977495298 => generated 98 bytes in 969 msecs (HTTP/1.1 404) 9 headers in 378 bytes (1 switches on core 0)
Jun 28 22:02:18.650294 dv-cinder-798384-1-smb devstack@n-api.service[107698]: INFO nova.api.openstack.requestlog [None req-83bbfde2-7f5d-472c-b54f-7377fe473837 tempest-VolumesNegativeTest-908747645 tempest-VolumesNegativeTest-908747645-project] 10.222.0.36 "DELETE /compute/v2.1/os-volumes/" status: 404 len: 112 microversion: - time: 0.003861
Jun 28 22:02:18.652523 dv-cinder-798384-1-smb devstack@n-api.service[107698]: [pid: 107698|app: 0|req: 5/5] 10.222.0.36 () {58 vars in 1140 bytes} [Mon Jun 28 22:02:18 2021] DELETE /compute/v2.1/os-volumes/ => generated 112 bytes in 7 msecs (HTTP/1.1 404) 5 headers in 228 bytes (1 switches on core 0)
Jun 28 22:02:18.662367 dv-cinder-798384-1-smb devstack@n-api.service[107698]: INFO nova.api.openstack.requestlog [None req-a55f26e0-c0de-4e13-8541-ab1e3bed0071 tempest-VolumesNegativeTest-908747645 tempest-VolumesNegativeTest-908747645-project] 10.222.0.36 "GET /compute/v2.1/os-volumes/" status: 404 len: 112 microversion: - time: 0.003742
Jun 28 22:02:18.669850 dv-cinder-798384-1-smb devstack@n-api.service[107698]: [pid: 107698|app: 0|req: 6/6] 10.222.0.36 () {58 vars in 1137 bytes} [Mon Jun 28 22:02:18 2021] GET /compute/v2.1/os-volumes/ => generated 112 bytes in 12 msecs (HTTP/1.1 404) 5 headers in 228 bytes (1 switches on core 0)
Jun 28 22:02:18.674366 dv-cinder-798384-1-smb devstack@n-api.service[107698]: DEBUG nova.api.openstack.wsgi [None req-4841e90c-4be1-44a6-bc61-8c2445c5bfba tempest-VolumesNegativeTest-908747645 tempest-VolumesNegativeTest-908747645-project] Calling method '.version_select at 0x7f3ea895e940>' {{(pid=107698) _process_stack /opt/stack/nova/nova/api/openstack/wsgi.py:513}}
Jun 28 22:02:19.109154 dv-cinder-798384-1-smb devstack@n-api.service[107698]: INFO nova.api.openstack.wsgi [None req-4841e90c-4be1-44a6-bc61-8c2445c5bfba tempest-VolumesNegativeTest-908747645 tempest-VolumesNegativeTest-908747645-project] HTTP exception thrown: Volume da8f2bff-eeda-4379-9dda-0f164d2cdfa9 could not be found.
Jun 28 22:02:19.110405 dv-cinder-798384-1-smb devstack@n-api.service[107698]: DEBUG nova.api.openstack.wsgi [None req-4841e90c-4be1-44a6-bc61-8c2445c5bfba tempest-VolumesNegativeTest-908747645 tempest-VolumesNegativeTest-908747645-project] Returning 404 to user: Volume da8f2bff-eeda-4379-9dda-0f164d2cdfa9 could not be found. {{(pid=107698) __call__ /opt/stack/nova/nova/api/openstack/wsgi.py:927}}
Jun 28 22:02:19.111322 dv-cinder-798384-1-smb devstack@n-api.service[107698]: INFO nova.api.openstack.requestlog [None req-4841e90c-4be1-44a6-bc61-8c2445c5bfba tempest-VolumesNegativeTest-908747645 tempest-VolumesNegativeTest-908747645-project] 10.222.0.36 "DELETE /compute/v2.1/os-volumes/da8f2bff-eeda-4379-9dda-0f164d2cdfa9" status: 404 len: 109 microversion: 2.1 time: 0.440467
Jun 28 22:02:19.111934 dv-cinder-798384-1-smb devstack@n-api.service[107698]: [pid: 107698|app: 0|req: 7/7] 10.222.0.36 () {58 vars in 1248 bytes} [Mon Jun 28 22:02:18 2021] DELETE /compute/v2.1/os-volumes/da8f2bff-eeda-4379-9dda-0f164d2cdfa9 => generated 109 bytes in 442 msecs (HTTP/1.1 404) 9 headers in 379 bytes (1 switches on core 0)
Jun 28 22:02:19.128488 dv-cinder-798384-1-smb devstack@n-api.service[107698]: DEBUG nova.api.openstack.wsgi [None req-6590a92f-5227-430b-b0d3-4b0c0ec87420 tempest-VolumesNegativeTest-908747645 tempest-VolumesNegativeTest-908747645-project] Calling method '.version_select at 0x7f3ea895ed30>' {{(pid=107698) _process_stack /opt/stack/nova/nova/api/openstack/wsgi.py:513}}
Jun 28 22:02:19.566648 dv-cinder-798384-1-smb devstack@n-api.service[107698]: INFO nova.api.openstack.wsgi [None req-6590a92f-5227-430b-b0d3-4b0c0ec87420 tempest-VolumesNegativeTest-908747645 tempest-VolumesNegativeTest-908747645-project] HTTP exception thrown: Volume f682c53a-004f-4488-8f39-f518cfcab26a could not be found.
Jun 28 22:02:19.567615 dv-cinder-798384-1-smb devstack@n-api.service[107698]: DEBUG nova.api.openstack.wsgi [None req-6590a92f-5227-430b-b0d3-4b0c0ec87420 tempest-VolumesNegativeTest-908747645 tempest-VolumesNegativeTest-908747645-project] Returning 404 to user: Volume f682c53a-004f-4488-8f39-f518cfcab26a could not be found. {{(pid=107698) __call__ /opt/stack/nova/nova/api/openstack/wsgi.py:927}}
Jun 28 22:02:19.568796 dv-cinder-798384-1-smb devstack@n-api.service[107698]: INFO nova.api.openstack.requestlog [None req-6590a92f-5227-430b-b0d3-4b0c0ec87420 tempest-VolumesNegativeTest-908747645 tempest-VolumesNegativeTest-908747645-project] 10.222.0.36 "GET /compute/v2.1/os-volumes/f682c53a-004f-4488-8f39-f518cfcab26a" status: 404 len: 109 microversion: 2.1 time: 0.449449
Jun 28 22:02:19.569769 dv-cinder-798384-1-smb devstack@n-api.service[107698]: [pid: 107698|app: 0|req: 8/8] 10.222.0.36 () {58 vars in 1245 bytes} [Mon Jun 28 22:02:19 2021] GET /compute/v2.1/os-volumes/f682c53a-004f-4488-8f39-f518cfcab26a => generated 109 bytes in 451 msecs (HTTP/1.1 404) 9 headers in 379 bytes (2 switches on core 0)
Jun 28 22:02:19.694601 dv-cinder-798384-1-smb devstack@n-api.service[107697]: INFO nova.api.openstack.requestlog [None req-add95540-856c-4ed9-be8f-6d858813aacf tempest-VolumesSnapshotsTestJSON-1062734909 tempest-VolumesSnapshotsTestJSON-1062734909-project] 10.222.0.36 "POST /compute/v2.1/os-volumes" status: 200 len: 345 microversion: 2.1 time: 3.300333
Jun 28 22:02:19.695255 dv-cinder-798384-1-smb devstack@n-api.service[107697]: [pid: 107697|app: 0|req: 1/9] 10.222.0.36 () {60 vars in 1155 bytes} [Mon Jun 28 22:02:16 2021] POST /compute/v2.1/os-volumes => generated 345 bytes in 3303 msecs (HTTP/1.1 200) 10 headers in 448 bytes (1 switches on core 0)
Jun 28 22:02:19.709014 dv-cinder-798384-1-smb devstack@n-api.service[107698]: DEBUG nova.api.openstack.wsgi [None req-c6df75f1-80b5-43e3-ba79-58b6bd0cdd9e tempest-VolumesSnapshotsTestJSON-1062734909 tempest-VolumesSnapshotsTestJSON-1062734909-project] Calling method '.version_select at 0x7f3ea932a5e0>' {{(pid=107698) _process_stack /opt/stack/nova/nova/api/openstack/wsgi.py:513}}
Jun 28 22:02:20.024479 dv-cinder-798384-1-smb devstack@n-api.service[107698]: INFO nova.api.openstack.requestlog [None req-c6df75f1-80b5-43e3-ba79-58b6bd0cdd9e tempest-VolumesSnapshotsTestJSON-1062734909 tempest-VolumesSnapshotsTestJSON-1062734909-project] 10.222.0.36 "GET /compute/v2.1/os-volumes/8e332ee0-efe2-4ec5-8749-3faf88af5798" status: 200 len: 345 microversion: 2.1 time: 0.320615
Jun 28 22:02:20.027227 dv-cinder-798384-1-smb devstack@n-api.service[107698]: [pid: 107698|app: 0|req: 9/10] 10.222.0.36 () {58 vars in 1245 bytes} [Mon Jun 28 22:02:19 2021] GET /compute/v2.1/os-volumes/8e332ee0-efe2-4ec5-8749-3faf88af5798 => generated 345 bytes in 324 msecs (HTTP/1.1 200) 9 headers in 357 bytes (1 switches on core 0)
Jun 28 22:02:20.743436 dv-cinder-798384-1-smb devstack@n-api.service[107697]: DEBUG nova.api.openstack.wsgi [None req-961ad44a-06dd-439f-b163-9f069089b775 tempest-DeleteServersTestJSON-1487107697 tempest-DeleteServersTestJSON-1487107697-project] Action: 'create', calling method: >, body: {"server": {"name": "tempest-DeleteServersTestJSON-server-982150319", "imageRef": "3e3b05bb-51dd-44ea-8c84-f84f55f6bc0a", "flavorRef": "452", "networks": [{"uuid": "f36ba602-519d-47ea-a143-66d9b4b7145d"}]}} {{(pid=107697) _process_stack /opt/stack/nova/nova/api/openstack/wsgi.py:511}}
Jun 28 22:02:20.901134 dv-cinder-798384-1-smb devstack@n-api.service[107697]: DEBUG nova.network.neutron [None req-961ad44a-06dd-439f-b163-9f069089b775 tempest-DeleteServersTestJSON-1487107697 tempest-DeleteServersTestJSON-1487107697-project] validate_networks() for [('f36ba602-519d-47ea-a143-66d9b4b7145d', None, None, None)] {{(pid=107697) validate_networks /opt/stack/nova/nova/network/neutron.py:2376}}
Jun 28 22:02:21.043826 dv-cinder-798384-1-smb devstack@n-api.service[107698]: DEBUG nova.api.openstack.wsgi [None req-3c7ffdb2-842f-468f-8e09-ffd6fecc9ae2 tempest-VolumesSnapshotsTestJSON-1062734909 tempest-VolumesSnapshotsTestJSON-1062734909-project] Calling method '.version_select at 0x7f3ea8a4aaf0>' {{(pid=107698) _process_stack /opt/stack/nova/nova/api/openstack/wsgi.py:513}}
Jun 28 22:02:21.278228 dv-cinder-798384-1-smb devstack@n-api.service[107698]: INFO nova.api.openstack.requestlog [None req-3c7ffdb2-842f-468f-8e09-ffd6fecc9ae2 tempest-VolumesSnapshotsTestJSON-1062734909 tempest-VolumesSnapshotsTestJSON-1062734909-project] 10.222.0.36 "GET /compute/v2.1/os-volumes/8e332ee0-efe2-4ec5-8749-3faf88af5798" status: 200 len: 346 microversion: 2.1 time: 0.242428
Jun 28 22:02:21.278833 dv-cinder-798384-1-smb devstack@n-api.service[107698]: [pid: 107698|app: 0|req: 10/11] 10.222.0.36 () {58 vars in 1245 bytes} [Mon Jun 28 22:02:21 2021] GET /compute/v2.1/os-volumes/8e332ee0-efe2-4ec5-8749-3faf88af5798 => generated 346 bytes in 245 msecs (HTTP/1.1 200) 9 headers in 357 bytes (2 switches on core 0)
Jun 28 22:02:21.290924 dv-cinder-798384-1-smb devstack@n-api.service[107698]: DEBUG nova.api.openstack.wsgi [None req-581034bf-3bb6-402d-b8bd-5b7fc59905ee tempest-VolumesSnapshotsTestJSON-1062734909 tempest-VolumesSnapshotsTestJSON-1062734909-project] Action: 'create', calling method: .version_select at 0x7f3ea8977040>, body: {"snapshot": {"volume_id": "8e332ee0-efe2-4ec5-8749-3faf88af5798", "display_name": "tempest-VolumesSnapshotsTestJSON-Snapshot-193321317"}} {{(pid=107698) _process_stack /opt/stack/nova/nova/api/openstack/wsgi.py:511}}
Jun 28 22:02:21.866561 dv-cinder-798384-1-smb devstack@n-api.service[107697]: DEBUG nova.virt.hardware [None req-961ad44a-06dd-439f-b163-9f069089b775 tempest-DeleteServersTestJSON-1487107697 tempest-DeleteServersTestJSON-1487107697-project] Flavor limits 0:0:0 {{(pid=107697) get_cpu_topology_constraints /opt/stack/nova/nova/virt/hardware.py:343}}
Jun 28 22:02:21.868352 dv-cinder-798384-1-smb devstack@n-api.service[107697]: DEBUG nova.virt.hardware [None req-961ad44a-06dd-439f-b163-9f069089b775 tempest-DeleteServersTestJSON-1487107697 tempest-DeleteServersTestJSON-1487107697-project] Image limits 0:0:0 {{(pid=107697) get_cpu_topology_constraints /opt/stack/nova/nova/virt/hardware.py:347}}
Jun 28 22:02:21.869303 dv-cinder-798384-1-smb devstack@n-api.service[107697]: DEBUG nova.virt.hardware [None req-961ad44a-06dd-439f-b163-9f069089b775 tempest-DeleteServersTestJSON-1487107697 tempest-DeleteServersTestJSON-1487107697-project] Flavor pref 0:0:0 {{(pid=107697) get_cpu_topology_constraints /opt/stack/nova/nova/virt/hardware.py:383}}
Jun 28 22:02:21.869900 dv-cinder-798384-1-smb devstack@n-api.service[107697]: DEBUG nova.virt.hardware [None req-961ad44a-06dd-439f-b163-9f069089b775 tempest-DeleteServersTestJSON-1487107697 tempest-DeleteServersTestJSON-1487107697-project] Image pref 0:0:0 {{(pid=107697) get_cpu_topology_constraints /opt/stack/nova/nova/virt/hardware.py:387}}
Jun 28 22:02:21.870606 dv-cinder-798384-1-smb devstack@n-api.service[107697]: DEBUG nova.virt.hardware [None req-961ad44a-06dd-439f-b163-9f069089b775 tempest-DeleteServersTestJSON-1487107697 tempest-DeleteServersTestJSON-1487107697-project] Chose sockets=0, cores=0, threads=0; limits were sockets=65536, cores=65536, threads=65536 {{(pid=107697) get_cpu_topology_constraints /opt/stack/nova/nova/virt/hardware.py:425}}
Jun 28 22:02:21.893531 dv-cinder-798384-1-smb devstack@n-api.service[107697]: /opt/stack/nova/nova/db/sqlalchemy/api.py:2486: SAWarning: TypeDecorator SoftDeleteInteger() will not produce a cache key because the ``cache_ok`` flag is not set to True. Set this flag to True if this type object's state is safe to use in a cache key, or False to disable this warning.
Jun 28 22:02:21.893531 dv-cinder-798384-1-smb devstack@n-api.service[107697]: user_quotas = model_query(context, models.ProjectUserQuota,
Jun 28 22:02:21.910010 dv-cinder-798384-1-smb devstack@n-api.service[107697]: DEBUG oslo_concurrency.lockutils [None req-961ad44a-06dd-439f-b163-9f069089b775 tempest-DeleteServersTestJSON-1487107697 tempest-DeleteServersTestJSON-1487107697-project] Lock "00000000-0000-0000-0000-000000000000" acquired by "nova.context.set_target_cell..get_or_set_cached_cell_and_set_connections" :: waited 0.000s {{(pid=107697) inner /usr/local/lib/python3.8/dist-packages/oslo_concurrency/lockutils.py:355}}
Jun 28 22:02:21.911058 dv-cinder-798384-1-smb devstack@n-api.service[107697]: DEBUG oslo_concurrency.lockutils [None req-961ad44a-06dd-439f-b163-9f069089b775 tempest-DeleteServersTestJSON-1487107697 tempest-DeleteServersTestJSON-1487107697-project] Lock "00000000-0000-0000-0000-000000000000" released by "nova.context.set_target_cell..get_or_set_cached_cell_and_set_connections" :: held 0.003s {{(pid=107697) inner /usr/local/lib/python3.8/dist-packages/oslo_concurrency/lockutils.py:367}}
Jun 28 22:02:21.913710 dv-cinder-798384-1-smb devstack@n-api.service[107697]: DEBUG oslo_concurrency.lockutils [None req-961ad44a-06dd-439f-b163-9f069089b775 tempest-DeleteServersTestJSON-1487107697 tempest-DeleteServersTestJSON-1487107697-project] Lock "7c70dd73-08fa-4273-862d-971b5e3a5bae" acquired by "nova.context.set_target_cell..get_or_set_cached_cell_and_set_connections" :: waited 0.000s {{(pid=107697) inner /usr/local/lib/python3.8/dist-packages/oslo_concurrency/lockutils.py:355}}
Jun 28 22:02:21.915413 dv-cinder-798384-1-smb devstack@n-api.service[107697]: DEBUG oslo_concurrency.lockutils [None req-961ad44a-06dd-439f-b163-9f069089b775 tempest-DeleteServersTestJSON-1487107697 tempest-DeleteServersTestJSON-1487107697-project] Lock "7c70dd73-08fa-4273-862d-971b5e3a5bae" released by "nova.context.set_target_cell..get_or_set_cached_cell_and_set_connections" :: held 0.002s {{(pid=107697) inner /usr/local/lib/python3.8/dist-packages/oslo_concurrency/lockutils.py:367}}
Jun 28 22:02:21.929655 dv-cinder-798384-1-smb devstack@n-api.service[107697]: /opt/stack/nova/nova/objects/instance.py:1537: SAWarning: TypeDecorator SoftDeleteInteger() will not produce a cache key because the ``cache_ok`` flag is not set to True. Set this flag to True if this type object's state is safe to use in a cache key, or False to disable this warning.
Jun 28 22:02:21.929655 dv-cinder-798384-1-smb devstack@n-api.service[107697]: project_result = project_query.first()
Jun 28 22:02:21.997082 dv-cinder-798384-1-smb devstack@n-api.service[107697]: /opt/stack/nova/nova/db/sqlalchemy/api.py:2503: SAWarning: TypeDecorator SoftDeleteInteger() will not produce a cache key because the ``cache_ok`` flag is not set to True. Set this flag to True if this type object's state is safe to use in a cache key, or False to disable this warning.
Jun 28 22:02:21.997082 dv-cinder-798384-1-smb devstack@n-api.service[107697]: rows = model_query(context, models.Quota, read_deleted="no").\
Jun 28 22:02:22.002160 dv-cinder-798384-1-smb devstack@n-api.service[107698]: INFO nova.api.openstack.requestlog [None req-581034bf-3bb6-402d-b8bd-5b7fc59905ee tempest-VolumesSnapshotsTestJSON-1062734909 tempest-VolumesSnapshotsTestJSON-1062734909-project] 10.222.0.36 "POST /compute/v2.1/os-snapshots" status: 200 len: 286 microversion: 2.1 time: 0.715776
Jun 28 22:02:22.008577 dv-cinder-798384-1-smb devstack@n-api.service[107698]: [pid: 107698|app: 0|req: 11/12] 10.222.0.36 () {60 vars in 1162 bytes} [Mon Jun 28 22:02:21 2021] POST /compute/v2.1/os-snapshots => generated 286 bytes in 723 msecs (HTTP/1.1 200) 9 headers in 357 bytes (2 switches on core 0)
Jun 28 22:02:22.012869 dv-cinder-798384-1-smb devstack@n-api.service[107697]: DEBUG nova.quota [None req-961ad44a-06dd-439f-b163-9f069089b775 tempest-DeleteServersTestJSON-1487107697 tempest-DeleteServersTestJSON-1487107697-project] Getting quotas for project 113543ae608b425e93ef9814cb6dd1da. Resources: {'cores', 'ram', 'instances'} {{(pid=107697) _get_quotas /opt/stack/nova/nova/quota.py:387}}
Jun 28 22:02:22.020304 dv-cinder-798384-1-smb devstack@n-api.service[107698]: DEBUG nova.api.openstack.wsgi [None req-076b8395-41b6-411a-bdb5-a96212c1bc04 tempest-VolumesSnapshotsTestJSON-1062734909 tempest-VolumesSnapshotsTestJSON-1062734909-project] Calling method '.version_select at 0x7f3ea88fb430>' {{(pid=107698) _process_stack /opt/stack/nova/nova/api/openstack/wsgi.py:513}}
Jun 28 22:02:22.031212 dv-cinder-798384-1-smb devstack@n-api.service[107697]: DEBUG nova.quota [None req-961ad44a-06dd-439f-b163-9f069089b775 tempest-DeleteServersTestJSON-1487107697 tempest-DeleteServersTestJSON-1487107697-project] Getting quotas for user 959d2fab18ff440f89149790cebc1b5a and project 113543ae608b425e93ef9814cb6dd1da. Resources: {'cores', 'ram', 'instances'} {{(pid=107697) _get_quotas /opt/stack/nova/nova/quota.py:377}}
Jun 28 22:02:22.069328 dv-cinder-798384-1-smb devstack@n-api.service[107697]: DEBUG nova.compute.api [None req-961ad44a-06dd-439f-b163-9f069089b775 tempest-DeleteServersTestJSON-1487107697 tempest-DeleteServersTestJSON-1487107697-project] Going to run 1 instances... {{(pid=107697) _provision_instances /opt/stack/nova/nova/compute/api.py:1282}}
Jun 28 22:02:22.079392 dv-cinder-798384-1-smb devstack@n-api.service[107697]: DEBUG nova.compute.api [None req-961ad44a-06dd-439f-b163-9f069089b775 tempest-DeleteServersTestJSON-1487107697 tempest-DeleteServersTestJSON-1487107697-project] [instance: 69030245-7350-4a22-8fed-190a6b2333f2] block_device_mapping [BlockDeviceMapping(attachment_id=,boot_index=0,connection_info=None,created_at=,delete_on_termination=True,deleted=,deleted_at=,destination_type='local',device_name=None,device_type='disk',disk_bus=None,guest_format=None,id=,image_id='3e3b05bb-51dd-44ea-8c84-f84f55f6bc0a',instance=,instance_uuid=,no_device=False,snapshot_id=None,source_type='image',tag=None,updated_at=,uuid=,volume_id=None,volume_size=None,volume_type=None)] {{(pid=107697) _bdm_validate_set_size_and_instance /opt/stack/nova/nova/compute/api.py:1687}}
Jun 28 22:02:22.090863 dv-cinder-798384-1-smb devstack@n-api.service[107698]: INFO nova.api.openstack.requestlog [None req-076b8395-41b6-411a-bdb5-a96212c1bc04 tempest-VolumesSnapshotsTestJSON-1062734909 tempest-VolumesSnapshotsTestJSON-1062734909-project] 10.222.0.36 "GET /compute/v2.1/os-snapshots/4af57eaf-b8e8-45a6-9ac2-a83fe3a8281e" status: 200 len: 286 microversion: 2.1 time: 0.075606
Jun 28 22:02:22.091700 dv-cinder-798384-1-smb devstack@n-api.service[107698]: [pid: 107698|app: 0|req: 12/13] 10.222.0.36 () {58 vars in 1251 bytes} [Mon Jun 28 22:02:22 2021] GET /compute/v2.1/os-snapshots/4af57eaf-b8e8-45a6-9ac2-a83fe3a8281e => generated 286 bytes in 77 msecs (HTTP/1.1 200) 9 headers in 357 bytes (2 switches on core 0)
Jun 28 22:02:22.101301 dv-cinder-798384-1-smb devstack@n-api.service[107698]: DEBUG nova.api.openstack.wsgi [None req-8d5a2439-47e1-4406-915f-a587c68b1289 tempest-VolumesSnapshotsTestJSON-1062734909 tempest-VolumesSnapshotsTestJSON-1062734909-project] Calling method '.version_select at 0x7f3ea8977af0>' {{(pid=107698) _process_stack /opt/stack/nova/nova/api/openstack/wsgi.py:513}}
Jun 28 22:02:22.196565 dv-cinder-798384-1-smb devstack@n-api.service[107698]: INFO nova.api.openstack.requestlog [None req-8d5a2439-47e1-4406-915f-a587c68b1289 tempest-VolumesSnapshotsTestJSON-1062734909 tempest-VolumesSnapshotsTestJSON-1062734909-project] 10.222.0.36 "GET /compute/v2.1/os-snapshots" status: 200 len: 289 microversion: 2.1 time: 0.094136
Jun 28 22:02:22.196565 dv-cinder-798384-1-smb devstack@n-api.service[107698]: [pid: 107698|app: 0|req: 13/14] 10.222.0.36 () {58 vars in 1140 bytes} [Mon Jun 28 22:02:22 2021] GET /compute/v2.1/os-snapshots => generated 289 bytes in 97 msecs (HTTP/1.1 200) 9 headers in 357 bytes (2 switches on core 0)
Jun 28 22:02:22.208138 dv-cinder-798384-1-smb devstack@n-api.service[107698]: DEBUG nova.api.openstack.wsgi [None req-2e1d99ba-05e9-404c-9ed0-1caa2b36aaa3 tempest-VolumesSnapshotsTestJSON-1062734909 tempest-VolumesSnapshotsTestJSON-1062734909-project] Calling method '.version_select at 0x7f3ea895e5e0>' {{(pid=107698) _process_stack /opt/stack/nova/nova/api/openstack/wsgi.py:513}}
Jun 28 22:02:22.279925 dv-cinder-798384-1-smb devstack@n-api.service[107698]: INFO nova.api.openstack.requestlog [None req-2e1d99ba-05e9-404c-9ed0-1caa2b36aaa3 tempest-VolumesSnapshotsTestJSON-1062734909 tempest-VolumesSnapshotsTestJSON-1062734909-project] 10.222.0.36 "GET /compute/v2.1/os-snapshots/4af57eaf-b8e8-45a6-9ac2-a83fe3a8281e" status: 200 len: 286 microversion: 2.1 time: 0.076362
Jun 28 22:02:22.280937 dv-cinder-798384-1-smb devstack@n-api.service[107698]: [pid: 107698|app: 0|req: 14/15] 10.222.0.36 () {58 vars in 1251 bytes} [Mon Jun 28 22:02:22 2021] GET /compute/v2.1/os-snapshots/4af57eaf-b8e8-45a6-9ac2-a83fe3a8281e => generated 286 bytes in 79 msecs (HTTP/1.1 200) 9 headers in 357 bytes (2 switches on core 0)
Jun 28 22:02:22.388507 dv-cinder-798384-1-smb devstack@n-api.service[107697]: INFO nova.api.openstack.requestlog [None req-961ad44a-06dd-439f-b163-9f069089b775 tempest-DeleteServersTestJSON-1487107697 tempest-DeleteServersTestJSON-1487107697-project] 10.222.0.36 "POST /compute/v2.1/servers" status: 202 len: 380 microversion: 2.1 time: 1.927587
Jun 28 22:02:22.389129 dv-cinder-798384-1-smb devstack@n-api.service[107697]: [pid: 107697|app: 0|req: 2/16] 10.222.0.36 () {60 vars in 1147 bytes} [Mon Jun 28 22:02:20 2021] POST /compute/v2.1/servers => generated 380 bytes in 1929 msecs (HTTP/1.1 202) 10 headers in 451 bytes (1 switches on core 0)
Jun 28 22:02:22.399500 dv-cinder-798384-1-smb devstack@n-api.service[107698]: DEBUG nova.api.openstack.wsgi [None req-04123c24-47b0-4022-a60d-fb96019a0d54 tempest-DeleteServersTestJSON-1487107697 tempest-DeleteServersTestJSON-1487107697-project] Calling method '>' {{(pid=107698) _process_stack /opt/stack/nova/nova/api/openstack/wsgi.py:513}}
Jun 28 22:02:22.400309 dv-cinder-798384-1-smb devstack@n-api.service[107698]: DEBUG nova.compute.api [None req-04123c24-47b0-4022-a60d-fb96019a0d54 tempest-DeleteServersTestJSON-1487107697 tempest-DeleteServersTestJSON-1487107697-project] [instance: 69030245-7350-4a22-8fed-190a6b2333f2] Fetching instance by UUID {{(pid=107698) get /opt/stack/nova/nova/compute/api.py:2795}}
Jun 28 22:02:22.576188 dv-cinder-798384-1-smb devstack@n-api.service[107698]: DEBUG nova.policy [None req-04123c24-47b0-4022-a60d-fb96019a0d54 tempest-DeleteServersTestJSON-1487107697 tempest-DeleteServersTestJSON-1487107697-project] Policy check for os_compute_api:os-extended-server-attributes failed with credentials {'is_admin': False, 'user_id': '959d2fab18ff440f89149790cebc1b5a', 'user_domain_id': 'default', 'system_scope': None, 'domain_id': None, 'project_id': '113543ae608b425e93ef9814cb6dd1da', 'project_domain_id': 'default', 'roles': ['member', 'reader'], 'is_admin_project': True, 'service_user_id': None, 'service_user_domain_id': None, 'service_project_id': None, 'service_project_domain_id': None, 'service_roles': []} {{(pid=107698) authorize /opt/stack/nova/nova/policy.py:199}}
Jun 28 22:02:22.580018 dv-cinder-798384-1-smb devstack@n-api.service[107698]: /opt/stack/nova/nova/db/sqlalchemy/api.py:2775: SAWarning: TypeDecorator SoftDeleteInteger() will not produce a cache key because the ``cache_ok`` flag is not set to True. Set this flag to True if this type object's state is safe to use in a cache key, or False to disable this warning.
Jun 28 22:02:22.580018 dv-cinder-798384-1-smb devstack@n-api.service[107698]: return _block_device_mapping_get_query(context).filter(
Jun 28 22:02:22.596292 dv-cinder-798384-1-smb devstack@n-api.service[107698]: INFO nova.api.openstack.requestlog [None req-04123c24-47b0-4022-a60d-fb96019a0d54 tempest-DeleteServersTestJSON-1487107697 tempest-DeleteServersTestJSON-1487107697-project] 10.222.0.36 "GET /compute/v2.1/servers/69030245-7350-4a22-8fed-190a6b2333f2" status: 200 len: 1214 microversion: 2.1 time: 0.200247
Jun 28 22:02:22.602307 dv-cinder-798384-1-smb devstack@n-api.service[107698]: [pid: 107698|app: 0|req: 15/17] 10.222.0.36 () {58 vars in 1236 bytes} [Mon Jun 28 22:02:22 2021] GET /compute/v2.1/servers/69030245-7350-4a22-8fed-190a6b2333f2 => generated 1214 bytes in 206 msecs (HTTP/1.1 200) 9 headers in 358 bytes (2 switches on core 0)
Jun 28 22:02:23.313259 dv-cinder-798384-1-smb devstack@n-api.service[107697]: DEBUG nova.api.openstack.wsgi [None req-5d052cf7-a6d1-4eb9-8570-d4e39adb23bf tempest-VolumesSnapshotsTestJSON-1062734909 tempest-VolumesSnapshotsTestJSON-1062734909-project] Calling method '.version_select at 0x7f3ea8874dc0>' {{(pid=107697) _process_stack /opt/stack/nova/nova/api/openstack/wsgi.py:513}}
Jun 28 22:02:23.448651 dv-cinder-798384-1-smb devstack@n-api.service[107697]: INFO nova.api.openstack.requestlog [None req-5d052cf7-a6d1-4eb9-8570-d4e39adb23bf tempest-VolumesSnapshotsTestJSON-1062734909 tempest-VolumesSnapshotsTestJSON-1062734909-project] 10.222.0.36 "GET /compute/v2.1/os-snapshots/4af57eaf-b8e8-45a6-9ac2-a83fe3a8281e" status: 200 len: 287 microversion: 2.1 time: 0.159473
Jun 28 22:02:23.450117 dv-cinder-798384-1-smb devstack@n-api.service[107697]: [pid: 107697|app: 0|req: 3/18] 10.222.0.36 () {58 vars in 1251 bytes} [Mon Jun 28 22:02:23 2021] GET /compute/v2.1/os-snapshots/4af57eaf-b8e8-45a6-9ac2-a83fe3a8281e => generated 287 bytes in 162 msecs (HTTP/1.1 200) 9 headers in 357 bytes (1 switches on core 0)
Jun 28 22:02:23.465028 dv-cinder-798384-1-smb devstack@n-api.service[107698]: DEBUG nova.api.openstack.wsgi [None req-4bc44274-32de-41aa-8148-c7be29aa5f2f tempest-VolumesSnapshotsTestJSON-1062734909 tempest-VolumesSnapshotsTestJSON-1062734909-project] Calling method '.version_select at 0x7f3ea89779d0>' {{(pid=107698) _process_stack /opt/stack/nova/nova/api/openstack/wsgi.py:513}}
Jun 28 22:02:23.613970 dv-cinder-798384-1-smb devstack@n-api.service[107697]: DEBUG nova.api.openstack.wsgi [None req-a640ed47-baba-4753-8d9d-eefab268c1ce tempest-DeleteServersTestJSON-1487107697 tempest-DeleteServersTestJSON-1487107697-project] Calling method '>' {{(pid=107697) _process_stack /opt/stack/nova/nova/api/openstack/wsgi.py:513}}
Jun 28 22:02:23.615084 dv-cinder-798384-1-smb devstack@n-api.service[107697]: DEBUG nova.compute.api [None req-a640ed47-baba-4753-8d9d-eefab268c1ce tempest-DeleteServersTestJSON-1487107697 tempest-DeleteServersTestJSON-1487107697-project] [instance: 69030245-7350-4a22-8fed-190a6b2333f2] Fetching instance by UUID {{(pid=107697) get /opt/stack/nova/nova/compute/api.py:2795}}
Jun 28 22:02:23.669776 dv-cinder-798384-1-smb devstack@n-api.service[107698]: INFO nova.api.openstack.requestlog [None req-4bc44274-32de-41aa-8148-c7be29aa5f2f tempest-VolumesSnapshotsTestJSON-1062734909 tempest-VolumesSnapshotsTestJSON-1062734909-project] 10.222.0.36 "DELETE /compute/v2.1/os-snapshots/4af57eaf-b8e8-45a6-9ac2-a83fe3a8281e" status: 202 len: 0 microversion: 2.1 time: 0.212567
Jun 28 22:02:23.673089 dv-cinder-798384-1-smb devstack@n-api.service[107698]: [pid: 107698|app: 0|req: 16/19] 10.222.0.36 () {58 vars in 1254 bytes} [Mon Jun 28 22:02:23 2021] DELETE /compute/v2.1/os-snapshots/4af57eaf-b8e8-45a6-9ac2-a83fe3a8281e => generated 0 bytes in 218 msecs (HTTP/1.1 202) 9 headers in 361 bytes (1 switches on core 0)
Jun 28 22:02:23.678236 dv-cinder-798384-1-smb devstack@n-api.service[107698]: DEBUG nova.api.openstack.wsgi [None req-35dc2e8a-423a-4ab4-a339-7fc03160a5f7 tempest-VolumesSnapshotsTestJSON-1062734909 tempest-VolumesSnapshotsTestJSON-1062734909-project] Calling method '.version_select at 0x7f3ea88c1040>' {{(pid=107698) _process_stack /opt/stack/nova/nova/api/openstack/wsgi.py:513}}
Jun 28 22:02:23.718107 dv-cinder-798384-1-smb devstack@n-api.service[107698]: INFO nova.api.openstack.requestlog [None req-35dc2e8a-423a-4ab4-a339-7fc03160a5f7 tempest-VolumesSnapshotsTestJSON-1062734909 tempest-VolumesSnapshotsTestJSON-1062734909-project] 10.222.0.36 "GET /compute/v2.1/os-snapshots/4af57eaf-b8e8-45a6-9ac2-a83fe3a8281e" status: 200 len: 286 microversion: 2.1 time: 0.043674
Jun 28 22:02:23.719307 dv-cinder-798384-1-smb devstack@n-api.service[107698]: [pid: 107698|app: 0|req: 17/20] 10.222.0.36 () {58 vars in 1251 bytes} [Mon Jun 28 22:02:23 2021] GET /compute/v2.1/os-snapshots/4af57eaf-b8e8-45a6-9ac2-a83fe3a8281e => generated 286 bytes in 46 msecs (HTTP/1.1 200) 9 headers in 357 bytes (1 switches on core 0)
Jun 28 22:02:23.769817 dv-cinder-798384-1-smb devstack@n-api.service[107697]: DEBUG nova.policy [None req-a640ed47-baba-4753-8d9d-eefab268c1ce tempest-DeleteServersTestJSON-1487107697 tempest-DeleteServersTestJSON-1487107697-project] Policy check for os_compute_api:os-extended-server-attributes failed with credentials {'is_admin': False, 'user_id': '959d2fab18ff440f89149790cebc1b5a', 'user_domain_id': 'default', 'system_scope': None, 'domain_id': None, 'project_id': '113543ae608b425e93ef9814cb6dd1da', 'project_domain_id': 'default', 'roles': ['member', 'reader'], 'is_admin_project': True, 'service_user_id': None, 'service_user_domain_id': None, 'service_project_id': None, 'service_project_domain_id': None, 'service_roles': []} {{(pid=107697) authorize /opt/stack/nova/nova/policy.py:199}}
Jun 28 22:02:23.773765 dv-cinder-798384-1-smb devstack@n-api.service[107697]: /opt/stack/nova/nova/db/sqlalchemy/api.py:2775: SAWarning: TypeDecorator SoftDeleteInteger() will not produce a cache key because the ``cache_ok`` flag is not set to True. Set this flag to True if this type object's state is safe to use in a cache key, or False to disable this warning.
Jun 28 22:02:23.773765 dv-cinder-798384-1-smb devstack@n-api.service[107697]: return _block_device_mapping_get_query(context).filter(
Jun 28 22:02:23.801079 dv-cinder-798384-1-smb devstack@n-api.service[107697]: INFO nova.api.openstack.requestlog [None req-a640ed47-baba-4753-8d9d-eefab268c1ce tempest-DeleteServersTestJSON-1487107697 tempest-DeleteServersTestJSON-1487107697-project] 10.222.0.36 "GET /compute/v2.1/servers/69030245-7350-4a22-8fed-190a6b2333f2" status: 200 len: 1214 microversion: 2.1 time: 0.189294
Jun 28 22:02:23.804080 dv-cinder-798384-1-smb devstack@n-api.service[107697]: [pid: 107697|app: 0|req: 4/21] 10.222.0.36 () {58 vars in 1236 bytes} [Mon Jun 28 22:02:23 2021] GET /compute/v2.1/servers/69030245-7350-4a22-8fed-190a6b2333f2 => generated 1214 bytes in 194 msecs (HTTP/1.1 200) 9 headers in 358 bytes (1 switches on core 0)
Jun 28 22:02:24.735682 dv-cinder-798384-1-smb devstack@n-api.service[107698]: DEBUG nova.api.openstack.wsgi [None req-f478c701-f691-4d1f-8ede-25b5a2e5e65c tempest-VolumesSnapshotsTestJSON-1062734909 tempest-VolumesSnapshotsTestJSON-1062734909-project] Calling method '.version_select at 0x7f3ea88c18b0>' {{(pid=107698) _process_stack /opt/stack/nova/nova/api/openstack/wsgi.py:513}}
Jun 28 22:02:24.810413 dv-cinder-798384-1-smb devstack@n-api.service[107698]: INFO nova.api.openstack.wsgi [None req-f478c701-f691-4d1f-8ede-25b5a2e5e65c tempest-VolumesSnapshotsTestJSON-1062734909 tempest-VolumesSnapshotsTestJSON-1062734909-project] HTTP exception thrown: Snapshot 4af57eaf-b8e8-45a6-9ac2-a83fe3a8281e could not be found.
Jun 28 22:02:24.810984 dv-cinder-798384-1-smb devstack@n-api.service[107698]: DEBUG nova.api.openstack.wsgi [None req-f478c701-f691-4d1f-8ede-25b5a2e5e65c tempest-VolumesSnapshotsTestJSON-1062734909 tempest-VolumesSnapshotsTestJSON-1062734909-project] Returning 404 to user: Snapshot 4af57eaf-b8e8-45a6-9ac2-a83fe3a8281e could not be found. {{(pid=107698) __call__ /opt/stack/nova/nova/api/openstack/wsgi.py:927}}
Jun 28 22:02:24.813042 dv-cinder-798384-1-smb devstack@n-api.service[107698]: INFO nova.api.openstack.requestlog [None req-f478c701-f691-4d1f-8ede-25b5a2e5e65c tempest-VolumesSnapshotsTestJSON-1062734909 tempest-VolumesSnapshotsTestJSON-1062734909-project] 10.222.0.36 "GET /compute/v2.1/os-snapshots/4af57eaf-b8e8-45a6-9ac2-a83fe3a8281e" status: 404 len: 111 microversion: 2.1 time: 0.079801
Jun 28 22:02:24.814631 dv-cinder-798384-1-smb devstack@n-api.service[107698]: [pid: 107698|app: 0|req: 18/22] 10.222.0.36 () {58 vars in 1251 bytes} [Mon Jun 28 22:02:24 2021] GET /compute/v2.1/os-snapshots/4af57eaf-b8e8-45a6-9ac2-a83fe3a8281e => generated 111 bytes in 83 msecs (HTTP/1.1 404) 9 headers in 379 bytes (1 switches on core 0)
Jun 28 22:02:24.825445 dv-cinder-798384-1-smb devstack@n-api.service[107697]: DEBUG nova.api.openstack.wsgi [None req-c9e38dbd-d859-4560-8f9b-cd08ab5b531d tempest-DeleteServersTestJSON-1487107697 tempest-DeleteServersTestJSON-1487107697-project] Calling method '>' {{(pid=107697) _process_stack /opt/stack/nova/nova/api/openstack/wsgi.py:513}}
Jun 28 22:02:24.826189 dv-cinder-798384-1-smb devstack@n-api.service[107697]: DEBUG nova.compute.api [None req-c9e38dbd-d859-4560-8f9b-cd08ab5b531d tempest-DeleteServersTestJSON-1487107697 tempest-DeleteServersTestJSON-1487107697-project] [instance: 69030245-7350-4a22-8fed-190a6b2333f2] Fetching instance by UUID {{(pid=107697) get /opt/stack/nova/nova/compute/api.py:2795}}
Jun 28 22:02:24.828152 dv-cinder-798384-1-smb devstack@n-api.service[107698]: DEBUG nova.api.openstack.wsgi [None req-e40cec23-6a61-4143-9583-a9426fa3a949 tempest-VolumesSnapshotsTestJSON-1062734909 tempest-VolumesSnapshotsTestJSON-1062734909-project] Calling method '.version_select at 0x7f3ea88c1820>' {{(pid=107698) _process_stack /opt/stack/nova/nova/api/openstack/wsgi.py:513}}
Jun 28 22:02:25.042271 dv-cinder-798384-1-smb devstack@n-api.service[107697]: DEBUG nova.policy [None req-c9e38dbd-d859-4560-8f9b-cd08ab5b531d tempest-DeleteServersTestJSON-1487107697 tempest-DeleteServersTestJSON-1487107697-project] Policy check for os_compute_api:os-extended-server-attributes failed with credentials {'is_admin': False, 'user_id': '959d2fab18ff440f89149790cebc1b5a', 'user_domain_id': 'default', 'system_scope': None, 'domain_id': None, 'project_id': '113543ae608b425e93ef9814cb6dd1da', 'project_domain_id': 'default', 'roles': ['member', 'reader'], 'is_admin_project': True, 'service_user_id': None, 'service_user_domain_id': None, 'service_project_id': None, 'service_project_domain_id': None, 'service_roles': []} {{(pid=107697) authorize /opt/stack/nova/nova/policy.py:199}}
Jun 28 22:02:25.049490 dv-cinder-798384-1-smb devstack@n-api.service[107697]: /opt/stack/nova/nova/db/sqlalchemy/api.py:2775: SAWarning: TypeDecorator SoftDeleteInteger() will not produce a cache key because the ``cache_ok`` flag is not set to True. Set this flag to True if this type object's state is safe to use in a cache key, or False to disable this warning.
Jun 28 22:02:25.049490 dv-cinder-798384-1-smb devstack@n-api.service[107697]: return _block_device_mapping_get_query(context).filter(
Jun 28 22:02:25.080620 dv-cinder-798384-1-smb devstack@n-api.service[107697]: INFO nova.api.openstack.requestlog [None req-c9e38dbd-d859-4560-8f9b-cd08ab5b531d tempest-DeleteServersTestJSON-1487107697 tempest-DeleteServersTestJSON-1487107697-project] 10.222.0.36 "GET /compute/v2.1/servers/69030245-7350-4a22-8fed-190a6b2333f2" status: 200 len: 1214 microversion: 2.1 time: 0.263479
Jun 28 22:02:25.092959 dv-cinder-798384-1-smb devstack@n-api.service[107697]: [pid: 107697|app: 0|req: 5/23] 10.222.0.36 () {58 vars in 1236 bytes} [Mon Jun 28 22:02:24 2021] GET /compute/v2.1/servers/69030245-7350-4a22-8fed-190a6b2333f2 => generated 1214 bytes in 271 msecs (HTTP/1.1 200) 9 headers in 358 bytes (2 switches on core 0)
Jun 28 22:02:25.336884 dv-cinder-798384-1-smb devstack@n-api.service[107698]: INFO nova.api.openstack.requestlog [None req-e40cec23-6a61-4143-9583-a9426fa3a949 tempest-VolumesSnapshotsTestJSON-1062734909 tempest-VolumesSnapshotsTestJSON-1062734909-project] 10.222.0.36 "DELETE /compute/v2.1/os-volumes/8e332ee0-efe2-4ec5-8749-3faf88af5798" status: 202 len: 0 microversion: 2.1 time: 0.516122
Jun 28 22:02:25.336884 dv-cinder-798384-1-smb devstack@n-api.service[107698]: [pid: 107698|app: 0|req: 19/24] 10.222.0.36 () {58 vars in 1248 bytes} [Mon Jun 28 22:02:24 2021] DELETE /compute/v2.1/os-volumes/8e332ee0-efe2-4ec5-8749-3faf88af5798 => generated 0 bytes in 517 msecs (HTTP/1.1 202) 9 headers in 361 bytes (2 switches on core 0)
Jun 28 22:02:25.344885 dv-cinder-798384-1-smb devstack@n-api.service[107697]: DEBUG nova.api.openstack.wsgi [None req-52129f2a-c037-4a7c-b907-b88988e1e5ac tempest-VolumesSnapshotsTestJSON-1062734909 tempest-VolumesSnapshotsTestJSON-1062734909-project] Calling method '.version_select at 0x7f3ea8804040>' {{(pid=107697) _process_stack /opt/stack/nova/nova/api/openstack/wsgi.py:513}}
Jun 28 22:02:25.471414 dv-cinder-798384-1-smb devstack@n-api.service[107697]: INFO nova.api.openstack.requestlog [None req-52129f2a-c037-4a7c-b907-b88988e1e5ac tempest-VolumesSnapshotsTestJSON-1062734909 tempest-VolumesSnapshotsTestJSON-1062734909-project] 10.222.0.36 "GET /compute/v2.1/os-volumes/8e332ee0-efe2-4ec5-8749-3faf88af5798" status: 200 len: 345 microversion: 2.1 time: 0.130868
Jun 28 22:02:25.472096 dv-cinder-798384-1-smb devstack@n-api.service[107697]: [pid: 107697|app: 0|req: 6/25] 10.222.0.36 () {58 vars in 1245 bytes} [Mon Jun 28 22:02:25 2021] GET /compute/v2.1/os-volumes/8e332ee0-efe2-4ec5-8749-3faf88af5798 => generated 345 bytes in 132 msecs (HTTP/1.1 200) 9 headers in 357 bytes (1 switches on core 0)
Jun 28 22:02:26.099457 dv-cinder-798384-1-smb devstack@n-api.service[107698]: DEBUG nova.api.openstack.wsgi [None req-0d24c09a-476a-47a3-9922-5f8857ed781f tempest-DeleteServersTestJSON-1487107697 tempest-DeleteServersTestJSON-1487107697-project] Calling method '>' {{(pid=107698) _process_stack /opt/stack/nova/nova/api/openstack/wsgi.py:513}}
