Jun 28 22:03:06.349235 dv-cinder-798384-1-smb devstack@c-api.service[100191]: INFO cinder.api.openstack.wsgi [None req-f5f59b49-16a9-4b93-b025-d9f85bfcdeb3 tempest-GroupSnapshotsTest-1578512352 tempest-GroupSnapshotsTest-1578512352-project] GET http://10.222.0.36/volume/v3/bd76d03396a845d4a9dc9648ac2b4cda/volumes/detail
Jun 28 22:03:06.349235 dv-cinder-798384-1-smb devstack@c-api.service[100191]: DEBUG cinder.api.openstack.wsgi [None req-f5f59b49-16a9-4b93-b025-d9f85bfcdeb3 tempest-GroupSnapshotsTest-1578512352 tempest-GroupSnapshotsTest-1578512352-project] Empty body provided in request {{(pid=100191) get_body /opt/stack/cinder/cinder/api/openstack/wsgi.py:713}}
Jun 28 22:03:06.349235 dv-cinder-798384-1-smb devstack@c-api.service[100191]: DEBUG cinder.api.openstack.wsgi [None req-f5f59b49-16a9-4b93-b025-d9f85bfcdeb3 tempest-GroupSnapshotsTest-1578512352 tempest-GroupSnapshotsTest-1578512352-project] Calling method 'detail' {{(pid=100191) _process_stack /opt/stack/cinder/cinder/api/openstack/wsgi.py:866}}
Jun 28 22:03:06.349235 dv-cinder-798384-1-smb devstack@c-api.service[100191]: DEBUG cinder.api.api_utils [None req-f5f59b49-16a9-4b93-b025-d9f85bfcdeb3 tempest-GroupSnapshotsTest-1578512352 tempest-GroupSnapshotsTest-1578512352-project] Removing options '' from query. {{(pid=100191) remove_invalid_filter_options /opt/stack/cinder/cinder/api/api_utils.py:73}}
Jun 28 22:03:06.350338 dv-cinder-798384-1-smb devstack@c-api.service[100191]: DEBUG cinder.volume.api [None req-f5f59b49-16a9-4b93-b025-d9f85bfcdeb3 tempest-GroupSnapshotsTest-1578512352 tempest-GroupSnapshotsTest-1578512352-project] Searching by: MultiDict([('no_migration_targets', True)]). {{(pid=100191) get_all /opt/stack/cinder/cinder/volume/api.py:617}}
Jun 28 22:03:06.452718 dv-cinder-798384-1-smb devstack@c-api.service[100191]: INFO cinder.volume.api [None req-f5f59b49-16a9-4b93-b025-d9f85bfcdeb3 tempest-GroupSnapshotsTest-1578512352 tempest-GroupSnapshotsTest-1578512352-project] Get all volumes completed successfully.
Jun 28 22:03:06.453343 dv-cinder-798384-1-smb devstack@c-api.service[100191]: WARNING stevedore.named [None req-f5f59b49-16a9-4b93-b025-d9f85bfcdeb3 tempest-GroupSnapshotsTest-1578512352 tempest-GroupSnapshotsTest-1578512352-project] Could not load cinder.keymgr.conf_key_mgr.ConfKeyManager
Jun 28 22:03:06.453897 dv-cinder-798384-1-smb devstack@c-api.service[100191]: WARNING castellan.key_manager [None req-f5f59b49-16a9-4b93-b025-d9f85bfcdeb3 tempest-GroupSnapshotsTest-1578512352 tempest-GroupSnapshotsTest-1578512352-project] Deprecation Warning : cinder.keymgr.conf_key_mgr.ConfKeyManager is not a stevedore based driver, trying to load it as a class: stevedore.exception.NoMatches: No 'castellan.drivers' driver found, looking for 'cinder.keymgr.conf_key_mgr.ConfKeyManager'
Jun 28 22:03:06.467482 dv-cinder-798384-1-smb devstack@c-api.service[100191]: DEBUG oslo_db.sqlalchemy.engines [None req-f5f59b49-16a9-4b93-b025-d9f85bfcdeb3 tempest-GroupSnapshotsTest-1578512352 tempest-GroupSnapshotsTest-1578512352-project] MySQL server mode set to STRICT_TRANS_TABLES,STRICT_ALL_TABLES,NO_ZERO_IN_DATE,NO_ZERO_DATE,ERROR_FOR_DIVISION_BY_ZERO,TRADITIONAL,NO_ENGINE_SUBSTITUTION {{(pid=100191) _check_effective_sql_mode /usr/local/lib/python3.8/dist-packages/oslo_db/sqlalchemy/engines.py:314}}
Jun 28 22:03:06.473504 dv-cinder-798384-1-smb devstack@c-api.service[100191]: /usr/local/lib/python3.8/dist-packages/oslo_context/context.py:105: DeprecationWarning: Policy enforcement is depending on the value of is_admin. This key is deprecated. Please update your policy file to use the standard policy values.
Jun 28 22:03:06.473504 dv-cinder-798384-1-smb devstack@c-api.service[100191]: warnings.warn('Policy enforcement is depending on the value of '
Jun 28 22:03:06.490578 dv-cinder-798384-1-smb devstack@c-api.service[100191]: INFO cinder.api.openstack.wsgi [None req-f5f59b49-16a9-4b93-b025-d9f85bfcdeb3 tempest-GroupSnapshotsTest-1578512352 tempest-GroupSnapshotsTest-1578512352-project] http://10.222.0.36/volume/v3/bd76d03396a845d4a9dc9648ac2b4cda/volumes/detail returned with HTTP 200
Jun 28 22:03:06.492568 dv-cinder-798384-1-smb devstack@c-api.service[100191]: [pid: 100191|app: 0|req: 123/249] 10.222.0.36 () {60 vars in 1276 bytes} [Mon Jun 28 22:03:06 2021] GET /volume/v3/bd76d03396a845d4a9dc9648ac2b4cda/volumes/detail => generated 1004 bytes in 149 msecs (HTTP/1.1 200) 7 headers in 287 bytes (1 switches on core 0)
Jun 28 22:03:06.507872 dv-cinder-798384-1-smb devstack@c-api.service[100190]: INFO cinder.api.openstack.wsgi [None req-f6f12f96-abdc-4844-8c26-3d4997bce1e1 tempest-GroupSnapshotsTest-1578512352 tempest-GroupSnapshotsTest-1578512352-project] POST http://10.222.0.36/volume/v3/bd76d03396a845d4a9dc9648ac2b4cda/groups/e816e830-f0e9-4bd4-b6ff-75c74d959e33/action
Jun 28 22:03:06.509761 dv-cinder-798384-1-smb devstack@c-api.service[100190]: DEBUG cinder.api.openstack.wsgi [None req-f6f12f96-abdc-4844-8c26-3d4997bce1e1 tempest-GroupSnapshotsTest-1578512352 tempest-GroupSnapshotsTest-1578512352-project] Action body: b'{"delete": {"delete-volumes": true}}' {{(pid=100190) get_method /opt/stack/cinder/cinder/api/openstack/wsgi.py:981}}
Jun 28 22:03:06.511363 dv-cinder-798384-1-smb devstack@c-api.service[100190]: DEBUG cinder.api.openstack.wsgi [None req-f6f12f96-abdc-4844-8c26-3d4997bce1e1 tempest-GroupSnapshotsTest-1578512352 tempest-GroupSnapshotsTest-1578512352-project] Action: 'action', calling method: delete_group, body: {"delete": {"delete-volumes": true}} {{(pid=100190) _process_stack /opt/stack/cinder/cinder/api/openstack/wsgi.py:864}}
Jun 28 22:03:06.511363 dv-cinder-798384-1-smb devstack@c-api.service[100190]: DEBUG cinder.api.v3.groups [None req-f6f12f96-abdc-4844-8c26-3d4997bce1e1 tempest-GroupSnapshotsTest-1578512352 tempest-GroupSnapshotsTest-1578512352-project] delete called for group e816e830-f0e9-4bd4-b6ff-75c74d959e33 {{(pid=100190) _delete /opt/stack/cinder/cinder/api/v3/groups.py:117}}
Jun 28 22:03:06.511363 dv-cinder-798384-1-smb devstack@c-api.service[100190]: INFO cinder.api.v3.groups [None req-f6f12f96-abdc-4844-8c26-3d4997bce1e1 tempest-GroupSnapshotsTest-1578512352 tempest-GroupSnapshotsTest-1578512352-project] Delete group with id: e816e830-f0e9-4bd4-b6ff-75c74d959e33
Jun 28 22:03:06.517937 dv-cinder-798384-1-smb devstack@c-api.service[100190]: /usr/local/lib/python3.8/dist-packages/oslo_context/context.py:105: DeprecationWarning: Policy enforcement is depending on the value of is_admin. This key is deprecated. Please update your policy file to use the standard policy values.
Jun 28 22:03:06.517937 dv-cinder-798384-1-smb devstack@c-api.service[100190]: warnings.warn('Policy enforcement is depending on the value of '
Jun 28 22:03:06.676858 dv-cinder-798384-1-smb devstack@c-api.service[100191]: INFO cinder.api.openstack.wsgi [None req-0d0bd202-9786-4786-a545-b3962f52011a tempest-VolumeTypesTest-215720505 tempest-VolumeTypesTest-215720505-project] GET http://10.222.0.36/volume/v3/a393d5a3df424a1da7302af3d796fccc/volumes/9e1112fd-51af-49aa-acbf-cd2e33f74f96
Jun 28 22:03:06.678233 dv-cinder-798384-1-smb devstack@c-api.service[100191]: DEBUG cinder.api.openstack.wsgi [None req-0d0bd202-9786-4786-a545-b3962f52011a tempest-VolumeTypesTest-215720505 tempest-VolumeTypesTest-215720505-project] Empty body provided in request {{(pid=100191) get_body /opt/stack/cinder/cinder/api/openstack/wsgi.py:713}}
Jun 28 22:03:06.678233 dv-cinder-798384-1-smb devstack@c-api.service[100191]: /usr/local/lib/python3.8/dist-packages/webob/acceptparse.py:1047: DeprecationWarning: The behavior of AcceptValidHeader.best_match is currently being maintained for backward compatibility, but it will be deprecated in the future, as it does not conform to the RFC.
Jun 28 22:03:06.678233 dv-cinder-798384-1-smb devstack@c-api.service[100191]: warnings.warn(
Jun 28 22:03:06.678233 dv-cinder-798384-1-smb devstack@c-api.service[100191]: DEBUG cinder.api.openstack.wsgi [None req-0d0bd202-9786-4786-a545-b3962f52011a tempest-VolumeTypesTest-215720505 tempest-VolumeTypesTest-215720505-project] Calling method 'show' {{(pid=100191) _process_stack /opt/stack/cinder/cinder/api/openstack/wsgi.py:866}}
Jun 28 22:03:06.702967 dv-cinder-798384-1-smb devstack@c-api.service[100191]: /usr/local/lib/python3.8/dist-packages/oslo_context/context.py:105: DeprecationWarning: Policy enforcement is depending on the value of is_admin. This key is deprecated. Please update your policy file to use the standard policy values.
Jun 28 22:03:06.702967 dv-cinder-798384-1-smb devstack@c-api.service[100191]: warnings.warn('Policy enforcement is depending on the value of '
Jun 28 22:03:06.740688 dv-cinder-798384-1-smb devstack@c-api.service[100191]: INFO cinder.volume.api [None req-0d0bd202-9786-4786-a545-b3962f52011a tempest-VolumeTypesTest-215720505 tempest-VolumeTypesTest-215720505-project] Volume info retrieved successfully.
Jun 28 22:03:06.777912 dv-cinder-798384-1-smb devstack@c-api.service[100191]: INFO cinder.api.openstack.wsgi [None req-0d0bd202-9786-4786-a545-b3962f52011a tempest-VolumeTypesTest-215720505 tempest-VolumeTypesTest-215720505-project] http://10.222.0.36/volume/v3/a393d5a3df424a1da7302af3d796fccc/volumes/9e1112fd-51af-49aa-acbf-cd2e33f74f96 returned with HTTP 200
Jun 28 22:03:06.782747 dv-cinder-798384-1-smb devstack@c-api.service[100191]: [pid: 100191|app: 0|req: 124/250] 10.222.0.36 () {58 vars in 1325 bytes} [Mon Jun 28 22:03:06 2021] GET /volume/v3/a393d5a3df424a1da7302af3d796fccc/volumes/9e1112fd-51af-49aa-acbf-cd2e33f74f96 => generated 942 bytes in 118 msecs (HTTP/1.1 200) 7 headers in 285 bytes (1 switches on core 0)
Jun 28 22:03:06.800957 dv-cinder-798384-1-smb devstack@c-api.service[100190]: INFO cinder.api.openstack.wsgi [None req-f6f12f96-abdc-4844-8c26-3d4997bce1e1 tempest-GroupSnapshotsTest-1578512352 tempest-GroupSnapshotsTest-1578512352-project] http://10.222.0.36/volume/v3/bd76d03396a845d4a9dc9648ac2b4cda/groups/e816e830-f0e9-4bd4-b6ff-75c74d959e33/action returned with HTTP 202
Jun 28 22:03:06.802508 dv-cinder-798384-1-smb devstack@c-api.service[100190]: [pid: 100190|app: 0|req: 127/251] 10.222.0.36 () {62 vars in 1405 bytes} [Mon Jun 28 22:03:06 2021] POST /volume/v3/bd76d03396a845d4a9dc9648ac2b4cda/groups/e816e830-f0e9-4bd4-b6ff-75c74d959e33/action => generated 0 bytes in 299 msecs (HTTP/1.1 202) 6 headers in 234 bytes (2 switches on core 0)
Jun 28 22:03:06.802923 dv-cinder-798384-1-smb devstack@c-api.service[100191]: INFO cinder.api.openstack.wsgi [None req-34e90f6b-f656-463b-baa4-a3665c8d0dc4 tempest-VolumeTypesTest-215720505 tempest-VolumeTypesTest-215720505-project] POST http://10.222.0.36/volume/v3/a393d5a3df424a1da7302af3d796fccc/volumes/9e1112fd-51af-49aa-acbf-cd2e33f74f96/action
Jun 28 22:03:06.803386 dv-cinder-798384-1-smb devstack@c-api.service[100191]: /usr/local/lib/python3.8/dist-packages/webob/acceptparse.py:1047: DeprecationWarning: The behavior of AcceptValidHeader.best_match is currently being maintained for backward compatibility, but it will be deprecated in the future, as it does not conform to the RFC.
Jun 28 22:03:06.803386 dv-cinder-798384-1-smb devstack@c-api.service[100191]: warnings.warn(
Jun 28 22:03:06.803893 dv-cinder-798384-1-smb devstack@c-api.service[100191]: DEBUG cinder.api.openstack.wsgi [None req-34e90f6b-f656-463b-baa4-a3665c8d0dc4 tempest-VolumeTypesTest-215720505 tempest-VolumeTypesTest-215720505-project] Action body: b'{"os-retype": {"new_type": "dbf56ffd-8723-45f8-aa84-42c908fc699a"}}' {{(pid=100191) get_method /opt/stack/cinder/cinder/api/openstack/wsgi.py:981}}
Jun 28 22:03:06.804313 dv-cinder-798384-1-smb devstack@c-api.service[100191]: DEBUG cinder.api.openstack.wsgi [None req-34e90f6b-f656-463b-baa4-a3665c8d0dc4 tempest-VolumeTypesTest-215720505 tempest-VolumeTypesTest-215720505-project] Action: 'action', calling method: _retype, body: {"os-retype": {"new_type": "dbf56ffd-8723-45f8-aa84-42c908fc699a"}} {{(pid=100191) _process_stack /opt/stack/cinder/cinder/api/openstack/wsgi.py:864}}
Jun 28 22:03:06.811307 dv-cinder-798384-1-smb devstack@c-api.service[100190]: INFO cinder.api.openstack.wsgi [None req-d195102c-ef97-4a79-be87-6ca73f91ec32 tempest-GroupSnapshotsTest-1578512352 tempest-GroupSnapshotsTest-1578512352-project] GET http://10.222.0.36/volume/v3/bd76d03396a845d4a9dc9648ac2b4cda/volumes/8b892fa7-84f7-45c8-81d3-e71006569a05
Jun 28 22:03:06.811813 dv-cinder-798384-1-smb devstack@c-api.service[100190]: DEBUG cinder.api.openstack.wsgi [None req-d195102c-ef97-4a79-be87-6ca73f91ec32 tempest-GroupSnapshotsTest-1578512352 tempest-GroupSnapshotsTest-1578512352-project] Empty body provided in request {{(pid=100190) get_body /opt/stack/cinder/cinder/api/openstack/wsgi.py:713}}
Jun 28 22:03:06.812000 dv-cinder-798384-1-smb devstack@c-api.service[100190]: /usr/local/lib/python3.8/dist-packages/webob/acceptparse.py:1047: DeprecationWarning: The behavior of AcceptValidHeader.best_match is currently being maintained for backward compatibility, but it will be deprecated in the future, as it does not conform to the RFC.
Jun 28 22:03:06.812000 dv-cinder-798384-1-smb devstack@c-api.service[100190]: warnings.warn(
Jun 28 22:03:06.812706 dv-cinder-798384-1-smb devstack@c-api.service[100190]: DEBUG cinder.api.openstack.wsgi [None req-d195102c-ef97-4a79-be87-6ca73f91ec32 tempest-GroupSnapshotsTest-1578512352 tempest-GroupSnapshotsTest-1578512352-project] Calling method 'show' {{(pid=100190) _process_stack /opt/stack/cinder/cinder/api/openstack/wsgi.py:866}}
Jun 28 22:03:06.825970 dv-cinder-798384-1-smb devstack@c-api.service[100191]: /usr/local/lib/python3.8/dist-packages/oslo_context/context.py:105: DeprecationWarning: Policy enforcement is depending on the value of is_admin. This key is deprecated. Please update your policy file to use the standard policy values.
Jun 28 22:03:06.825970 dv-cinder-798384-1-smb devstack@c-api.service[100191]: warnings.warn('Policy enforcement is depending on the value of '
Jun 28 22:03:06.827168 dv-cinder-798384-1-smb devstack@c-api.service[100191]: INFO cinder.volume.api [None req-34e90f6b-f656-463b-baa4-a3665c8d0dc4 tempest-VolumeTypesTest-215720505 tempest-VolumeTypesTest-215720505-project] Volume info retrieved successfully.
Jun 28 22:03:06.846487 dv-cinder-798384-1-smb devstack@c-api.service[100190]: /usr/local/lib/python3.8/dist-packages/oslo_context/context.py:105: DeprecationWarning: Policy enforcement is depending on the value of is_admin. This key is deprecated. Please update your policy file to use the standard policy values.
Jun 28 22:03:06.846487 dv-cinder-798384-1-smb devstack@c-api.service[100190]: warnings.warn('Policy enforcement is depending on the value of '
Jun 28 22:03:06.866439 dv-cinder-798384-1-smb devstack@c-api.service[100190]: INFO cinder.volume.api [None req-d195102c-ef97-4a79-be87-6ca73f91ec32 tempest-GroupSnapshotsTest-1578512352 tempest-GroupSnapshotsTest-1578512352-project] Volume info retrieved successfully.
Jun 28 22:03:06.882137 dv-cinder-798384-1-smb devstack@c-api.service[100191]: WARNING cinder.quota [None req-34e90f6b-f656-463b-baa4-a3665c8d0dc4 tempest-VolumeTypesTest-215720505 tempest-VolumeTypesTest-215720505-project] Deprecated: Default quota for resource: volumes_tempest-VolumeTypesTest-volume-type-1407190004 is set by the default quota flag: quota_volumes_tempest-VolumeTypesTest-volume-type-1407190004, it is now deprecated. Please use the default quota class for default quota.
Jun 28 22:03:06.884454 dv-cinder-798384-1-smb devstack@c-api.service[100190]: WARNING stevedore.named [None req-d195102c-ef97-4a79-be87-6ca73f91ec32 tempest-GroupSnapshotsTest-1578512352 tempest-GroupSnapshotsTest-1578512352-project] Could not load cinder.keymgr.conf_key_mgr.ConfKeyManager
Jun 28 22:03:06.884972 dv-cinder-798384-1-smb devstack@c-api.service[100190]: WARNING castellan.key_manager [None req-d195102c-ef97-4a79-be87-6ca73f91ec32 tempest-GroupSnapshotsTest-1578512352 tempest-GroupSnapshotsTest-1578512352-project] Deprecation Warning : cinder.keymgr.conf_key_mgr.ConfKeyManager is not a stevedore based driver, trying to load it as a class: stevedore.exception.NoMatches: No 'castellan.drivers' driver found, looking for 'cinder.keymgr.conf_key_mgr.ConfKeyManager'
Jun 28 22:03:06.885939 dv-cinder-798384-1-smb devstack@c-api.service[100191]: WARNING cinder.quota [None req-34e90f6b-f656-463b-baa4-a3665c8d0dc4 tempest-VolumeTypesTest-215720505 tempest-VolumeTypesTest-215720505-project] Deprecated: Default quota for resource: gigabytes_tempest-VolumeTypesTest-volume-type-1407190004 is set by the default quota flag: quota_gigabytes_tempest-VolumeTypesTest-volume-type-1407190004, it is now deprecated. Please use the default quota class for default quota.
Jun 28 22:03:06.893998 dv-cinder-798384-1-smb devstack@c-api.service[100190]: DEBUG oslo_db.sqlalchemy.engines [None req-d195102c-ef97-4a79-be87-6ca73f91ec32 tempest-GroupSnapshotsTest-1578512352 tempest-GroupSnapshotsTest-1578512352-project] MySQL server mode set to STRICT_TRANS_TABLES,STRICT_ALL_TABLES,NO_ZERO_IN_DATE,NO_ZERO_DATE,ERROR_FOR_DIVISION_BY_ZERO,TRADITIONAL,NO_ENGINE_SUBSTITUTION {{(pid=100190) _check_effective_sql_mode /usr/local/lib/python3.8/dist-packages/oslo_db/sqlalchemy/engines.py:314}}
Jun 28 22:03:06.907405 dv-cinder-798384-1-smb devstack@c-api.service[100190]: /usr/local/lib/python3.8/dist-packages/oslo_context/context.py:105: DeprecationWarning: Policy enforcement is depending on the value of is_admin. This key is deprecated. Please update your policy file to use the standard policy values.
Jun 28 22:03:06.907405 dv-cinder-798384-1-smb devstack@c-api.service[100190]: warnings.warn('Policy enforcement is depending on the value of '
Jun 28 22:03:06.926748 dv-cinder-798384-1-smb devstack@c-api.service[100190]: INFO cinder.api.openstack.wsgi [None req-d195102c-ef97-4a79-be87-6ca73f91ec32 tempest-GroupSnapshotsTest-1578512352 tempest-GroupSnapshotsTest-1578512352-project] http://10.222.0.36/volume/v3/bd76d03396a845d4a9dc9648ac2b4cda/volumes/8b892fa7-84f7-45c8-81d3-e71006569a05 returned with HTTP 200
Jun 28 22:03:06.927759 dv-cinder-798384-1-smb devstack@c-api.service[100190]: [pid: 100190|app: 0|req: 128/252] 10.222.0.36 () {60 vars in 1366 bytes} [Mon Jun 28 22:03:06 2021] GET /volume/v3/bd76d03396a845d4a9dc9648ac2b4cda/volumes/8b892fa7-84f7-45c8-81d3-e71006569a05 => generated 1000 bytes in 121 msecs (HTTP/1.1 200) 7 headers in 287 bytes (1 switches on core 0)
Jun 28 22:03:07.170485 dv-cinder-798384-1-smb devstack@c-api.service[100191]: DEBUG cinder.quota [None req-34e90f6b-f656-463b-baa4-a3665c8d0dc4 tempest-VolumeTypesTest-215720505 tempest-VolumeTypesTest-215720505-project] Created reservations ['5c5229a7-438d-4a5d-84a7-b6f9a283a10d', '921dce68-a590-4986-9a60-84f766960a0a'] {{(pid=100191) reserve /opt/stack/cinder/cinder/quota.py:755}}
Jun 28 22:03:07.218888 dv-cinder-798384-1-smb devstack@c-api.service[100191]: WARNING cinder.quota [None req-34e90f6b-f656-463b-baa4-a3665c8d0dc4 tempest-VolumeTypesTest-215720505 tempest-VolumeTypesTest-215720505-project] Deprecated: Default quota for resource: volumes_tempest-VolumeTypesTest-volume-type-1547391498 is set by the default quota flag: quota_volumes_tempest-VolumeTypesTest-volume-type-1547391498, it is now deprecated. Please use the default quota class for default quota.
Jun 28 22:03:07.219738 dv-cinder-798384-1-smb devstack@c-api.service[100191]: WARNING cinder.quota [None req-34e90f6b-f656-463b-baa4-a3665c8d0dc4 tempest-VolumeTypesTest-215720505 tempest-VolumeTypesTest-215720505-project] Deprecated: Default quota for resource: gigabytes_tempest-VolumeTypesTest-volume-type-1547391498 is set by the default quota flag: quota_gigabytes_tempest-VolumeTypesTest-volume-type-1547391498, it is now deprecated. Please use the default quota class for default quota.
Jun 28 22:03:07.280218 dv-cinder-798384-1-smb devstack@c-api.service[100190]: INFO cinder.api.openstack.wsgi [req-3c8c4512-107b-43be-9373-b0c51b340e06 req-03d146e4-3203-4e3d-b7c0-b3b3fb5c3d33 tempest-DeleteServersTestJSON-1487107697 tempest-DeleteServersTestJSON-1487107697-project] DELETE http://10.222.0.36/volume/v3/113543ae608b425e93ef9814cb6dd1da/attachments/e336095e-a3ef-4352-8414-0762a52cdb9b
Jun 28 22:03:07.280218 dv-cinder-798384-1-smb devstack@c-api.service[100190]: DEBUG cinder.api.openstack.wsgi [req-3c8c4512-107b-43be-9373-b0c51b340e06 req-03d146e4-3203-4e3d-b7c0-b3b3fb5c3d33 tempest-DeleteServersTestJSON-1487107697 tempest-DeleteServersTestJSON-1487107697-project] Empty body provided in request {{(pid=100190) get_body /opt/stack/cinder/cinder/api/openstack/wsgi.py:713}}
Jun 28 22:03:07.280218 dv-cinder-798384-1-smb devstack@c-api.service[100190]: /usr/local/lib/python3.8/dist-packages/webob/acceptparse.py:1047: DeprecationWarning: The behavior of AcceptValidHeader.best_match is currently being maintained for backward compatibility, but it will be deprecated in the future, as it does not conform to the RFC.
Jun 28 22:03:07.280218 dv-cinder-798384-1-smb devstack@c-api.service[100190]: warnings.warn(
Jun 28 22:03:07.280218 dv-cinder-798384-1-smb devstack@c-api.service[100190]: DEBUG cinder.api.openstack.wsgi [req-3c8c4512-107b-43be-9373-b0c51b340e06 req-03d146e4-3203-4e3d-b7c0-b3b3fb5c3d33 tempest-DeleteServersTestJSON-1487107697 tempest-DeleteServersTestJSON-1487107697-project] Calling method 'version_select' {{(pid=100190) _process_stack /opt/stack/cinder/cinder/api/openstack/wsgi.py:866}}
Jun 28 22:03:07.302714 dv-cinder-798384-1-smb devstack@c-api.service[100190]: /usr/local/lib/python3.8/dist-packages/oslo_context/context.py:105: DeprecationWarning: Policy enforcement is depending on the value of is_admin. This key is deprecated. Please update your policy file to use the standard policy values.
Jun 28 22:03:07.302714 dv-cinder-798384-1-smb devstack@c-api.service[100190]: warnings.warn('Policy enforcement is depending on the value of '
Jun 28 22:03:07.359152 dv-cinder-798384-1-smb devstack@c-api.service[100191]: DEBUG cinder.quota [None req-34e90f6b-f656-463b-baa4-a3665c8d0dc4 tempest-VolumeTypesTest-215720505 tempest-VolumeTypesTest-215720505-project] Created reservations ['56abcc1a-1e33-41ef-8c3b-1feb923e38c9', 'f6d7979a-2f7a-4d51-9099-47544c9031c0'] {{(pid=100191) reserve /opt/stack/cinder/cinder/quota.py:755}}
Jun 28 22:03:07.360105 dv-cinder-798384-1-smb devstack@c-api.service[100191]: /opt/stack/cinder/cinder/db/sqlalchemy/api.py:2715: SADeprecationWarning: The SelectBase.as_scalar() method is deprecated and will be removed in a future release. Please refer to SelectBase.scalar_subquery(). (deprecated since: 1.4)
Jun 28 22:03:07.360105 dv-cinder-798384-1-smb devstack@c-api.service[100191]: models.VolumeType.qos_specs_id == q.as_scalar())),
Jun 28 22:03:07.494524 dv-cinder-798384-1-smb devstack@c-api.service[100191]: INFO cinder.volume.api [None req-34e90f6b-f656-463b-baa4-a3665c8d0dc4 tempest-VolumeTypesTest-215720505 tempest-VolumeTypesTest-215720505-project] Retype volume request issued successfully.
Jun 28 22:03:07.496851 dv-cinder-798384-1-smb devstack@c-api.service[100191]: INFO cinder.api.openstack.wsgi [None req-34e90f6b-f656-463b-baa4-a3665c8d0dc4 tempest-VolumeTypesTest-215720505 tempest-VolumeTypesTest-215720505-project] http://10.222.0.36/volume/v3/a393d5a3df424a1da7302af3d796fccc/volumes/9e1112fd-51af-49aa-acbf-cd2e33f74f96/action returned with HTTP 202
Jun 28 22:03:07.498215 dv-cinder-798384-1-smb devstack@c-api.service[100191]: [pid: 100191|app: 0|req: 125/253] 10.222.0.36 () {60 vars in 1367 bytes} [Mon Jun 28 22:03:06 2021] POST /volume/v3/a393d5a3df424a1da7302af3d796fccc/volumes/9e1112fd-51af-49aa-acbf-cd2e33f74f96/action => generated 0 bytes in 702 msecs (HTTP/1.1 202) 7 headers in 289 bytes (1 switches on core 0)
Jun 28 22:03:07.506919 dv-cinder-798384-1-smb devstack@c-api.service[100191]: INFO cinder.api.openstack.wsgi [None req-cfa89723-9b9f-4497-83b7-79e3765b421d tempest-VolumesImageMetadata-197087682 tempest-VolumesImageMetadata-197087682-project] GET http://10.222.0.36/volume/v3/396efdd64c8243edbaf6d394e9b28d1c/volumes/05bb7f66-0ef6-4ef4-aa54-66d5acec5c26
Jun 28 22:03:07.507047 dv-cinder-798384-1-smb devstack@c-api.service[100191]: DEBUG cinder.api.openstack.wsgi [None req-cfa89723-9b9f-4497-83b7-79e3765b421d tempest-VolumesImageMetadata-197087682 tempest-VolumesImageMetadata-197087682-project] Empty body provided in request {{(pid=100191) get_body /opt/stack/cinder/cinder/api/openstack/wsgi.py:713}}
Jun 28 22:03:07.507132 dv-cinder-798384-1-smb devstack@c-api.service[100191]: /usr/local/lib/python3.8/dist-packages/webob/acceptparse.py:1047: DeprecationWarning: The behavior of AcceptValidHeader.best_match is currently being maintained for backward compatibility, but it will be deprecated in the future, as it does not conform to the RFC.
Jun 28 22:03:07.507132 dv-cinder-798384-1-smb devstack@c-api.service[100191]: warnings.warn(
Jun 28 22:03:07.507607 dv-cinder-798384-1-smb devstack@c-api.service[100191]: DEBUG cinder.api.openstack.wsgi [None req-cfa89723-9b9f-4497-83b7-79e3765b421d tempest-VolumesImageMetadata-197087682 tempest-VolumesImageMetadata-197087682-project] Calling method 'show' {{(pid=100191) _process_stack /opt/stack/cinder/cinder/api/openstack/wsgi.py:866}}
Jun 28 22:03:07.523760 dv-cinder-798384-1-smb devstack@c-api.service[100190]: DEBUG cinder.volume.api [req-3c8c4512-107b-43be-9373-b0c51b340e06 req-03d146e4-3203-4e3d-b7c0-b3b3fb5c3d33 tempest-DeleteServersTestJSON-1487107697 tempest-DeleteServersTestJSON-1487107697-project] Remaining volume attachments: VolumeAttachmentList(objects=[]) {{(pid=100190) attachment_delete /opt/stack/cinder/cinder/volume/api.py:2269}}
Jun 28 22:03:07.527246 dv-cinder-798384-1-smb devstack@c-api.service[100190]: DEBUG cinder.volume.api [req-3c8c4512-107b-43be-9373-b0c51b340e06 req-03d146e4-3203-4e3d-b7c0-b3b3fb5c3d33 tempest-DeleteServersTestJSON-1487107697 tempest-DeleteServersTestJSON-1487107697-project] Pending status list for volume during attachment-delete: [] {{(pid=100190) attachment_delete /opt/stack/cinder/cinder/volume/api.py:2281}}
Jun 28 22:03:07.527371 dv-cinder-798384-1-smb devstack@c-api.service[100191]: /usr/local/lib/python3.8/dist-packages/oslo_context/context.py:105: DeprecationWarning: Policy enforcement is depending on the value of is_admin. This key is deprecated. Please update your policy file to use the standard policy values.
Jun 28 22:03:07.527371 dv-cinder-798384-1-smb devstack@c-api.service[100191]: warnings.warn('Policy enforcement is depending on the value of '
Jun 28 22:03:07.534860 dv-cinder-798384-1-smb devstack@c-api.service[100191]: INFO cinder.volume.api [None req-cfa89723-9b9f-4497-83b7-79e3765b421d tempest-VolumesImageMetadata-197087682 tempest-VolumesImageMetadata-197087682-project] Volume info retrieved successfully.
Jun 28 22:03:07.551178 dv-cinder-798384-1-smb devstack@c-api.service[100191]: INFO cinder.api.openstack.wsgi [None req-cfa89723-9b9f-4497-83b7-79e3765b421d tempest-VolumesImageMetadata-197087682 tempest-VolumesImageMetadata-197087682-project] http://10.222.0.36/volume/v3/396efdd64c8243edbaf6d394e9b28d1c/volumes/05bb7f66-0ef6-4ef4-aa54-66d5acec5c26 returned with HTTP 200
Jun 28 22:03:07.552212 dv-cinder-798384-1-smb devstack@c-api.service[100191]: [pid: 100191|app: 0|req: 126/254] 10.222.0.36 () {58 vars in 1325 bytes} [Mon Jun 28 22:03:07 2021] GET /volume/v3/396efdd64c8243edbaf6d394e9b28d1c/volumes/05bb7f66-0ef6-4ef4-aa54-66d5acec5c26 => generated 912 bytes in 53 msecs (HTTP/1.1 200) 7 headers in 285 bytes (1 switches on core 0)
Jun 28 22:03:07.563474 dv-cinder-798384-1-smb devstack@c-api.service[100191]: INFO cinder.api.openstack.wsgi [None req-6a8f7446-4066-4129-b835-dfdb41ee7f43 tempest-VolumeTypesTest-215720505 tempest-VolumeTypesTest-215720505-project] GET http://10.222.0.36/volume/v3/a393d5a3df424a1da7302af3d796fccc/volumes/9e1112fd-51af-49aa-acbf-cd2e33f74f96
Jun 28 22:03:07.563933 dv-cinder-798384-1-smb devstack@c-api.service[100191]: DEBUG cinder.api.openstack.wsgi [None req-6a8f7446-4066-4129-b835-dfdb41ee7f43 tempest-VolumeTypesTest-215720505 tempest-VolumeTypesTest-215720505-project] Empty body provided in request {{(pid=100191) get_body /opt/stack/cinder/cinder/api/openstack/wsgi.py:713}}
Jun 28 22:03:07.564323 dv-cinder-798384-1-smb devstack@c-api.service[100191]: /usr/local/lib/python3.8/dist-packages/webob/acceptparse.py:1047: DeprecationWarning: The behavior of AcceptValidHeader.best_match is currently being maintained for backward compatibility, but it will be deprecated in the future, as it does not conform to the RFC.
Jun 28 22:03:07.564323 dv-cinder-798384-1-smb devstack@c-api.service[100191]: warnings.warn(
Jun 28 22:03:07.564662 dv-cinder-798384-1-smb devstack@c-api.service[100191]: DEBUG cinder.api.openstack.wsgi [None req-6a8f7446-4066-4129-b835-dfdb41ee7f43 tempest-VolumeTypesTest-215720505 tempest-VolumeTypesTest-215720505-project] Calling method 'show' {{(pid=100191) _process_stack /opt/stack/cinder/cinder/api/openstack/wsgi.py:866}}
Jun 28 22:03:07.585288 dv-cinder-798384-1-smb devstack@c-api.service[100191]: /usr/local/lib/python3.8/dist-packages/oslo_context/context.py:105: DeprecationWarning: Policy enforcement is depending on the value of is_admin. This key is deprecated. Please update your policy file to use the standard policy values.
Jun 28 22:03:07.585288 dv-cinder-798384-1-smb devstack@c-api.service[100191]: warnings.warn('Policy enforcement is depending on the value of '
Jun 28 22:03:07.596743 dv-cinder-798384-1-smb devstack@c-api.service[100191]: INFO cinder.volume.api [None req-6a8f7446-4066-4129-b835-dfdb41ee7f43 tempest-VolumeTypesTest-215720505 tempest-VolumeTypesTest-215720505-project] Volume info retrieved successfully.
Jun 28 22:03:07.613394 dv-cinder-798384-1-smb devstack@c-api.service[100191]: INFO cinder.api.openstack.wsgi [None req-6a8f7446-4066-4129-b835-dfdb41ee7f43 tempest-VolumeTypesTest-215720505 tempest-VolumeTypesTest-215720505-project] http://10.222.0.36/volume/v3/a393d5a3df424a1da7302af3d796fccc/volumes/9e1112fd-51af-49aa-acbf-cd2e33f74f96 returned with HTTP 200
Jun 28 22:03:07.614151 dv-cinder-798384-1-smb devstack@c-api.service[100191]: [pid: 100191|app: 0|req: 127/255] 10.222.0.36 () {58 vars in 1325 bytes} [Mon Jun 28 22:03:07 2021] GET /volume/v3/a393d5a3df424a1da7302af3d796fccc/volumes/9e1112fd-51af-49aa-acbf-cd2e33f74f96 => generated 941 bytes in 61 msecs (HTTP/1.1 200) 7 headers in 285 bytes (1 switches on core 0)
Jun 28 22:03:07.639031 dv-cinder-798384-1-smb devstack@c-api.service[100190]: INFO cinder.api.openstack.wsgi [req-3c8c4512-107b-43be-9373-b0c51b340e06 req-03d146e4-3203-4e3d-b7c0-b3b3fb5c3d33 tempest-DeleteServersTestJSON-1487107697 tempest-DeleteServersTestJSON-1487107697-project] http://10.222.0.36/volume/v3/113543ae608b425e93ef9814cb6dd1da/attachments/e336095e-a3ef-4352-8414-0762a52cdb9b returned with HTTP 200
Jun 28 22:03:07.640210 dv-cinder-798384-1-smb devstack@c-api.service[100190]: [pid: 100190|app: 0|req: 129/256] 10.222.0.35 () {62 vars in 1447 bytes} [Mon Jun 28 22:03:07 2021] DELETE /volume/v3/113543ae608b425e93ef9814cb6dd1da/attachments/e336095e-a3ef-4352-8414-0762a52cdb9b => generated 19 bytes in 366 msecs (HTTP/1.1 200) 7 headers in 285 bytes (2 switches on core 0)
Jun 28 22:03:07.943344 dv-cinder-798384-1-smb devstack@c-api.service[100191]: INFO cinder.api.openstack.wsgi [None req-379f14db-099e-4acb-a674-ef422b268469 tempest-GroupSnapshotsTest-1578512352 tempest-GroupSnapshotsTest-1578512352-project] GET http://10.222.0.36/volume/v3/bd76d03396a845d4a9dc9648ac2b4cda/volumes/8b892fa7-84f7-45c8-81d3-e71006569a05
Jun 28 22:03:07.943854 dv-cinder-798384-1-smb devstack@c-api.service[100191]: DEBUG cinder.api.openstack.wsgi [None req-379f14db-099e-4acb-a674-ef422b268469 tempest-GroupSnapshotsTest-1578512352 tempest-GroupSnapshotsTest-1578512352-project] Empty body provided in request {{(pid=100191) get_body /opt/stack/cinder/cinder/api/openstack/wsgi.py:713}}
Jun 28 22:03:07.944052 dv-cinder-798384-1-smb devstack@c-api.service[100191]: /usr/local/lib/python3.8/dist-packages/webob/acceptparse.py:1047: DeprecationWarning: The behavior of AcceptValidHeader.best_match is currently being maintained for backward compatibility, but it will be deprecated in the future, as it does not conform to the RFC.
Jun 28 22:03:07.944052 dv-cinder-798384-1-smb devstack@c-api.service[100191]: warnings.warn(
Jun 28 22:03:07.944388 dv-cinder-798384-1-smb devstack@c-api.service[100191]: DEBUG cinder.api.openstack.wsgi [None req-379f14db-099e-4acb-a674-ef422b268469 tempest-GroupSnapshotsTest-1578512352 tempest-GroupSnapshotsTest-1578512352-project] Calling method 'show' {{(pid=100191) _process_stack /opt/stack/cinder/cinder/api/openstack/wsgi.py:866}}
Jun 28 22:03:07.956153 dv-cinder-798384-1-smb devstack@c-api.service[100191]: INFO cinder.api.openstack.wsgi [None req-379f14db-099e-4acb-a674-ef422b268469 tempest-GroupSnapshotsTest-1578512352 tempest-GroupSnapshotsTest-1578512352-project] http://10.222.0.36/volume/v3/bd76d03396a845d4a9dc9648ac2b4cda/volumes/8b892fa7-84f7-45c8-81d3-e71006569a05 returned with HTTP 404
Jun 28 22:03:07.956970 dv-cinder-798384-1-smb devstack@c-api.service[100191]: [pid: 100191|app: 0|req: 128/257] 10.222.0.36 () {60 vars in 1366 bytes} [Mon Jun 28 22:03:07 2021] GET /volume/v3/bd76d03396a845d4a9dc9648ac2b4cda/volumes/8b892fa7-84f7-45c8-81d3-e71006569a05 => generated 109 bytes in 17 msecs (HTTP/1.1 404) 7 headers in 293 bytes (2 switches on core 0)
Jun 28 22:03:07.966286 dv-cinder-798384-1-smb devstack@c-api.service[100190]: INFO cinder.api.openstack.wsgi [None req-87236f84-460a-4b40-beac-fb4662d699fe tempest-GroupSnapshotsTest-1578512352 tempest-GroupSnapshotsTest-1578512352-project] GET http://10.222.0.36/volume/v3/bd76d03396a845d4a9dc9648ac2b4cda/groups/e816e830-f0e9-4bd4-b6ff-75c74d959e33
Jun 28 22:03:07.966878 dv-cinder-798384-1-smb devstack@c-api.service[100190]: DEBUG cinder.api.openstack.wsgi [None req-87236f84-460a-4b40-beac-fb4662d699fe tempest-GroupSnapshotsTest-1578512352 tempest-GroupSnapshotsTest-1578512352-project] Empty body provided in request {{(pid=100190) get_body /opt/stack/cinder/cinder/api/openstack/wsgi.py:713}}
Jun 28 22:03:07.967162 dv-cinder-798384-1-smb devstack@c-api.service[100190]: /usr/local/lib/python3.8/dist-packages/webob/acceptparse.py:1047: DeprecationWarning: The behavior of AcceptValidHeader.best_match is currently being maintained for backward compatibility, but it will be deprecated in the future, as it does not conform to the RFC.
Jun 28 22:03:07.967162 dv-cinder-798384-1-smb devstack@c-api.service[100190]: warnings.warn(
Jun 28 22:03:07.967485 dv-cinder-798384-1-smb devstack@c-api.service[100190]: DEBUG cinder.api.openstack.wsgi [None req-87236f84-460a-4b40-beac-fb4662d699fe tempest-GroupSnapshotsTest-1578512352 tempest-GroupSnapshotsTest-1578512352-project] Calling method 'version_select' {{(pid=100190) _process_stack /opt/stack/cinder/cinder/api/openstack/wsgi.py:866}}
Jun 28 22:03:07.968022 dv-cinder-798384-1-smb devstack@c-api.service[100190]: DEBUG cinder.api.v3.groups [None req-87236f84-460a-4b40-beac-fb4662d699fe tempest-GroupSnapshotsTest-1578512352 tempest-GroupSnapshotsTest-1578512352-project] show called for member e816e830-f0e9-4bd4-b6ff-75c74d959e33 {{(pid=100190) show /opt/stack/cinder/cinder/api/v3/groups.py:58}}
Jun 28 22:03:07.973240 dv-cinder-798384-1-smb devstack@c-api.service[100190]: INFO cinder.api.openstack.wsgi [None req-87236f84-460a-4b40-beac-fb4662d699fe tempest-GroupSnapshotsTest-1578512352 tempest-GroupSnapshotsTest-1578512352-project] http://10.222.0.36/volume/v3/bd76d03396a845d4a9dc9648ac2b4cda/groups/e816e830-f0e9-4bd4-b6ff-75c74d959e33 returned with HTTP 404
Jun 28 22:03:07.974965 dv-cinder-798384-1-smb devstack@c-api.service[100190]: [pid: 100190|app: 0|req: 130/258] 10.222.0.36 () {60 vars in 1363 bytes} [Mon Jun 28 22:03:07 2021] GET /volume/v3/bd76d03396a845d4a9dc9648ac2b4cda/groups/e816e830-f0e9-4bd4-b6ff-75c74d959e33 => generated 108 bytes in 14 msecs (HTTP/1.1 404) 7 headers in 293 bytes (1 switches on core 0)
Jun 28 22:03:07.991373 dv-cinder-798384-1-smb devstack@c-api.service[100191]: INFO cinder.api.openstack.wsgi [None req-47566048-4664-4114-be05-0d301d762340 tempest-GroupSnapshotsTest-833810582 tempest-GroupSnapshotsTest-833810582-project-admin] DELETE http://10.222.0.36/volume/v3/7aff9b4214584fb88ec9edbf3912b697/group_types/dbc40cdc-7c3c-42e3-95a1-8f8c3ca03bda
Jun 28 22:03:07.992018 dv-cinder-798384-1-smb devstack@c-api.service[100191]: DEBUG cinder.api.openstack.wsgi [None req-47566048-4664-4114-be05-0d301d762340 tempest-GroupSnapshotsTest-833810582 tempest-GroupSnapshotsTest-833810582-project-admin] Empty body provided in request {{(pid=100191) get_body /opt/stack/cinder/cinder/api/openstack/wsgi.py:713}}
Jun 28 22:03:07.992549 dv-cinder-798384-1-smb devstack@c-api.service[100191]: DEBUG cinder.api.openstack.wsgi [None req-47566048-4664-4114-be05-0d301d762340 tempest-GroupSnapshotsTest-833810582 tempest-GroupSnapshotsTest-833810582-project-admin] Calling method 'version_select' {{(pid=100191) _process_stack /opt/stack/cinder/cinder/api/openstack/wsgi.py:866}}
Jun 28 22:03:08.061889 dv-cinder-798384-1-smb devstack@c-api.service[100191]: INFO cinder.api.openstack.wsgi [None req-47566048-4664-4114-be05-0d301d762340 tempest-GroupSnapshotsTest-833810582 tempest-GroupSnapshotsTest-833810582-project-admin] http://10.222.0.36/volume/v3/7aff9b4214584fb88ec9edbf3912b697/group_types/dbc40cdc-7c3c-42e3-95a1-8f8c3ca03bda returned with HTTP 202
Jun 28 22:03:08.062687 dv-cinder-798384-1-smb devstack@c-api.service[100191]: [pid: 100191|app: 0|req: 129/259] 10.222.0.36 () {60 vars in 1381 bytes} [Mon Jun 28 22:03:07 2021] DELETE /volume/v3/7aff9b4214584fb88ec9edbf3912b697/group_types/dbc40cdc-7c3c-42e3-95a1-8f8c3ca03bda => generated 0 bytes in 80 msecs (HTTP/1.1 202) 6 headers in 234 bytes (1 switches on core 0)
Jun 28 22:03:08.072713 dv-cinder-798384-1-smb devstack@c-api.service[100190]: INFO cinder.api.openstack.wsgi [None req-73f16854-d5e2-4ff2-9122-f530ea800e5d tempest-GroupSnapshotsTest-1578512352 tempest-GroupSnapshotsTest-1578512352-project] DELETE http://10.222.0.36/volume/v3/bd76d03396a845d4a9dc9648ac2b4cda/volumes/8b892fa7-84f7-45c8-81d3-e71006569a05
Jun 28 22:03:08.073172 dv-cinder-798384-1-smb devstack@c-api.service[100190]: DEBUG cinder.api.openstack.wsgi [None req-73f16854-d5e2-4ff2-9122-f530ea800e5d tempest-GroupSnapshotsTest-1578512352 tempest-GroupSnapshotsTest-1578512352-project] Empty body provided in request {{(pid=100190) get_body /opt/stack/cinder/cinder/api/openstack/wsgi.py:713}}
Jun 28 22:03:08.073595 dv-cinder-798384-1-smb devstack@c-api.service[100190]: DEBUG cinder.api.openstack.wsgi [None req-73f16854-d5e2-4ff2-9122-f530ea800e5d tempest-GroupSnapshotsTest-1578512352 tempest-GroupSnapshotsTest-1578512352-project] Calling method 'delete' {{(pid=100190) _process_stack /opt/stack/cinder/cinder/api/openstack/wsgi.py:866}}
Jun 28 22:03:08.073997 dv-cinder-798384-1-smb devstack@c-api.service[100190]: INFO cinder.api.v3.volumes [None req-73f16854-d5e2-4ff2-9122-f530ea800e5d tempest-GroupSnapshotsTest-1578512352 tempest-GroupSnapshotsTest-1578512352-project] Delete volume with id: 8b892fa7-84f7-45c8-81d3-e71006569a05
Jun 28 22:03:08.084747 dv-cinder-798384-1-smb devstack@c-api.service[100190]: INFO cinder.api.openstack.wsgi [None req-73f16854-d5e2-4ff2-9122-f530ea800e5d tempest-GroupSnapshotsTest-1578512352 tempest-GroupSnapshotsTest-1578512352-project] http://10.222.0.36/volume/v3/bd76d03396a845d4a9dc9648ac2b4cda/volumes/8b892fa7-84f7-45c8-81d3-e71006569a05 returned with HTTP 404
Jun 28 22:03:08.085653 dv-cinder-798384-1-smb devstack@c-api.service[100190]: [pid: 100190|app: 0|req: 131/260] 10.222.0.36 () {58 vars in 1328 bytes} [Mon Jun 28 22:03:08 2021] DELETE /volume/v3/bd76d03396a845d4a9dc9648ac2b4cda/volumes/8b892fa7-84f7-45c8-81d3-e71006569a05 => generated 109 bytes in 17 msecs (HTTP/1.1 404) 7 headers in 292 bytes (1 switches on core 0)
Jun 28 22:03:08.093100 dv-cinder-798384-1-smb devstack@c-api.service[100191]: INFO cinder.api.openstack.wsgi [None req-4f2207d3-06ba-49a1-9ddb-c7e0c18e98b4 tempest-GroupSnapshotsTest-833810582 tempest-GroupSnapshotsTest-833810582-project-admin] DELETE http://10.222.0.36/volume/v3/7aff9b4214584fb88ec9edbf3912b697/types/5995639d-7b66-41df-b761-3d2a59192d58
Jun 28 22:03:08.093550 dv-cinder-798384-1-smb devstack@c-api.service[100191]: DEBUG cinder.api.openstack.wsgi [None req-4f2207d3-06ba-49a1-9ddb-c7e0c18e98b4 tempest-GroupSnapshotsTest-833810582 tempest-GroupSnapshotsTest-833810582-project-admin] Empty body provided in request {{(pid=100191) get_body /opt/stack/cinder/cinder/api/openstack/wsgi.py:713}}
Jun 28 22:03:08.093988 dv-cinder-798384-1-smb devstack@c-api.service[100191]: DEBUG cinder.api.openstack.wsgi [None req-4f2207d3-06ba-49a1-9ddb-c7e0c18e98b4 tempest-GroupSnapshotsTest-833810582 tempest-GroupSnapshotsTest-833810582-project-admin] Calling method '_delete' {{(pid=100191) _process_stack /opt/stack/cinder/cinder/api/openstack/wsgi.py:866}}
Jun 28 22:03:08.220860 dv-cinder-798384-1-smb devstack@c-api.service[100191]: INFO cinder.api.openstack.wsgi [None req-4f2207d3-06ba-49a1-9ddb-c7e0c18e98b4 tempest-GroupSnapshotsTest-833810582 tempest-GroupSnapshotsTest-833810582-project-admin] http://10.222.0.36/volume/v3/7aff9b4214584fb88ec9edbf3912b697/types/5995639d-7b66-41df-b761-3d2a59192d58 returned with HTTP 202
Jun 28 22:03:08.221655 dv-cinder-798384-1-smb devstack@c-api.service[100191]: [pid: 100191|app: 0|req: 130/261] 10.222.0.36 () {58 vars in 1322 bytes} [Mon Jun 28 22:03:08 2021] DELETE /volume/v3/7aff9b4214584fb88ec9edbf3912b697/types/5995639d-7b66-41df-b761-3d2a59192d58 => generated 0 bytes in 132 msecs (HTTP/1.1 202) 6 headers in 233 bytes (2 switches on core 0)
Jun 28 22:03:08.230461 dv-cinder-798384-1-smb devstack@c-api.service[100190]: INFO cinder.api.openstack.wsgi [None req-f25d14b8-4481-41ff-b2d8-b24a270ea728 tempest-GroupSnapshotsTest-833810582 tempest-GroupSnapshotsTest-833810582-project-admin] GET http://10.222.0.36/volume/v3/7aff9b4214584fb88ec9edbf3912b697/types/5995639d-7b66-41df-b761-3d2a59192d58
Jun 28 22:03:08.230995 dv-cinder-798384-1-smb devstack@c-api.service[100190]: DEBUG cinder.api.openstack.wsgi [None req-f25d14b8-4481-41ff-b2d8-b24a270ea728 tempest-GroupSnapshotsTest-833810582 tempest-GroupSnapshotsTest-833810582-project-admin] Empty body provided in request {{(pid=100190) get_body /opt/stack/cinder/cinder/api/openstack/wsgi.py:713}}
Jun 28 22:03:08.231385 dv-cinder-798384-1-smb devstack@c-api.service[100190]: DEBUG cinder.api.openstack.wsgi [None req-f25d14b8-4481-41ff-b2d8-b24a270ea728 tempest-GroupSnapshotsTest-833810582 tempest-GroupSnapshotsTest-833810582-project-admin] Calling method 'show' {{(pid=100190) _process_stack /opt/stack/cinder/cinder/api/openstack/wsgi.py:866}}
Jun 28 22:03:08.236368 dv-cinder-798384-1-smb devstack@c-api.service[100190]: INFO cinder.api.openstack.wsgi [None req-f25d14b8-4481-41ff-b2d8-b24a270ea728 tempest-GroupSnapshotsTest-833810582 tempest-GroupSnapshotsTest-833810582-project-admin] http://10.222.0.36/volume/v3/7aff9b4214584fb88ec9edbf3912b697/types/5995639d-7b66-41df-b761-3d2a59192d58 returned with HTTP 404
Jun 28 22:03:08.241011 dv-cinder-798384-1-smb devstack@c-api.service[100190]: [pid: 100190|app: 0|req: 132/262] 10.222.0.36 () {58 vars in 1319 bytes} [Mon Jun 28 22:03:08 2021] GET /volume/v3/7aff9b4214584fb88ec9edbf3912b697/types/5995639d-7b66-41df-b761-3d2a59192d58 => generated 114 bytes in 15 msecs (HTTP/1.1 404) 7 headers in 292 bytes (1 switches on core 0)
Jun 28 22:03:08.246710 dv-cinder-798384-1-smb devstack@c-api.service[100191]: INFO cinder.api.openstack.wsgi [None req-f6a7a37f-7ac9-459a-bd4b-36b64e62cb59 tempest-GroupSnapshotsTest-1578512352 tempest-GroupSnapshotsTest-1578512352-project] DELETE http://10.222.0.36/volume/v3/bd76d03396a845d4a9dc9648ac2b4cda/volumes/5f76fa10-e14e-4bd5-8fac-2ef8733acf31
Jun 28 22:03:08.247409 dv-cinder-798384-1-smb devstack@c-api.service[100191]: DEBUG cinder.api.openstack.wsgi [None req-f6a7a37f-7ac9-459a-bd4b-36b64e62cb59 tempest-GroupSnapshotsTest-1578512352 tempest-GroupSnapshotsTest-1578512352-project] Empty body provided in request {{(pid=100191) get_body /opt/stack/cinder/cinder/api/openstack/wsgi.py:713}}
Jun 28 22:03:08.248090 dv-cinder-798384-1-smb devstack@c-api.service[100191]: DEBUG cinder.api.openstack.wsgi [None req-f6a7a37f-7ac9-459a-bd4b-36b64e62cb59 tempest-GroupSnapshotsTest-1578512352 tempest-GroupSnapshotsTest-1578512352-project] Calling method 'delete' {{(pid=100191) _process_stack /opt/stack/cinder/cinder/api/openstack/wsgi.py:866}}
Jun 28 22:03:08.248737 dv-cinder-798384-1-smb devstack@c-api.service[100191]: INFO cinder.api.v3.volumes [None req-f6a7a37f-7ac9-459a-bd4b-36b64e62cb59 tempest-GroupSnapshotsTest-1578512352 tempest-GroupSnapshotsTest-1578512352-project] Delete volume with id: 5f76fa10-e14e-4bd5-8fac-2ef8733acf31
Jun 28 22:03:08.261501 dv-cinder-798384-1-smb devstack@c-api.service[100191]: INFO cinder.api.openstack.wsgi [None req-f6a7a37f-7ac9-459a-bd4b-36b64e62cb59 tempest-GroupSnapshotsTest-1578512352 tempest-GroupSnapshotsTest-1578512352-project] http://10.222.0.36/volume/v3/bd76d03396a845d4a9dc9648ac2b4cda/volumes/5f76fa10-e14e-4bd5-8fac-2ef8733acf31 returned with HTTP 404
Jun 28 22:03:08.262885 dv-cinder-798384-1-smb devstack@c-api.service[100191]: [pid: 100191|app: 0|req: 131/263] 10.222.0.36 () {58 vars in 1328 bytes} [Mon Jun 28 22:03:08 2021] DELETE /volume/v3/bd76d03396a845d4a9dc9648ac2b4cda/volumes/5f76fa10-e14e-4bd5-8fac-2ef8733acf31 => generated 109 bytes in 22 msecs (HTTP/1.1 404) 7 headers in 292 bytes (2 switches on core 0)
Jun 28 22:03:08.272186 dv-cinder-798384-1-smb devstack@c-api.service[100190]: INFO cinder.api.openstack.wsgi [None req-243e08bf-512d-4f94-a728-c8d6cd56ef8a tempest-GroupSnapshotsTest-1578512352 tempest-GroupSnapshotsTest-1578512352-project] DELETE http://10.222.0.36/volume/v3/bd76d03396a845d4a9dc9648ac2b4cda/volumes/d02b3fcc-aceb-46ae-a077-0db489326364
Jun 28 22:03:08.272619 dv-cinder-798384-1-smb devstack@c-api.service[100190]: DEBUG cinder.api.openstack.wsgi [None req-243e08bf-512d-4f94-a728-c8d6cd56ef8a tempest-GroupSnapshotsTest-1578512352 tempest-GroupSnapshotsTest-1578512352-project] Empty body provided in request {{(pid=100190) get_body /opt/stack/cinder/cinder/api/openstack/wsgi.py:713}}
Jun 28 22:03:08.273100 dv-cinder-798384-1-smb devstack@c-api.service[100190]: DEBUG cinder.api.openstack.wsgi [None req-243e08bf-512d-4f94-a728-c8d6cd56ef8a tempest-GroupSnapshotsTest-1578512352 tempest-GroupSnapshotsTest-1578512352-project] Calling method 'delete' {{(pid=100190) _process_stack /opt/stack/cinder/cinder/api/openstack/wsgi.py:866}}
Jun 28 22:03:08.273462 dv-cinder-798384-1-smb devstack@c-api.service[100190]: INFO cinder.api.v3.volumes [None req-243e08bf-512d-4f94-a728-c8d6cd56ef8a tempest-GroupSnapshotsTest-1578512352 tempest-GroupSnapshotsTest-1578512352-project] Delete volume with id: d02b3fcc-aceb-46ae-a077-0db489326364
Jun 28 22:03:08.290454 dv-cinder-798384-1-smb devstack@c-api.service[100190]: INFO cinder.api.openstack.wsgi [None req-243e08bf-512d-4f94-a728-c8d6cd56ef8a tempest-GroupSnapshotsTest-1578512352 tempest-GroupSnapshotsTest-1578512352-project] http://10.222.0.36/volume/v3/bd76d03396a845d4a9dc9648ac2b4cda/volumes/d02b3fcc-aceb-46ae-a077-0db489326364 returned with HTTP 404
Jun 28 22:03:08.292409 dv-cinder-798384-1-smb devstack@c-api.service[100190]: [pid: 100190|app: 0|req: 133/264] 10.222.0.36 () {58 vars in 1328 bytes} [Mon Jun 28 22:03:08 2021] DELETE /volume/v3/bd76d03396a845d4a9dc9648ac2b4cda/volumes/d02b3fcc-aceb-46ae-a077-0db489326364 => generated 109 bytes in 26 msecs (HTTP/1.1 404) 7 headers in 292 bytes (2 switches on core 0)
Jun 28 22:03:08.300084 dv-cinder-798384-1-smb devstack@c-api.service[100191]: INFO cinder.api.openstack.wsgi [None req-e743c84e-567d-4a98-9b00-95949c4fe1bd tempest-GroupSnapshotsTest-833810582 tempest-GroupSnapshotsTest-833810582-project-admin] DELETE http://10.222.0.36/volume/v3/7aff9b4214584fb88ec9edbf3912b697/types/e0e19509-b389-4847-8858-c989f3d3072b
Jun 28 22:03:08.300654 dv-cinder-798384-1-smb devstack@c-api.service[100191]: DEBUG cinder.api.openstack.wsgi [None req-e743c84e-567d-4a98-9b00-95949c4fe1bd tempest-GroupSnapshotsTest-833810582 tempest-GroupSnapshotsTest-833810582-project-admin] Empty body provided in request {{(pid=100191) get_body /opt/stack/cinder/cinder/api/openstack/wsgi.py:713}}
Jun 28 22:03:08.301379 dv-cinder-798384-1-smb devstack@c-api.service[100191]: DEBUG cinder.api.openstack.wsgi [None req-e743c84e-567d-4a98-9b00-95949c4fe1bd tempest-GroupSnapshotsTest-833810582 tempest-GroupSnapshotsTest-833810582-project-admin] Calling method '_delete' {{(pid=100191) _process_stack /opt/stack/cinder/cinder/api/openstack/wsgi.py:866}}
Jun 28 22:03:08.424264 dv-cinder-798384-1-smb devstack@c-api.service[100191]: INFO cinder.api.openstack.wsgi [None req-e743c84e-567d-4a98-9b00-95949c4fe1bd tempest-GroupSnapshotsTest-833810582 tempest-GroupSnapshotsTest-833810582-project-admin] http://10.222.0.36/volume/v3/7aff9b4214584fb88ec9edbf3912b697/types/e0e19509-b389-4847-8858-c989f3d3072b returned with HTTP 202
Jun 28 22:03:08.425170 dv-cinder-798384-1-smb devstack@c-api.service[100191]: [pid: 100191|app: 0|req: 132/265] 10.222.0.36 () {58 vars in 1322 bytes} [Mon Jun 28 22:03:08 2021] DELETE /volume/v3/7aff9b4214584fb88ec9edbf3912b697/types/e0e19509-b389-4847-8858-c989f3d3072b => generated 0 bytes in 129 msecs (HTTP/1.1 202) 6 headers in 233 bytes (2 switches on core 0)
Jun 28 22:03:08.432908 dv-cinder-798384-1-smb devstack@c-api.service[100190]: INFO cinder.api.openstack.wsgi [None req-e5d142f3-85f2-450e-a2b1-a86548ef3852 tempest-GroupSnapshotsTest-833810582 tempest-GroupSnapshotsTest-833810582-project-admin] GET http://10.222.0.36/volume/v3/7aff9b4214584fb88ec9edbf3912b697/types/e0e19509-b389-4847-8858-c989f3d3072b
